37.18.41.0 - - [14/Jul/2025:02:57:30 +0200] "GET /reports/usage_202402.html HTTP/1.0" 200 91181 "https://\xe0\xea\xea\xe0\xf3\xed\xf2\xfb\xe2\xe0\xf0\xf4\xe5\xe9\xf1.\xf0\xf4" "Mozilla/5.0 (Windows NT 10.0; Win64; x64) AppleWebKit/537.36 (KHTML, like Gecko) Chrome/131.0.0.0 Safari/537.36"
37.18.41.0 - - [14/Jul/2025:02:57:34 +0200] "GET /reports/usage_202402.html HTTP/1.0" 200 91181 "https://\xe0\xea\xea\xe0\xf3\xed\xf2\xfb\xe2\xe0\xf0\xf4\xe5\xe9\xf1.\xf0\xf4" "Mozilla/5.0 (Windows NT 10.0; Win64; x64) AppleWebKit/537.36 (KHTML, like Gecko) Chrome/129.0.0.0 Safari/537.36"
3.211.105.0 - - [14/Jul/2025:02:58:50 +0200] "GET /contao/vendor/thecodingmachine/safe/generated/Exceptions/SwooleException.php HTTP/1.1" 500 - "-" "Mozilla/5.0 AppleWebKit/537.36 (KHTML, like Gecko; compatible; Amazonbot/0.1; +https://developer.amazon.com/support/amazonbot) Chrome/119.0.6045.214 Safari/537.36"
184.72.95.0 - - [14/Jul/2025:02:58:54 +0200] "GET /contao/vendor/contao/manager-plugin/tests/Composer/?C=S;O%3DA HTTP/1.1" 200 496 "-" "Mozilla/5.0 AppleWebKit/537.36 (KHTML, like Gecko; compatible; Amazonbot/0.1; +https://developer.amazon.com/support/amazonbot) Chrome/119.0.6045.214 Safari/537.36"
23.23.103.0 - - [14/Jul/2025:02:58:58 +0200] "GET /contao/vendor/php-http/message/src/RequestMatcher/?C=S;O%3DD HTTP/1.1" 200 484 "-" "Mozilla/5.0 AppleWebKit/537.36 (KHTML, like Gecko; compatible; Amazonbot/0.1; +https://developer.amazon.com/support/amazonbot) Chrome/119.0.6045.214 Safari/537.36"
37.18.41.0 - - [14/Jul/2025:03:00:01 +0200] "GET /reports/usage_202402.html HTTP/1.0" 200 91181 "https://\xe0\xea\xea\xe0\xf3\xed\xf2\xfb\xe2\xe0\xf0\xf4\xe5\xe9\xf1.\xf0\xf4" "Mozilla/5.0 (Windows NT 10.0; Win64; x64) AppleWebKit/537.36 (KHTML, like Gecko) Chrome/130.0.0.0 Safari/537.36 CCleaner/130.0.0.0"
37.18.41.0 - - [14/Jul/2025:03:00:13 +0200] "GET /reports/usage_202402.html HTTP/1.0" 200 91181 "https://\xe0\xea\xea\xe0\xf3\xed\xf2\xfb\xe2\xe0\xf0\xf4\xe5\xe9\xf1.\xf0\xf4" "Mozilla/5.0 (Windows NT 10.0; Win64; x64) AppleWebKit/537.36 (KHTML, like Gecko) Chrome/130.0.0.0 Safari/537.36 CCleaner/130.0.0.0"
37.18.41.0 - - [14/Jul/2025:03:02:30 +0200] "GET /reports/usage_202402.html HTTP/1.0" 200 91181 "https://\xe0\xea\xea\xe0\xf3\xed\xf2\xfb\xe2\xe0\xf0\xf4\xe5\xe9\xf1.\xf0\xf4" "Mozilla/5.0 (Windows NT 10.0; Win64; x64) AppleWebKit/537.36 (KHTML, like Gecko) Chrome/130.0.0.0 Safari/537.36"
37.18.41.0 - - [14/Jul/2025:03:02:34 +0200] "GET /reports/usage_202402.html HTTP/1.0" 200 91181 "https://\xe0\xea\xea\xe0\xf3\xed\xf2\xfb\xe2\xe0\xf0\xf4\xe5\xe9\xf1.\xf0\xf4" "Mozilla/5.0 (Windows NT 10.0; Win64; x64) AppleWebKit/537.36 (KHTML, like Gecko) Chrome/131.0.0.0 Safari/537.36"
161.97.167.0 - - [14/Jul/2025:03:05:02 +0200] "GET /admin/config.php HTTP/1.0" 404 - "-" "Mozilla/5.0 (X11; Ubuntu; Linux x86_64; rv:87.0) Gecko/20100101 Firefox/87.0"
37.18.41.0 - - [14/Jul/2025:03:05:09 +0200] "GET /reports/usage_202402.html HTTP/1.0" 200 91181 "https://\xe0\xea\xea\xe0\xf3\xed\xf2\xfb\xe2\xe0\xf0\xf4\xe5\xe9\xf1.\xf0\xf4" "Mozilla/5.0 (Windows NT 10.0; Win64; x64) AppleWebKit/537.36 (KHTML, like Gecko) Chrome/130.0.0.0 Safari/537.36"
37.18.41.0 - - [14/Jul/2025:03:05:11 +0200] "GET /reports/usage_202402.html HTTP/1.0" 200 91181 "https://\xe0\xea\xea\xe0\xf3\xed\xf2\xfb\xe2\xe0\xf0\xf4\xe5\xe9\xf1.\xf0\xf4" "Mozilla/5.0 (Windows NT 10.0; Win64; x64) AppleWebKit/537.36 (KHTML, like Gecko) Chrome/129.0.0.0 Safari/537.36"
169.150.247.0 - - [14/Jul/2025:03:07:46 +0200] "GET /wp-content/themes/busiprof-pro/print.css HTTP/1.1" 404 2655 "-" "WordPress/6.8.1; https://www.gebaeudetechnik.nrw"
45.146.130.0 - - [14/Jul/2025:03:07:45 +0200] "GET /RDWeb/Pages/ HTTP/1.1" 200 297145 "-" "fasthttp"
37.18.41.0 - - [14/Jul/2025:03:07:47 +0200] "GET /reports/usage_202402.html HTTP/1.0" 200 91181 "https://\xe0\xea\xea\xe0\xf3\xed\xf2\xfb\xe2\xe0\xf0\xf4\xe5\xe9\xf1.\xf0\xf4" "Mozilla/5.0 (Windows NT 10.0; Win64; x64) AppleWebKit/537.36 (KHTML, like Gecko) Chrome/130.0.0.0 Safari/537.36"
2a01:238:43f8:5f00:: - - [14/Jul/2025:03:07:45 +0200] "POST /wp-cron.php?doing_wp_cron=1752455265.3626129627227783203125 HTTP/1.1" 200 - "-" "u48741JhAWLU"
37.18.41.0 - - [14/Jul/2025:03:07:51 +0200] "GET /reports/usage_202402.html HTTP/1.0" 200 91181 "https://\xe0\xea\xea\xe0\xf3\xed\xf2\xfb\xe2\xe0\xf0\xf4\xe5\xe9\xf1.\xf0\xf4" "Mozilla/5.0 (Windows NT 10.0; Win64; x64) AppleWebKit/537.36 (KHTML, like Gecko) Chrome/130.0.0.0 Safari/537.36"
40.124.180.0 - - [14/Jul/2025:03:09:07 +0200] "MGLNDD_81.169.210.35_80\n" 400 226 "-" "-"
2a01:238:43f8:5f00:: - - [14/Jul/2025:03:09:20 +0200] "POST /wp-cron.php?doing_wp_cron=1752455360.5564699172973632812500 HTTP/1.1" 200 - "-" "NHiDl0neXRTw"
169.150.247.0 - - [14/Jul/2025:03:09:20 +0200] "GET /wp-content/themes/busiprof-pro/print.css HTTP/1.1" 404 2655 "-" "WordPress/6.8.1; https://www.gebaeudetechnik.nrw"
66.249.79.0 - - [14/Jul/2025:03:09:20 +0200] "GET / HTTP/1.1" 200 54223 "-" "Mozilla/5.0 (compatible; Googlebot/2.1; +http://www.google.com/bot.html)"
169.150.247.0 - - [14/Jul/2025:03:09:55 +0200] "GET /wp-content/themes/busiprof-pro/print.css HTTP/1.1" 404 2655 "-" "WordPress/6.8.1; https://www.gebaeudetechnik.nrw"
2a03:2880:f804:e:: - - [14/Jul/2025:03:09:55 +0200] "GET /vogel-taubenabwehr/ HTTP/2.0" 200 308956 "-" "meta-externalagent/1.1 (+https://developers.facebook.com/docs/sharing/webmasters/crawler)"
37.18.41.0 - - [14/Jul/2025:03:10:19 +0200] "GET /reports/usage_202402.html HTTP/1.0" 200 91181 "https://\xe0\xea\xea\xe0\xf3\xed\xf2\xfb\xe2\xe0\xf0\xf4\xe5\xe9\xf1.\xf0\xf4" "Mozilla/5.0 (Windows NT 10.0; Win64; x64) AppleWebKit/537.36 (KHTML, like Gecko) Chrome/130.0.0.0 Safari/537.36 CCleaner/130.0.0.0"
37.18.41.0 - - [14/Jul/2025:03:10:21 +0200] "GET /reports/usage_202402.html HTTP/1.0" 200 91181 "https://\xe0\xea\xea\xe0\xf3\xed\xf2\xfb\xe2\xe0\xf0\xf4\xe5\xe9\xf1.\xf0\xf4" "Mozilla/5.0 (Windows NT 10.0; Win64; x64) AppleWebKit/537.36 (KHTML, like Gecko) Chrome/130.0.0.0 Safari/537.36"
37.18.41.0 - - [14/Jul/2025:03:12:48 +0200] "GET /reports/usage_202402.html HTTP/1.0" 200 91181 "https://\xe0\xea\xea\xe0\xf3\xed\xf2\xfb\xe2\xe0\xf0\xf4\xe5\xe9\xf1.\xf0\xf4" "Mozilla/5.0 (Windows NT 10.0; Win64; x64) AppleWebKit/537.36 (KHTML, like Gecko) Chrome/130.0.0.0 Safari/537.36"
37.18.41.0 - - [14/Jul/2025:03:12:50 +0200] "GET /reports/usage_202402.html HTTP/1.0" 200 91181 "https://\xe0\xea\xea\xe0\xf3\xed\xf2\xfb\xe2\xe0\xf0\xf4\xe5\xe9\xf1.\xf0\xf4" "Mozilla/5.0 (Windows NT 10.0; Win64; x64) AppleWebKit/537.36 (KHTML, like Gecko) Chrome/131.0.0.0 Safari/537.36"
54.36.149.0 - - [14/Jul/2025:03:13:28 +0200] "GET / HTTP/2.0" 200 704 "-" "Mozilla/5.0 (compatible; AhrefsBot/7.0; +http://ahrefs.com/robot/)"
54.36.148.0 - - [14/Jul/2025:03:13:48 +0200] "GET /icons/blank.gif HTTP/2.0" 200 148 "-" "Mozilla/5.0 (compatible; AhrefsBot/7.0; +http://ahrefs.com/robot/)"
54.36.148.0 - - [14/Jul/2025:03:13:49 +0200] "GET /icons/folder.gif HTTP/2.0" 200 225 "-" "Mozilla/5.0 (compatible; AhrefsBot/7.0; +http://ahrefs.com/robot/)"
54.36.148.0 - - [14/Jul/2025:03:13:50 +0200] "GET /icons/text.gif HTTP/2.0" 200 229 "-" "Mozilla/5.0 (compatible; AhrefsBot/7.0; +http://ahrefs.com/robot/)"
198.235.24.0 - - [14/Jul/2025:03:14:15 +0200] "\x16\x03\x01" 400 226 "-" "-"
198.235.24.0 - - [14/Jul/2025:03:14:15 +0200] "\x16\x03\x01" 400 226 "-" "-"
37.18.41.0 - - [14/Jul/2025:03:15:20 +0200] "GET /reports/usage_202402.html HTTP/1.0" 200 91181 "https://\xe0\xea\xea\xe0\xf3\xed\xf2\xfb\xe2\xe0\xf0\xf4\xe5\xe9\xf1.\xf0\xf4" "Mozilla/5.0 (Windows NT 10.0; Win64; x64) AppleWebKit/537.36 (KHTML, like Gecko) Chrome/129.0.0.0 Safari/537.36"
37.18.41.0 - - [14/Jul/2025:03:15:23 +0200] "GET /reports/usage_202402.html HTTP/1.0" 200 91181 "https://\xe0\xea\xea\xe0\xf3\xed\xf2\xfb\xe2\xe0\xf0\xf4\xe5\xe9\xf1.\xf0\xf4" "Mozilla/5.0 (Windows NT 10.0; Win64; x64) AppleWebKit/537.36 (KHTML, like Gecko) Chrome/131.0.0.0 Safari/537.36"
37.18.41.0 - - [14/Jul/2025:03:17:52 +0200] "GET /reports/usage_202402.html HTTP/1.0" 200 91181 "https://\xe0\xea\xea\xe0\xf3\xed\xf2\xfb\xe2\xe0\xf0\xf4\xe5\xe9\xf1.\xf0\xf4" "Mozilla/5.0 (Windows NT 10.0; Win64; x64) AppleWebKit/537.36 (KHTML, like Gecko) Chrome/129.0.0.0 Safari/537.36"
37.18.41.0 - - [14/Jul/2025:03:17:54 +0200] "GET /reports/usage_202402.html HTTP/1.0" 200 91181 "https://\xe0\xea\xea\xe0\xf3\xed\xf2\xfb\xe2\xe0\xf0\xf4\xe5\xe9\xf1.\xf0\xf4" "Mozilla/5.0 (Windows NT 10.0; Win64; x64) AppleWebKit/537.36 (KHTML, like Gecko) Chrome/130.0.0.0 Safari/537.36 CCleaner/130.0.0.0"
66.249.68.0 - - [14/Jul/2025:03:18:37 +0200] "GET /wp-content/cache/autoptimize/autoptimize_single_a8b690dfa53d1c152c54d208719ee565.php HTTP/1.1" 200 1775 "https://www.gebaeudetechnik.nrw/" "Mozilla/5.0 AppleWebKit/537.36 (KHTML, like Gecko; compatible; Googlebot/2.1; +http://www.google.com/bot.html) Chrome/137.0.7151.119 Safari/537.36"
37.18.41.0 - - [14/Jul/2025:03:20:22 +0200] "GET /reports/usage_202402.html HTTP/1.0" 200 91181 "https://\xe0\xea\xea\xe0\xf3\xed\xf2\xfb\xe2\xe0\xf0\xf4\xe5\xe9\xf1.\xf0\xf4" "Mozilla/5.0 (Windows NT 10.0; Win64; x64) AppleWebKit/537.36 (KHTML, like Gecko) Chrome/130.0.0.0 Safari/537.36 CCleaner/130.0.0.0"
37.18.41.0 - - [14/Jul/2025:03:20:24 +0200] "GET /reports/usage_202402.html HTTP/1.0" 200 91181 "https://\xe0\xea\xea\xe0\xf3\xed\xf2\xfb\xe2\xe0\xf0\xf4\xe5\xe9\xf1.\xf0\xf4" "Mozilla/5.0 (Windows NT 10.0; Win64; x64) AppleWebKit/537.36 (KHTML, like Gecko) Chrome/130.0.0.0 Safari/537.36 CCleaner/130.0.0.0"
37.18.41.0 - - [14/Jul/2025:03:22:52 +0200] "GET /reports/usage_202402.html HTTP/1.0" 200 91181 "https://\xe0\xea\xea\xe0\xf3\xed\xf2\xfb\xe2\xe0\xf0\xf4\xe5\xe9\xf1.\xf0\xf4" "Mozilla/5.0 (Windows NT 10.0; Win64; x64) AppleWebKit/537.36 (KHTML, like Gecko) Chrome/131.0.0.0 Safari/537.36"
37.18.41.0 - - [14/Jul/2025:03:22:54 +0200] "GET /reports/usage_202402.html HTTP/1.0" 200 91181 "https://\xe0\xea\xea\xe0\xf3\xed\xf2\xfb\xe2\xe0\xf0\xf4\xe5\xe9\xf1.\xf0\xf4" "Mozilla/5.0 (Windows NT 10.0; Win64; x64) AppleWebKit/537.36 (KHTML, like Gecko) Chrome/130.0.0.0 Safari/537.36"
2a01:4f8:13a:1f0a:: - - [14/Jul/2025:03:24:03 +0200] "GET /robots.txt HTTP/1.1" 301 239 "-" "Mozilla/5.0 (compatible; MJ12bot/v1.4.8; http://mj12bot.com/)"
2a01:4f8:13a:1f0a:: - - [14/Jul/2025:03:24:03 +0200] "GET /robots.txt HTTP/1.1" 403 2409 "-" "Mozilla/5.0 (compatible; MJ12bot/v1.4.8; http://mj12bot.com/)"
37.18.41.0 - - [14/Jul/2025:03:25:24 +0200] "GET /reports/usage_202402.html HTTP/1.0" 200 91181 "https://\xe0\xea\xea\xe0\xf3\xed\xf2\xfb\xe2\xe0\xf0\xf4\xe5\xe9\xf1.\xf0\xf4" "Mozilla/5.0 (Windows NT 10.0; Win64; x64) AppleWebKit/537.36 (KHTML, like Gecko) Chrome/129.0.0.0 Safari/537.36"
37.18.41.0 - - [14/Jul/2025:03:25:27 +0200] "GET /reports/usage_202402.html HTTP/1.0" 200 91181 "https://\xe0\xea\xea\xe0\xf3\xed\xf2\xfb\xe2\xe0\xf0\xf4\xe5\xe9\xf1.\xf0\xf4" "Mozilla/5.0 (Windows NT 10.0; Win64; x64) AppleWebKit/537.36 (KHTML, like Gecko) Chrome/131.0.0.0 Safari/537.36 Avast/131.0.0.0"
69.157.20.0 - - [14/Jul/2025:03:25:48 +0200] "GET / HTTP/1.1" 200 3510 "-" "Mozilla/5.0 (Windows NT 10.0; WOW64) AppleWebKit/537.36 (KHTML, like Gecko) Chrome/51.0.2704.103 Safari/537.36"
100.28.133.0 - - [14/Jul/2025:03:26:42 +0200] "GET /contao/vendor/oyejorge/less.php/lib/Less/Functions.php HTTP/1.1" 200 - "-" "Mozilla/5.0 AppleWebKit/537.36 (KHTML, like Gecko; compatible; Amazonbot/0.1; +https://developer.amazon.com/support/amazonbot) Chrome/119.0.6045.214 Safari/537.36"
3.208.146.0 - - [14/Jul/2025:03:26:46 +0200] "GET /contao/vendor/symfony/routing/Loader/schema/routing/?C=M;O%3DD HTTP/1.1" 200 439 "-" "Mozilla/5.0 AppleWebKit/537.36 (KHTML, like Gecko; compatible; Amazonbot/0.1; +https://developer.amazon.com/support/amazonbot) Chrome/119.0.6045.214 Safari/537.36"
34.235.239.0 - - [14/Jul/2025:03:26:50 +0200] "GET /contao/vendor/ramsey/uuid/src/Provider/?C=D;O%3DD HTTP/1.1" 200 500 "-" "Mozilla/5.0 AppleWebKit/537.36 (KHTML, like Gecko; compatible; Amazonbot/0.1; +https://developer.amazon.com/support/amazonbot) Chrome/119.0.6045.214 Safari/537.36"
50.16.216.0 - - [14/Jul/2025:03:26:54 +0200] "GET /contao/vendor/symfony/framework-bundle/Resources/views/Form/?C=N;O%3DA HTTP/1.1" 200 1193 "-" "Mozilla/5.0 AppleWebKit/537.36 (KHTML, like Gecko; compatible; Amazonbot/0.1; +https://developer.amazon.com/support/amazonbot) Chrome/119.0.6045.214 Safari/537.36"
91.224.92.0 - - [14/Jul/2025:03:27:28 +0200] "GET / HTTP/1.1" 200 3510 "-" "-"
163.172.106.0 - - [14/Jul/2025:03:27:33 +0200] "GET /wp-login.php HTTP/1.1" 301 248 "" "Mozilla/5.0 (Windows NT 10.0; Win64; x64; rv:137.0) Gecko/20100101 Firefox/137.0"
163.172.106.0 - - [14/Jul/2025:03:27:33 +0200] "GET /wp-login.php HTTP/2.0" 301 - "http://gebaeudetechnik.nrw/wp-login.php" "Mozilla/5.0 (Windows NT 10.0; Win64; x64; rv:137.0) Gecko/20100101 Firefox/137.0"
2a01:238:43f8:5f00:: - - [14/Jul/2025:03:27:33 +0200] "POST /wp-cron.php?doing_wp_cron=1752456453.4489998817443847656250 HTTP/1.1" 200 - "-" "jGL57ebwrqDP"
169.150.247.0 - - [14/Jul/2025:03:27:33 +0200] "GET /wp-content/themes/busiprof-pro/print.css HTTP/1.1" 404 2655 "-" "WordPress/6.8.1; https://www.gebaeudetechnik.nrw"
163.172.106.0 - - [14/Jul/2025:03:27:33 +0200] "GET /-/-/-/-/-/-/-/-/-/-/ HTTP/2.0" 200 48585 "https://gebaeudetechnik.nrw/wp-login.php" "Mozilla/5.0 (Windows NT 10.0; Win64; x64; rv:137.0) Gecko/20100101 Firefox/137.0"
37.18.41.0 - - [14/Jul/2025:03:27:56 +0200] "GET /reports/usage_202402.html HTTP/1.0" 200 91181 "https://\xe0\xea\xea\xe0\xf3\xed\xf2\xfb\xe2\xe0\xf0\xf4\xe5\xe9\xf1.\xf0\xf4" "Mozilla/5.0 (Windows NT 10.0; Win64; x64) AppleWebKit/537.36 (KHTML, like Gecko) Chrome/131.0.0.0 Safari/537.36 Avast/131.0.0.0"
37.18.41.0 - - [14/Jul/2025:03:27:58 +0200] "GET /reports/usage_202402.html HTTP/1.0" 200 91181 "https://\xe0\xea\xea\xe0\xf3\xed\xf2\xfb\xe2\xe0\xf0\xf4\xe5\xe9\xf1.\xf0\xf4" "Mozilla/5.0 (Windows NT 10.0; Win64; x64) AppleWebKit/537.36 (KHTML, like Gecko) Chrome/129.0.0.0 Safari/537.36"
169.150.247.0 - - [14/Jul/2025:03:28:09 +0200] "GET / HTTP/1.1" 301 236 "-" "Mozilla/5.0 (iPhone; CPU iPhone OS 13_2_3 like Mac OS X) AppleWebKit/605.1.15 (KHTML, like Gecko) Version/13.0.3 Mobile/15E148 Safari/604.1"
170.106.161.0 - - [14/Jul/2025:03:28:10 +0200] "GET / HTTP/1.1" 301 - "http://cdn.gebaeudetechnik.nrw" "Mozilla/5.0 (iPhone; CPU iPhone OS 13_2_3 like Mac OS X) AppleWebKit/605.1.15 (KHTML, like Gecko) Version/13.0.3 Mobile/15E148 Safari/604.1"
169.150.247.0 - - [14/Jul/2025:03:28:11 +0200] "GET /wp-content/themes/busiprof-pro/print.css HTTP/1.1" 404 2655 "-" "WordPress/6.8.1; https://www.gebaeudetechnik.nrw"
170.106.161.0 - - [14/Jul/2025:03:28:11 +0200] "GET / HTTP/1.1" 200 54223 "https://gebaeudetechnik.nrw/" "Mozilla/5.0 (iPhone; CPU iPhone OS 13_2_3 like Mac OS X) AppleWebKit/605.1.15 (KHTML, like Gecko) Version/13.0.3 Mobile/15E148 Safari/604.1"
87.121.84.0 - - [14/Jul/2025:03:30:02 +0200] "GET / HTTP/1.1" 200 727 "-" "Mozilla/5.0"
37.18.41.0 - - [14/Jul/2025:03:30:26 +0200] "GET /reports/usage_202402.html HTTP/1.0" 200 91181 "https://\xe0\xea\xea\xe0\xf3\xed\xf2\xfb\xe2\xe0\xf0\xf4\xe5\xe9\xf1.\xf0\xf4" "Mozilla/5.0 (Windows NT 10.0; Win64; x64) AppleWebKit/537.36 (KHTML, like Gecko) Chrome/129.0.0.0 Safari/537.36"
37.18.41.0 - - [14/Jul/2025:03:30:33 +0200] "GET /reports/usage_202402.html HTTP/1.0" 200 91181 "https://\xe0\xea\xea\xe0\xf3\xed\xf2\xfb\xe2\xe0\xf0\xf4\xe5\xe9\xf1.\xf0\xf4" "Mozilla/5.0 (Windows NT 10.0; Win64; x64) AppleWebKit/537.36 (KHTML, like Gecko) Chrome/131.0.0.0 Safari/537.36 Avast/131.0.0.0"
37.18.41.0 - - [14/Jul/2025:03:33:00 +0200] "GET /reports/usage_202402.html HTTP/1.0" 200 91181 "https://\xe0\xea\xea\xe0\xf3\xed\xf2\xfb\xe2\xe0\xf0\xf4\xe5\xe9\xf1.\xf0\xf4" "Mozilla/5.0 (Windows NT 10.0; Win64; x64) AppleWebKit/537.36 (KHTML, like Gecko) Chrome/131.0.0.0 Safari/537.36"
37.18.41.0 - - [14/Jul/2025:03:33:03 +0200] "GET /reports/usage_202402.html HTTP/1.0" 200 91181 "https://\xe0\xea\xea\xe0\xf3\xed\xf2\xfb\xe2\xe0\xf0\xf4\xe5\xe9\xf1.\xf0\xf4" "Mozilla/5.0 (Windows NT 10.0; Win64; x64) AppleWebKit/537.36 (KHTML, like Gecko) Chrome/130.0.0.0 Safari/537.36"
37.18.41.0 - - [14/Jul/2025:03:35:34 +0200] "GET /reports/usage_202402.html HTTP/1.0" 200 91181 "https://\xe0\xea\xea\xe0\xf3\xed\xf2\xfb\xe2\xe0\xf0\xf4\xe5\xe9\xf1.\xf0\xf4" "Mozilla/5.0 (Windows NT 10.0; Win64; x64) AppleWebKit/537.36 (KHTML, like Gecko) Chrome/129.0.0.0 Safari/537.36"
37.18.41.0 - - [14/Jul/2025:03:35:38 +0200] "GET /reports/usage_202402.html HTTP/1.0" 200 91181 "https://\xe0\xea\xea\xe0\xf3\xed\xf2\xfb\xe2\xe0\xf0\xf4\xe5\xe9\xf1.\xf0\xf4" "Mozilla/5.0 (Windows NT 10.0; Win64; x64) AppleWebKit/537.36 (KHTML, like Gecko) Chrome/130.0.0.0 Safari/537.36 CCleaner/130.0.0.0"
34.76.30.0 - - [14/Jul/2025:03:37:13 +0200] "GET / HTTP/1.1" 200 704 "-" "python-requests/2.32.4"
91.223.126.0 - - [14/Jul/2025:03:37:54 +0200] "HEAD / HTTP/1.1" 301 - "-" "Mozilla/5.0 (Windows NT 10.0; Win64; x64) AppleWebKit/537.36 (KHTML, like Gecko) Chrome/135.0.0.0 Safari/537.36"
2a01:238:43f8:5f00:: - - [14/Jul/2025:03:37:54 +0200] "POST /wp-cron.php?doing_wp_cron=1752457074.6433811187744140625000 HTTP/1.1" 200 - "-" "mx1xkTjhXyBd"
91.223.126.0 - - [14/Jul/2025:03:37:54 +0200] "HEAD / HTTP/1.1" 200 - "-" "Mozilla/5.0 (Windows NT 10.0; Win64; x64) AppleWebKit/537.36 (KHTML, like Gecko) Chrome/135.0.0.0 Safari/537.36"
37.18.41.0 - - [14/Jul/2025:03:38:07 +0200] "GET /reports/usage_202402.html HTTP/1.0" 200 91181 "https://\xe0\xea\xea\xe0\xf3\xed\xf2\xfb\xe2\xe0\xf0\xf4\xe5\xe9\xf1.\xf0\xf4" "Mozilla/5.0 (Windows NT 10.0; Win64; x64) AppleWebKit/537.36 (KHTML, like Gecko) Chrome/130.0.0.0 Safari/537.36 CCleaner/130.0.0.0"
37.18.41.0 - - [14/Jul/2025:03:38:11 +0200] "GET /reports/usage_202402.html HTTP/1.0" 200 91181 "https://\xe0\xea\xea\xe0\xf3\xed\xf2\xfb\xe2\xe0\xf0\xf4\xe5\xe9\xf1.\xf0\xf4" "Mozilla/5.0 (Windows NT 10.0; Win64; x64) AppleWebKit/537.36 (KHTML, like Gecko) Chrome/131.0.0.0 Safari/537.36"
2602:fb54:35c:: - - [14/Jul/2025:03:39:01 +0200] "GET /ioxi-o.php HTTP/1.1" 301 243 "-" "Mozlila/5.0 (Linux; Android 7.0; SM-G892A Bulid/NRD90M; wv) AppleWebKit/537.36 (KHTML, like Gecko) Version/4.0 Chrome/60.0.3112.107 Moblie Safari/537.36"
2a01:238:43f8:5f00:: - - [14/Jul/2025:03:39:12 +0200] "POST /wp-cron.php?doing_wp_cron=1752457152.6920289993286132812500 HTTP/1.1" 200 - "-" "PQwmBBklaJHQ"
169.150.247.0 - - [14/Jul/2025:03:39:13 +0200] "GET /wp-content/themes/busiprof-pro/print.css HTTP/1.1" 404 2655 "-" "WordPress/6.8.1; https://www.gebaeudetechnik.nrw"
2602:fb54:35c:: - - [14/Jul/2025:03:39:12 +0200] "GET /ioxi-o.php HTTP/1.1" 200 48601 "-" "Mozlila/5.0 (Linux; Android 7.0; SM-G892A Bulid/NRD90M; wv) AppleWebKit/537.36 (KHTML, like Gecko) Version/4.0 Chrome/60.0.3112.107 Moblie Safari/537.36"
2602:fb54:35c:: - - [14/Jul/2025:03:39:28 +0200] "GET /file17.php HTTP/1.1" 301 243 "-" "Mozlila/5.0 (Linux; Android 7.0; SM-G892A Bulid/NRD90M; wv) AppleWebKit/537.36 (KHTML, like Gecko) Version/4.0 Chrome/60.0.3112.107 Moblie Safari/537.36"
52.202.52.0 - - [14/Jul/2025:03:39:38 +0200] "GET /contao/vendor/symfony/css-selector/Node/NegationNode.php HTTP/1.1" 500 - "-" "Mozilla/5.0 AppleWebKit/537.36 (KHTML, like Gecko; compatible; Amazonbot/0.1; +https://developer.amazon.com/support/amazonbot) Chrome/119.0.6045.214 Safari/537.36"
52.205.113.0 - - [14/Jul/2025:03:39:42 +0200] "GET /contao/vendor/lcobucci/jwt/src/Signer/Ecdsa/Sha512.php HTTP/1.1" 500 - "-" "Mozilla/5.0 AppleWebKit/537.36 (KHTML, like Gecko; compatible; Amazonbot/0.1; +https://developer.amazon.com/support/amazonbot) Chrome/119.0.6045.214 Safari/537.36"
54.84.250.0 - - [14/Jul/2025:03:39:46 +0200] "GET /contao/vendor/contao/core-bundle/src/Picker/?C=S;O%3DD HTTP/1.1" 200 662 "-" "Mozilla/5.0 AppleWebKit/537.36 (KHTML, like Gecko; compatible; Amazonbot/0.1; +https://developer.amazon.com/support/amazonbot) Chrome/119.0.6045.214 Safari/537.36"
2602:fb54:35c:: - - [14/Jul/2025:03:39:41 +0200] "GET /file17.php HTTP/1.1" 200 48601 "-" "Mozlila/5.0 (Linux; Android 7.0; SM-G892A Bulid/NRD90M; wv) AppleWebKit/537.36 (KHTML, like Gecko) Version/4.0 Chrome/60.0.3112.107 Moblie Safari/537.36"
216.73.216.0 - - [14/Jul/2025:03:40:04 +0200] "GET /robots.txt HTTP/1.1" 404 2599 "-" "Mozilla/5.0 AppleWebKit/537.36 (KHTML, like Gecko; compatible; ClaudeBot/1.0; +claudebot@anthropic.com)"
216.73.216.0 - - [14/Jul/2025:03:40:05 +0200] "GET /contao/vendor/ramsey/uuid/src/Converter/Time/?C=M&O=D HTTP/1.1" 200 480 "-" "Mozilla/5.0 AppleWebKit/537.36 (KHTML, like Gecko; compatible; ClaudeBot/1.0; +claudebot@anthropic.com)"
2602:fb54:35c:: - - [14/Jul/2025:03:40:06 +0200] "GET /file.php HTTP/1.1" 301 241 "-" "Mozlila/5.0 (Linux; Android 7.0; SM-G892A Bulid/NRD90M; wv) AppleWebKit/537.36 (KHTML, like Gecko) Version/4.0 Chrome/60.0.3112.107 Moblie Safari/537.36"
2a01:238:43f8:5f00:: - - [14/Jul/2025:03:40:30 +0200] "POST /wp-cron.php?doing_wp_cron=1752457230.7520959377288818359375 HTTP/1.1" 200 - "-" "d344fgKkFXZt"
169.150.247.0 - - [14/Jul/2025:03:40:31 +0200] "GET /wp-content/themes/busiprof-pro/print.css HTTP/1.1" 404 2655 "-" "WordPress/6.8.1; https://www.gebaeudetechnik.nrw"
2602:fb54:35c:: - - [14/Jul/2025:03:40:30 +0200] "GET /file.php HTTP/1.1" 200 48601 "-" "Mozlila/5.0 (Linux; Android 7.0; SM-G892A Bulid/NRD90M; wv) AppleWebKit/537.36 (KHTML, like Gecko) Version/4.0 Chrome/60.0.3112.107 Moblie Safari/537.36"
37.18.41.0 - - [14/Jul/2025:03:40:37 +0200] "GET /reports/usage_202402.html HTTP/1.0" 200 91181 "https://\xe0\xea\xea\xe0\xf3\xed\xf2\xfb\xe2\xe0\xf0\xf4\xe5\xe9\xf1.\xf0\xf4" "Mozilla/5.0 (Windows NT 10.0; Win64; x64) AppleWebKit/537.36 (KHTML, like Gecko) Chrome/131.0.0.0 Safari/537.36 Avast/131.0.0.0"
37.18.41.0 - - [14/Jul/2025:03:40:40 +0200] "GET /reports/usage_202402.html HTTP/1.0" 200 91181 "https://\xe0\xea\xea\xe0\xf3\xed\xf2\xfb\xe2\xe0\xf0\xf4\xe5\xe9\xf1.\xf0\xf4" "Mozilla/5.0 (Windows NT 10.0; Win64; x64) AppleWebKit/537.36 (KHTML, like Gecko) Chrome/130.0.0.0 Safari/537.36 CCleaner/130.0.0.0"
2602:fb54:35c:: - - [14/Jul/2025:03:40:48 +0200] "GET /wp-content/akp.php HTTP/1.1" 301 251 "-" "Mozlila/5.0 (Linux; Android 7.0; SM-G892A Bulid/NRD90M; wv) AppleWebKit/537.36 (KHTML, like Gecko) Version/4.0 Chrome/60.0.3112.107 Moblie Safari/537.36"
2a01:238:43f8:5f00:: - - [14/Jul/2025:03:40:58 +0200] "POST /wp-cron.php?doing_wp_cron=1752457258.5183830261230468750000 HTTP/1.1" 200 - "-" "RpUZ41d5gMpg"
169.150.247.0 - - [14/Jul/2025:03:40:58 +0200] "GET /wp-content/themes/busiprof-pro/print.css HTTP/1.1" 404 2655 "-" "WordPress/6.8.1; https://www.gebaeudetechnik.nrw"
2602:fb54:35c:: - - [14/Jul/2025:03:40:58 +0200] "GET /wp-content/akp.php HTTP/1.1" 200 48601 "-" "Mozlila/5.0 (Linux; Android 7.0; SM-G892A Bulid/NRD90M; wv) AppleWebKit/537.36 (KHTML, like Gecko) Version/4.0 Chrome/60.0.3112.107 Moblie Safari/537.36"
2602:fb54:35c:: - - [14/Jul/2025:03:41:09 +0200] "GET /wp-content/plugins/hanau/akc.php HTTP/1.1" 301 265 "-" "Mozlila/5.0 (Linux; Android 7.0; SM-G892A Bulid/NRD90M; wv) AppleWebKit/537.36 (KHTML, like Gecko) Version/4.0 Chrome/60.0.3112.107 Moblie Safari/537.36"
2a01:238:43f8:5f00:: - - [14/Jul/2025:03:41:20 +0200] "POST /wp-cron.php?doing_wp_cron=1752457280.8764650821685791015625 HTTP/1.1" 200 - "-" "0DdVs59yA8iV"
2602:fb54:35c:: - - [14/Jul/2025:03:41:20 +0200] "GET /wp-content/plugins/hanau/akc.php HTTP/1.1" 200 48601 "-" "Mozlila/5.0 (Linux; Android 7.0; SM-G892A Bulid/NRD90M; wv) AppleWebKit/537.36 (KHTML, like Gecko) Version/4.0 Chrome/60.0.3112.107 Moblie Safari/537.36"
2602:fb54:35c:: - - [14/Jul/2025:03:41:38 +0200] "GET /aw.php HTTP/1.1" 301 239 "-" "Mozlila/5.0 (Linux; Android 7.0; SM-G892A Bulid/NRD90M; wv) AppleWebKit/537.36 (KHTML, like Gecko) Version/4.0 Chrome/60.0.3112.107 Moblie Safari/537.36"
169.150.247.0 - - [14/Jul/2025:03:41:59 +0200] "GET /wp-content/themes/busiprof-pro/print.css HTTP/1.1" 404 2655 "-" "WordPress/6.8.1; https://www.gebaeudetechnik.nrw"
2602:fb54:35c:: - - [14/Jul/2025:03:41:58 +0200] "GET /aw.php HTTP/1.1" 200 48601 "-" "Mozlila/5.0 (Linux; Android 7.0; SM-G892A Bulid/NRD90M; wv) AppleWebKit/537.36 (KHTML, like Gecko) Version/4.0 Chrome/60.0.3112.107 Moblie Safari/537.36"
2602:fb54:35c:: - - [14/Jul/2025:03:42:22 +0200] "GET /wp-content/plugins/geu/geu.php HTTP/1.1" 301 263 "-" "Mozlila/5.0 (Linux; Android 7.0; SM-G892A Bulid/NRD90M; wv) AppleWebKit/537.36 (KHTML, like Gecko) Version/4.0 Chrome/60.0.3112.107 Moblie Safari/537.36"
2a01:238:43f8:5f00:: - - [14/Jul/2025:03:42:38 +0200] "POST /wp-cron.php?doing_wp_cron=1752457358.2707231044769287109375 HTTP/1.1" 200 - "-" "IN4S57JUoKYb"
169.150.247.0 - - [14/Jul/2025:03:42:38 +0200] "GET /wp-content/themes/busiprof-pro/print.css HTTP/1.1" 404 2655 "-" "WordPress/6.8.1; https://www.gebaeudetechnik.nrw"
2602:fb54:35c:: - - [14/Jul/2025:03:42:38 +0200] "GET /wp-content/plugins/geu/geu.php HTTP/1.1" 200 48601 "-" "Mozlila/5.0 (Linux; Android 7.0; SM-G892A Bulid/NRD90M; wv) AppleWebKit/537.36 (KHTML, like Gecko) Version/4.0 Chrome/60.0.3112.107 Moblie Safari/537.36"
2602:fb54:35c:: - - [14/Jul/2025:03:42:58 +0200] "GET /wp-content/plugins/deu/ms.php HTTP/1.1" 301 262 "-" "Mozlila/5.0 (Linux; Android 7.0; SM-G892A Bulid/NRD90M; wv) AppleWebKit/537.36 (KHTML, like Gecko) Version/4.0 Chrome/60.0.3112.107 Moblie Safari/537.36"
37.18.41.0 - - [14/Jul/2025:03:43:14 +0200] "GET /reports/usage_202402.html HTTP/1.0" 200 91181 "https://\xe0\xea\xea\xe0\xf3\xed\xf2\xfb\xe2\xe0\xf0\xf4\xe5\xe9\xf1.\xf0\xf4" "Mozilla/5.0 (Windows NT 10.0; Win64; x64) AppleWebKit/537.36 (KHTML, like Gecko) Chrome/130.0.0.0 Safari/537.36 CCleaner/130.0.0.0"
37.18.41.0 - - [14/Jul/2025:03:43:16 +0200] "GET /reports/usage_202402.html HTTP/1.0" 200 91181 "https://\xe0\xea\xea\xe0\xf3\xed\xf2\xfb\xe2\xe0\xf0\xf4\xe5\xe9\xf1.\xf0\xf4" "Mozilla/5.0 (Windows NT 10.0; Win64; x64) AppleWebKit/537.36 (KHTML, like Gecko) Chrome/131.0.0.0 Safari/537.36"
2a01:238:43f8:5f00:: - - [14/Jul/2025:03:43:24 +0200] "POST /wp-cron.php?doing_wp_cron=1752457403.9707219600677490234375 HTTP/1.1" 200 - "-" "9hSFtx1McjPY"
169.150.247.0 - - [14/Jul/2025:03:43:24 +0200] "GET /wp-content/themes/busiprof-pro/print.css HTTP/1.1" 404 2655 "-" "WordPress/6.8.1; https://www.gebaeudetechnik.nrw"
2602:fb54:35c:: - - [14/Jul/2025:03:43:23 +0200] "GET /wp-content/plugins/deu/ms.php HTTP/1.1" 200 48601 "-" "Mozlila/5.0 (Linux; Android 7.0; SM-G892A Bulid/NRD90M; wv) AppleWebKit/537.36 (KHTML, like Gecko) Version/4.0 Chrome/60.0.3112.107 Moblie Safari/537.36"
2602:fb54:35c:: - - [14/Jul/2025:03:43:41 +0200] "GET /wp-content/plugins/view-ad/ms.php HTTP/1.1" 301 266 "-" "Mozlila/5.0 (Linux; Android 7.0; SM-G892A Bulid/NRD90M; wv) AppleWebKit/537.36 (KHTML, like Gecko) Version/4.0 Chrome/60.0.3112.107 Moblie Safari/537.36"
169.150.247.0 - - [14/Jul/2025:03:44:06 +0200] "GET /wp-content/themes/busiprof-pro/print.css HTTP/1.1" 404 2655 "-" "WordPress/6.8.1; https://www.gebaeudetechnik.nrw"
2602:fb54:35c:: - - [14/Jul/2025:03:44:06 +0200] "GET /wp-content/plugins/view-ad/ms.php HTTP/1.1" 200 48601 "-" "Mozlila/5.0 (Linux; Android 7.0; SM-G892A Bulid/NRD90M; wv) AppleWebKit/537.36 (KHTML, like Gecko) Version/4.0 Chrome/60.0.3112.107 Moblie Safari/537.36"
64.227.144.0 - - [14/Jul/2025:03:44:56 +0200] "GET /wp-admin/css/ HTTP/1.1" 301 242 "binance.com" "Mozilla/5.0 (Windows NT 10.0; Win64; x64) AppleWebKit/537.36 (KHTML, like Gecko) Chrome/90.0.4430.85 Safari/537.36"
64.227.144.0 - - [14/Jul/2025:03:45:01 +0200] "GET /wp-admin/css/ HTTP/1.1" 403 2562 "binance.com" "Mozilla/5.0 (Windows NT 10.0; Win64; x64) AppleWebKit/537.36 (KHTML, like Gecko) Chrome/90.0.4430.85 Safari/537.36"
37.18.41.0 - - [14/Jul/2025:03:45:43 +0200] "GET /reports/usage_202402.html HTTP/1.0" 200 91181 "https://\xe0\xea\xea\xe0\xf3\xed\xf2\xfb\xe2\xe0\xf0\xf4\xe5\xe9\xf1.\xf0\xf4" "Mozilla/5.0 (Windows NT 10.0; Win64; x64) AppleWebKit/537.36 (KHTML, like Gecko) Chrome/130.0.0.0 Safari/537.36 CCleaner/130.0.0.0"
37.18.41.0 - - [14/Jul/2025:03:45:46 +0200] "GET /reports/usage_202402.html HTTP/1.0" 200 91181 "https://\xe0\xea\xea\xe0\xf3\xed\xf2\xfb\xe2\xe0\xf0\xf4\xe5\xe9\xf1.\xf0\xf4" "Mozilla/5.0 (Windows NT 10.0; Win64; x64) AppleWebKit/537.36 (KHTML, like Gecko) Chrome/131.0.0.0 Safari/537.36 Avast/131.0.0.0"
216.73.216.0 - - [14/Jul/2025:03:47:03 +0200] "GET /robots.txt HTTP/1.1" 404 2599 "-" "Mozilla/5.0 AppleWebKit/537.36 (KHTML, like Gecko; compatible; ClaudeBot/1.0; +claudebot@anthropic.com)"
216.73.216.0 - - [14/Jul/2025:03:47:10 +0200] "GET /contao/var/cache/prod/pools/w6EGq+SBrS/+/X HTTP/1.1" 301 284 "-" "Mozilla/5.0 AppleWebKit/537.36 (KHTML, like Gecko; compatible; ClaudeBot/1.0; +claudebot@anthropic.com)"
216.73.216.0 - - [14/Jul/2025:03:47:10 +0200] "GET /contao/var/cache/prod/pools/w6EGq+SBrS/+/X/ HTTP/1.1" 200 450 "-" "Mozilla/5.0 AppleWebKit/537.36 (KHTML, like Gecko; compatible; ClaudeBot/1.0; +claudebot@anthropic.com)"
18.232.11.0 - - [14/Jul/2025:03:47:26 +0200] "GET /contao/vendor/symfony-cmf/routing-bundle/tests/Unit/Routing/DynamicRouterTest.php HTTP/1.1" 500 - "-" "Mozilla/5.0 AppleWebKit/537.36 (KHTML, like Gecko; compatible; Amazonbot/0.1; +https://developer.amazon.com/support/amazonbot) Chrome/119.0.6045.214 Safari/537.36"
37.18.41.0 - - [14/Jul/2025:03:48:14 +0200] "GET /reports/usage_202402.html HTTP/1.0" 200 91181 "https://\xe0\xea\xea\xe0\xf3\xed\xf2\xfb\xe2\xe0\xf0\xf4\xe5\xe9\xf1.\xf0\xf4" "Mozilla/5.0 (Windows NT 10.0; Win64; x64) AppleWebKit/537.36 (KHTML, like Gecko) Chrome/131.0.0.0 Safari/537.36 Avast/131.0.0.0"
100.29.160.0 - - [14/Jul/2025:03:48:14 +0200] "GET /logs/access.log.26.gz HTTP/1.1" 200 1913985 "-" "Mozilla/5.0 AppleWebKit/537.36 (KHTML, like Gecko; compatible; Amazonbot/0.1; +https://developer.amazon.com/support/amazonbot) Chrome/119.0.6045.214 Safari/537.36"
37.18.41.0 - - [14/Jul/2025:03:48:16 +0200] "GET /reports/usage_202402.html HTTP/1.0" 200 91181 "https://\xe0\xea\xea\xe0\xf3\xed\xf2\xfb\xe2\xe0\xf0\xf4\xe5\xe9\xf1.\xf0\xf4" "Mozilla/5.0 (Windows NT 10.0; Win64; x64) AppleWebKit/537.36 (KHTML, like Gecko) Chrome/130.0.0.0 Safari/537.36"
34.134.242.0 - - [14/Jul/2025:03:50:13 +0200] "HEAD /wordpress HTTP/1.1" 301 - "-" "Mozilla/5.0 (Windows NT 10.0; Win64; x64) AppleWebKit/537.36 (KHTML, like Gecko) Chrome/74.0.3729.169 Safari/537.36"
2a01:238:43f8:5f00:: - - [14/Jul/2025:03:50:14 +0200] "POST /wp-cron.php?doing_wp_cron=1752457814.0821189880371093750000 HTTP/1.1" 200 - "-" "tC3SnPCJioww"
34.134.242.0 - - [14/Jul/2025:03:50:14 +0200] "HEAD /wordpress HTTP/1.1" 200 - "http://gdb-bonn.com/wordpress" "Mozilla/5.0 (Windows NT 10.0; Win64; x64) AppleWebKit/537.36 (KHTML, like Gecko) Chrome/74.0.3729.169 Safari/537.36"
34.134.242.0 - - [14/Jul/2025:03:50:14 +0200] "HEAD / HTTP/1.1" 301 - "-" "Mozilla/5.0 (Windows NT 10.0; Win64; x64) AppleWebKit/537.36 (KHTML, like Gecko) Chrome/74.0.3729.169 Safari/537.36"
34.134.242.0 - - [14/Jul/2025:03:50:14 +0200] "HEAD / HTTP/1.1" 200 - "http://gdb-bonn.com/" "Mozilla/5.0 (Windows NT 10.0; Win64; x64) AppleWebKit/537.36 (KHTML, like Gecko) Chrome/74.0.3729.169 Safari/537.36"
34.134.242.0 - - [14/Jul/2025:03:50:14 +0200] "HEAD /wp HTTP/1.1" 301 - "-" "Mozilla/5.0 (Windows NT 10.0; Win64; x64) AppleWebKit/537.36 (KHTML, like Gecko) Chrome/74.0.3729.169 Safari/537.36"
34.134.242.0 - - [14/Jul/2025:03:50:15 +0200] "HEAD /wp HTTP/1.1" 200 - "http://gdb-bonn.com/wp" "Mozilla/5.0 (Windows NT 10.0; Win64; x64) AppleWebKit/537.36 (KHTML, like Gecko) Chrome/74.0.3729.169 Safari/537.36"
34.134.242.0 - - [14/Jul/2025:03:50:15 +0200] "HEAD /bc HTTP/1.1" 301 - "-" "Mozilla/5.0 (Windows NT 10.0; Win64; x64) AppleWebKit/537.36 (KHTML, like Gecko) Chrome/74.0.3729.169 Safari/537.36"
34.134.242.0 - - [14/Jul/2025:03:50:15 +0200] "HEAD /bc HTTP/1.1" 200 - "http://gdb-bonn.com/bc" "Mozilla/5.0 (Windows NT 10.0; Win64; x64) AppleWebKit/537.36 (KHTML, like Gecko) Chrome/74.0.3729.169 Safari/537.36"
34.134.242.0 - - [14/Jul/2025:03:50:15 +0200] "HEAD /bk HTTP/1.1" 301 - "-" "Mozilla/5.0 (Windows NT 10.0; Win64; x64) AppleWebKit/537.36 (KHTML, like Gecko) Chrome/74.0.3729.169 Safari/537.36"
34.134.242.0 - - [14/Jul/2025:03:50:15 +0200] "HEAD /bk HTTP/1.1" 200 - "http://gdb-bonn.com/bk" "Mozilla/5.0 (Windows NT 10.0; Win64; x64) AppleWebKit/537.36 (KHTML, like Gecko) Chrome/74.0.3729.169 Safari/537.36"
34.134.242.0 - - [14/Jul/2025:03:50:15 +0200] "HEAD /backup HTTP/1.1" 301 - "-" "Mozilla/5.0 (Windows NT 10.0; Win64; x64) AppleWebKit/537.36 (KHTML, like Gecko) Chrome/74.0.3729.169 Safari/537.36"
34.134.242.0 - - [14/Jul/2025:03:50:15 +0200] "HEAD /backup HTTP/1.1" 301 - "http://gdb-bonn.com/backup" "Mozilla/5.0 (Windows NT 10.0; Win64; x64) AppleWebKit/537.36 (KHTML, like Gecko) Chrome/74.0.3729.169 Safari/537.36"
34.134.242.0 - - [14/Jul/2025:03:50:16 +0200] "HEAD /backup/ HTTP/1.1" 403 - "https://gdb-bonn.com/backup" "Mozilla/5.0 (Windows NT 10.0; Win64; x64) AppleWebKit/537.36 (KHTML, like Gecko) Chrome/74.0.3729.169 Safari/537.36"
34.134.242.0 - - [14/Jul/2025:03:50:16 +0200] "HEAD /old HTTP/1.1" 301 - "-" "Mozilla/5.0 (Windows NT 10.0; Win64; x64) AppleWebKit/537.36 (KHTML, like Gecko) Chrome/74.0.3729.169 Safari/537.36"
34.134.242.0 - - [14/Jul/2025:03:50:16 +0200] "HEAD /old HTTP/1.1" 200 - "http://gdb-bonn.com/old" "Mozilla/5.0 (Windows NT 10.0; Win64; x64) AppleWebKit/537.36 (KHTML, like Gecko) Chrome/74.0.3729.169 Safari/537.36"
34.134.242.0 - - [14/Jul/2025:03:50:16 +0200] "HEAD /new HTTP/1.1" 301 - "-" "Mozilla/5.0 (Windows NT 10.0; Win64; x64) AppleWebKit/537.36 (KHTML, like Gecko) Chrome/74.0.3729.169 Safari/537.36"
34.134.242.0 - - [14/Jul/2025:03:50:16 +0200] "HEAD /new HTTP/1.1" 200 - "http://gdb-bonn.com/new" "Mozilla/5.0 (Windows NT 10.0; Win64; x64) AppleWebKit/537.36 (KHTML, like Gecko) Chrome/74.0.3729.169 Safari/537.36"
34.134.242.0 - - [14/Jul/2025:03:50:16 +0200] "HEAD /main HTTP/1.1" 301 - "-" "Mozilla/5.0 (Windows NT 10.0; Win64; x64) AppleWebKit/537.36 (KHTML, like Gecko) Chrome/74.0.3729.169 Safari/537.36"
34.134.242.0 - - [14/Jul/2025:03:50:16 +0200] "HEAD /main HTTP/1.1" 200 - "http://gdb-bonn.com/main" "Mozilla/5.0 (Windows NT 10.0; Win64; x64) AppleWebKit/537.36 (KHTML, like Gecko) Chrome/74.0.3729.169 Safari/537.36"
34.134.242.0 - - [14/Jul/2025:03:50:17 +0200] "HEAD /home HTTP/1.1" 301 - "-" "Mozilla/5.0 (Windows NT 10.0; Win64; x64) AppleWebKit/537.36 (KHTML, like Gecko) Chrome/74.0.3729.169 Safari/537.36"
34.134.242.0 - - [14/Jul/2025:03:50:17 +0200] "HEAD /home HTTP/1.1" 200 - "http://gdb-bonn.com/home" "Mozilla/5.0 (Windows NT 10.0; Win64; x64) AppleWebKit/537.36 (KHTML, like Gecko) Chrome/74.0.3729.169 Safari/537.36"
37.18.41.0 - - [14/Jul/2025:03:50:43 +0200] "GET /reports/usage_202402.html HTTP/1.0" 200 91181 "https://\xe0\xea\xea\xe0\xf3\xed\xf2\xfb\xe2\xe0\xf0\xf4\xe5\xe9\xf1.\xf0\xf4" "Mozilla/5.0 (Windows NT 10.0; Win64; x64) AppleWebKit/537.36 (KHTML, like Gecko) Chrome/131.0.0.0 Safari/537.36"
37.18.41.0 - - [14/Jul/2025:03:50:45 +0200] "GET /reports/usage_202402.html HTTP/1.0" 200 91181 "https://\xe0\xea\xea\xe0\xf3\xed\xf2\xfb\xe2\xe0\xf0\xf4\xe5\xe9\xf1.\xf0\xf4" "Mozilla/5.0 (Windows NT 10.0; Win64; x64) AppleWebKit/537.36 (KHTML, like Gecko) Chrome/130.0.0.0 Safari/537.36 CCleaner/130.0.0.0"
37.18.41.0 - - [14/Jul/2025:03:53:14 +0200] "GET /reports/usage_202402.html HTTP/1.0" 200 91181 "https://\xe0\xea\xea\xe0\xf3\xed\xf2\xfb\xe2\xe0\xf0\xf4\xe5\xe9\xf1.\xf0\xf4" "Mozilla/5.0 (Windows NT 10.0; Win64; x64) AppleWebKit/537.36 (KHTML, like Gecko) Chrome/130.0.0.0 Safari/537.36"
37.18.41.0 - - [14/Jul/2025:03:53:17 +0200] "GET /reports/usage_202402.html HTTP/1.0" 200 91181 "https://\xe0\xea\xea\xe0\xf3\xed\xf2\xfb\xe2\xe0\xf0\xf4\xe5\xe9\xf1.\xf0\xf4" "Mozilla/5.0 (Windows NT 10.0; Win64; x64) AppleWebKit/537.36 (KHTML, like Gecko) Chrome/130.0.0.0 Safari/537.36"
45.194.66.0 - - [14/Jul/2025:03:55:05 +0200] "GET / HTTP/1.1" 200 729 "-" "Mozilla/5.0 (Windows NT 10.0; Win64; x64) AppleWebKit/537.36 (KHTML, like Gecko) Chrome/90.0.4430.85 Safari/537.36 Edg/90.0.818.46"
37.18.41.0 - - [14/Jul/2025:03:55:45 +0200] "GET /reports/usage_202402.html HTTP/1.0" 200 91181 "https://\xe0\xea\xea\xe0\xf3\xed\xf2\xfb\xe2\xe0\xf0\xf4\xe5\xe9\xf1.\xf0\xf4" "Mozilla/5.0 (Windows NT 10.0; Win64; x64) AppleWebKit/537.36 (KHTML, like Gecko) Chrome/131.0.0.0 Safari/537.36"
37.18.41.0 - - [14/Jul/2025:03:55:47 +0200] "GET /reports/usage_202402.html HTTP/1.0" 200 91181 "https://\xe0\xea\xea\xe0\xf3\xed\xf2\xfb\xe2\xe0\xf0\xf4\xe5\xe9\xf1.\xf0\xf4" "Mozilla/5.0 (Windows NT 10.0; Win64; x64) AppleWebKit/537.36 (KHTML, like Gecko) Chrome/130.0.0.0 Safari/537.36 CCleaner/130.0.0.0"
37.18.41.0 - - [14/Jul/2025:03:58:16 +0200] "GET /reports/usage_202402.html HTTP/1.0" 200 91181 "https://\xe0\xea\xea\xe0\xf3\xed\xf2\xfb\xe2\xe0\xf0\xf4\xe5\xe9\xf1.\xf0\xf4" "Mozilla/5.0 (Windows NT 10.0; Win64; x64) AppleWebKit/537.36 (KHTML, like Gecko) Chrome/130.0.0.0 Safari/537.36 CCleaner/130.0.0.0"
37.18.41.0 - - [14/Jul/2025:03:58:18 +0200] "GET /reports/usage_202402.html HTTP/1.0" 200 91181 "https://\xe0\xea\xea\xe0\xf3\xed\xf2\xfb\xe2\xe0\xf0\xf4\xe5\xe9\xf1.\xf0\xf4" "Mozilla/5.0 (Windows NT 10.0; Win64; x64) AppleWebKit/537.36 (KHTML, like Gecko) Chrome/130.0.0.0 Safari/537.36 CCleaner/130.0.0.0"
216.73.216.0 - - [14/Jul/2025:03:58:47 +0200] "GET /robots.txt HTTP/2.0" 200 162 "-" "Mozilla/5.0 AppleWebKit/537.36 (KHTML, like Gecko; compatible; ClaudeBot/1.0; +claudebot@anthropic.com)"
216.73.216.0 - - [14/Jul/2025:03:58:48 +0200] "GET /sitemap_index.xml HTTP/2.0" 200 354 "-" "Mozilla/5.0 AppleWebKit/537.36 (KHTML, like Gecko; compatible; ClaudeBot/1.0; +claudebot@anthropic.com)"
2a01:238:43f8:5f00:: - - [14/Jul/2025:03:58:48 +0200] "POST /wp-cron.php?doing_wp_cron=1752458328.0729939937591552734375 HTTP/1.1" 200 - "-" "n3CbndrCHBVR"
34.134.242.0 - - [14/Jul/2025:04:00:18 +0200] "HEAD /wordpress HTTP/1.1" 301 - "-" "Mozilla/5.0 (Windows NT 10.0; Win64; x64) AppleWebKit/537.36 (KHTML, like Gecko) Chrome/74.0.3729.169 Safari/537.36"
2a01:238:43f8:5f00:: - - [14/Jul/2025:04:00:18 +0200] "POST /wp-cron.php?doing_wp_cron=1752458418.5872590541839599609375 HTTP/1.1" 200 - "-" "xzlL9TYvVXfo"
34.134.242.0 - - [14/Jul/2025:04:00:18 +0200] "HEAD /wordpress HTTP/1.1" 200 - "http://gebaeudetechnik.nrw/wordpress" "Mozilla/5.0 (Windows NT 10.0; Win64; x64) AppleWebKit/537.36 (KHTML, like Gecko) Chrome/74.0.3729.169 Safari/537.36"
34.134.242.0 - - [14/Jul/2025:04:00:19 +0200] "HEAD /wordpress HTTP/1.1" 200 - "https://gebaeudetechnik.nrw/wordpress" "Mozilla/5.0 (Windows NT 10.0; Win64; x64) AppleWebKit/537.36 (KHTML, like Gecko) Chrome/74.0.3729.169 Safari/537.36"
34.134.242.0 - - [14/Jul/2025:04:00:19 +0200] "HEAD / HTTP/1.1" 301 - "-" "Mozilla/5.0 (Windows NT 10.0; Win64; x64) AppleWebKit/537.36 (KHTML, like Gecko) Chrome/74.0.3729.169 Safari/537.36"
34.134.242.0 - - [14/Jul/2025:04:00:19 +0200] "HEAD / HTTP/1.1" 301 - "http://gebaeudetechnik.nrw/" "Mozilla/5.0 (Windows NT 10.0; Win64; x64) AppleWebKit/537.36 (KHTML, like Gecko) Chrome/74.0.3729.169 Safari/537.36"
34.134.242.0 - - [14/Jul/2025:04:00:19 +0200] "HEAD / HTTP/1.1" 200 - "https://gebaeudetechnik.nrw/" "Mozilla/5.0 (Windows NT 10.0; Win64; x64) AppleWebKit/537.36 (KHTML, like Gecko) Chrome/74.0.3729.169 Safari/537.36"
34.134.242.0 - - [14/Jul/2025:04:00:20 +0200] "HEAD /wp HTTP/1.1" 301 - "-" "Mozilla/5.0 (Windows NT 10.0; Win64; x64) AppleWebKit/537.36 (KHTML, like Gecko) Chrome/74.0.3729.169 Safari/537.36"
34.134.242.0 - - [14/Jul/2025:04:00:20 +0200] "HEAD /wp HTTP/1.1" 200 - "http://gebaeudetechnik.nrw/wp" "Mozilla/5.0 (Windows NT 10.0; Win64; x64) AppleWebKit/537.36 (KHTML, like Gecko) Chrome/74.0.3729.169 Safari/537.36"
34.134.242.0 - - [14/Jul/2025:04:00:20 +0200] "HEAD /wp HTTP/1.1" 200 - "https://gebaeudetechnik.nrw/wp" "Mozilla/5.0 (Windows NT 10.0; Win64; x64) AppleWebKit/537.36 (KHTML, like Gecko) Chrome/74.0.3729.169 Safari/537.36"
34.134.242.0 - - [14/Jul/2025:04:00:20 +0200] "HEAD /bc HTTP/1.1" 301 - "-" "Mozilla/5.0 (Windows NT 10.0; Win64; x64) AppleWebKit/537.36 (KHTML, like Gecko) Chrome/74.0.3729.169 Safari/537.36"
34.134.242.0 - - [14/Jul/2025:04:00:20 +0200] "HEAD /bc HTTP/1.1" 200 - "http://gebaeudetechnik.nrw/bc" "Mozilla/5.0 (Windows NT 10.0; Win64; x64) AppleWebKit/537.36 (KHTML, like Gecko) Chrome/74.0.3729.169 Safari/537.36"
34.134.242.0 - - [14/Jul/2025:04:00:20 +0200] "HEAD /bc HTTP/1.1" 200 - "https://gebaeudetechnik.nrw/bc" "Mozilla/5.0 (Windows NT 10.0; Win64; x64) AppleWebKit/537.36 (KHTML, like Gecko) Chrome/74.0.3729.169 Safari/537.36"
34.134.242.0 - - [14/Jul/2025:04:00:20 +0200] "HEAD /bk HTTP/1.1" 301 - "-" "Mozilla/5.0 (Windows NT 10.0; Win64; x64) AppleWebKit/537.36 (KHTML, like Gecko) Chrome/74.0.3729.169 Safari/537.36"
34.134.242.0 - - [14/Jul/2025:04:00:21 +0200] "HEAD /bk HTTP/1.1" 200 - "http://gebaeudetechnik.nrw/bk" "Mozilla/5.0 (Windows NT 10.0; Win64; x64) AppleWebKit/537.36 (KHTML, like Gecko) Chrome/74.0.3729.169 Safari/537.36"
34.134.242.0 - - [14/Jul/2025:04:00:21 +0200] "HEAD /bk HTTP/1.1" 200 - "https://gebaeudetechnik.nrw/bk" "Mozilla/5.0 (Windows NT 10.0; Win64; x64) AppleWebKit/537.36 (KHTML, like Gecko) Chrome/74.0.3729.169 Safari/537.36"
34.134.242.0 - - [14/Jul/2025:04:00:21 +0200] "HEAD /backup HTTP/1.1" 301 - "-" "Mozilla/5.0 (Windows NT 10.0; Win64; x64) AppleWebKit/537.36 (KHTML, like Gecko) Chrome/74.0.3729.169 Safari/537.36"
34.134.242.0 - - [14/Jul/2025:04:00:21 +0200] "HEAD /backup HTTP/1.1" 301 - "http://gebaeudetechnik.nrw/backup" "Mozilla/5.0 (Windows NT 10.0; Win64; x64) AppleWebKit/537.36 (KHTML, like Gecko) Chrome/74.0.3729.169 Safari/537.36"
34.134.242.0 - - [14/Jul/2025:04:00:21 +0200] "HEAD /backup/ HTTP/1.1" 403 - "https://gebaeudetechnik.nrw/backup" "Mozilla/5.0 (Windows NT 10.0; Win64; x64) AppleWebKit/537.36 (KHTML, like Gecko) Chrome/74.0.3729.169 Safari/537.36"
34.134.242.0 - - [14/Jul/2025:04:00:21 +0200] "HEAD /old HTTP/1.1" 301 - "-" "Mozilla/5.0 (Windows NT 10.0; Win64; x64) AppleWebKit/537.36 (KHTML, like Gecko) Chrome/74.0.3729.169 Safari/537.36"
34.134.242.0 - - [14/Jul/2025:04:00:21 +0200] "HEAD /old HTTP/1.1" 200 - "http://gebaeudetechnik.nrw/old" "Mozilla/5.0 (Windows NT 10.0; Win64; x64) AppleWebKit/537.36 (KHTML, like Gecko) Chrome/74.0.3729.169 Safari/537.36"
34.134.242.0 - - [14/Jul/2025:04:00:22 +0200] "HEAD /old HTTP/1.1" 200 - "https://gebaeudetechnik.nrw/old" "Mozilla/5.0 (Windows NT 10.0; Win64; x64) AppleWebKit/537.36 (KHTML, like Gecko) Chrome/74.0.3729.169 Safari/537.36"
34.134.242.0 - - [14/Jul/2025:04:00:22 +0200] "HEAD /new HTTP/1.1" 301 - "-" "Mozilla/5.0 (Windows NT 10.0; Win64; x64) AppleWebKit/537.36 (KHTML, like Gecko) Chrome/74.0.3729.169 Safari/537.36"
34.134.242.0 - - [14/Jul/2025:04:00:22 +0200] "HEAD /new HTTP/1.1" 200 - "http://gebaeudetechnik.nrw/new" "Mozilla/5.0 (Windows NT 10.0; Win64; x64) AppleWebKit/537.36 (KHTML, like Gecko) Chrome/74.0.3729.169 Safari/537.36"
34.134.242.0 - - [14/Jul/2025:04:00:22 +0200] "HEAD /newsletter/ HTTP/1.1" 200 - "https://gebaeudetechnik.nrw/new" "Mozilla/5.0 (Windows NT 10.0; Win64; x64) AppleWebKit/537.36 (KHTML, like Gecko) Chrome/74.0.3729.169 Safari/537.36"
34.134.242.0 - - [14/Jul/2025:04:00:22 +0200] "HEAD /main HTTP/1.1" 301 - "-" "Mozilla/5.0 (Windows NT 10.0; Win64; x64) AppleWebKit/537.36 (KHTML, like Gecko) Chrome/74.0.3729.169 Safari/537.36"
34.134.242.0 - - [14/Jul/2025:04:00:22 +0200] "HEAD /main HTTP/1.1" 200 - "http://gebaeudetechnik.nrw/main" "Mozilla/5.0 (Windows NT 10.0; Win64; x64) AppleWebKit/537.36 (KHTML, like Gecko) Chrome/74.0.3729.169 Safari/537.36"
34.134.242.0 - - [14/Jul/2025:04:00:23 +0200] "HEAD /main HTTP/1.1" 200 - "https://gebaeudetechnik.nrw/main" "Mozilla/5.0 (Windows NT 10.0; Win64; x64) AppleWebKit/537.36 (KHTML, like Gecko) Chrome/74.0.3729.169 Safari/537.36"
34.134.242.0 - - [14/Jul/2025:04:00:23 +0200] "HEAD /home HTTP/1.1" 301 - "-" "Mozilla/5.0 (Windows NT 10.0; Win64; x64) AppleWebKit/537.36 (KHTML, like Gecko) Chrome/74.0.3729.169 Safari/537.36"
34.134.242.0 - - [14/Jul/2025:04:00:23 +0200] "HEAD /home HTTP/1.1" 200 - "http://gebaeudetechnik.nrw/home" "Mozilla/5.0 (Windows NT 10.0; Win64; x64) AppleWebKit/537.36 (KHTML, like Gecko) Chrome/74.0.3729.169 Safari/537.36"
34.134.242.0 - - [14/Jul/2025:04:00:23 +0200] "HEAD /home HTTP/1.1" 200 - "https://gebaeudetechnik.nrw/home" "Mozilla/5.0 (Windows NT 10.0; Win64; x64) AppleWebKit/537.36 (KHTML, like Gecko) Chrome/74.0.3729.169 Safari/537.36"
188.166.16.0 - - [14/Jul/2025:04:00:47 +0200] "GET /admin/config.php HTTP/1.0" 404 2563 "-" "Mozilla/5.0 (X11; Linux x86_64) AppleWebKit/537.36 (KHTML, like Gecko) Chrome/105.0.5550.84 Safari/537.36"
37.18.41.0 - - [14/Jul/2025:04:00:47 +0200] "GET /reports/usage_202402.html HTTP/1.0" 200 91181 "https://\xe0\xea\xea\xe0\xf3\xed\xf2\xfb\xe2\xe0\xf0\xf4\xe5\xe9\xf1.\xf0\xf4" "Mozilla/5.0 (Windows NT 10.0; Win64; x64) AppleWebKit/537.36 (KHTML, like Gecko) Chrome/130.0.0.0 Safari/537.36"
37.18.41.0 - - [14/Jul/2025:04:00:49 +0200] "GET /reports/usage_202402.html HTTP/1.0" 200 91181 "https://\xe0\xea\xea\xe0\xf3\xed\xf2\xfb\xe2\xe0\xf0\xf4\xe5\xe9\xf1.\xf0\xf4" "Mozilla/5.0 (Windows NT 10.0; Win64; x64) AppleWebKit/537.36 (KHTML, like Gecko) Chrome/131.0.0.0 Safari/537.36"
43.130.110.0 - - [14/Jul/2025:04:01:35 +0200] "GET / HTTP/1.1" 200 727 "-" "Mozilla/5.0 (iPhone; CPU iPhone OS 13_2_3 like Mac OS X) AppleWebKit/605.1.15 (KHTML, like Gecko) Version/13.0.3 Mobile/15E148 Safari/604.1"
37.18.41.0 - - [14/Jul/2025:04:03:19 +0200] "GET /reports/usage_202402.html HTTP/1.0" 200 91181 "https://\xe0\xea\xea\xe0\xf3\xed\xf2\xfb\xe2\xe0\xf0\xf4\xe5\xe9\xf1.\xf0\xf4" "Mozilla/5.0 (Windows NT 10.0; Win64; x64) AppleWebKit/537.36 (KHTML, like Gecko) Chrome/129.0.0.0 Safari/537.36"
37.18.41.0 - - [14/Jul/2025:04:03:24 +0200] "GET /reports/usage_202402.html HTTP/1.0" 200 91181 "https://\xe0\xea\xea\xe0\xf3\xed\xf2\xfb\xe2\xe0\xf0\xf4\xe5\xe9\xf1.\xf0\xf4" "Mozilla/5.0 (Windows NT 10.0; Win64; x64) AppleWebKit/537.36 (KHTML, like Gecko) Chrome/130.0.0.0 Safari/537.36"
37.18.41.0 - - [14/Jul/2025:04:05:52 +0200] "GET /reports/usage_202402.html HTTP/1.0" 200 91181 "https://\xe0\xea\xea\xe0\xf3\xed\xf2\xfb\xe2\xe0\xf0\xf4\xe5\xe9\xf1.\xf0\xf4" "Mozilla/5.0 (Windows NT 10.0; Win64; x64) AppleWebKit/537.36 (KHTML, like Gecko) Chrome/130.0.0.0 Safari/537.36 CCleaner/130.0.0.0"
37.18.41.0 - - [14/Jul/2025:04:05:55 +0200] "GET /reports/usage_202402.html HTTP/1.0" 200 91181 "https://\xe0\xea\xea\xe0\xf3\xed\xf2\xfb\xe2\xe0\xf0\xf4\xe5\xe9\xf1.\xf0\xf4" "Mozilla/5.0 (Windows NT 10.0; Win64; x64) AppleWebKit/537.36 (KHTML, like Gecko) Chrome/129.0.0.0 Safari/537.36"
2600:1900:0:4302:: - - [14/Jul/2025:04:08:06 +0200] "GET / HTTP/1.1" 404 - "-" "Mozilla/5.0 (Macintosh; Intel Mac OS X 10_15_7) AppleWebKit/537.36 (KHTML, like Gecko) Chrome/114.0.0.0 Safari/537.36"
74.82.47.0 - - [14/Jul/2025:04:08:24 +0200] "\x16\x03\x01" 400 226 "-" "-"
37.18.41.0 - - [14/Jul/2025:04:08:26 +0200] "GET /reports/usage_202402.html HTTP/1.0" 200 91181 "https://\xe0\xea\xea\xe0\xf3\xed\xf2\xfb\xe2\xe0\xf0\xf4\xe5\xe9\xf1.\xf0\xf4" "Mozilla/5.0 (Windows NT 10.0; Win64; x64) AppleWebKit/537.36 (KHTML, like Gecko) Chrome/129.0.0.0 Safari/537.36"
37.18.41.0 - - [14/Jul/2025:04:08:29 +0200] "GET /reports/usage_202402.html HTTP/1.0" 200 91181 "https://\xe0\xea\xea\xe0\xf3\xed\xf2\xfb\xe2\xe0\xf0\xf4\xe5\xe9\xf1.\xf0\xf4" "Mozilla/5.0 (Windows NT 10.0; Win64; x64) AppleWebKit/537.36 (KHTML, like Gecko) Chrome/129.0.0.0 Safari/537.36"
169.150.247.0 - - [14/Jul/2025:04:09:51 +0200] "GET /wp-content/themes/busiprof-pro/print.css HTTP/1.1" 404 2655 "-" "WordPress/6.8.1; https://www.gebaeudetechnik.nrw"
107.173.197.0 - - [14/Jul/2025:04:09:50 +0200] "GET /files/media/image/einbruchschutz-gebaeudetechnik.jpg HTTP/1.1" 200 48601 "https://www.google.com/" "Mozilla/5.0 (Windows NT 10.0; Win64; x64; rv:114.0) Gecko/20100101 Firefox/114.0"
2a01:238:43f8:5f00:: - - [14/Jul/2025:04:09:50 +0200] "POST /wp-cron.php?doing_wp_cron=1752458990.7364430427551269531250 HTTP/1.1" 200 - "-" "HkC44FbTKaaj"
108.167.189.0 - - [14/Jul/2025:04:10:31 +0200] "-" 408 - "-" "-"
37.18.41.0 - - [14/Jul/2025:04:10:57 +0200] "GET /reports/usage_202402.html HTTP/1.0" 200 91181 "https://\xe0\xea\xea\xe0\xf3\xed\xf2\xfb\xe2\xe0\xf0\xf4\xe5\xe9\xf1.\xf0\xf4" "Mozilla/5.0 (Windows NT 10.0; Win64; x64) AppleWebKit/537.36 (KHTML, like Gecko) Chrome/131.0.0.0 Safari/537.36 Avast/131.0.0.0"
37.18.41.0 - - [14/Jul/2025:04:10:59 +0200] "GET /reports/usage_202402.html HTTP/1.0" 200 91181 "https://\xe0\xea\xea\xe0\xf3\xed\xf2\xfb\xe2\xe0\xf0\xf4\xe5\xe9\xf1.\xf0\xf4" "Mozilla/5.0 (Windows NT 10.0; Win64; x64) AppleWebKit/537.36 (KHTML, like Gecko) Chrome/131.0.0.0 Safari/537.36"
91.224.92.0 - - [14/Jul/2025:04:11:33 +0200] "GET / HTTP/1.1" 200 3510 "-" "-"
23.23.213.0 - - [14/Jul/2025:04:12:02 +0200] "GET /contao/vendor/terminal42/escargot/tests/Fixtures/scenario2/?C=M;O%3DD HTTP/1.1" 200 527 "-" "Mozilla/5.0 AppleWebKit/537.36 (KHTML, like Gecko; compatible; Amazonbot/0.1; +https://developer.amazon.com/support/amazonbot) Chrome/119.0.6045.214 Safari/537.36"
37.18.41.0 - - [14/Jul/2025:04:13:27 +0200] "GET /reports/usage_202402.html HTTP/1.0" 200 91181 "https://\xe0\xea\xea\xe0\xf3\xed\xf2\xfb\xe2\xe0\xf0\xf4\xe5\xe9\xf1.\xf0\xf4" "Mozilla/5.0 (Windows NT 10.0; Win64; x64) AppleWebKit/537.36 (KHTML, like Gecko) Chrome/130.0.0.0 Safari/537.36"
37.18.41.0 - - [14/Jul/2025:04:13:30 +0200] "GET /reports/usage_202402.html HTTP/1.0" 200 91181 "https://\xe0\xea\xea\xe0\xf3\xed\xf2\xfb\xe2\xe0\xf0\xf4\xe5\xe9\xf1.\xf0\xf4" "Mozilla/5.0 (Windows NT 10.0; Win64; x64) AppleWebKit/537.36 (KHTML, like Gecko) Chrome/131.0.0.0 Safari/537.36 Avast/131.0.0.0"
216.73.216.0 - - [14/Jul/2025:04:13:32 +0200] "GET /contao/vendor/ramsey/uuid/src/Converter/Time/?C=N&O=A HTTP/1.1" 200 484 "-" "Mozilla/5.0 AppleWebKit/537.36 (KHTML, like Gecko; compatible; ClaudeBot/1.0; +claudebot@anthropic.com)"
52.180.137.0 - - [14/Jul/2025:04:14:31 +0200] "GET / HTTP/1.0" 400 362 "-" "-"
149.50.96.0 - - [14/Jul/2025:04:15:23 +0200] "PUT /SDK/webLanguage HTTP/1.1" 405 220 "-" "Mozilla/5.0 (Windows NT 10.0; Win64; x64) AppleWebKit/537.36 (KHTML, like Gecko) Chrome/131.0.6778.140 Safari/537.36"
