196.251.66.0 - - [14/Jul/2025:07:00:16 +0200] "GET /wp-includes/blocks/pullquote/ HTTP/1.1" 403 2584 "https://www.google.com" "Mozilla/5.0 (Linux; Android 7.0; SM-G892A Build/NRD90M; wv) AppleWebKit/537.36 (KHTML, Gecko) Version/4.0 Chrome/60.0.3112.107 Mobile Safari/537.36"
98.82.59.0 - - [14/Jul/2025:07:00:18 +0200] "GET /contao/vendor/scheb/two-factor-bundle/DependencyInjection/Factory/Security/TwoFactorFactory.php HTTP/1.1" 500 - "-" "Mozilla/5.0 AppleWebKit/537.36 (KHTML, like Gecko; compatible; Amazonbot/0.1; +https://developer.amazon.com/support/amazonbot) Chrome/119.0.6045.214 Safari/537.36"
54.83.23.0 - - [14/Jul/2025:07:00:22 +0200] "GET /contao/vendor/symfony-cmf/routing-bundle/src/Doctrine/Orm/RouteProvider.php HTTP/1.1" 500 - "-" "Mozilla/5.0 AppleWebKit/537.36 (KHTML, like Gecko; compatible; Amazonbot/0.1; +https://developer.amazon.com/support/amazonbot) Chrome/119.0.6045.214 Safari/537.36"
52.4.76.0 - - [14/Jul/2025:07:00:26 +0200] "GET /contao/vendor/league/uri-hostname-parser/src/PublicSuffix/CacheException.php HTTP/1.1" 500 - "-" "Mozilla/5.0 AppleWebKit/537.36 (KHTML, like Gecko; compatible; Amazonbot/0.1; +https://developer.amazon.com/support/amazonbot) Chrome/119.0.6045.214 Safari/537.36"
34.205.170.0 - - [14/Jul/2025:07:00:30 +0200] "GET /contao/vendor/symfony/polyfill-intl-idn/Resources/unidata/mapped.php HTTP/1.1" 200 - "-" "Mozilla/5.0 AppleWebKit/537.36 (KHTML, like Gecko; compatible; Amazonbot/0.1; +https://developer.amazon.com/support/amazonbot) Chrome/119.0.6045.214 Safari/537.36"
196.251.66.0 - - [14/Jul/2025:07:00:33 +0200] "GET /wp-includes/blocks/query-pagination-next/index.php HTTP/1.1" 200 - "https://www.google.com" "Mozilla/5.0 (Linux; Android 7.0; SM-G892A Build/NRD90M; wv) AppleWebKit/537.36 (KHTML, Gecko) Version/4.0 Chrome/60.0.3112.107 Mobile Safari/537.36"
196.251.66.0 - - [14/Jul/2025:07:00:34 +0200] "GET /wp-includes/blocks/query-pagination-next/ HTTP/1.1" 403 2584 "https://www.google.com" "Mozilla/5.0 (Linux; Android 7.0; SM-G892A Build/NRD90M; wv) AppleWebKit/537.36 (KHTML, Gecko) Version/4.0 Chrome/60.0.3112.107 Mobile Safari/537.36"
44.210.204.0 - - [14/Jul/2025:07:00:34 +0200] "GET /contao/vendor/contao/core-bundle/src/Security/Authentication/?C=N;O%3DA HTTP/1.1" 200 611 "-" "Mozilla/5.0 AppleWebKit/537.36 (KHTML, like Gecko; compatible; Amazonbot/0.1; +https://developer.amazon.com/support/amazonbot) Chrome/119.0.6045.214 Safari/537.36"
196.251.66.0 - - [14/Jul/2025:07:00:36 +0200] "GET /wp-includes/blocks/query-pagination-numbers/index.php HTTP/1.1" 200 - "https://www.google.com" "Mozilla/5.0 (Linux; Android 7.0; SM-G892A Build/NRD90M; wv) AppleWebKit/537.36 (KHTML, Gecko) Version/4.0 Chrome/60.0.3112.107 Mobile Safari/537.36"
44.223.193.0 - - [14/Jul/2025:07:00:38 +0200] "GET /contao/system/modules/pct_theme_installer/config/?C=N;O%3DA HTTP/1.1" 200 474 "-" "Mozilla/5.0 AppleWebKit/537.36 (KHTML, like Gecko; compatible; Amazonbot/0.1; +https://developer.amazon.com/support/amazonbot) Chrome/119.0.6045.214 Safari/537.36"
196.251.66.0 - - [14/Jul/2025:07:00:39 +0200] "GET /wp-includes/blocks/query-pagination-numbers/ HTTP/1.1" 403 2584 "https://www.google.com" "Mozilla/5.0 (Linux; Android 7.0; SM-G892A Build/NRD90M; wv) AppleWebKit/537.36 (KHTML, Gecko) Version/4.0 Chrome/60.0.3112.107 Mobile Safari/537.36"
196.251.66.0 - - [14/Jul/2025:07:00:41 +0200] "GET /wp-includes/blocks/query-pagination-previous/index.php HTTP/1.1" 200 - "https://www.google.com" "Mozilla/5.0 (Linux; Android 7.0; SM-G892A Build/NRD90M; wv) AppleWebKit/537.36 (KHTML, Gecko) Version/4.0 Chrome/60.0.3112.107 Mobile Safari/537.36"
52.3.104.0 - - [14/Jul/2025:07:00:42 +0200] "GET /contao/vendor/symfony-cmf/routing/tests/Unit/Routing/?C=M;O%3DA HTTP/1.1" 200 580 "-" "Mozilla/5.0 AppleWebKit/537.36 (KHTML, like Gecko; compatible; Amazonbot/0.1; +https://developer.amazon.com/support/amazonbot) Chrome/119.0.6045.214 Safari/537.36"
196.251.66.0 - - [14/Jul/2025:07:00:43 +0200] "GET /wp-includes/blocks/query-pagination-previous/ HTTP/1.1" 403 2584 "https://www.google.com" "Mozilla/5.0 (Linux; Android 7.0; SM-G892A Build/NRD90M; wv) AppleWebKit/537.36 (KHTML, Gecko) Version/4.0 Chrome/60.0.3112.107 Mobile Safari/537.36"
196.251.66.0 - - [14/Jul/2025:07:00:43 +0200] "GET /wp-includes/blocks/query-pagination/index.php HTTP/1.1" 200 - "https://www.google.com" "Mozilla/5.0 (Linux; Android 7.0; SM-G892A Build/NRD90M; wv) AppleWebKit/537.36 (KHTML, Gecko) Version/4.0 Chrome/60.0.3112.107 Mobile Safari/537.36"
196.251.66.0 - - [14/Jul/2025:07:00:44 +0200] "GET /wp-includes/blocks/query-pagination/ HTTP/1.1" 403 2584 "https://www.google.com" "Mozilla/5.0 (Linux; Android 7.0; SM-G892A Build/NRD90M; wv) AppleWebKit/537.36 (KHTML, Gecko) Version/4.0 Chrome/60.0.3112.107 Mobile Safari/537.36"
44.193.115.0 - - [14/Jul/2025:07:00:46 +0200] "GET /contao/var/cache/prod/http_cache/?C=D;O%3DD HTTP/1.1" 200 410 "-" "Mozilla/5.0 AppleWebKit/537.36 (KHTML, like Gecko; compatible; Amazonbot/0.1; +https://developer.amazon.com/support/amazonbot) Chrome/119.0.6045.214 Safari/537.36"
196.251.66.0 - - [14/Jul/2025:07:00:48 +0200] "GET /wp-includes/blocks/query-title/index.php HTTP/1.1" 200 - "https://www.google.com" "Mozilla/5.0 (Linux; Android 7.0; SM-G892A Build/NRD90M; wv) AppleWebKit/537.36 (KHTML, Gecko) Version/4.0 Chrome/60.0.3112.107 Mobile Safari/537.36"
196.251.66.0 - - [14/Jul/2025:07:00:48 +0200] "GET /wp-includes/blocks/query-title/ HTTP/1.1" 403 2584 "https://www.google.com" "Mozilla/5.0 (Linux; Android 7.0; SM-G892A Build/NRD90M; wv) AppleWebKit/537.36 (KHTML, Gecko) Version/4.0 Chrome/60.0.3112.107 Mobile Safari/537.36"
2a01:238:43f8:5f00:: - - [14/Jul/2025:07:00:41 +0200] "POST /wp-cron.php?doing_wp_cron=1752469241.7419159412384033203125 HTTP/1.1" 200 - "-" "r8k2QptVK9fG"
3.214.176.0 - - [14/Jul/2025:07:00:50 +0200] "GET /contao/vendor/swiftmailer/swiftmailer/tests/smoke/?C=S;O%3DA HTTP/1.1" 200 423 "-" "Mozilla/5.0 AppleWebKit/537.36 (KHTML, like Gecko; compatible; Amazonbot/0.1; +https://developer.amazon.com/support/amazonbot) Chrome/119.0.6045.214 Safari/537.36"
196.251.66.0 - - [14/Jul/2025:07:00:51 +0200] "GET /wp-includes/blocks/query/index.php HTTP/1.1" 200 - "https://www.google.com" "Mozilla/5.0 (Linux; Android 7.0; SM-G892A Build/NRD90M; wv) AppleWebKit/537.36 (KHTML, Gecko) Version/4.0 Chrome/60.0.3112.107 Mobile Safari/537.36"
196.251.66.0 - - [14/Jul/2025:07:00:51 +0200] "GET /wp-includes/blocks/query/ HTTP/1.1" 403 2584 "https://www.google.com" "Mozilla/5.0 (Linux; Android 7.0; SM-G892A Build/NRD90M; wv) AppleWebKit/537.36 (KHTML, Gecko) Version/4.0 Chrome/60.0.3112.107 Mobile Safari/537.36"
196.251.66.0 - - [14/Jul/2025:07:00:53 +0200] "GET /wp-includes/blocks/quote/index.php HTTP/1.1" 200 - "https://www.google.com" "Mozilla/5.0 (Linux; Android 7.0; SM-G892A Build/NRD90M; wv) AppleWebKit/537.36 (KHTML, Gecko) Version/4.0 Chrome/60.0.3112.107 Mobile Safari/537.36"
44.193.102.0 - - [14/Jul/2025:07:00:54 +0200] "GET /contao/vendor/oyejorge/less.php/lib/Less/Tree/Paren.php HTTP/1.1" 500 - "-" "Mozilla/5.0 AppleWebKit/537.36 (KHTML, like Gecko; compatible; Amazonbot/0.1; +https://developer.amazon.com/support/amazonbot) Chrome/119.0.6045.214 Safari/537.36"
196.251.66.0 - - [14/Jul/2025:07:00:54 +0200] "GET /wp-includes/blocks/quote/ HTTP/1.1" 403 2584 "https://www.google.com" "Mozilla/5.0 (Linux; Android 7.0; SM-G892A Build/NRD90M; wv) AppleWebKit/537.36 (KHTML, Gecko) Version/4.0 Chrome/60.0.3112.107 Mobile Safari/537.36"
196.251.66.0 - - [14/Jul/2025:07:00:56 +0200] "GET /wp-includes/blocks/rss/index.php HTTP/1.1" 200 - "https://www.google.com" "Mozilla/5.0 (Linux; Android 7.0; SM-G892A Build/NRD90M; wv) AppleWebKit/537.36 (KHTML, Gecko) Version/4.0 Chrome/60.0.3112.107 Mobile Safari/537.36"
196.251.66.0 - - [14/Jul/2025:07:00:56 +0200] "GET /wp-includes/blocks/rss/ HTTP/1.1" 403 2584 "https://www.google.com" "Mozilla/5.0 (Linux; Android 7.0; SM-G892A Build/NRD90M; wv) AppleWebKit/537.36 (KHTML, Gecko) Version/4.0 Chrome/60.0.3112.107 Mobile Safari/537.36"
34.225.24.0 - - [14/Jul/2025:07:00:58 +0200] "GET /contao/vendor/scssphp/scssphp/src/SourceMap/?C=N;O%3DD HTTP/1.1" 200 475 "-" "Mozilla/5.0 AppleWebKit/537.36 (KHTML, like Gecko; compatible; Amazonbot/0.1; +https://developer.amazon.com/support/amazonbot) Chrome/119.0.6045.214 Safari/537.36"
18.205.91.0 - - [14/Jul/2025:07:01:02 +0200] "GET /contao/vendor/contao/core-bundle/src/Resources/contao/languages/ HTTP/1.1" 200 536 "-" "Mozilla/5.0 AppleWebKit/537.36 (KHTML, like Gecko; compatible; Amazonbot/0.1; +https://developer.amazon.com/support/amazonbot) Chrome/119.0.6045.214 Safari/537.36"
196.251.66.0 - - [14/Jul/2025:07:01:03 +0200] "GET /wp-includes/blocks/search/index.php HTTP/1.1" 200 - "https://www.google.com" "Mozilla/5.0 (Linux; Android 7.0; SM-G892A Build/NRD90M; wv) AppleWebKit/537.36 (KHTML, Gecko) Version/4.0 Chrome/60.0.3112.107 Mobile Safari/537.36"
196.251.66.0 - - [14/Jul/2025:07:01:03 +0200] "GET /wp-includes/blocks/search/ HTTP/1.1" 403 2584 "https://www.google.com" "Mozilla/5.0 (Linux; Android 7.0; SM-G892A Build/NRD90M; wv) AppleWebKit/537.36 (KHTML, Gecko) Version/4.0 Chrome/60.0.3112.107 Mobile Safari/537.36"
196.251.66.0 - - [14/Jul/2025:07:01:04 +0200] "GET /wp-includes/blocks/separator/index.php HTTP/1.1" 200 - "https://www.google.com" "Mozilla/5.0 (Linux; Android 7.0; SM-G892A Build/NRD90M; wv) AppleWebKit/537.36 (KHTML, Gecko) Version/4.0 Chrome/60.0.3112.107 Mobile Safari/537.36"
196.251.66.0 - - [14/Jul/2025:07:01:05 +0200] "GET /wp-includes/blocks/separator/ HTTP/1.1" 403 2584 "https://www.google.com" "Mozilla/5.0 (Linux; Android 7.0; SM-G892A Build/NRD90M; wv) AppleWebKit/537.36 (KHTML, Gecko) Version/4.0 Chrome/60.0.3112.107 Mobile Safari/537.36"
44.223.193.0 - - [14/Jul/2025:07:01:06 +0200] "GET /contao/vendor/contao/news-bundle/src/Resources/contao/languages/fr/ HTTP/1.1" 200 584 "-" "Mozilla/5.0 AppleWebKit/537.36 (KHTML, like Gecko; compatible; Amazonbot/0.1; +https://developer.amazon.com/support/amazonbot) Chrome/119.0.6045.214 Safari/537.36"
196.251.66.0 - - [14/Jul/2025:07:01:09 +0200] "GET /wp-includes/blocks/shortcode/index.php HTTP/1.1" 200 - "https://www.google.com" "Mozilla/5.0 (Linux; Android 7.0; SM-G892A Build/NRD90M; wv) AppleWebKit/537.36 (KHTML, Gecko) Version/4.0 Chrome/60.0.3112.107 Mobile Safari/537.36"
196.251.66.0 - - [14/Jul/2025:07:01:09 +0200] "GET /wp-includes/blocks/shortcode/ HTTP/1.1" 403 2584 "https://www.google.com" "Mozilla/5.0 (Linux; Android 7.0; SM-G892A Build/NRD90M; wv) AppleWebKit/537.36 (KHTML, Gecko) Version/4.0 Chrome/60.0.3112.107 Mobile Safari/537.36"
196.251.66.0 - - [14/Jul/2025:07:01:10 +0200] "GET /wp-includes/blocks/site-logo/index.php HTTP/1.1" 200 - "https://www.google.com" "Mozilla/5.0 (Linux; Android 7.0; SM-G892A Build/NRD90M; wv) AppleWebKit/537.36 (KHTML, Gecko) Version/4.0 Chrome/60.0.3112.107 Mobile Safari/537.36"
52.6.5.0 - - [14/Jul/2025:07:01:10 +0200] "GET /contao/vendor/scssphp/scssphp/src/Exception/?C=N;O%3DD HTTP/1.1" 200 503 "-" "Mozilla/5.0 AppleWebKit/537.36 (KHTML, like Gecko; compatible; Amazonbot/0.1; +https://developer.amazon.com/support/amazonbot) Chrome/119.0.6045.214 Safari/537.36"
196.251.66.0 - - [14/Jul/2025:07:01:11 +0200] "GET /wp-includes/blocks/site-logo/ HTTP/1.1" 403 2584 "https://www.google.com" "Mozilla/5.0 (Linux; Android 7.0; SM-G892A Build/NRD90M; wv) AppleWebKit/537.36 (KHTML, Gecko) Version/4.0 Chrome/60.0.3112.107 Mobile Safari/537.36"
2a01:238:43f8:5f00:: - - [14/Jul/2025:07:01:13 +0200] "POST /wp-cron.php?doing_wp_cron=1752469273.0790901184082031250000 HTTP/1.1" 200 - "-" "WcEUvTaUfms0"
196.251.66.0 - - [14/Jul/2025:07:01:13 +0200] "GET /wp-includes/blocks/site-tagline/index.php HTTP/1.1" 200 - "https://www.google.com" "Mozilla/5.0 (Linux; Android 7.0; SM-G892A Build/NRD90M; wv) AppleWebKit/537.36 (KHTML, Gecko) Version/4.0 Chrome/60.0.3112.107 Mobile Safari/537.36"
196.251.66.0 - - [14/Jul/2025:07:01:13 +0200] "GET /wp-includes/blocks/site-tagline/ HTTP/1.1" 403 2584 "https://www.google.com" "Mozilla/5.0 (Linux; Android 7.0; SM-G892A Build/NRD90M; wv) AppleWebKit/537.36 (KHTML, Gecko) Version/4.0 Chrome/60.0.3112.107 Mobile Safari/537.36"
34.205.163.0 - - [14/Jul/2025:07:01:14 +0200] "GET /contao/vendor/contao/core-bundle/src/Util/?C=D;O%3DD HTTP/1.1" 200 455 "-" "Mozilla/5.0 AppleWebKit/537.36 (KHTML, like Gecko; compatible; Amazonbot/0.1; +https://developer.amazon.com/support/amazonbot) Chrome/119.0.6045.214 Safari/537.36"
107.23.62.0 - - [14/Jul/2025:07:01:19 +0200] "GET /contao/vendor/contao/core-bundle/src/Resources/contao/?C=N;O%3DD HTTP/1.1" 200 602 "-" "Mozilla/5.0 AppleWebKit/537.36 (KHTML, like Gecko; compatible; Amazonbot/0.1; +https://developer.amazon.com/support/amazonbot) Chrome/119.0.6045.214 Safari/537.36"
23.23.214.0 - - [14/Jul/2025:07:01:22 +0200] "GET /contao/vendor/ramsey/uuid/src/Converter/Time/?C=N;O%3DD HTTP/1.1" 200 484 "-" "Mozilla/5.0 AppleWebKit/537.36 (KHTML, like Gecko; compatible; Amazonbot/0.1; +https://developer.amazon.com/support/amazonbot) Chrome/119.0.6045.214 Safari/537.36"
196.251.66.0 - - [14/Jul/2025:07:01:23 +0200] "GET /wp-includes/blocks/site-title/index.php HTTP/1.1" 200 - "https://www.google.com" "Mozilla/5.0 (Linux; Android 7.0; SM-G892A Build/NRD90M; wv) AppleWebKit/537.36 (KHTML, Gecko) Version/4.0 Chrome/60.0.3112.107 Mobile Safari/537.36"
196.251.66.0 - - [14/Jul/2025:07:01:23 +0200] "GET /wp-includes/blocks/site-title/ HTTP/1.1" 403 2584 "https://www.google.com" "Mozilla/5.0 (Linux; Android 7.0; SM-G892A Build/NRD90M; wv) AppleWebKit/537.36 (KHTML, Gecko) Version/4.0 Chrome/60.0.3112.107 Mobile Safari/537.36"
196.251.66.0 - - [14/Jul/2025:07:01:23 +0200] "GET /wp-includes/blocks/social-link/index.php HTTP/1.1" 200 - "https://www.google.com" "Mozilla/5.0 (Linux; Android 7.0; SM-G892A Build/NRD90M; wv) AppleWebKit/537.36 (KHTML, Gecko) Version/4.0 Chrome/60.0.3112.107 Mobile Safari/537.36"
196.251.66.0 - - [14/Jul/2025:07:01:23 +0200] "GET /wp-includes/blocks/social-link/ HTTP/1.1" 403 2584 "https://www.google.com" "Mozilla/5.0 (Linux; Android 7.0; SM-G892A Build/NRD90M; wv) AppleWebKit/537.36 (KHTML, Gecko) Version/4.0 Chrome/60.0.3112.107 Mobile Safari/537.36"
3.226.106.0 - - [14/Jul/2025:07:01:26 +0200] "GET /contao/vendor/contao/core-bundle/src/Resources/views/?C=M;O%3DA HTTP/1.1" 200 475 "-" "Mozilla/5.0 AppleWebKit/537.36 (KHTML, like Gecko; compatible; Amazonbot/0.1; +https://developer.amazon.com/support/amazonbot) Chrome/119.0.6045.214 Safari/537.36"
196.251.66.0 - - [14/Jul/2025:07:01:27 +0200] "GET /wp-includes/pomo/index.php HTTP/1.1" 200 - "https://www.google.com" "Mozilla/5.0 (Linux; Android 7.0; SM-G892A Build/NRD90M; wv) AppleWebKit/537.36 (KHTML, Gecko) Version/4.0 Chrome/60.0.3112.107 Mobile Safari/537.36"
196.251.66.0 - - [14/Jul/2025:07:01:28 +0200] "GET /wp-includes/pomo/ HTTP/1.1" 403 2584 "https://www.google.com" "Mozilla/5.0 (Linux; Android 7.0; SM-G892A Build/NRD90M; wv) AppleWebKit/537.36 (KHTML, Gecko) Version/4.0 Chrome/60.0.3112.107 Mobile Safari/537.36"
196.251.66.0 - - [14/Jul/2025:07:01:30 +0200] "GET /wp-includes/Requests/library/index.php HTTP/1.1" 200 - "https://www.google.com" "Mozilla/5.0 (Linux; Android 7.0; SM-G892A Build/NRD90M; wv) AppleWebKit/537.36 (KHTML, Gecko) Version/4.0 Chrome/60.0.3112.107 Mobile Safari/537.36"
196.251.66.0 - - [14/Jul/2025:07:01:30 +0200] "GET /wp-includes/Requests/library/ HTTP/1.1" 403 2584 "https://www.google.com" "Mozilla/5.0 (Linux; Android 7.0; SM-G892A Build/NRD90M; wv) AppleWebKit/537.36 (KHTML, Gecko) Version/4.0 Chrome/60.0.3112.107 Mobile Safari/537.36"
54.225.181.0 - - [14/Jul/2025:07:01:30 +0200] "GET /contao/vendor/contao/manager-plugin/tests/Fixtures/Composer/null-vendor/?C=D;O%3DA HTTP/1.1" 200 453 "-" "Mozilla/5.0 AppleWebKit/537.36 (KHTML, like Gecko; compatible; Amazonbot/0.1; +https://developer.amazon.com/support/amazonbot) Chrome/119.0.6045.214 Safari/537.36"
196.251.66.0 - - [14/Jul/2025:07:01:31 +0200] "GET /wp-includes/blocks/navigation-link/index.php HTTP/1.1" 200 - "https://www.google.com" "Mozilla/5.0 (Linux; Android 7.0; SM-G892A Build/NRD90M; wv) AppleWebKit/537.36 (KHTML, Gecko) Version/4.0 Chrome/60.0.3112.107 Mobile Safari/537.36"
54.91.122.0 - - [14/Jul/2025:07:01:34 +0200] "GET /contao/vendor/contao/news-bundle/src/Resources/contao/languages/nl/ HTTP/1.1" 200 587 "-" "Mozilla/5.0 AppleWebKit/537.36 (KHTML, like Gecko; compatible; Amazonbot/0.1; +https://developer.amazon.com/support/amazonbot) Chrome/119.0.6045.214 Safari/537.36"
196.251.66.0 - - [14/Jul/2025:07:01:38 +0200] "GET /wp-includes/blocks/navigation-link/ HTTP/1.1" 403 2584 "https://www.google.com" "Mozilla/5.0 (Linux; Android 7.0; SM-G892A Build/NRD90M; wv) AppleWebKit/537.36 (KHTML, Gecko) Version/4.0 Chrome/60.0.3112.107 Mobile Safari/537.36"
196.251.66.0 - - [14/Jul/2025:07:01:39 +0200] "GET /wp-includes/Requests/src/Exception/index.php HTTP/1.1" 200 - "https://www.google.com" "Mozilla/5.0 (Linux; Android 7.0; SM-G892A Build/NRD90M; wv) AppleWebKit/537.36 (KHTML, Gecko) Version/4.0 Chrome/60.0.3112.107 Mobile Safari/537.36"
196.251.66.0 - - [14/Jul/2025:07:01:40 +0200] "GET /wp-includes/Requests/src/Exception/ HTTP/1.1" 403 2584 "https://www.google.com" "Mozilla/5.0 (Linux; Android 7.0; SM-G892A Build/NRD90M; wv) AppleWebKit/537.36 (KHTML, Gecko) Version/4.0 Chrome/60.0.3112.107 Mobile Safari/537.36"
196.251.66.0 - - [14/Jul/2025:07:01:43 +0200] "GET /wp-includes/css/dist/index.php HTTP/1.1" 200 - "https://www.google.com" "Mozilla/5.0 (Linux; Android 7.0; SM-G892A Build/NRD90M; wv) AppleWebKit/537.36 (KHTML, Gecko) Version/4.0 Chrome/60.0.3112.107 Mobile Safari/537.36"
196.251.66.0 - - [14/Jul/2025:07:01:44 +0200] "GET /wp-includes/css/dist/ HTTP/1.1" 403 2584 "https://www.google.com" "Mozilla/5.0 (Linux; Android 7.0; SM-G892A Build/NRD90M; wv) AppleWebKit/537.36 (KHTML, Gecko) Version/4.0 Chrome/60.0.3112.107 Mobile Safari/537.36"
196.251.66.0 - - [14/Jul/2025:07:01:46 +0200] "GET /wp-includes/blocks/comment-date/index.php HTTP/1.1" 200 - "https://www.google.com" "Mozilla/5.0 (Linux; Android 7.0; SM-G892A Build/NRD90M; wv) AppleWebKit/537.36 (KHTML, Gecko) Version/4.0 Chrome/60.0.3112.107 Mobile Safari/537.36"
196.251.66.0 - - [14/Jul/2025:07:01:46 +0200] "GET /wp-includes/blocks/comment-date/ HTTP/1.1" 403 2584 "https://www.google.com" "Mozilla/5.0 (Linux; Android 7.0; SM-G892A Build/NRD90M; wv) AppleWebKit/537.36 (KHTML, Gecko) Version/4.0 Chrome/60.0.3112.107 Mobile Safari/537.36"
196.251.66.0 - - [14/Jul/2025:07:01:47 +0200] "GET /wp-includes/blocks/social-links/index.php HTTP/1.1" 200 - "https://www.google.com" "Mozilla/5.0 (Linux; Android 7.0; SM-G892A Build/NRD90M; wv) AppleWebKit/537.36 (KHTML, Gecko) Version/4.0 Chrome/60.0.3112.107 Mobile Safari/537.36"
196.251.66.0 - - [14/Jul/2025:07:01:48 +0200] "GET /wp-includes/blocks/social-links/ HTTP/1.1" 403 2584 "https://www.google.com" "Mozilla/5.0 (Linux; Android 7.0; SM-G892A Build/NRD90M; wv) AppleWebKit/537.36 (KHTML, Gecko) Version/4.0 Chrome/60.0.3112.107 Mobile Safari/537.36"
196.251.66.0 - - [14/Jul/2025:07:01:50 +0200] "GET /wp-includes/blocks/spacer/index.php HTTP/1.1" 200 - "https://www.google.com" "Mozilla/5.0 (Linux; Android 7.0; SM-G892A Build/NRD90M; wv) AppleWebKit/537.36 (KHTML, Gecko) Version/4.0 Chrome/60.0.3112.107 Mobile Safari/537.36"
196.251.66.0 - - [14/Jul/2025:07:01:50 +0200] "GET /wp-includes/blocks/spacer/ HTTP/1.1" 403 2584 "https://www.google.com" "Mozilla/5.0 (Linux; Android 7.0; SM-G892A Build/NRD90M; wv) AppleWebKit/537.36 (KHTML, Gecko) Version/4.0 Chrome/60.0.3112.107 Mobile Safari/537.36"
196.251.66.0 - - [14/Jul/2025:07:01:54 +0200] "GET /wp-includes/blocks/table/index.php HTTP/1.1" 200 - "https://www.google.com" "Mozilla/5.0 (Linux; Android 7.0; SM-G892A Build/NRD90M; wv) AppleWebKit/537.36 (KHTML, Gecko) Version/4.0 Chrome/60.0.3112.107 Mobile Safari/537.36"
196.251.66.0 - - [14/Jul/2025:07:01:54 +0200] "GET /wp-includes/blocks/table/ HTTP/1.1" 403 2584 "https://www.google.com" "Mozilla/5.0 (Linux; Android 7.0; SM-G892A Build/NRD90M; wv) AppleWebKit/537.36 (KHTML, Gecko) Version/4.0 Chrome/60.0.3112.107 Mobile Safari/537.36"
196.251.66.0 - - [14/Jul/2025:07:01:57 +0200] "GET /wp-includes/blocks/tag-cloud/index.php HTTP/1.1" 200 - "https://www.google.com" "Mozilla/5.0 (Linux; Android 7.0; SM-G892A Build/NRD90M; wv) AppleWebKit/537.36 (KHTML, Gecko) Version/4.0 Chrome/60.0.3112.107 Mobile Safari/537.36"
196.251.66.0 - - [14/Jul/2025:07:01:57 +0200] "GET /wp-includes/blocks/tag-cloud/ HTTP/1.1" 403 2584 "https://www.google.com" "Mozilla/5.0 (Linux; Android 7.0; SM-G892A Build/NRD90M; wv) AppleWebKit/537.36 (KHTML, Gecko) Version/4.0 Chrome/60.0.3112.107 Mobile Safari/537.36"
196.251.66.0 - - [14/Jul/2025:07:02:03 +0200] "GET /wp-includes/blocks/text-columns/index.php HTTP/1.1" 200 - "https://www.google.com" "Mozilla/5.0 (Linux; Android 7.0; SM-G892A Build/NRD90M; wv) AppleWebKit/537.36 (KHTML, Gecko) Version/4.0 Chrome/60.0.3112.107 Mobile Safari/537.36"
196.251.66.0 - - [14/Jul/2025:07:02:03 +0200] "GET /wp-includes/blocks/text-columns/ HTTP/1.1" 403 2584 "https://www.google.com" "Mozilla/5.0 (Linux; Android 7.0; SM-G892A Build/NRD90M; wv) AppleWebKit/537.36 (KHTML, Gecko) Version/4.0 Chrome/60.0.3112.107 Mobile Safari/537.36"
37.18.41.0 - - [14/Jul/2025:07:02:15 +0200] "GET /reports/usage_202402.html HTTP/1.0" 200 91181 "https://\xe0\xea\xea\xe0\xf3\xed\xf2\xfb\xe2\xe0\xf0\xf4\xe5\xe9\xf1.\xf0\xf4" "Mozilla/5.0 (Windows NT 10.0; Win64; x64) AppleWebKit/537.36 (KHTML, like Gecko) Chrome/130.0.0.0 Safari/537.36"
2a01:238:43f8:5f00:: - - [14/Jul/2025:07:02:15 +0200] "POST /wp-cron.php?doing_wp_cron=1752469335.2241840362548828125000 HTTP/1.1" 200 - "-" "94mj3VueCYdD"
196.251.66.0 - - [14/Jul/2025:07:02:15 +0200] "GET /wp-includes/blocks/verse/index.php HTTP/1.1" 200 - "https://www.google.com" "Mozilla/5.0 (Linux; Android 7.0; SM-G892A Build/NRD90M; wv) AppleWebKit/537.36 (KHTML, Gecko) Version/4.0 Chrome/60.0.3112.107 Mobile Safari/537.36"
196.251.66.0 - - [14/Jul/2025:07:02:15 +0200] "GET /wp-includes/blocks/verse/ HTTP/1.1" 403 2584 "https://www.google.com" "Mozilla/5.0 (Linux; Android 7.0; SM-G892A Build/NRD90M; wv) AppleWebKit/537.36 (KHTML, Gecko) Version/4.0 Chrome/60.0.3112.107 Mobile Safari/537.36"
196.251.66.0 - - [14/Jul/2025:07:02:16 +0200] "GET /wp-includes/blocks/video/index.php HTTP/1.1" 200 - "https://www.google.com" "Mozilla/5.0 (Linux; Android 7.0; SM-G892A Build/NRD90M; wv) AppleWebKit/537.36 (KHTML, Gecko) Version/4.0 Chrome/60.0.3112.107 Mobile Safari/537.36"
196.251.66.0 - - [14/Jul/2025:07:02:16 +0200] "GET /wp-includes/blocks/video/ HTTP/1.1" 403 2584 "https://www.google.com" "Mozilla/5.0 (Linux; Android 7.0; SM-G892A Build/NRD90M; wv) AppleWebKit/537.36 (KHTML, Gecko) Version/4.0 Chrome/60.0.3112.107 Mobile Safari/537.36"
37.18.41.0 - - [14/Jul/2025:07:02:18 +0200] "GET /reports/usage_202402.html HTTP/1.0" 200 91181 "https://\xe0\xea\xea\xe0\xf3\xed\xf2\xfb\xe2\xe0\xf0\xf4\xe5\xe9\xf1.\xf0\xf4" "Mozilla/5.0 (Windows NT 10.0; Win64; x64) AppleWebKit/537.36 (KHTML, like Gecko) Chrome/131.0.0.0 Safari/537.36"
196.251.66.0 - - [14/Jul/2025:07:02:19 +0200] "GET /wp-includes/certificates/index.php HTTP/1.1" 200 - "https://www.google.com" "Mozilla/5.0 (Linux; Android 7.0; SM-G892A Build/NRD90M; wv) AppleWebKit/537.36 (KHTML, Gecko) Version/4.0 Chrome/60.0.3112.107 Mobile Safari/537.36"
196.251.66.0 - - [14/Jul/2025:07:02:19 +0200] "GET /wp-includes/certificates/ HTTP/1.1" 403 2584 "https://www.google.com" "Mozilla/5.0 (Linux; Android 7.0; SM-G892A Build/NRD90M; wv) AppleWebKit/537.36 (KHTML, Gecko) Version/4.0 Chrome/60.0.3112.107 Mobile Safari/537.36"
196.251.66.0 - - [14/Jul/2025:07:02:20 +0200] "GET /wp-includes/css/index.php HTTP/1.1" 200 - "https://www.google.com" "Mozilla/5.0 (Linux; Android 7.0; SM-G892A Build/NRD90M; wv) AppleWebKit/537.36 (KHTML, Gecko) Version/4.0 Chrome/60.0.3112.107 Mobile Safari/537.36"
196.251.66.0 - - [14/Jul/2025:07:02:21 +0200] "GET /wp-includes/css/ HTTP/1.1" 403 2584 "https://www.google.com" "Mozilla/5.0 (Linux; Android 7.0; SM-G892A Build/NRD90M; wv) AppleWebKit/537.36 (KHTML, Gecko) Version/4.0 Chrome/60.0.3112.107 Mobile Safari/537.36"
196.251.66.0 - - [14/Jul/2025:07:02:22 +0200] "GET /wp-includes/css/dist/block-directory/index.php HTTP/1.1" 200 - "https://www.google.com" "Mozilla/5.0 (Linux; Android 7.0; SM-G892A Build/NRD90M; wv) AppleWebKit/537.36 (KHTML, Gecko) Version/4.0 Chrome/60.0.3112.107 Mobile Safari/537.36"
196.251.66.0 - - [14/Jul/2025:07:02:22 +0200] "GET /wp-includes/css/dist/block-directory/ HTTP/1.1" 403 2584 "https://www.google.com" "Mozilla/5.0 (Linux; Android 7.0; SM-G892A Build/NRD90M; wv) AppleWebKit/537.36 (KHTML, Gecko) Version/4.0 Chrome/60.0.3112.107 Mobile Safari/537.36"
196.251.66.0 - - [14/Jul/2025:07:02:23 +0200] "GET /wp-includes/css/dist/components/index.php HTTP/1.1" 200 - "https://www.google.com" "Mozilla/5.0 (Linux; Android 7.0; SM-G892A Build/NRD90M; wv) AppleWebKit/537.36 (KHTML, Gecko) Version/4.0 Chrome/60.0.3112.107 Mobile Safari/537.36"
196.251.66.0 - - [14/Jul/2025:07:02:23 +0200] "GET /wp-includes/css/dist/components/ HTTP/1.1" 403 2584 "https://www.google.com" "Mozilla/5.0 (Linux; Android 7.0; SM-G892A Build/NRD90M; wv) AppleWebKit/537.36 (KHTML, Gecko) Version/4.0 Chrome/60.0.3112.107 Mobile Safari/537.36"
196.251.66.0 - - [14/Jul/2025:07:02:27 +0200] "GET /wp-includes/css/dist/customize-widgets/index.php HTTP/1.1" 200 - "https://www.google.com" "Mozilla/5.0 (Linux; Android 7.0; SM-G892A Build/NRD90M; wv) AppleWebKit/537.36 (KHTML, Gecko) Version/4.0 Chrome/60.0.3112.107 Mobile Safari/537.36"
196.251.66.0 - - [14/Jul/2025:07:02:27 +0200] "GET /wp-includes/css/dist/customize-widgets/ HTTP/1.1" 403 2584 "https://www.google.com" "Mozilla/5.0 (Linux; Android 7.0; SM-G892A Build/NRD90M; wv) AppleWebKit/537.36 (KHTML, Gecko) Version/4.0 Chrome/60.0.3112.107 Mobile Safari/537.36"
196.251.66.0 - - [14/Jul/2025:07:02:28 +0200] "GET /wp-includes/css/dist/list-reusable-blocks/index.php HTTP/1.1" 200 - "https://www.google.com" "Mozilla/5.0 (Linux; Android 7.0; SM-G892A Build/NRD90M; wv) AppleWebKit/537.36 (KHTML, Gecko) Version/4.0 Chrome/60.0.3112.107 Mobile Safari/537.36"
196.251.66.0 - - [14/Jul/2025:07:02:28 +0200] "GET /wp-includes/css/dist/list-reusable-blocks/ HTTP/1.1" 403 2584 "https://www.google.com" "Mozilla/5.0 (Linux; Android 7.0; SM-G892A Build/NRD90M; wv) AppleWebKit/537.36 (KHTML, Gecko) Version/4.0 Chrome/60.0.3112.107 Mobile Safari/537.36"
196.251.66.0 - - [14/Jul/2025:07:02:30 +0200] "GET /wp-includes/css/dist/nux/index.php HTTP/1.1" 200 - "https://www.google.com" "Mozilla/5.0 (Linux; Android 7.0; SM-G892A Build/NRD90M; wv) AppleWebKit/537.36 (KHTML, Gecko) Version/4.0 Chrome/60.0.3112.107 Mobile Safari/537.36"
196.251.66.0 - - [14/Jul/2025:07:02:30 +0200] "GET /wp-includes/css/dist/nux/ HTTP/1.1" 403 2584 "https://www.google.com" "Mozilla/5.0 (Linux; Android 7.0; SM-G892A Build/NRD90M; wv) AppleWebKit/537.36 (KHTML, Gecko) Version/4.0 Chrome/60.0.3112.107 Mobile Safari/537.36"
18.206.47.0 - - [14/Jul/2025:07:02:32 +0200] "GET /contao/vendor/webimpress/safe-writer/CHANGELOG.md HTTP/1.1" 200 872 "-" "Mozilla/5.0 AppleWebKit/537.36 (KHTML, like Gecko; compatible; Amazonbot/0.1; +https://developer.amazon.com/support/amazonbot) Chrome/119.0.6045.214 Safari/537.36"
196.251.66.0 - - [14/Jul/2025:07:02:32 +0200] "GET /wp-includes/css/dist/edit-post/index.php HTTP/1.1" 200 - "https://www.google.com" "Mozilla/5.0 (Linux; Android 7.0; SM-G892A Build/NRD90M; wv) AppleWebKit/537.36 (KHTML, Gecko) Version/4.0 Chrome/60.0.3112.107 Mobile Safari/537.36"
196.251.66.0 - - [14/Jul/2025:07:02:32 +0200] "GET /wp-includes/css/dist/edit-post/ HTTP/1.1" 403 2584 "https://www.google.com" "Mozilla/5.0 (Linux; Android 7.0; SM-G892A Build/NRD90M; wv) AppleWebKit/537.36 (KHTML, Gecko) Version/4.0 Chrome/60.0.3112.107 Mobile Safari/537.36"
196.251.66.0 - - [14/Jul/2025:07:02:35 +0200] "GET /wp-includes/css/dist/edit-widgets/index.php HTTP/1.1" 200 - "https://www.google.com" "Mozilla/5.0 (Linux; Android 7.0; SM-G892A Build/NRD90M; wv) AppleWebKit/537.36 (KHTML, Gecko) Version/4.0 Chrome/60.0.3112.107 Mobile Safari/537.36"
196.251.66.0 - - [14/Jul/2025:07:02:35 +0200] "GET /wp-includes/css/dist/edit-widgets/ HTTP/1.1" 403 2584 "https://www.google.com" "Mozilla/5.0 (Linux; Android 7.0; SM-G892A Build/NRD90M; wv) AppleWebKit/537.36 (KHTML, Gecko) Version/4.0 Chrome/60.0.3112.107 Mobile Safari/537.36"
196.251.66.0 - - [14/Jul/2025:07:02:37 +0200] "GET /wp-includes/css/dist/editor/index.php HTTP/1.1" 200 - "https://www.google.com" "Mozilla/5.0 (Linux; Android 7.0; SM-G892A Build/NRD90M; wv) AppleWebKit/537.36 (KHTML, Gecko) Version/4.0 Chrome/60.0.3112.107 Mobile Safari/537.36"
196.251.66.0 - - [14/Jul/2025:07:02:37 +0200] "GET /wp-includes/css/dist/editor/ HTTP/1.1" 403 2584 "https://www.google.com" "Mozilla/5.0 (Linux; Android 7.0; SM-G892A Build/NRD90M; wv) AppleWebKit/537.36 (KHTML, Gecko) Version/4.0 Chrome/60.0.3112.107 Mobile Safari/537.36"
196.251.66.0 - - [14/Jul/2025:07:02:38 +0200] "GET /wp-includes/css/dist/format-library/index.php HTTP/1.1" 200 - "https://www.google.com" "Mozilla/5.0 (Linux; Android 7.0; SM-G892A Build/NRD90M; wv) AppleWebKit/537.36 (KHTML, Gecko) Version/4.0 Chrome/60.0.3112.107 Mobile Safari/537.36"
196.251.66.0 - - [14/Jul/2025:07:02:38 +0200] "GET /wp-includes/css/dist/format-library/ HTTP/1.1" 403 2584 "https://www.google.com" "Mozilla/5.0 (Linux; Android 7.0; SM-G892A Build/NRD90M; wv) AppleWebKit/537.36 (KHTML, Gecko) Version/4.0 Chrome/60.0.3112.107 Mobile Safari/537.36"
196.251.66.0 - - [14/Jul/2025:07:02:40 +0200] "GET /wp-includes/css/dist/reusable-blocks/index.php HTTP/1.1" 200 - "https://www.google.com" "Mozilla/5.0 (Linux; Android 7.0; SM-G892A Build/NRD90M; wv) AppleWebKit/537.36 (KHTML, Gecko) Version/4.0 Chrome/60.0.3112.107 Mobile Safari/537.36"
196.251.66.0 - - [14/Jul/2025:07:02:40 +0200] "GET /wp-includes/css/dist/reusable-blocks/ HTTP/1.1" 403 2584 "https://www.google.com" "Mozilla/5.0 (Linux; Android 7.0; SM-G892A Build/NRD90M; wv) AppleWebKit/537.36 (KHTML, Gecko) Version/4.0 Chrome/60.0.3112.107 Mobile Safari/537.36"
196.251.66.0 - - [14/Jul/2025:07:02:42 +0200] "GET /wp-includes/css/dist/widgets/index.php HTTP/1.1" 200 - "https://www.google.com" "Mozilla/5.0 (Linux; Android 7.0; SM-G892A Build/NRD90M; wv) AppleWebKit/537.36 (KHTML, Gecko) Version/4.0 Chrome/60.0.3112.107 Mobile Safari/537.36"
196.251.66.0 - - [14/Jul/2025:07:02:42 +0200] "GET /wp-includes/css/dist/widgets/ HTTP/1.1" 403 2584 "https://www.google.com" "Mozilla/5.0 (Linux; Android 7.0; SM-G892A Build/NRD90M; wv) AppleWebKit/537.36 (KHTML, Gecko) Version/4.0 Chrome/60.0.3112.107 Mobile Safari/537.36"
196.251.66.0 - - [14/Jul/2025:07:02:46 +0200] "GET /wp-includes/customize/index.php HTTP/1.1" 200 - "https://www.google.com" "Mozilla/5.0 (Linux; Android 7.0; SM-G892A Build/NRD90M; wv) AppleWebKit/537.36 (KHTML, Gecko) Version/4.0 Chrome/60.0.3112.107 Mobile Safari/537.36"
196.251.66.0 - - [14/Jul/2025:07:02:46 +0200] "GET /wp-includes/customize/ HTTP/1.1" 403 2584 "https://www.google.com" "Mozilla/5.0 (Linux; Android 7.0; SM-G892A Build/NRD90M; wv) AppleWebKit/537.36 (KHTML, Gecko) Version/4.0 Chrome/60.0.3112.107 Mobile Safari/537.36"
196.251.66.0 - - [14/Jul/2025:07:02:57 +0200] "GET /wp-includes/fonts/index.php HTTP/1.1" 200 - "https://www.google.com" "Mozilla/5.0 (Linux; Android 7.0; SM-G892A Build/NRD90M; wv) AppleWebKit/537.36 (KHTML, Gecko) Version/4.0 Chrome/60.0.3112.107 Mobile Safari/537.36"
196.251.66.0 - - [14/Jul/2025:07:02:58 +0200] "GET /wp-includes/fonts/ HTTP/1.1" 403 2584 "https://www.google.com" "Mozilla/5.0 (Linux; Android 7.0; SM-G892A Build/NRD90M; wv) AppleWebKit/537.36 (KHTML, Gecko) Version/4.0 Chrome/60.0.3112.107 Mobile Safari/537.36"
196.251.66.0 - - [14/Jul/2025:07:02:59 +0200] "GET /wp-includes/images/index.php HTTP/1.1" 200 - "https://www.google.com" "Mozilla/5.0 (Linux; Android 7.0; SM-G892A Build/NRD90M; wv) AppleWebKit/537.36 (KHTML, Gecko) Version/4.0 Chrome/60.0.3112.107 Mobile Safari/537.36"
196.251.66.0 - - [14/Jul/2025:07:02:59 +0200] "GET /wp-includes/images/ HTTP/1.1" 403 2584 "https://www.google.com" "Mozilla/5.0 (Linux; Android 7.0; SM-G892A Build/NRD90M; wv) AppleWebKit/537.36 (KHTML, Gecko) Version/4.0 Chrome/60.0.3112.107 Mobile Safari/537.36"
196.251.66.0 - - [14/Jul/2025:07:03:01 +0200] "GET /wp-includes/images/crystal/index.php HTTP/1.1" 200 - "https://www.google.com" "Mozilla/5.0 (Linux; Android 7.0; SM-G892A Build/NRD90M; wv) AppleWebKit/537.36 (KHTML, Gecko) Version/4.0 Chrome/60.0.3112.107 Mobile Safari/537.36"
196.251.66.0 - - [14/Jul/2025:07:03:01 +0200] "GET /wp-includes/images/crystal/ HTTP/1.1" 403 2584 "https://www.google.com" "Mozilla/5.0 (Linux; Android 7.0; SM-G892A Build/NRD90M; wv) AppleWebKit/537.36 (KHTML, Gecko) Version/4.0 Chrome/60.0.3112.107 Mobile Safari/537.36"
196.251.66.0 - - [14/Jul/2025:07:03:04 +0200] "GET /wp-includes/images/media/index.php HTTP/1.1" 200 - "https://www.google.com" "Mozilla/5.0 (Linux; Android 7.0; SM-G892A Build/NRD90M; wv) AppleWebKit/537.36 (KHTML, Gecko) Version/4.0 Chrome/60.0.3112.107 Mobile Safari/537.36"
196.251.66.0 - - [14/Jul/2025:07:03:04 +0200] "GET /wp-includes/images/media/ HTTP/1.1" 403 2584 "https://www.google.com" "Mozilla/5.0 (Linux; Android 7.0; SM-G892A Build/NRD90M; wv) AppleWebKit/537.36 (KHTML, Gecko) Version/4.0 Chrome/60.0.3112.107 Mobile Safari/537.36"
196.251.66.0 - - [14/Jul/2025:07:03:05 +0200] "GET /wp-includes/images/smilies/index.php HTTP/1.1" 200 - "https://www.google.com" "Mozilla/5.0 (Linux; Android 7.0; SM-G892A Build/NRD90M; wv) AppleWebKit/537.36 (KHTML, Gecko) Version/4.0 Chrome/60.0.3112.107 Mobile Safari/537.36"
196.251.66.0 - - [14/Jul/2025:07:03:05 +0200] "GET /wp-includes/images/smilies/ HTTP/1.1" 403 2584 "https://www.google.com" "Mozilla/5.0 (Linux; Android 7.0; SM-G892A Build/NRD90M; wv) AppleWebKit/537.36 (KHTML, Gecko) Version/4.0 Chrome/60.0.3112.107 Mobile Safari/537.36"
196.251.66.0 - - [14/Jul/2025:07:03:06 +0200] "GET /wp-includes/images/wlw/index.php HTTP/1.1" 200 - "https://www.google.com" "Mozilla/5.0 (Linux; Android 7.0; SM-G892A Build/NRD90M; wv) AppleWebKit/537.36 (KHTML, Gecko) Version/4.0 Chrome/60.0.3112.107 Mobile Safari/537.36"
196.251.66.0 - - [14/Jul/2025:07:03:06 +0200] "GET /wp-includes/images/wlw/ HTTP/1.1" 200 48601 "https://www.google.com" "Mozilla/5.0 (Linux; Android 7.0; SM-G892A Build/NRD90M; wv) AppleWebKit/537.36 (KHTML, Gecko) Version/4.0 Chrome/60.0.3112.107 Mobile Safari/537.36"
169.150.247.0 - - [14/Jul/2025:07:03:11 +0200] "GET /wp-content/themes/busiprof-pro/print.css HTTP/1.1" 404 2655 "-" "WordPress/6.8.1; https://www.gebaeudetechnik.nrw"
2a01:238:43f8:5f00:: - - [14/Jul/2025:07:03:15 +0200] "POST /wp-cron.php?doing_wp_cron=1752469395.4795720577239990234375 HTTP/1.1" 200 - "-" "418uMEjk4ya9"
196.251.66.0 - - [14/Jul/2025:07:03:15 +0200] "GET /wp-includes/js/index.php HTTP/1.1" 200 - "https://www.google.com" "Mozilla/5.0 (Linux; Android 7.0; SM-G892A Build/NRD90M; wv) AppleWebKit/537.36 (KHTML, Gecko) Version/4.0 Chrome/60.0.3112.107 Mobile Safari/537.36"
196.251.66.0 - - [14/Jul/2025:07:03:15 +0200] "GET /wp-includes/js/ HTTP/1.1" 403 2584 "https://www.google.com" "Mozilla/5.0 (Linux; Android 7.0; SM-G892A Build/NRD90M; wv) AppleWebKit/537.36 (KHTML, Gecko) Version/4.0 Chrome/60.0.3112.107 Mobile Safari/537.36"
196.251.66.0 - - [14/Jul/2025:07:03:17 +0200] "GET /wp-includes/js/codemirror/index.php HTTP/1.1" 200 - "https://www.google.com" "Mozilla/5.0 (Linux; Android 7.0; SM-G892A Build/NRD90M; wv) AppleWebKit/537.36 (KHTML, Gecko) Version/4.0 Chrome/60.0.3112.107 Mobile Safari/537.36"
196.251.66.0 - - [14/Jul/2025:07:03:17 +0200] "GET /wp-includes/js/codemirror/ HTTP/1.1" 403 2584 "https://www.google.com" "Mozilla/5.0 (Linux; Android 7.0; SM-G892A Build/NRD90M; wv) AppleWebKit/537.36 (KHTML, Gecko) Version/4.0 Chrome/60.0.3112.107 Mobile Safari/537.36"
196.251.66.0 - - [14/Jul/2025:07:03:19 +0200] "GET /wp-includes/js/crop/index.php HTTP/1.1" 200 - "https://www.google.com" "Mozilla/5.0 (Linux; Android 7.0; SM-G892A Build/NRD90M; wv) AppleWebKit/537.36 (KHTML, Gecko) Version/4.0 Chrome/60.0.3112.107 Mobile Safari/537.36"
196.251.66.0 - - [14/Jul/2025:07:03:19 +0200] "GET /wp-includes/js/crop/ HTTP/1.1" 403 2584 "https://www.google.com" "Mozilla/5.0 (Linux; Android 7.0; SM-G892A Build/NRD90M; wv) AppleWebKit/537.36 (KHTML, Gecko) Version/4.0 Chrome/60.0.3112.107 Mobile Safari/537.36"
196.251.66.0 - - [14/Jul/2025:07:03:21 +0200] "GET /wp-includes/js/dist/index.php HTTP/1.1" 200 - "https://www.google.com" "Mozilla/5.0 (Linux; Android 7.0; SM-G892A Build/NRD90M; wv) AppleWebKit/537.36 (KHTML, Gecko) Version/4.0 Chrome/60.0.3112.107 Mobile Safari/537.36"
196.251.66.0 - - [14/Jul/2025:07:03:21 +0200] "GET /wp-includes/js/dist/ HTTP/1.1" 403 2584 "https://www.google.com" "Mozilla/5.0 (Linux; Android 7.0; SM-G892A Build/NRD90M; wv) AppleWebKit/537.36 (KHTML, Gecko) Version/4.0 Chrome/60.0.3112.107 Mobile Safari/537.36"
196.251.66.0 - - [14/Jul/2025:07:03:25 +0200] "GET /wp-includes/js/dist/vendor/index.php HTTP/1.1" 200 - "https://www.google.com" "Mozilla/5.0 (Linux; Android 7.0; SM-G892A Build/NRD90M; wv) AppleWebKit/537.36 (KHTML, Gecko) Version/4.0 Chrome/60.0.3112.107 Mobile Safari/537.36"
196.251.66.0 - - [14/Jul/2025:07:03:26 +0200] "GET /wp-includes/js/dist/vendor/ HTTP/1.1" 403 2584 "https://www.google.com" "Mozilla/5.0 (Linux; Android 7.0; SM-G892A Build/NRD90M; wv) AppleWebKit/537.36 (KHTML, Gecko) Version/4.0 Chrome/60.0.3112.107 Mobile Safari/537.36"
196.251.66.0 - - [14/Jul/2025:07:03:30 +0200] "GET /wp-includes/js/imgareaselect/index.php HTTP/1.1" 200 - "https://www.google.com" "Mozilla/5.0 (Linux; Android 7.0; SM-G892A Build/NRD90M; wv) AppleWebKit/537.36 (KHTML, Gecko) Version/4.0 Chrome/60.0.3112.107 Mobile Safari/537.36"
196.251.66.0 - - [14/Jul/2025:07:03:30 +0200] "GET /wp-includes/js/imgareaselect/ HTTP/1.1" 403 2584 "https://www.google.com" "Mozilla/5.0 (Linux; Android 7.0; SM-G892A Build/NRD90M; wv) AppleWebKit/537.36 (KHTML, Gecko) Version/4.0 Chrome/60.0.3112.107 Mobile Safari/537.36"
196.251.66.0 - - [14/Jul/2025:07:03:32 +0200] "GET /wp-includes/js/jcrop/index.php HTTP/1.1" 200 - "https://www.google.com" "Mozilla/5.0 (Linux; Android 7.0; SM-G892A Build/NRD90M; wv) AppleWebKit/537.36 (KHTML, Gecko) Version/4.0 Chrome/60.0.3112.107 Mobile Safari/537.36"
196.251.66.0 - - [14/Jul/2025:07:03:34 +0200] "GET /wp-includes/js/jcrop/ HTTP/1.1" 403 2584 "https://www.google.com" "Mozilla/5.0 (Linux; Android 7.0; SM-G892A Build/NRD90M; wv) AppleWebKit/537.36 (KHTML, Gecko) Version/4.0 Chrome/60.0.3112.107 Mobile Safari/537.36"
196.251.66.0 - - [14/Jul/2025:07:03:35 +0200] "GET /wp-includes/js/jquery/index.php HTTP/1.1" 200 - "https://www.google.com" "Mozilla/5.0 (Linux; Android 7.0; SM-G892A Build/NRD90M; wv) AppleWebKit/537.36 (KHTML, Gecko) Version/4.0 Chrome/60.0.3112.107 Mobile Safari/537.36"
196.251.66.0 - - [14/Jul/2025:07:03:35 +0200] "GET /wp-includes/js/jquery/ HTTP/1.1" 403 2584 "https://www.google.com" "Mozilla/5.0 (Linux; Android 7.0; SM-G892A Build/NRD90M; wv) AppleWebKit/537.36 (KHTML, Gecko) Version/4.0 Chrome/60.0.3112.107 Mobile Safari/537.36"
196.251.66.0 - - [14/Jul/2025:07:03:41 +0200] "GET /wp-includes/js/jquery/ui/index.php HTTP/1.1" 200 - "https://www.google.com" "Mozilla/5.0 (Linux; Android 7.0; SM-G892A Build/NRD90M; wv) AppleWebKit/537.36 (KHTML, Gecko) Version/4.0 Chrome/60.0.3112.107 Mobile Safari/537.36"
196.251.66.0 - - [14/Jul/2025:07:03:41 +0200] "GET /wp-includes/js/jquery/ui/ HTTP/1.1" 403 2584 "https://www.google.com" "Mozilla/5.0 (Linux; Android 7.0; SM-G892A Build/NRD90M; wv) AppleWebKit/537.36 (KHTML, Gecko) Version/4.0 Chrome/60.0.3112.107 Mobile Safari/537.36"
196.251.66.0 - - [14/Jul/2025:07:03:56 +0200] "GET /wp-includes/js/mediaelement/index.php HTTP/1.1" 200 - "https://www.google.com" "Mozilla/5.0 (Linux; Android 7.0; SM-G892A Build/NRD90M; wv) AppleWebKit/537.36 (KHTML, Gecko) Version/4.0 Chrome/60.0.3112.107 Mobile Safari/537.36"
196.251.66.0 - - [14/Jul/2025:07:03:58 +0200] "GET /wp-includes/js/mediaelement/ HTTP/1.1" 403 2584 "https://www.google.com" "Mozilla/5.0 (Linux; Android 7.0; SM-G892A Build/NRD90M; wv) AppleWebKit/537.36 (KHTML, Gecko) Version/4.0 Chrome/60.0.3112.107 Mobile Safari/537.36"
196.251.66.0 - - [14/Jul/2025:07:04:02 +0200] "GET /wp-includes/js/mediaelement/renderers/index.php HTTP/1.1" 200 - "https://www.google.com" "Mozilla/5.0 (Linux; Android 7.0; SM-G892A Build/NRD90M; wv) AppleWebKit/537.36 (KHTML, Gecko) Version/4.0 Chrome/60.0.3112.107 Mobile Safari/537.36"
196.251.66.0 - - [14/Jul/2025:07:04:02 +0200] "GET /wp-includes/js/mediaelement/renderers/ HTTP/1.1" 403 2584 "https://www.google.com" "Mozilla/5.0 (Linux; Android 7.0; SM-G892A Build/NRD90M; wv) AppleWebKit/537.36 (KHTML, Gecko) Version/4.0 Chrome/60.0.3112.107 Mobile Safari/537.36"
196.251.66.0 - - [14/Jul/2025:07:04:05 +0200] "GET /wp-includes/js/plupload/index.php HTTP/1.1" 200 - "https://www.google.com" "Mozilla/5.0 (Linux; Android 7.0; SM-G892A Build/NRD90M; wv) AppleWebKit/537.36 (KHTML, Gecko) Version/4.0 Chrome/60.0.3112.107 Mobile Safari/537.36"
196.251.66.0 - - [14/Jul/2025:07:04:05 +0200] "GET /wp-includes/js/plupload/ HTTP/1.1" 403 2584 "https://www.google.com" "Mozilla/5.0 (Linux; Android 7.0; SM-G892A Build/NRD90M; wv) AppleWebKit/537.36 (KHTML, Gecko) Version/4.0 Chrome/60.0.3112.107 Mobile Safari/537.36"
2a01:238:43f8:5f00:: - - [14/Jul/2025:07:04:12 +0200] "POST /wp-cron.php?doing_wp_cron=1752469452.1343379020690917968750 HTTP/1.1" 200 - "-" "TrdQ3sFXPpPu"
196.251.66.0 - - [14/Jul/2025:07:04:12 +0200] "GET /wp-includes/interactivity-api/index.php HTTP/1.1" 200 - "https://www.google.com" "Mozilla/5.0 (Linux; Android 7.0; SM-G892A Build/NRD90M; wv) AppleWebKit/537.36 (KHTML, Gecko) Version/4.0 Chrome/60.0.3112.107 Mobile Safari/537.36"
196.251.66.0 - - [14/Jul/2025:07:04:12 +0200] "GET /wp-includes/interactivity-api/ HTTP/1.1" 403 2584 "https://www.google.com" "Mozilla/5.0 (Linux; Android 7.0; SM-G892A Build/NRD90M; wv) AppleWebKit/537.36 (KHTML, Gecko) Version/4.0 Chrome/60.0.3112.107 Mobile Safari/537.36"
196.251.66.0 - - [14/Jul/2025:07:04:15 +0200] "GET /wp-includes/js/swfupload/index.php HTTP/1.1" 200 - "https://www.google.com" "Mozilla/5.0 (Linux; Android 7.0; SM-G892A Build/NRD90M; wv) AppleWebKit/537.36 (KHTML, Gecko) Version/4.0 Chrome/60.0.3112.107 Mobile Safari/537.36"
196.251.66.0 - - [14/Jul/2025:07:04:15 +0200] "GET /wp-includes/js/swfupload/ HTTP/1.1" 403 2584 "https://www.google.com" "Mozilla/5.0 (Linux; Android 7.0; SM-G892A Build/NRD90M; wv) AppleWebKit/537.36 (KHTML, Gecko) Version/4.0 Chrome/60.0.3112.107 Mobile Safari/537.36"
196.251.66.0 - - [14/Jul/2025:07:04:19 +0200] "GET /wp-includes/js/thickbox/index.php HTTP/1.1" 200 - "https://www.google.com" "Mozilla/5.0 (Linux; Android 7.0; SM-G892A Build/NRD90M; wv) AppleWebKit/537.36 (KHTML, Gecko) Version/4.0 Chrome/60.0.3112.107 Mobile Safari/537.36"
196.251.66.0 - - [14/Jul/2025:07:04:23 +0200] "GET /wp-includes/js/thickbox/ HTTP/1.1" 403 2584 "https://www.google.com" "Mozilla/5.0 (Linux; Android 7.0; SM-G892A Build/NRD90M; wv) AppleWebKit/537.36 (KHTML, Gecko) Version/4.0 Chrome/60.0.3112.107 Mobile Safari/537.36"
196.251.66.0 - - [14/Jul/2025:07:04:28 +0200] "GET /wp-includes/js/tinymce/index.php HTTP/1.1" 200 - "https://www.google.com" "Mozilla/5.0 (Linux; Android 7.0; SM-G892A Build/NRD90M; wv) AppleWebKit/537.36 (KHTML, Gecko) Version/4.0 Chrome/60.0.3112.107 Mobile Safari/537.36"
196.251.66.0 - - [14/Jul/2025:07:04:28 +0200] "GET /wp-includes/js/tinymce/ HTTP/1.1" 403 2584 "https://www.google.com" "Mozilla/5.0 (Linux; Android 7.0; SM-G892A Build/NRD90M; wv) AppleWebKit/537.36 (KHTML, Gecko) Version/4.0 Chrome/60.0.3112.107 Mobile Safari/537.36"
196.251.66.0 - - [14/Jul/2025:07:04:29 +0200] "GET /wp-includes/js/tinymce/langs/index.php HTTP/1.1" 403 2584 "https://www.google.com" "Mozilla/5.0 (Linux; Android 7.0; SM-G892A Build/NRD90M; wv) AppleWebKit/537.36 (KHTML, Gecko) Version/4.0 Chrome/60.0.3112.107 Mobile Safari/537.36"
196.251.66.0 - - [14/Jul/2025:07:04:30 +0200] "GET /wp-includes/sodium_compat/src/Core32/SecretStream/index.php HTTP/1.1" 200 - "https://www.google.com" "Mozilla/5.0 (Linux; Android 7.0; SM-G892A Build/NRD90M; wv) AppleWebKit/537.36 (KHTML, Gecko) Version/4.0 Chrome/60.0.3112.107 Mobile Safari/537.36"
196.251.66.0 - - [14/Jul/2025:07:04:30 +0200] "GET /wp-includes/sodium_compat/src/Core32/SecretStream/ HTTP/1.1" 403 2584 "https://www.google.com" "Mozilla/5.0 (Linux; Android 7.0; SM-G892A Build/NRD90M; wv) AppleWebKit/537.36 (KHTML, Gecko) Version/4.0 Chrome/60.0.3112.107 Mobile Safari/537.36"
196.251.66.0 - - [14/Jul/2025:07:04:34 +0200] "GET /wp-includes/js/tinymce/plugins/charmap/index.php HTTP/1.1" 200 - "https://www.google.com" "Mozilla/5.0 (Linux; Android 7.0; SM-G892A Build/NRD90M; wv) AppleWebKit/537.36 (KHTML, Gecko) Version/4.0 Chrome/60.0.3112.107 Mobile Safari/537.36"
196.251.66.0 - - [14/Jul/2025:07:04:38 +0200] "GET /wp-includes/js/tinymce/plugins/charmap/ HTTP/1.1" 403 2584 "https://www.google.com" "Mozilla/5.0 (Linux; Android 7.0; SM-G892A Build/NRD90M; wv) AppleWebKit/537.36 (KHTML, Gecko) Version/4.0 Chrome/60.0.3112.107 Mobile Safari/537.36"
196.251.66.0 - - [14/Jul/2025:07:04:41 +0200] "GET /wp-includes/css/dist/patterns/index.php HTTP/1.1" 200 - "https://www.google.com" "Mozilla/5.0 (Linux; Android 7.0; SM-G892A Build/NRD90M; wv) AppleWebKit/537.36 (KHTML, Gecko) Version/4.0 Chrome/60.0.3112.107 Mobile Safari/537.36"
196.251.66.0 - - [14/Jul/2025:07:04:41 +0200] "GET /wp-includes/css/dist/patterns/ HTTP/1.1" 403 2584 "https://www.google.com" "Mozilla/5.0 (Linux; Android 7.0; SM-G892A Build/NRD90M; wv) AppleWebKit/537.36 (KHTML, Gecko) Version/4.0 Chrome/60.0.3112.107 Mobile Safari/537.36"
196.251.66.0 - - [14/Jul/2025:07:04:42 +0200] "GET /wp-includes/rest-api/search/index.php HTTP/1.1" 200 - "https://www.google.com" "Mozilla/5.0 (Linux; Android 7.0; SM-G892A Build/NRD90M; wv) AppleWebKit/537.36 (KHTML, Gecko) Version/4.0 Chrome/60.0.3112.107 Mobile Safari/537.36"
196.251.66.0 - - [14/Jul/2025:07:04:42 +0200] "GET /wp-includes/rest-api/search/ HTTP/1.1" 403 2584 "https://www.google.com" "Mozilla/5.0 (Linux; Android 7.0; SM-G892A Build/NRD90M; wv) AppleWebKit/537.36 (KHTML, Gecko) Version/4.0 Chrome/60.0.3112.107 Mobile Safari/537.36"
196.251.66.0 - - [14/Jul/2025:07:04:46 +0200] "GET /wp-includes/js/tinymce/plugins/image/index.php HTTP/1.1" 200 - "https://www.google.com" "Mozilla/5.0 (Linux; Android 7.0; SM-G892A Build/NRD90M; wv) AppleWebKit/537.36 (KHTML, Gecko) Version/4.0 Chrome/60.0.3112.107 Mobile Safari/537.36"
196.251.66.0 - - [14/Jul/2025:07:04:46 +0200] "GET /wp-includes/js/tinymce/plugins/image/ HTTP/1.1" 403 2584 "https://www.google.com" "Mozilla/5.0 (Linux; Android 7.0; SM-G892A Build/NRD90M; wv) AppleWebKit/537.36 (KHTML, Gecko) Version/4.0 Chrome/60.0.3112.107 Mobile Safari/537.36"
37.18.41.0 - - [14/Jul/2025:07:04:47 +0200] "GET /reports/usage_202402.html HTTP/1.0" 200 91181 "https://\xe0\xea\xea\xe0\xf3\xed\xf2\xfb\xe2\xe0\xf0\xf4\xe5\xe9\xf1.\xf0\xf4" "Mozilla/5.0 (Windows NT 10.0; Win64; x64) AppleWebKit/537.36 (KHTML, like Gecko) Chrome/129.0.0.0 Safari/537.36"
196.251.66.0 - - [14/Jul/2025:07:04:47 +0200] "GET /wp-includes/js/tinymce/plugins/hr/index.php HTTP/1.1" 200 - "https://www.google.com" "Mozilla/5.0 (Linux; Android 7.0; SM-G892A Build/NRD90M; wv) AppleWebKit/537.36 (KHTML, Gecko) Version/4.0 Chrome/60.0.3112.107 Mobile Safari/537.36"
196.251.66.0 - - [14/Jul/2025:07:04:50 +0200] "GET /wp-includes/js/tinymce/plugins/hr/ HTTP/1.1" 403 2584 "https://www.google.com" "Mozilla/5.0 (Linux; Android 7.0; SM-G892A Build/NRD90M; wv) AppleWebKit/537.36 (KHTML, Gecko) Version/4.0 Chrome/60.0.3112.107 Mobile Safari/537.36"
37.18.41.0 - - [14/Jul/2025:07:04:50 +0200] "GET /reports/usage_202402.html HTTP/1.0" 200 91181 "https://\xe0\xea\xea\xe0\xf3\xed\xf2\xfb\xe2\xe0\xf0\xf4\xe5\xe9\xf1.\xf0\xf4" "Mozilla/5.0 (Windows NT 10.0; Win64; x64) AppleWebKit/537.36 (KHTML, like Gecko) Chrome/129.0.0.0 Safari/537.36"
196.251.66.0 - - [14/Jul/2025:07:04:53 +0200] "GET /wp-includes/js/tinymce/plugins/fullscreen/index.php HTTP/1.1" 200 - "https://www.google.com" "Mozilla/5.0 (Linux; Android 7.0; SM-G892A Build/NRD90M; wv) AppleWebKit/537.36 (KHTML, Gecko) Version/4.0 Chrome/60.0.3112.107 Mobile Safari/537.36"
196.251.66.0 - - [14/Jul/2025:07:04:53 +0200] "GET /wp-includes/js/tinymce/plugins/fullscreen/ HTTP/1.1" 403 2584 "https://www.google.com" "Mozilla/5.0 (Linux; Android 7.0; SM-G892A Build/NRD90M; wv) AppleWebKit/537.36 (KHTML, Gecko) Version/4.0 Chrome/60.0.3112.107 Mobile Safari/537.36"
196.251.66.0 - - [14/Jul/2025:07:05:07 +0200] "GET /wp-includes/widgets/dir/index.php HTTP/1.1" 200 - "https://www.google.com" "Mozilla/5.0 (Linux; Android 7.0; SM-G892A Build/NRD90M; wv) AppleWebKit/537.36 (KHTML, Gecko) Version/4.0 Chrome/60.0.3112.107 Mobile Safari/537.36"
196.251.66.0 - - [14/Jul/2025:07:05:07 +0200] "GET /wp-includes/widgets/dir/ HTTP/1.1" 200 48601 "https://www.google.com" "Mozilla/5.0 (Linux; Android 7.0; SM-G892A Build/NRD90M; wv) AppleWebKit/537.36 (KHTML, Gecko) Version/4.0 Chrome/60.0.3112.107 Mobile Safari/537.36"
196.251.66.0 - - [14/Jul/2025:07:05:22 +0200] "GET /wp-includes/Requests/src/Exception/Http/index.php HTTP/1.1" 403 2584 "https://www.google.com" "Mozilla/5.0 (Linux; Android 7.0; SM-G892A Build/NRD90M; wv) AppleWebKit/537.36 (KHTML, Gecko) Version/4.0 Chrome/60.0.3112.107 Mobile Safari/537.36"
52.6.232.0 - - [14/Jul/2025:07:05:31 +0200] "GET /contao/vendor/symfony/twig-bundle/DependencyInjection/ HTTP/1.1" 200 563 "-" "Mozilla/5.0 AppleWebKit/537.36 (KHTML, like Gecko; compatible; Amazonbot/0.1; +https://developer.amazon.com/support/amazonbot) Chrome/119.0.6045.214 Safari/537.36"
