23.23.99.0 - - [14/Jul/2025:06:06:55 +0200] "GET /contao/vendor/symfony-cmf/routing-bundle/tests/Unit/DependencyInjection/CmfRoutingExtensionTest.php HTTP/1.1" 500 - "-" "Mozilla/5.0 AppleWebKit/537.36 (KHTML, like Gecko; compatible; Amazonbot/0.1; +https://developer.amazon.com/support/amazonbot) Chrome/119.0.6045.214 Safari/537.36"
54.235.172.0 - - [14/Jul/2025:06:06:59 +0200] "GET /contao/vendor/symfony/css-selector/XPath/Extension/AbstractExtension.php HTTP/1.1" 500 - "-" "Mozilla/5.0 AppleWebKit/537.36 (KHTML, like Gecko; compatible; Amazonbot/0.1; +https://developer.amazon.com/support/amazonbot) Chrome/119.0.6045.214 Safari/537.36"
107.20.255.0 - - [14/Jul/2025:06:07:02 +0200] "GET /contao/vendor/symfony/polyfill-intl-idn/Resources/unidata/?C=N;O%3DD HTTP/1.1" 200 605 "-" "Mozilla/5.0 AppleWebKit/537.36 (KHTML, like Gecko; compatible; Amazonbot/0.1; +https://developer.amazon.com/support/amazonbot) Chrome/119.0.6045.214 Safari/537.36"
98.82.66.0 - - [14/Jul/2025:06:07:06 +0200] "GET /contao/vendor/oyejorge/less.php/lib/Less/Tree/NameValue.php HTTP/1.1" 500 - "-" "Mozilla/5.0 AppleWebKit/537.36 (KHTML, like Gecko; compatible; Amazonbot/0.1; +https://developer.amazon.com/support/amazonbot) Chrome/119.0.6045.214 Safari/537.36"
3.219.80.0 - - [14/Jul/2025:06:07:10 +0200] "GET /contao/vendor/doctrine/orm/lib/Doctrine/ORM/Query.php HTTP/1.1" 500 - "-" "Mozilla/5.0 AppleWebKit/537.36 (KHTML, like Gecko; compatible; Amazonbot/0.1; +https://developer.amazon.com/support/amazonbot) Chrome/119.0.6045.214 Safari/537.36"
34.194.226.0 - - [14/Jul/2025:06:07:14 +0200] "GET /contao/vendor/symfony/dom-crawler/Test/Constraint/?C=N;O%3DD HTTP/1.1" 200 506 "-" "Mozilla/5.0 AppleWebKit/537.36 (KHTML, like Gecko; compatible; Amazonbot/0.1; +https://developer.amazon.com/support/amazonbot) Chrome/119.0.6045.214 Safari/537.36"
34.231.77.0 - - [14/Jul/2025:06:07:18 +0200] "GET /contao/var/cache/prod/pools/w6EGq+SBrS/E/P/?C=S;O%3DD HTTP/1.1" 200 448 "-" "Mozilla/5.0 AppleWebKit/537.36 (KHTML, like Gecko; compatible; Amazonbot/0.1; +https://developer.amazon.com/support/amazonbot) Chrome/119.0.6045.214 Safari/537.36"
44.215.61.0 - - [14/Jul/2025:06:07:22 +0200] "GET /contao/vendor/league/uri-hostname-parser/data/?C=M;O%3DD HTTP/1.1" 200 495 "-" "Mozilla/5.0 AppleWebKit/537.36 (KHTML, like Gecko; compatible; Amazonbot/0.1; +https://developer.amazon.com/support/amazonbot) Chrome/119.0.6045.214 Safari/537.36"
18.213.240.0 - - [14/Jul/2025:06:07:26 +0200] "GET /contao/vendor/terminal42/service-annotation-bundle/src/Annotation/?C=D;O%3DA HTTP/1.1" 200 472 "-" "Mozilla/5.0 AppleWebKit/537.36 (KHTML, like Gecko; compatible; Amazonbot/0.1; +https://developer.amazon.com/support/amazonbot) Chrome/119.0.6045.214 Safari/537.36"
3.211.181.0 - - [14/Jul/2025:06:07:30 +0200] "GET /contao/vendor/contao/manager-bundle/src/Resources/contao/config/?C=D;O%3DA HTTP/1.1" 200 443 "-" "Mozilla/5.0 AppleWebKit/537.36 (KHTML, like Gecko; compatible; Amazonbot/0.1; +https://developer.amazon.com/support/amazonbot) Chrome/119.0.6045.214 Safari/537.36"
107.22.208.0 - - [14/Jul/2025:06:07:34 +0200] "GET /contao/vendor/contao/news-bundle/src/Resources/contao/?C=S;O%3DD HTTP/1.1" 200 503 "-" "Mozilla/5.0 AppleWebKit/537.36 (KHTML, like Gecko; compatible; Amazonbot/0.1; +https://developer.amazon.com/support/amazonbot) Chrome/119.0.6045.214 Safari/537.36"
54.167.32.0 - - [14/Jul/2025:06:07:38 +0200] "GET /contao/vendor/contao/installation-bundle/src/Resources/?C=N;O%3DD HTTP/1.1" 200 461 "-" "Mozilla/5.0 AppleWebKit/537.36 (KHTML, like Gecko; compatible; Amazonbot/0.1; +https://developer.amazon.com/support/amazonbot) Chrome/119.0.6045.214 Safari/537.36"
37.18.41.0 - - [14/Jul/2025:06:09:09 +0200] "GET /reports/usage_202402.html HTTP/1.0" 200 91181 "https://\xe0\xea\xea\xe0\xf3\xed\xf2\xfb\xe2\xe0\xf0\xf4\xe5\xe9\xf1.\xf0\xf4" "Mozilla/5.0 (Windows NT 10.0; Win64; x64) AppleWebKit/537.36 (KHTML, like Gecko) Chrome/131.0.0.0 Safari/537.36"
37.18.41.0 - - [14/Jul/2025:06:09:11 +0200] "GET /reports/usage_202402.html HTTP/1.0" 200 91181 "https://\xe0\xea\xea\xe0\xf3\xed\xf2\xfb\xe2\xe0\xf0\xf4\xe5\xe9\xf1.\xf0\xf4" "Mozilla/5.0 (Windows NT 10.0; Win64; x64) AppleWebKit/537.36 (KHTML, like Gecko) Chrome/130.0.0.0 Safari/537.36"
37.18.41.0 - - [14/Jul/2025:06:11:42 +0200] "GET /reports/usage_202402.html HTTP/1.0" 200 91181 "https://\xe0\xea\xea\xe0\xf3\xed\xf2\xfb\xe2\xe0\xf0\xf4\xe5\xe9\xf1.\xf0\xf4" "Mozilla/5.0 (Windows NT 10.0; Win64; x64) AppleWebKit/537.36 (KHTML, like Gecko) Chrome/131.0.0.0 Safari/537.36 Avast/131.0.0.0"
37.18.41.0 - - [14/Jul/2025:06:11:47 +0200] "GET /reports/usage_202402.html HTTP/1.0" 200 91181 "https://\xe0\xea\xea\xe0\xf3\xed\xf2\xfb\xe2\xe0\xf0\xf4\xe5\xe9\xf1.\xf0\xf4" "Mozilla/5.0 (Windows NT 10.0; Win64; x64) AppleWebKit/537.36 (KHTML, like Gecko) Chrome/130.0.0.0 Safari/537.36"
68.69.186.0 - - [14/Jul/2025:06:13:39 +0200] "GET / HTTP/1.1" 200 3510 "-" "-"
37.18.41.0 - - [14/Jul/2025:06:14:21 +0200] "GET /reports/usage_202402.html HTTP/1.0" 200 91181 "https://\xe0\xea\xea\xe0\xf3\xed\xf2\xfb\xe2\xe0\xf0\xf4\xe5\xe9\xf1.\xf0\xf4" "Mozilla/5.0 (Windows NT 10.0; Win64; x64) AppleWebKit/537.36 (KHTML, like Gecko) Chrome/130.0.0.0 Safari/537.36 CCleaner/130.0.0.0"
37.18.41.0 - - [14/Jul/2025:06:14:24 +0200] "GET /reports/usage_202402.html HTTP/1.0" 200 91181 "https://\xe0\xea\xea\xe0\xf3\xed\xf2\xfb\xe2\xe0\xf0\xf4\xe5\xe9\xf1.\xf0\xf4" "Mozilla/5.0 (Windows NT 10.0; Win64; x64) AppleWebKit/537.36 (KHTML, like Gecko) Chrome/130.0.0.0 Safari/537.36"
52.204.71.0 - - [14/Jul/2025:06:16:47 +0200] "GET /contao/vendor/symfony/var-exporter/Instantiator.php HTTP/1.1" 200 - "-" "Mozilla/5.0 AppleWebKit/537.36 (KHTML, like Gecko; compatible; Amazonbot/0.1; +https://developer.amazon.com/support/amazonbot) Chrome/119.0.6045.214 Safari/537.36"
37.18.41.0 - - [14/Jul/2025:06:16:50 +0200] "GET /reports/usage_202402.html HTTP/1.0" 200 91181 "https://\xe0\xea\xea\xe0\xf3\xed\xf2\xfb\xe2\xe0\xf0\xf4\xe5\xe9\xf1.\xf0\xf4" "Mozilla/5.0 (Windows NT 10.0; Win64; x64) AppleWebKit/537.36 (KHTML, like Gecko) Chrome/131.0.0.0 Safari/537.36"
37.18.41.0 - - [14/Jul/2025:06:16:53 +0200] "GET /reports/usage_202402.html HTTP/1.0" 200 91181 "https://\xe0\xea\xea\xe0\xf3\xed\xf2\xfb\xe2\xe0\xf0\xf4\xe5\xe9\xf1.\xf0\xf4" "Mozilla/5.0 (Windows NT 10.0; Win64; x64) AppleWebKit/537.36 (KHTML, like Gecko) Chrome/131.0.0.0 Safari/537.36 Avast/131.0.0.0"
44.205.120.0 - - [14/Jul/2025:06:18:13 +0200] "GET /contao/vendor/symfony/framework-bundle/Resources/ HTTP/1.1" 200 458 "-" "Mozilla/5.0 AppleWebKit/537.36 (KHTML, like Gecko; compatible; Amazonbot/0.1; +https://developer.amazon.com/support/amazonbot) Chrome/119.0.6045.214 Safari/537.36"
37.18.41.0 - - [14/Jul/2025:06:19:27 +0200] "GET /reports/usage_202402.html HTTP/1.0" 200 91181 "https://\xe0\xea\xea\xe0\xf3\xed\xf2\xfb\xe2\xe0\xf0\xf4\xe5\xe9\xf1.\xf0\xf4" "Mozilla/5.0 (Windows NT 10.0; Win64; x64) AppleWebKit/537.36 (KHTML, like Gecko) Chrome/130.0.0.0 Safari/537.36"
37.18.41.0 - - [14/Jul/2025:06:19:31 +0200] "GET /reports/usage_202402.html HTTP/1.0" 200 91181 "https://\xe0\xea\xea\xe0\xf3\xed\xf2\xfb\xe2\xe0\xf0\xf4\xe5\xe9\xf1.\xf0\xf4" "Mozilla/5.0 (Windows NT 10.0; Win64; x64) AppleWebKit/537.36 (KHTML, like Gecko) Chrome/130.0.0.0 Safari/537.36"
78.153.140.0 - - [14/Jul/2025:06:20:56 +0200] "GET /.env HTTP/1.1" 404 2539 "-" "Opera/9.80 (X11; Linux x86_64) Presto/2.12.388 Version/12.14"
78.153.140.0 - - [14/Jul/2025:06:20:56 +0200] "\x16\x03\x01" 400 226 "-" "-"
78.153.140.0 - - [14/Jul/2025:06:20:56 +0200] "GET /app/.env.save HTTP/1.1" 404 2557 "-" "Mozilla/5.0 (Windows NT 6.2; WOW64; rv:63.0) Gecko/20100101 Firefox/63.0"
78.153.140.0 - - [14/Jul/2025:06:20:57 +0200] "GET /api/.env.orig HTTP/1.1" 404 2557 "-" "Mozilla/5.0 (Windows; U; Windows NT 6.0; sr; rv:1.9.0.12) Gecko/2009070611 Firefox/3.0.12"
78.153.140.0 - - [14/Jul/2025:06:20:57 +0200] "GET /app/.env.smtp HTTP/1.1" 404 2557 "-" "Mozilla/5.0 (Windows NT 6.1) AppleWebKit/535.19 (KHTML, like Gecko) Chrome/18.0.1025.162 Safari/535.19"
78.153.140.0 - - [14/Jul/2025:06:20:57 +0200] "GET /admin/.env.js HTTP/1.1" 404 2557 "-" "Mozilla/5.0 (Windows NT 10.0; Win64; x64) AppleWebKit/537.36 (KHTML like Gecko) Chrome/51.0.2704.79 Safari/537.36 Edge/14.14931"
78.153.140.0 - - [14/Jul/2025:06:20:57 +0200] "GET /api/.env.smtp HTTP/1.1" 404 2557 "-" "Opera/9.70 (Linux ppc64 ; U; en) Presto/2.2.1"
78.153.140.0 - - [14/Jul/2025:06:20:57 +0200] "GET /auth/.env.bak HTTP/1.1" 404 2557 "-" "Mozilla/5.0 (Macintosh; Intel Mac OS X 10.10; rv:37.0) Gecko/20100101 Firefox/37.0"
78.153.140.0 - - [14/Jul/2025:06:20:57 +0200] "GET /back/.env.dev HTTP/1.1" 404 2557 "-" "Mozilla/5.0 (Windows NT 6.3; WOW64) AppleWebKit/537.36 (KHTML, like Gecko) Chrome/61.0.3163.100 Safari/537.36"
78.153.140.0 - - [14/Jul/2025:06:20:57 +0200] "GET /api/.env.save HTTP/1.1" 404 2557 "-" "Mozilla/5.0 (Windows XP; U) Opera 6.05 [de]"
78.153.140.0 - - [14/Jul/2025:06:20:58 +0200] "GET /api/.env.live HTTP/1.1" 404 2557 "-" "Mozilla/5.0 (Macintosh; U; Intel Mac OS X 10_6_4; en-US) AppleWebKit/533.2 (KHTML, like Gecko) Chrome/5.0.342.7 Safari/533.2"
78.153.140.0 - - [14/Jul/2025:06:20:58 +0200] "GET /api/.env.test HTTP/1.1" 404 2557 "-" "Mozilla/5.0 (iPhone; CPU iPhone OS 7_0 like Mac OS X) AppleWebKit/546.10 (KHTML, like Gecko) Version/6.0 Mobile/7E18WD Safari/8536.25"
78.153.140.0 - - [14/Jul/2025:06:20:58 +0200] "GET /app/.env.conf HTTP/1.1" 404 2557 "-" "Mozilla/5.0 (Windows; U; Windows NT 6.0; fr-FR) AppleWebKit/525.19 (KHTML, like Gecko) Version/3.1.2 Safari/525.21"
78.153.140.0 - - [14/Jul/2025:06:20:58 +0200] "GET /bot/.env.dist HTTP/1.1" 404 2557 "-" "Opera/9.80 (X11; Linux zvav; U; fi) Presto/2.12.423 Version/12.16"
78.153.140.0 - - [14/Jul/2025:06:20:58 +0200] "GET /backend/.env~ HTTP/1.1" 404 2557 "-" "Mozilla/4.0 (compatible; MSIE 7.0; Windows NT 6.1; Trident/5.0)"
78.153.140.0 - - [14/Jul/2025:06:20:58 +0200] "GET /apis/.env.bak HTTP/1.1" 404 2557 "-" "Mozilla/5.0 (Linux; Android 5.1.1; LGMS330 Build/LMY47V) AppleWebKit/537.36 (KHTML, like Gecko) Chrome/43.0.2357.93 Mobile Safari/537.36"
78.153.140.0 - - [14/Jul/2025:06:20:58 +0200] "GET /app/mail/.env HTTP/1.1" 404 2557 "-" "Mozilla/5.0 (Linux; U; Android 2.3.6; en-us; Milestone X2 Build/45.0.43) AppleWebKit/533.1 (KHTML, like Gecko) Version/4.0 Mobile Safari/533.1"
78.153.140.0 - - [14/Jul/2025:06:21:00 +0200] "GET /FRONTEND/.env HTTP/1.1" 404 2557 "-" "Mozilla/5.0 (Windows NT 5.2; WOW64) AppleWebKit/535.7 (KHTML, like Gecko) Chrome/16.0.912.63 Safari/535.7"
78.153.140.0 - - [14/Jul/2025:06:21:00 +0200] "GET /beta/.env.bak HTTP/1.1" 404 2557 "-" "Mozilla/4.0 (compatible; MSIE 6.0; Windows 98) Opera 7.50 [en]"
78.153.140.0 - - [14/Jul/2025:06:21:00 +0200] "GET /app/jobs/.env HTTP/1.1" 404 2557 "-" "Mozilla/5.0 (Windows NT 6.3; Win64; x64; rv:47.0) Gecko/20100101 Firefox/47.0"
78.153.140.0 - - [14/Jul/2025:06:21:00 +0200] "GET /api/.env.conf HTTP/1.1" 404 2557 "-" "Mozilla/5.0 (X11; U; Linux x86_64; en-US) AppleWebKit/532.0 (KHTML, like Gecko) Chrome/4.0.206.0 Safari/532.0"
78.153.140.0 - - [14/Jul/2025:06:21:01 +0200] "GET /app/.env.dist HTTP/1.1" 404 2557 "-" "Mozilla/5.0 (Macintosh; U; Intel Mac OS X 10_6_3; en-us) AppleWebKit/533.16 (KHTML, like Gecko) Version/5.0 Safari/533.16"
37.18.41.0 - - [14/Jul/2025:06:22:02 +0200] "GET /reports/usage_202402.html HTTP/1.0" 200 91181 "https://\xe0\xea\xea\xe0\xf3\xed\xf2\xfb\xe2\xe0\xf0\xf4\xe5\xe9\xf1.\xf0\xf4" "Mozilla/5.0 (Windows NT 10.0; Win64; x64) AppleWebKit/537.36 (KHTML, like Gecko) Chrome/129.0.0.0 Safari/537.36"
37.18.41.0 - - [14/Jul/2025:06:22:04 +0200] "GET /reports/usage_202402.html HTTP/1.0" 200 91181 "https://\xe0\xea\xea\xe0\xf3\xed\xf2\xfb\xe2\xe0\xf0\xf4\xe5\xe9\xf1.\xf0\xf4" "Mozilla/5.0 (Windows NT 10.0; Win64; x64) AppleWebKit/537.36 (KHTML, like Gecko) Chrome/131.0.0.0 Safari/537.36"
169.150.247.0 - - [14/Jul/2025:06:23:26 +0200] "GET / HTTP/1.1" 301 236 "-" "Mozilla/5.0 (Windows NT 10.0; Win64; x64) AppleWebKit/537.36 (KHTML, like Gecko) Chrome/88.0.4240.193 Safari/537.36"
188.166.252.0 - - [14/Jul/2025:06:23:27 +0200] "GET / HTTP/1.1" 301 - "-" "Mozilla/5.0 (Windows NT 10.0; Win64; x64) AppleWebKit/537.36 (KHTML, like Gecko) Chrome/88.0.4240.193 Safari/537.36"
188.166.252.0 - - [14/Jul/2025:06:23:34 +0200] "GET //wp-includes/wlwmanifest.xml HTTP/1.1" 200 - "-" "Mozilla/5.0 (Windows NT 10.0; Win64; x64) AppleWebKit/537.36 (KHTML, like Gecko) Chrome/88.0.4240.193 Safari/537.36"
188.166.252.0 - - [14/Jul/2025:06:23:34 +0200] "GET //xmlrpc.php?rsd HTTP/1.1" 403 2431 "-" "Mozilla/5.0 (Windows NT 10.0; Win64; x64) AppleWebKit/537.36 (KHTML, like Gecko) Chrome/88.0.4240.193 Safari/537.36"
169.150.247.0 - - [14/Jul/2025:06:23:34 +0200] "GET /wp-content/themes/busiprof-pro/print.css HTTP/1.1" 404 2655 "-" "WordPress/6.8.1; https://www.gebaeudetechnik.nrw"
188.166.252.0 - - [14/Jul/2025:06:23:34 +0200] "GET / HTTP/1.1" 200 319056 "-" "Mozilla/5.0 (Windows NT 10.0; Win64; x64) AppleWebKit/537.36 (KHTML, like Gecko) Chrome/88.0.4240.193 Safari/537.36"
188.166.252.0 - - [14/Jul/2025:06:23:36 +0200] "GET //wp-login.php HTTP/1.1" 404 296947 "-" "Mozilla/5.0 (Windows NT 10.0; Win64; x64) AppleWebKit/537.36 (KHTML, like Gecko) Chrome/88.0.4240.193 Safari/537.36"
37.18.41.0 - - [14/Jul/2025:06:24:34 +0200] "GET /reports/usage_202402.html HTTP/1.0" 200 91181 "https://\xe0\xea\xea\xe0\xf3\xed\xf2\xfb\xe2\xe0\xf0\xf4\xe5\xe9\xf1.\xf0\xf4" "Mozilla/5.0 (Windows NT 10.0; Win64; x64) AppleWebKit/537.36 (KHTML, like Gecko) Chrome/131.0.0.0 Safari/537.36 Avast/131.0.0.0"
37.18.41.0 - - [14/Jul/2025:06:24:37 +0200] "GET /reports/usage_202402.html HTTP/1.0" 200 91181 "https://\xe0\xea\xea\xe0\xf3\xed\xf2\xfb\xe2\xe0\xf0\xf4\xe5\xe9\xf1.\xf0\xf4" "Mozilla/5.0 (Windows NT 10.0; Win64; x64) AppleWebKit/537.36 (KHTML, like Gecko) Chrome/129.0.0.0 Safari/537.36"
216.73.216.0 - - [14/Jul/2025:06:26:53 +0200] "GET /robots.txt HTTP/1.1" 404 2551 "-" "Mozilla/5.0 AppleWebKit/537.36 (KHTML, like Gecko; compatible; ClaudeBot/1.0; +claudebot@anthropic.com)"
216.73.216.0 - - [14/Jul/2025:06:26:54 +0200] "GET /contao/vendor/contao-components/installer/tests/Composer/?C=N&O=D HTTP/1.1" 200 489 "-" "Mozilla/5.0 AppleWebKit/537.36 (KHTML, like Gecko; compatible; ClaudeBot/1.0; +claudebot@anthropic.com)"
3.213.85.0 - - [14/Jul/2025:06:26:56 +0200] "GET /contao/system/themes/flexible/icons/ HTTP/1.1" 200 2756 "-" "Mozilla/5.0 AppleWebKit/537.36 (KHTML, like Gecko; compatible; Amazonbot/0.1; +https://developer.amazon.com/support/amazonbot) Chrome/119.0.6045.214 Safari/537.36"
48.214.144.0 - - [14/Jul/2025:06:27:01 +0200] "GET /version HTTP/1.1" 404 2549 "-" "Mozilla/5.0 zgrab/0.x"
37.18.41.0 - - [14/Jul/2025:06:27:06 +0200] "GET /reports/usage_202402.html HTTP/1.0" 200 91181 "https://\xe0\xea\xea\xe0\xf3\xed\xf2\xfb\xe2\xe0\xf0\xf4\xe5\xe9\xf1.\xf0\xf4" "Mozilla/5.0 (Windows NT 10.0; Win64; x64) AppleWebKit/537.36 (KHTML, like Gecko) Chrome/129.0.0.0 Safari/537.36"
37.18.41.0 - - [14/Jul/2025:06:27:08 +0200] "GET /reports/usage_202402.html HTTP/1.0" 200 91181 "https://\xe0\xea\xea\xe0\xf3\xed\xf2\xfb\xe2\xe0\xf0\xf4\xe5\xe9\xf1.\xf0\xf4" "Mozilla/5.0 (Windows NT 10.0; Win64; x64) AppleWebKit/537.36 (KHTML, like Gecko) Chrome/130.0.0.0 Safari/537.36"
54.157.99.0 - - [14/Jul/2025:06:29:05 +0200] "GET /contao/vendor/ausi/slug-generator/LICENSE HTTP/1.1" 200 650 "-" "Mozilla/5.0 AppleWebKit/537.36 (KHTML, like Gecko; compatible; Amazonbot/0.1; +https://developer.amazon.com/support/amazonbot) Chrome/119.0.6045.214 Safari/537.36"
37.18.41.0 - - [14/Jul/2025:06:29:42 +0200] "GET /reports/usage_202402.html HTTP/1.0" 200 91181 "https://\xe0\xea\xea\xe0\xf3\xed\xf2\xfb\xe2\xe0\xf0\xf4\xe5\xe9\xf1.\xf0\xf4" "Mozilla/5.0 (Windows NT 10.0; Win64; x64) AppleWebKit/537.36 (KHTML, like Gecko) Chrome/129.0.0.0 Safari/537.36"
37.18.41.0 - - [14/Jul/2025:06:29:44 +0200] "GET /reports/usage_202402.html HTTP/1.0" 200 91181 "https://\xe0\xea\xea\xe0\xf3\xed\xf2\xfb\xe2\xe0\xf0\xf4\xe5\xe9\xf1.\xf0\xf4" "Mozilla/5.0 (Windows NT 10.0; Win64; x64) AppleWebKit/537.36 (KHTML, like Gecko) Chrome/131.0.0.0 Safari/537.36 Avast/131.0.0.0"
71.6.167.0 - - [14/Jul/2025:06:30:21 +0200] "GET / HTTP/1.1" 200 3510 "-" "Mozilla/5.0 (X11; Linux x86_64) AppleWebKit/537.36 (KHTML, like Gecko) Chrome/98.0.4758.102 Safari/537.36"
23.23.180.0 - - [14/Jul/2025:06:30:28 +0200] "GET /wp-content/fonts/montserrat/JTUSjIg1_i6t8kCHKm459Wlhyw.woff2 HTTP/1.1" 404 2699 "-" "Mozilla/5.0 AppleWebKit/537.36 (KHTML, like Gecko; compatible; Amazonbot/0.1; +https://developer.amazon.com/support/amazonbot) Chrome/119.0.6045.214 Safari/537.36"
71.6.167.0 - - [14/Jul/2025:06:30:30 +0200] "\n" 400 226 "-" "-"
71.6.167.0 - - [14/Jul/2025:06:30:30 +0200] "\n" 400 226 "-" "-"
71.6.167.0 - - [14/Jul/2025:06:30:31 +0200] "\n" 400 226 "-" "-"
71.6.167.0 - - [14/Jul/2025:06:30:32 +0200] "\n" 400 226 "-" "-"
71.6.167.0 - - [14/Jul/2025:06:30:36 +0200] "GET /robots.txt HTTP/1.1" 404 2555 "-" "-"
71.6.167.0 - - [14/Jul/2025:06:30:37 +0200] "GET /sitemap.xml HTTP/1.1" 404 2557 "-" "-"
71.6.167.0 - - [14/Jul/2025:06:30:38 +0200] "GET /.well-known/security.txt HTTP/1.1" 404 2583 "-" "-"
71.6.167.0 - - [14/Jul/2025:06:30:40 +0200] "GET /favicon.ico HTTP/1.1" 404 2557 "-" "Mozilla/5.0 (Windows NT 10.0; Win64; x64) AppleWebKit/537.36 (KHTML, like Gecko) Chrome/102.0.5005.63 Safari/537.36"
71.6.167.0 - - [14/Jul/2025:06:30:41 +0200] "HEAD /cgi-bin/ HTTP/1.1" 200 - "-" "Mozilla/5.0 (Windows NT 10.0; Win64; x64) AppleWebKit/537.36 (KHTML, like Gecko) Chrome/102.0.5005.63 Safari/537.36"
71.6.167.0 - - [14/Jul/2025:06:30:43 +0200] "HEAD /composer.phar HTTP/1.1" 200 - "-" "Mozilla/5.0 (Windows NT 10.0; Win64; x64) AppleWebKit/537.36 (KHTML, like Gecko) Chrome/102.0.5005.63 Safari/537.36"
71.6.167.0 - - [14/Jul/2025:06:30:43 +0200] "HEAD /contao/ HTTP/1.1" 200 - "-" "Mozilla/5.0 (Windows NT 10.0; Win64; x64) AppleWebKit/537.36 (KHTML, like Gecko) Chrome/102.0.5005.63 Safari/537.36"
71.6.167.0 - - [14/Jul/2025:06:30:44 +0200] "HEAD /gebaeudetechnik.nrw/ HTTP/1.1" 404 - "-" "Mozilla/5.0 (Windows NT 10.0; Win64; x64) AppleWebKit/537.36 (KHTML, like Gecko) Chrome/102.0.5005.63 Safari/537.36"
71.6.167.0 - - [14/Jul/2025:06:30:50 +0200] "HEAD /industrie/ HTTP/1.1" 403 - "-" "Mozilla/5.0 (Windows NT 10.0; Win64; x64) AppleWebKit/537.36 (KHTML, like Gecko) Chrome/102.0.5005.63 Safari/537.36"
71.6.167.0 - - [14/Jul/2025:06:30:50 +0200] "HEAD /logs/ HTTP/1.1" 200 - "-" "Mozilla/5.0 (Windows NT 10.0; Win64; x64) AppleWebKit/537.36 (KHTML, like Gecko) Chrome/102.0.5005.63 Safari/537.36"
71.6.167.0 - - [14/Jul/2025:06:30:51 +0200] "HEAD /masom-industriemontage.com/ HTTP/1.1" 500 - "-" "Mozilla/5.0 (Windows NT 10.0; Win64; x64) AppleWebKit/537.36 (KHTML, like Gecko) Chrome/102.0.5005.63 Safari/537.36"
71.6.167.0 - - [14/Jul/2025:06:30:51 +0200] "HEAD /masom.de-typo3-11.5.16/ HTTP/1.1" 403 - "-" "Mozilla/5.0 (Windows NT 10.0; Win64; x64) AppleWebKit/537.36 (KHTML, like Gecko) Chrome/102.0.5005.63 Safari/537.36"
71.6.167.0 - - [14/Jul/2025:06:30:52 +0200] "HEAD /prestashop/ HTTP/1.1" 500 - "-" "Mozilla/5.0 (Windows NT 10.0; Win64; x64) AppleWebKit/537.36 (KHTML, like Gecko) Chrome/102.0.5005.63 Safari/537.36"
71.6.167.0 - - [14/Jul/2025:06:30:53 +0200] "HEAD /prestsh/ HTTP/1.1" 500 - "-" "Mozilla/5.0 (Windows NT 10.0; Win64; x64) AppleWebKit/537.36 (KHTML, like Gecko) Chrome/102.0.5005.63 Safari/537.36"
71.6.167.0 - - [14/Jul/2025:06:30:53 +0200] "HEAD /reports/ HTTP/1.1" 200 - "-" "Mozilla/5.0 (Windows NT 10.0; Win64; x64) AppleWebKit/537.36 (KHTML, like Gecko) Chrome/102.0.5005.63 Safari/537.36"
71.6.167.0 - - [14/Jul/2025:06:30:54 +0200] "HEAD /verkauf/ HTTP/1.1" 500 - "-" "Mozilla/5.0 (Windows NT 10.0; Win64; x64) AppleWebKit/537.36 (KHTML, like Gecko) Chrome/102.0.5005.63 Safari/537.36"
71.6.167.0 - - [14/Jul/2025:06:30:55 +0200] "HEAD /warenhandel.gebaeudetechnik/ HTTP/1.1" 403 - "-" "Mozilla/5.0 (Windows NT 10.0; Win64; x64) AppleWebKit/537.36 (KHTML, like Gecko) Chrome/102.0.5005.63 Safari/537.36"
2a01:238:43f8:5f00:: - - [14/Jul/2025:06:30:55 +0200] "POST /wp-cron.php?doing_wp_cron=1752467455.7292890548706054687500 HTTP/1.1" 200 - "-" "WordPress/6.8.1; https://wptest.masom.de"
71.6.167.0 - - [14/Jul/2025:06:30:55 +0200] "HEAD /wptest/ HTTP/1.1" 404 - "-" "Mozilla/5.0 (Windows NT 10.0; Win64; x64) AppleWebKit/537.36 (KHTML, like Gecko) Chrome/102.0.5005.63 Safari/537.36"
37.18.41.0 - - [14/Jul/2025:06:32:12 +0200] "GET /reports/usage_202402.html HTTP/1.0" 200 91181 "https://\xe0\xea\xea\xe0\xf3\xed\xf2\xfb\xe2\xe0\xf0\xf4\xe5\xe9\xf1.\xf0\xf4" "Mozilla/5.0 (Windows NT 10.0; Win64; x64) AppleWebKit/537.36 (KHTML, like Gecko) Chrome/130.0.0.0 Safari/537.36"
37.18.41.0 - - [14/Jul/2025:06:32:14 +0200] "GET /reports/usage_202402.html HTTP/1.0" 200 91181 "https://\xe0\xea\xea\xe0\xf3\xed\xf2\xfb\xe2\xe0\xf0\xf4\xe5\xe9\xf1.\xf0\xf4" "Mozilla/5.0 (Windows NT 10.0; Win64; x64) AppleWebKit/537.36 (KHTML, like Gecko) Chrome/131.0.0.0 Safari/537.36"
54.89.90.0 - - [14/Jul/2025:06:33:48 +0200] "GET /contao/vendor/ocramius/proxy-manager/src/ HTTP/1.1" 200 425 "-" "Mozilla/5.0 AppleWebKit/537.36 (KHTML, like Gecko; compatible; Amazonbot/0.1; +https://developer.amazon.com/support/amazonbot) Chrome/119.0.6045.214 Safari/537.36"
184.72.84.0 - - [14/Jul/2025:06:33:58 +0200] "GET /contao/vendor/scheb/two-factor-bundle/Security/Authentication/Provider/?C=M;O%3DA HTTP/1.1" 200 490 "-" "Mozilla/5.0 AppleWebKit/537.36 (KHTML, like Gecko; compatible; Amazonbot/0.1; +https://developer.amazon.com/support/amazonbot) Chrome/119.0.6045.214 Safari/537.36"
3.218.35.0 - - [14/Jul/2025:06:34:02 +0200] "GET /contao/vendor/symfony/css-selector/XPath/Extension/?C=M;O%3DA HTTP/1.1" 200 580 "-" "Mozilla/5.0 AppleWebKit/537.36 (KHTML, like Gecko; compatible; Amazonbot/0.1; +https://developer.amazon.com/support/amazonbot) Chrome/119.0.6045.214 Safari/537.36"
35.172.125.0 - - [14/Jul/2025:06:34:06 +0200] "GET /contao/vendor/symfony/css-selector/XPath/Extension/?C=D;O%3DA HTTP/1.1" 200 580 "-" "Mozilla/5.0 AppleWebKit/537.36 (KHTML, like Gecko; compatible; Amazonbot/0.1; +https://developer.amazon.com/support/amazonbot) Chrome/119.0.6045.214 Safari/537.36"
54.163.136.0 - - [14/Jul/2025:06:34:10 +0200] "GET /contao/vendor/symfony-cmf/routing/tests/Unit/Routing/?C=N;O%3DD HTTP/1.1" 200 580 "-" "Mozilla/5.0 AppleWebKit/537.36 (KHTML, like Gecko; compatible; Amazonbot/0.1; +https://developer.amazon.com/support/amazonbot) Chrome/119.0.6045.214 Safari/537.36"
44.208.223.0 - - [14/Jul/2025:06:34:14 +0200] "GET /contao/vendor/contao/core-bundle/src/Resources/contao/classes/ HTTP/1.1" 200 751 "-" "Mozilla/5.0 AppleWebKit/537.36 (KHTML, like Gecko; compatible; Amazonbot/0.1; +https://developer.amazon.com/support/amazonbot) Chrome/119.0.6045.214 Safari/537.36"
34.227.234.0 - - [14/Jul/2025:06:34:18 +0200] "GET /contao/vendor/doctrine/annotations/lib/Doctrine/Common/?C=S;O%3DA HTTP/1.1" 200 428 "-" "Mozilla/5.0 AppleWebKit/537.36 (KHTML, like Gecko; compatible; Amazonbot/0.1; +https://developer.amazon.com/support/amazonbot) Chrome/119.0.6045.214 Safari/537.36"
37.18.41.0 - - [14/Jul/2025:06:34:40 +0200] "GET /reports/usage_202402.html HTTP/1.0" 200 91181 "https://\xe0\xea\xea\xe0\xf3\xed\xf2\xfb\xe2\xe0\xf0\xf4\xe5\xe9\xf1.\xf0\xf4" "Mozilla/5.0 (Windows NT 10.0; Win64; x64) AppleWebKit/537.36 (KHTML, like Gecko) Chrome/130.0.0.0 Safari/537.36"
37.18.41.0 - - [14/Jul/2025:06:34:43 +0200] "GET /reports/usage_202402.html HTTP/1.0" 200 91181 "https://\xe0\xea\xea\xe0\xf3\xed\xf2\xfb\xe2\xe0\xf0\xf4\xe5\xe9\xf1.\xf0\xf4" "Mozilla/5.0 (Windows NT 10.0; Win64; x64) AppleWebKit/537.36 (KHTML, like Gecko) Chrome/130.0.0.0 Safari/537.36 CCleaner/130.0.0.0"
198.235.24.0 - - [14/Jul/2025:06:35:07 +0200] "GET / HTTP/1.1" 503 4469 "-" "-"
107.23.62.0 - - [14/Jul/2025:06:35:22 +0200] "GET /contao/vendor/ausi/slug-generator/src/SlugGeneratorInterface.php HTTP/1.1" 200 - "-" "Mozilla/5.0 AppleWebKit/537.36 (KHTML, like Gecko; compatible; Amazonbot/0.1; +https://developer.amazon.com/support/amazonbot) Chrome/119.0.6045.214 Safari/537.36"
3.218.35.0 - - [14/Jul/2025:06:35:31 +0200] "GET /contao/vendor/symfony/http-client-contracts/ChunkInterface.php HTTP/1.1" 200 - "-" "Mozilla/5.0 AppleWebKit/537.36 (KHTML, like Gecko; compatible; Amazonbot/0.1; +https://developer.amazon.com/support/amazonbot) Chrome/119.0.6045.214 Safari/537.36"
37.18.41.0 - - [14/Jul/2025:06:37:11 +0200] "GET /reports/usage_202402.html HTTP/1.0" 200 91181 "https://\xe0\xea\xea\xe0\xf3\xed\xf2\xfb\xe2\xe0\xf0\xf4\xe5\xe9\xf1.\xf0\xf4" "Mozilla/5.0 (Windows NT 10.0; Win64; x64) AppleWebKit/537.36 (KHTML, like Gecko) Chrome/130.0.0.0 Safari/537.36"
37.18.41.0 - - [14/Jul/2025:06:37:13 +0200] "GET /reports/usage_202402.html HTTP/1.0" 200 91181 "https://\xe0\xea\xea\xe0\xf3\xed\xf2\xfb\xe2\xe0\xf0\xf4\xe5\xe9\xf1.\xf0\xf4" "Mozilla/5.0 (Windows NT 10.0; Win64; x64) AppleWebKit/537.36 (KHTML, like Gecko) Chrome/130.0.0.0 Safari/537.36"
17.241.227.0 - - [14/Jul/2025:06:37:53 +0200] "GET /robots.txt HTTP/1.1" 301 239 "-" "Mozilla/5.0 (Macintosh; Intel Mac OS X 10_15_7) AppleWebKit/605.1.15 (KHTML, like Gecko) Version/17.4 Safari/605.1.15 (Applebot/0.1; +http://www.apple.com/go/applebot)"
17.241.227.0 - - [14/Jul/2025:06:37:53 +0200] "GET /robots.txt HTTP/1.1" 200 162 "-" "Mozilla/5.0 (Macintosh; Intel Mac OS X 10_15_7) AppleWebKit/605.1.15 (KHTML, like Gecko) Version/17.4 Safari/605.1.15 (Applebot/0.1; +http://www.apple.com/go/applebot)"
17.241.227.0 - - [14/Jul/2025:06:37:54 +0200] "GET / HTTP/1.1" 301 229 "-" "Mozilla/5.0 (Macintosh; Intel Mac OS X 10_15_7) AppleWebKit/605.1.15 (KHTML, like Gecko) Version/17.4 Safari/605.1.15 (Applebot/0.1; +http://www.apple.com/go/applebot)"
2a01:238:43f8:5f00:: - - [14/Jul/2025:06:37:54 +0200] "POST /wp-cron.php?doing_wp_cron=1752467874.7132349014282226562500 HTTP/1.1" 200 - "-" "VwWvyuF9YTuh"
17.241.227.0 - - [14/Jul/2025:06:37:54 +0200] "GET / HTTP/1.1" 200 54239 "-" "Mozilla/5.0 (Macintosh; Intel Mac OS X 10_15_7) AppleWebKit/605.1.15 (KHTML, like Gecko) Version/17.4 Safari/605.1.15 (Applebot/0.1; +http://www.apple.com/go/applebot)"
216.73.216.0 - - [14/Jul/2025:06:38:33 +0200] "GET /contao/vendor/contao-components/installer/src/?C=M&O=D HTTP/1.1" 200 421 "-" "Mozilla/5.0 AppleWebKit/537.36 (KHTML, like Gecko; compatible; ClaudeBot/1.0; +claudebot@anthropic.com)"
3.225.45.0 - - [14/Jul/2025:06:39:02 +0200] "GET /contao/vendor/symfony/security-guard/Authenticator/ HTTP/1.1" 200 459 "-" "Mozilla/5.0 AppleWebKit/537.36 (KHTML, like Gecko; compatible; Amazonbot/0.1; +https://developer.amazon.com/support/amazonbot) Chrome/119.0.6045.214 Safari/537.36"
37.18.41.0 - - [14/Jul/2025:06:39:43 +0200] "GET /reports/usage_202402.html HTTP/1.0" 200 91181 "https://\xe0\xea\xea\xe0\xf3\xed\xf2\xfb\xe2\xe0\xf0\xf4\xe5\xe9\xf1.\xf0\xf4" "Mozilla/5.0 (Windows NT 10.0; Win64; x64) AppleWebKit/537.36 (KHTML, like Gecko) Chrome/130.0.0.0 Safari/537.36"
37.18.41.0 - - [14/Jul/2025:06:39:46 +0200] "GET /reports/usage_202402.html HTTP/1.0" 200 91181 "https://\xe0\xea\xea\xe0\xf3\xed\xf2\xfb\xe2\xe0\xf0\xf4\xe5\xe9\xf1.\xf0\xf4" "Mozilla/5.0 (Windows NT 10.0; Win64; x64) AppleWebKit/537.36 (KHTML, like Gecko) Chrome/130.0.0.0 Safari/537.36 CCleaner/130.0.0.0"
162.19.67.0 - - [14/Jul/2025:06:42:09 +0200] "GET / HTTP/1.1" 301 229 "https://www.google.co.in" "Mozilla/5.0 (Windows NT 10.0; Win64; x64) AppleWebKit/537.36 (KHTML, like Gecko) Chrome/116.0.5845.96 Safari/537.36 Edg/116.0.1938.62"
162.19.67.0 - - [14/Jul/2025:06:42:09 +0200] "GET / HTTP/2.0" 200 54235 "https://www.google.co.in" "Mozilla/5.0 (Windows NT 10.0; Win64; x64) AppleWebKit/537.36 (KHTML, like Gecko) Chrome/116.0.5845.96 Safari/537.36 Edg/116.0.1938.62"
2a01:238:43f8:5f00:: - - [14/Jul/2025:06:42:09 +0200] "POST /wp-cron.php?doing_wp_cron=1752468129.7205469608306884765625 HTTP/1.1" 200 - "-" "Av7ijJfEHy4b"
162.19.67.0 - - [14/Jul/2025:06:42:09 +0200] "GET /index.php?rest_route=/wp/v2/users HTTP/2.0" 200 238 "https://gdb-bonn.com" "Mozilla/5.0 (Windows NT 10.0; Win64; x64) AppleWebKit/537.36 (KHTML, like Gecko) Chrome/112.0.5615.138 Safari/537.36"
37.18.41.0 - - [14/Jul/2025:06:42:14 +0200] "GET /reports/usage_202402.html HTTP/1.0" 200 91181 "https://\xe0\xea\xea\xe0\xf3\xed\xf2\xfb\xe2\xe0\xf0\xf4\xe5\xe9\xf1.\xf0\xf4" "Mozilla/5.0 (Windows NT 10.0; Win64; x64) AppleWebKit/537.36 (KHTML, like Gecko) Chrome/130.0.0.0 Safari/537.36 CCleaner/130.0.0.0"
37.18.41.0 - - [14/Jul/2025:06:42:17 +0200] "GET /reports/usage_202402.html HTTP/1.0" 200 91181 "https://\xe0\xea\xea\xe0\xf3\xed\xf2\xfb\xe2\xe0\xf0\xf4\xe5\xe9\xf1.\xf0\xf4" "Mozilla/5.0 (Windows NT 10.0; Win64; x64) AppleWebKit/537.36 (KHTML, like Gecko) Chrome/130.0.0.0 Safari/537.36"
37.18.41.0 - - [14/Jul/2025:06:44:44 +0200] "GET /reports/usage_202402.html HTTP/1.0" 200 91181 "https://\xe0\xea\xea\xe0\xf3\xed\xf2\xfb\xe2\xe0\xf0\xf4\xe5\xe9\xf1.\xf0\xf4" "Mozilla/5.0 (Windows NT 10.0; Win64; x64) AppleWebKit/537.36 (KHTML, like Gecko) Chrome/130.0.0.0 Safari/537.36 CCleaner/130.0.0.0"
37.18.41.0 - - [14/Jul/2025:06:44:46 +0200] "GET /reports/usage_202402.html HTTP/1.0" 200 91181 "https://\xe0\xea\xea\xe0\xf3\xed\xf2\xfb\xe2\xe0\xf0\xf4\xe5\xe9\xf1.\xf0\xf4" "Mozilla/5.0 (Windows NT 10.0; Win64; x64) AppleWebKit/537.36 (KHTML, like Gecko) Chrome/129.0.0.0 Safari/537.36"
37.18.41.0 - - [14/Jul/2025:06:47:12 +0200] "GET /reports/usage_202402.html HTTP/1.0" 200 91181 "https://\xe0\xea\xea\xe0\xf3\xed\xf2\xfb\xe2\xe0\xf0\xf4\xe5\xe9\xf1.\xf0\xf4" "Mozilla/5.0 (Windows NT 10.0; Win64; x64) AppleWebKit/537.36 (KHTML, like Gecko) Chrome/129.0.0.0 Safari/537.36"
37.18.41.0 - - [14/Jul/2025:06:47:14 +0200] "GET /reports/usage_202402.html HTTP/1.0" 200 91181 "https://\xe0\xea\xea\xe0\xf3\xed\xf2\xfb\xe2\xe0\xf0\xf4\xe5\xe9\xf1.\xf0\xf4" "Mozilla/5.0 (Windows NT 10.0; Win64; x64) AppleWebKit/537.36 (KHTML, like Gecko) Chrome/131.0.0.0 Safari/537.36"
43.130.67.0 - - [14/Jul/2025:06:47:51 +0200] "GET / HTTP/1.1" 503 1828 "-" "Mozilla/5.0 (iPhone; CPU iPhone OS 13_2_3 like Mac OS X) AppleWebKit/605.1.15 (KHTML, like Gecko) Version/13.0.3 Mobile/15E148 Safari/604.1"
216.73.216.0 - - [14/Jul/2025:06:48:46 +0200] "GET /contao/vendor/contao-components/installer/tests/Composer/NoopInstallerTest.php HTTP/1.1" 500 - "-" "Mozilla/5.0 AppleWebKit/537.36 (KHTML, like Gecko; compatible; ClaudeBot/1.0; +claudebot@anthropic.com)"
149.50.96.0 - - [14/Jul/2025:06:49:28 +0200] "GET /userRpmNatDebugRpm26525557/start_art.html HTTP/1.1" 404 2613 "-" "Mozilla/5.0 (Windows NT 10.0; Win64; x64) AppleWebKit/537.36 (KHTML, like Gecko) Chrome/131.0.6778.140 Safari/537.36"
37.18.41.0 - - [14/Jul/2025:06:49:40 +0200] "GET /reports/usage_202402.html HTTP/1.0" 200 91181 "https://\xe0\xea\xea\xe0\xf3\xed\xf2\xfb\xe2\xe0\xf0\xf4\xe5\xe9\xf1.\xf0\xf4" "Mozilla/5.0 (Windows NT 10.0; Win64; x64) AppleWebKit/537.36 (KHTML, like Gecko) Chrome/131.0.0.0 Safari/537.36 Avast/131.0.0.0"
37.18.41.0 - - [14/Jul/2025:06:49:42 +0200] "GET /reports/usage_202402.html HTTP/1.0" 200 91181 "https://\xe0\xea\xea\xe0\xf3\xed\xf2\xfb\xe2\xe0\xf0\xf4\xe5\xe9\xf1.\xf0\xf4" "Mozilla/5.0 (Windows NT 10.0; Win64; x64) AppleWebKit/537.36 (KHTML, like Gecko) Chrome/131.0.0.0 Safari/537.36"
37.18.41.0 - - [14/Jul/2025:06:52:10 +0200] "GET /reports/usage_202402.html HTTP/1.0" 200 91181 "https://\xe0\xea\xea\xe0\xf3\xed\xf2\xfb\xe2\xe0\xf0\xf4\xe5\xe9\xf1.\xf0\xf4" "Mozilla/5.0 (Windows NT 10.0; Win64; x64) AppleWebKit/537.36 (KHTML, like Gecko) Chrome/129.0.0.0 Safari/537.36"
37.18.41.0 - - [14/Jul/2025:06:52:12 +0200] "GET /reports/usage_202402.html HTTP/1.0" 200 91181 "https://\xe0\xea\xea\xe0\xf3\xed\xf2\xfb\xe2\xe0\xf0\xf4\xe5\xe9\xf1.\xf0\xf4" "Mozilla/5.0 (Windows NT 10.0; Win64; x64) AppleWebKit/537.36 (KHTML, like Gecko) Chrome/130.0.0.0 Safari/537.36"
23.20.178.0 - - [14/Jul/2025:06:52:29 +0200] "GET /contao/vendor/symfony/options-resolver/OptionConfigurator.php HTTP/1.1" 200 - "-" "Mozilla/5.0 AppleWebKit/537.36 (KHTML, like Gecko; compatible; Amazonbot/0.1; +https://developer.amazon.com/support/amazonbot) Chrome/119.0.6045.214 Safari/537.36"
87.255.194.0 - - [14/Jul/2025:06:52:51 +0200] "GET /admin/configs.php HTTP/1.0" 404 - "-" "nvdorz"
37.18.41.0 - - [14/Jul/2025:06:54:40 +0200] "GET /reports/usage_202402.html HTTP/1.0" 200 91181 "https://\xe0\xea\xea\xe0\xf3\xed\xf2\xfb\xe2\xe0\xf0\xf4\xe5\xe9\xf1.\xf0\xf4" "Mozilla/5.0 (Windows NT 10.0; Win64; x64) AppleWebKit/537.36 (KHTML, like Gecko) Chrome/129.0.0.0 Safari/537.36"
169.150.247.0 - - [14/Jul/2025:06:54:41 +0200] "GET /wp-content/themes/busiprof-pro/print.css HTTP/1.1" 404 2655 "-" "WordPress/6.8.1; https://www.gebaeudetechnik.nrw"
196.251.66.0 - - [14/Jul/2025:06:54:36 +0200] "GET /a.php HTTP/1.1" 200 48601 "https://www.google.com" "Mozilla/5.0 (Linux; Android 7.0; SM-G892A Build/NRD90M; wv) AppleWebKit/537.36 (KHTML, Gecko) Version/4.0 Chrome/60.0.3112.107 Mobile Safari/537.36"
37.18.41.0 - - [14/Jul/2025:06:54:43 +0200] "GET /reports/usage_202402.html HTTP/1.0" 200 91181 "https://\xe0\xea\xea\xe0\xf3\xed\xf2\xfb\xe2\xe0\xf0\xf4\xe5\xe9\xf1.\xf0\xf4" "Mozilla/5.0 (Windows NT 10.0; Win64; x64) AppleWebKit/537.36 (KHTML, like Gecko) Chrome/130.0.0.0 Safari/537.36"
169.150.247.0 - - [14/Jul/2025:06:54:44 +0200] "GET /wp-content/themes/busiprof-pro/print.css HTTP/1.1" 404 2655 "-" "WordPress/6.8.1; https://www.gebaeudetechnik.nrw"
196.251.66.0 - - [14/Jul/2025:06:54:44 +0200] "GET /uploaded_script.php HTTP/1.1" 200 48601 "https://www.google.com" "Mozilla/5.0 (Linux; Android 7.0; SM-G892A Build/NRD90M; wv) AppleWebKit/537.36 (KHTML, Gecko) Version/4.0 Chrome/60.0.3112.107 Mobile Safari/537.36"
169.150.247.0 - - [14/Jul/2025:06:54:48 +0200] "GET /wp-content/themes/busiprof-pro/print.css HTTP/1.1" 404 2655 "-" "WordPress/6.8.1; https://www.gebaeudetechnik.nrw"
196.251.66.0 - - [14/Jul/2025:06:54:48 +0200] "GET /wp-admin/maint/fie.php HTTP/1.1" 200 48601 "https://www.google.com" "Mozilla/5.0 (Linux; Android 7.0; SM-G892A Build/NRD90M; wv) AppleWebKit/537.36 (KHTML, Gecko) Version/4.0 Chrome/60.0.3112.107 Mobile Safari/537.36"
196.251.66.0 - - [14/Jul/2025:06:54:51 +0200] "GET /wp-content/index.php HTTP/1.1" 200 - "https://www.google.com" "Mozilla/5.0 (Linux; Android 7.0; SM-G892A Build/NRD90M; wv) AppleWebKit/537.36 (KHTML, Gecko) Version/4.0 Chrome/60.0.3112.107 Mobile Safari/537.36"
169.150.247.0 - - [14/Jul/2025:06:54:56 +0200] "GET /wp-content/themes/busiprof-pro/print.css HTTP/1.1" 404 2655 "-" "WordPress/6.8.1; https://www.gebaeudetechnik.nrw"
196.251.66.0 - - [14/Jul/2025:06:54:56 +0200] "GET /wp-content/plugins/fix/up.php HTTP/1.1" 200 48601 "https://www.google.com" "Mozilla/5.0 (Linux; Android 7.0; SM-G892A Build/NRD90M; wv) AppleWebKit/537.36 (KHTML, Gecko) Version/4.0 Chrome/60.0.3112.107 Mobile Safari/537.36"
169.150.247.0 - - [14/Jul/2025:06:55:01 +0200] "GET /wp-content/themes/busiprof-pro/print.css HTTP/1.1" 404 2655 "-" "WordPress/6.8.1; https://www.gebaeudetechnik.nrw"
196.251.66.0 - - [14/Jul/2025:06:55:01 +0200] "GET /autoload_classmap.php HTTP/1.1" 200 48601 "https://www.google.com" "Mozilla/5.0 (Linux; Android 7.0; SM-G892A Build/NRD90M; wv) AppleWebKit/537.36 (KHTML, Gecko) Version/4.0 Chrome/60.0.3112.107 Mobile Safari/537.36"
169.150.247.0 - - [14/Jul/2025:06:55:03 +0200] "GET /wp-content/themes/busiprof-pro/print.css HTTP/1.1" 404 2655 "-" "WordPress/6.8.1; https://www.gebaeudetechnik.nrw"
196.251.66.0 - - [14/Jul/2025:06:55:03 +0200] "GET /wp-content/plugins/pwnd/pwnd.php HTTP/1.1" 200 48601 "https://www.google.com" "Mozilla/5.0 (Linux; Android 7.0; SM-G892A Build/NRD90M; wv) AppleWebKit/537.36 (KHTML, Gecko) Version/4.0 Chrome/60.0.3112.107 Mobile Safari/537.36"
169.150.247.0 - - [14/Jul/2025:06:55:08 +0200] "GET /wp-content/themes/busiprof-pro/print.css HTTP/1.1" 404 2655 "-" "WordPress/6.8.1; https://www.gebaeudetechnik.nrw"
196.251.66.0 - - [14/Jul/2025:06:55:08 +0200] "GET /wp-content/plugins/pwnd-1/pwnd.php HTTP/1.1" 200 48601 "https://www.google.com" "Mozilla/5.0 (Linux; Android 7.0; SM-G892A Build/NRD90M; wv) AppleWebKit/537.36 (KHTML, Gecko) Version/4.0 Chrome/60.0.3112.107 Mobile Safari/537.36"
169.150.247.0 - - [14/Jul/2025:06:55:12 +0200] "GET /wp-content/themes/busiprof-pro/print.css HTTP/1.1" 404 2655 "-" "WordPress/6.8.1; https://www.gebaeudetechnik.nrw"
196.251.66.0 - - [14/Jul/2025:06:55:12 +0200] "GET /wp-content/plugins/simple/simple.php HTTP/1.1" 200 48601 "https://www.google.com" "Mozilla/5.0 (Linux; Android 7.0; SM-G892A Build/NRD90M; wv) AppleWebKit/537.36 (KHTML, Gecko) Version/4.0 Chrome/60.0.3112.107 Mobile Safari/537.36"
169.150.247.0 - - [14/Jul/2025:06:55:12 +0200] "GET /wp-content/plugins/easy-social-icons/css/font-awesome/css/v4-shims.min.css HTTP/1.1" 301 310 "https://gdb-bonn.com/" "Mozilla/5.0 (Macintosh; Intel Mac OS X 10_15_7) AppleWebKit/605.1.15 (KHTML, like Gecko) Version/17.4 Safari/605.1.15 (Applebot/0.1; +http://www.apple.com/go/applebot)"
169.150.247.0 - - [14/Jul/2025:06:55:13 +0200] "GET /wp-content/cache/autoptimize/autoptimize_single_e9feb476a1223d05db5a6ed8514990c2.php HTTP/1.1" 301 320 "https://gdb-bonn.com/" "Mozilla/5.0 (Macintosh; Intel Mac OS X 10_15_7) AppleWebKit/605.1.15 (KHTML, like Gecko) Version/17.4 Safari/605.1.15 (Applebot/0.1; +http://www.apple.com/go/applebot)"
169.150.247.0 - - [14/Jul/2025:06:55:13 +0200] "GET /wp-content/cache/autoptimize/autoptimize_single_53cb7bfc409258cfea902ec2b976b2be.php HTTP/1.1" 301 320 "https://gdb-bonn.com/" "Mozilla/5.0 (Macintosh; Intel Mac OS X 10_15_7) AppleWebKit/605.1.15 (KHTML, like Gecko) Version/17.4 Safari/605.1.15 (Applebot/0.1; +http://www.apple.com/go/applebot)"
169.150.247.0 - - [14/Jul/2025:06:55:13 +0200] "GET /wp-content/cache/autoptimize/autoptimize_single_ce13632a2a809cc3c876650223b774a0.php HTTP/1.1" 301 320 "https://gdb-bonn.com/" "Mozilla/5.0 (Macintosh; Intel Mac OS X 10_15_7) AppleWebKit/605.1.15 (KHTML, like Gecko) Version/17.4 Safari/605.1.15 (Applebot/0.1; +http://www.apple.com/go/applebot)"
169.150.247.0 - - [14/Jul/2025:06:55:13 +0200] "GET /wp-content/cache/autoptimize/autoptimize_single_597d5a628786f3031396519ec07d0599.php HTTP/1.1" 301 320 "https://gdb-bonn.com/" "Mozilla/5.0 (Macintosh; Intel Mac OS X 10_15_7) AppleWebKit/605.1.15 (KHTML, like Gecko) Version/17.4 Safari/605.1.15 (Applebot/0.1; +http://www.apple.com/go/applebot)"
169.150.247.0 - - [14/Jul/2025:06:55:14 +0200] "GET /wp-content/cache/autoptimize/autoptimize_single_7be46a21d8985eacfd761d7d42c28f7c.php HTTP/1.1" 301 320 "https://gdb-bonn.com/" "Mozilla/5.0 (Macintosh; Intel Mac OS X 10_15_7) AppleWebKit/605.1.15 (KHTML, like Gecko) Version/17.4 Safari/605.1.15 (Applebot/0.1; +http://www.apple.com/go/applebot)"
169.150.247.0 - - [14/Jul/2025:06:55:14 +0200] "GET /wp-content/cache/autoptimize/autoptimize_single_bc25a68866d292ef47bb832eb3532d86.php HTTP/1.1" 301 320 "https://gdb-bonn.com/" "Mozilla/5.0 (Macintosh; Intel Mac OS X 10_15_7) AppleWebKit/605.1.15 (KHTML, like Gecko) Version/17.4 Safari/605.1.15 (Applebot/0.1; +http://www.apple.com/go/applebot)"
169.150.247.0 - - [14/Jul/2025:06:55:15 +0200] "GET /wp-content/cache/autoptimize/autoptimize_single_1716f5d361462488e2f68f75653a5290.php HTTP/1.1" 301 320 "https://gdb-bonn.com/" "Mozilla/5.0 (Macintosh; Intel Mac OS X 10_15_7) AppleWebKit/605.1.15 (KHTML, like Gecko) Version/17.4 Safari/605.1.15 (Applebot/0.1; +http://www.apple.com/go/applebot)"
169.150.247.0 - - [14/Jul/2025:06:55:15 +0200] "GET /wp-content/cache/autoptimize/autoptimize_single_994e55a4bcfbf4e0e8b1c1d7494fb679.php HTTP/1.1" 301 320 "https://gdb-bonn.com/" "Mozilla/5.0 (Macintosh; Intel Mac OS X 10_15_7) AppleWebKit/605.1.15 (KHTML, like Gecko) Version/17.4 Safari/605.1.15 (Applebot/0.1; +http://www.apple.com/go/applebot)"
169.150.247.0 - - [14/Jul/2025:06:55:15 +0200] "GET /wp-content/cache/autoptimize/autoptimize_single_334e3d08493eba0c7ffbeec7fafdd8be.php HTTP/1.1" 301 320 "https://gdb-bonn.com/" "Mozilla/5.0 (Macintosh; Intel Mac OS X 10_15_7) AppleWebKit/605.1.15 (KHTML, like Gecko) Version/17.4 Safari/605.1.15 (Applebot/0.1; +http://www.apple.com/go/applebot)"
169.150.247.0 - - [14/Jul/2025:06:55:16 +0200] "GET /wp-content/cache/autoptimize/autoptimize_single_617d3d8b8b517ddacc312957902814dd.php HTTP/1.1" 301 320 "https://gdb-bonn.com/" "Mozilla/5.0 (Macintosh; Intel Mac OS X 10_15_7) AppleWebKit/605.1.15 (KHTML, like Gecko) Version/17.4 Safari/605.1.15 (Applebot/0.1; +http://www.apple.com/go/applebot)"
169.150.247.0 - - [14/Jul/2025:06:55:16 +0200] "GET /wp-content/cache/autoptimize/autoptimize_single_d780cf740f6d55dc8e0182ae7dbaa51c.php HTTP/1.1" 301 320 "https://gdb-bonn.com/" "Mozilla/5.0 (Macintosh; Intel Mac OS X 10_15_7) AppleWebKit/605.1.15 (KHTML, like Gecko) Version/17.4 Safari/605.1.15 (Applebot/0.1; +http://www.apple.com/go/applebot)"
169.150.247.0 - - [14/Jul/2025:06:55:16 +0200] "GET /wp-content/cache/autoptimize/autoptimize_single_851f8dba812d4762ed4e16c5baf25cd6.php HTTP/1.1" 301 320 "https://gdb-bonn.com/" "Mozilla/5.0 (Macintosh; Intel Mac OS X 10_15_7) AppleWebKit/605.1.15 (KHTML, like Gecko) Version/17.4 Safari/605.1.15 (Applebot/0.1; +http://www.apple.com/go/applebot)"
169.150.247.0 - - [14/Jul/2025:06:55:17 +0200] "GET /wp-content/cache/autoptimize/autoptimize_single_3d5bf56970b9d69bc623794ceffae744.php HTTP/1.1" 301 320 "https://gdb-bonn.com/" "Mozilla/5.0 (Macintosh; Intel Mac OS X 10_15_7) AppleWebKit/605.1.15 (KHTML, like Gecko) Version/17.4 Safari/605.1.15 (Applebot/0.1; +http://www.apple.com/go/applebot)"
169.150.247.0 - - [14/Jul/2025:06:55:17 +0200] "GET /wp-content/cache/autoptimize/autoptimize_single_fc47214ab3f32d5ad24c21856dfce3dd.php HTTP/1.1" 301 320 "https://gdb-bonn.com/" "Mozilla/5.0 (Macintosh; Intel Mac OS X 10_15_7) AppleWebKit/605.1.15 (KHTML, like Gecko) Version/17.4 Safari/605.1.15 (Applebot/0.1; +http://www.apple.com/go/applebot)"
169.150.247.0 - - [14/Jul/2025:06:55:17 +0200] "GET /wp-content/cache/autoptimize/autoptimize_single_b4713df0b78aa1688c57628e4f1cab0c.php HTTP/1.1" 301 320 "https://gdb-bonn.com/" "Mozilla/5.0 (Macintosh; Intel Mac OS X 10_15_7) AppleWebKit/605.1.15 (KHTML, like Gecko) Version/17.4 Safari/605.1.15 (Applebot/0.1; +http://www.apple.com/go/applebot)"
169.150.247.0 - - [14/Jul/2025:06:55:17 +0200] "GET /wp-content/cache/autoptimize/autoptimize_single_427aa2db63001bcd0c9f0aa21e9cb9f4.php HTTP/1.1" 301 320 "https://gdb-bonn.com/" "Mozilla/5.0 (Macintosh; Intel Mac OS X 10_15_7) AppleWebKit/605.1.15 (KHTML, like Gecko) Version/17.4 Safari/605.1.15 (Applebot/0.1; +http://www.apple.com/go/applebot)"
169.150.247.0 - - [14/Jul/2025:06:55:18 +0200] "GET /wp-content/cache/autoptimize/autoptimize_single_a8b690dfa53d1c152c54d208719ee565.php HTTP/1.1" 301 320 "https://gdb-bonn.com/" "Mozilla/5.0 (Macintosh; Intel Mac OS X 10_15_7) AppleWebKit/605.1.15 (KHTML, like Gecko) Version/17.4 Safari/605.1.15 (Applebot/0.1; +http://www.apple.com/go/applebot)"
169.150.247.0 - - [14/Jul/2025:06:55:19 +0200] "GET /wp-content/cache/autoptimize/autoptimize_single_e504f77329f45f112926591bf457319b.php HTTP/1.1" 301 320 "https://gdb-bonn.com/" "Mozilla/5.0 (Macintosh; Intel Mac OS X 10_15_7) AppleWebKit/605.1.15 (KHTML, like Gecko) Version/17.4 Safari/605.1.15 (Applebot/0.1; +http://www.apple.com/go/applebot)"
169.150.247.0 - - [14/Jul/2025:06:55:19 +0200] "GET /wp-content/cache/autoptimize/autoptimize_single_0931d311c22b874b0ed3b28d5ff48ca5.php HTTP/1.1" 301 320 "https://gdb-bonn.com/" "Mozilla/5.0 (Macintosh; Intel Mac OS X 10_15_7) AppleWebKit/605.1.15 (KHTML, like Gecko) Version/17.4 Safari/605.1.15 (Applebot/0.1; +http://www.apple.com/go/applebot)"
169.150.247.0 - - [14/Jul/2025:06:55:20 +0200] "GET /wp-content/cache/autoptimize/autoptimize_single_14ed89e278d4cd61a551fcc2a47a12cf.php HTTP/1.1" 301 320 "https://gdb-bonn.com/" "Mozilla/5.0 (Macintosh; Intel Mac OS X 10_15_7) AppleWebKit/605.1.15 (KHTML, like Gecko) Version/17.4 Safari/605.1.15 (Applebot/0.1; +http://www.apple.com/go/applebot)"
169.150.247.0 - - [14/Jul/2025:06:55:20 +0200] "GET /wp-content/cache/autoptimize/autoptimize_single_b8192274dbb166adb439a1f6c0c13bdc.php HTTP/1.1" 301 320 "https://gdb-bonn.com/" "Mozilla/5.0 (Macintosh; Intel Mac OS X 10_15_7) AppleWebKit/605.1.15 (KHTML, like Gecko) Version/17.4 Safari/605.1.15 (Applebot/0.1; +http://www.apple.com/go/applebot)"
169.150.247.0 - - [14/Jul/2025:06:55:21 +0200] "GET /wp-content/themes/busiprof-pro/print.css HTTP/1.1" 404 2655 "-" "WordPress/6.8.1; https://www.gebaeudetechnik.nrw"
196.251.66.0 - - [14/Jul/2025:06:55:21 +0200] "GET /worksec.php HTTP/1.1" 200 48601 "https://www.google.com" "Mozilla/5.0 (Linux; Android 7.0; SM-G892A Build/NRD90M; wv) AppleWebKit/537.36 (KHTML, Gecko) Version/4.0 Chrome/60.0.3112.107 Mobile Safari/537.36"
169.150.247.0 - - [14/Jul/2025:06:55:21 +0200] "GET /wp-content/cache/autoptimize/autoptimize_single_d73c5b630ef6af658a3991f886f17eba.php HTTP/1.1" 301 320 "https://gdb-bonn.com/" "Mozilla/5.0 (Macintosh; Intel Mac OS X 10_15_7) AppleWebKit/605.1.15 (KHTML, like Gecko) Version/17.4 Safari/605.1.15 (Applebot/0.1; +http://www.apple.com/go/applebot)"
169.150.247.0 - - [14/Jul/2025:06:55:22 +0200] "GET /wp-content/cache/autoptimize/autoptimize_single_2a34dbc716a5013a0b987ac81ad3e30f.php HTTP/1.1" 301 320 "https://gdb-bonn.com/" "Mozilla/5.0 (Macintosh; Intel Mac OS X 10_15_7) AppleWebKit/605.1.15 (KHTML, like Gecko) Version/17.4 Safari/605.1.15 (Applebot/0.1; +http://www.apple.com/go/applebot)"
169.150.247.0 - - [14/Jul/2025:06:55:23 +0200] "GET /wp-content/cache/autoptimize/autoptimize_single_0120a766e565c046d71fa78733e379e3.php?ver=1751711279&cached=1 HTTP/1.1" 301 348 "https://gdb-bonn.com/" "Mozilla/5.0 (Macintosh; Intel Mac OS X 10_15_7) AppleWebKit/605.1.15 (KHTML, like Gecko) Version/17.4 Safari/605.1.15 (Applebot/0.1; +http://www.apple.com/go/applebot)"
169.150.247.0 - - [14/Jul/2025:06:55:23 +0200] "GET /wp-content/cache/autoptimize/autoptimize_single_5aa421d9e9afa106dddc9a386ef9ac83.php?ver=1749121413&cached=1 HTTP/1.1" 301 348 "https://gdb-bonn.com/" "Mozilla/5.0 (Macintosh; Intel Mac OS X 10_15_7) AppleWebKit/605.1.15 (KHTML, like Gecko) Version/17.4 Safari/605.1.15 (Applebot/0.1; +http://www.apple.com/go/applebot)"
169.150.247.0 - - [14/Jul/2025:06:55:23 +0200] "GET /wp-content/cache/autoptimize/autoptimize_single_689d862214578091f93eb574dd07c438.php HTTP/1.1" 301 320 "https://gdb-bonn.com/" "Mozilla/5.0 (Macintosh; Intel Mac OS X 10_15_7) AppleWebKit/605.1.15 (KHTML, like Gecko) Version/17.4 Safari/605.1.15 (Applebot/0.1; +http://www.apple.com/go/applebot)"
169.150.247.0 - - [14/Jul/2025:06:55:24 +0200] "GET /wp-content/cache/autoptimize/autoptimize_single_44695661794093c8bcec24e46354ea4d.php?ver=1751711279&cached=1 HTTP/1.1" 301 348 "https://gdb-bonn.com/" "Mozilla/5.0 (Macintosh; Intel Mac OS X 10_15_7) AppleWebKit/605.1.15 (KHTML, like Gecko) Version/17.4 Safari/605.1.15 (Applebot/0.1; +http://www.apple.com/go/applebot)"
169.150.247.0 - - [14/Jul/2025:06:55:24 +0200] "GET /wp-content/cache/autoptimize/autoptimize_single_1157e4fedfce915745abfaad71cac87c.php?ver=1749121413&cached=1 HTTP/1.1" 301 348 "https://gdb-bonn.com/" "Mozilla/5.0 (Macintosh; Intel Mac OS X 10_15_7) AppleWebKit/605.1.15 (KHTML, like Gecko) Version/17.4 Safari/605.1.15 (Applebot/0.1; +http://www.apple.com/go/applebot)"
169.150.247.0 - - [14/Jul/2025:06:55:24 +0200] "GET /wp-content/themes/busiprof-pro/print.css HTTP/1.1" 404 2655 "-" "WordPress/6.8.1; https://www.gebaeudetechnik.nrw"
196.251.66.0 - - [14/Jul/2025:06:55:24 +0200] "GET /wp-content/worksec.php HTTP/1.1" 200 48601 "https://www.google.com" "Mozilla/5.0 (Linux; Android 7.0; SM-G892A Build/NRD90M; wv) AppleWebKit/537.36 (KHTML, Gecko) Version/4.0 Chrome/60.0.3112.107 Mobile Safari/537.36"
169.150.247.0 - - [14/Jul/2025:06:55:25 +0200] "GET /wp-content/cache/autoptimize/autoptimize_single_b6aeb905a718d7249651175caef87dde.php HTTP/1.1" 301 320 "https://gdb-bonn.com/" "Mozilla/5.0 (Macintosh; Intel Mac OS X 10_15_7) AppleWebKit/605.1.15 (KHTML, like Gecko) Version/17.4 Safari/605.1.15 (Applebot/0.1; +http://www.apple.com/go/applebot)"
196.251.66.0 - - [14/Jul/2025:06:55:28 +0200] "GET /wp-content/cache/index.php HTTP/1.1" 200 - "https://www.google.com" "Mozilla/5.0 (Linux; Android 7.0; SM-G892A Build/NRD90M; wv) AppleWebKit/537.36 (KHTML, Gecko) Version/4.0 Chrome/60.0.3112.107 Mobile Safari/537.36"
196.251.66.0 - - [14/Jul/2025:06:55:29 +0200] "GET /wp-content/cache/ HTTP/1.1" 403 2584 "https://www.google.com" "Mozilla/5.0 (Linux; Android 7.0; SM-G892A Build/NRD90M; wv) AppleWebKit/537.36 (KHTML, Gecko) Version/4.0 Chrome/60.0.3112.107 Mobile Safari/537.36"
196.251.66.0 - - [14/Jul/2025:06:55:31 +0200] "GET /wp-content/index.php HTTP/1.1" 200 - "https://www.google.com" "Mozilla/5.0 (Linux; Android 7.0; SM-G892A Build/NRD90M; wv) AppleWebKit/537.36 (KHTML, Gecko) Version/4.0 Chrome/60.0.3112.107 Mobile Safari/537.36"
196.251.66.0 - - [14/Jul/2025:06:55:34 +0200] "GET /wp-content/languages/index.php HTTP/1.1" 200 - "https://www.google.com" "Mozilla/5.0 (Linux; Android 7.0; SM-G892A Build/NRD90M; wv) AppleWebKit/537.36 (KHTML, Gecko) Version/4.0 Chrome/60.0.3112.107 Mobile Safari/537.36"
196.251.66.0 - - [14/Jul/2025:06:55:34 +0200] "GET /wp-content/languages/ HTTP/1.1" 403 2584 "https://www.google.com" "Mozilla/5.0 (Linux; Android 7.0; SM-G892A Build/NRD90M; wv) AppleWebKit/537.36 (KHTML, Gecko) Version/4.0 Chrome/60.0.3112.107 Mobile Safari/537.36"
196.251.66.0 - - [14/Jul/2025:06:55:36 +0200] "GET /wp-content/plugins/index.php HTTP/1.1" 200 - "https://www.google.com" "Mozilla/5.0 (Linux; Android 7.0; SM-G892A Build/NRD90M; wv) AppleWebKit/537.36 (KHTML, Gecko) Version/4.0 Chrome/60.0.3112.107 Mobile Safari/537.36"
196.251.66.0 - - [14/Jul/2025:06:55:37 +0200] "GET /wp-content/themes/index.php HTTP/1.1" 200 - "https://www.google.com" "Mozilla/5.0 (Linux; Android 7.0; SM-G892A Build/NRD90M; wv) AppleWebKit/537.36 (KHTML, Gecko) Version/4.0 Chrome/60.0.3112.107 Mobile Safari/537.36"
