116.202.13.0 - - [10/Mar/2025:11:40:27 +0100] "GET /wp-content/cache/autoptimize/autoptimize_single_3d5bf56970b9d69bc623794ceffae744.php HTTP/2.0" 200 2546 "https://gdb-bonn.com/" "Mozilla/5.0 (Windows NT 10.0; Win64; x64) AppleWebKit/537.36 (KHTML, like Gecko) Chrome/131.0.0.0 Safari/537.36"
116.202.13.0 - - [10/Mar/2025:11:40:27 +0100] "GET /wp-content/cache/autoptimize/autoptimize_single_617d3d8b8b517ddacc312957902814dd.php HTTP/2.0" 200 2847 "https://gdb-bonn.com/" "Mozilla/5.0 (Windows NT 10.0; Win64; x64) AppleWebKit/537.36 (KHTML, like Gecko) Chrome/131.0.0.0 Safari/537.36"
116.202.13.0 - - [10/Mar/2025:11:40:27 +0100] "GET /wp-content/cache/autoptimize/autoptimize_single_97ff155d262ee4d794053e99e87ee321.php?ver=1718269816&cached=1 HTTP/2.0" 200 2051 "https://gdb-bonn.com/" "Mozilla/5.0 (Windows NT 10.0; Win64; x64) AppleWebKit/537.36 (KHTML, like Gecko) Chrome/131.0.0.0 Safari/537.36"
116.202.13.0 - - [10/Mar/2025:11:40:27 +0100] "GET /wp-content/cache/autoptimize/autoptimize_single_851f8dba812d4762ed4e16c5baf25cd6.php HTTP/2.0" 200 3183 "https://gdb-bonn.com/" "Mozilla/5.0 (Windows NT 10.0; Win64; x64) AppleWebKit/537.36 (KHTML, like Gecko) Chrome/131.0.0.0 Safari/537.36"
116.202.13.0 - - [10/Mar/2025:11:40:27 +0100] "GET /wp-content/cache/autoptimize/autoptimize_single_b6aeb905a718d7249651175caef87dde.php HTTP/2.0" 200 5879 "https://gdb-bonn.com/" "Mozilla/5.0 (Windows NT 10.0; Win64; x64) AppleWebKit/537.36 (KHTML, like Gecko) Chrome/131.0.0.0 Safari/537.36"
116.202.13.0 - - [10/Mar/2025:11:40:27 +0100] "GET /wp-content/cache/autoptimize/autoptimize_single_2b34beb6e10a768bf505b76375371f1e.php HTTP/2.0" 200 14795 "https://gdb-bonn.com/" "Mozilla/5.0 (Windows NT 10.0; Win64; x64) AppleWebKit/537.36 (KHTML, like Gecko) Chrome/131.0.0.0 Safari/537.36"
116.202.13.0 - - [10/Mar/2025:11:40:27 +0100] "GET /wp-content/plugins/easy-social-icons/css/font-awesome/css/v4-shims.min.css HTTP/2.0" 200 4080 "https://gdb-bonn.com/" "Mozilla/5.0 (Windows NT 10.0; Win64; x64) AppleWebKit/537.36 (KHTML, like Gecko) Chrome/131.0.0.0 Safari/537.36"
116.202.13.0 - - [10/Mar/2025:11:40:27 +0100] "GET /wp-content/cache/autoptimize/autoptimize_single_32be890c5913ca45460595124c12e18e.php HTTP/2.0" 200 3675 "https://gdb-bonn.com/" "Mozilla/5.0 (Windows NT 10.0; Win64; x64) AppleWebKit/537.36 (KHTML, like Gecko) Chrome/131.0.0.0 Safari/537.36"
116.202.13.0 - - [10/Mar/2025:11:40:27 +0100] "GET /wp-content/cache/autoptimize/autoptimize_single_06b3ed89f3c425c7ab4c3ffbb90ebe86.php HTTP/2.0" 200 1522 "https://gdb-bonn.com/" "Mozilla/5.0 (Windows NT 10.0; Win64; x64) AppleWebKit/537.36 (KHTML, like Gecko) Chrome/131.0.0.0 Safari/537.36"
116.202.13.0 - - [10/Mar/2025:11:40:27 +0100] "GET /wp-content/cache/autoptimize/autoptimize_single_2a34dbc716a5013a0b987ac81ad3e30f.php HTTP/2.0" 200 1935 "https://gdb-bonn.com/" "Mozilla/5.0 (Windows NT 10.0; Win64; x64) AppleWebKit/537.36 (KHTML, like Gecko) Chrome/131.0.0.0 Safari/537.36"
116.202.13.0 - - [10/Mar/2025:11:40:27 +0100] "GET /wp-includes/css/dist/block-library/style.min.css HTTP/2.0" 200 14991 "https://gdb-bonn.com/" "Mozilla/5.0 (Windows NT 10.0; Win64; x64) AppleWebKit/537.36 (KHTML, like Gecko) Chrome/131.0.0.0 Safari/537.36"
116.202.13.0 - - [10/Mar/2025:11:40:27 +0100] "GET /wp-content/cache/autoptimize/autoptimize_single_7e63c2dfb2c6011146bc171f6b46f564.php HTTP/2.0" 200 164 "https://gdb-bonn.com/" "Mozilla/5.0 (Windows NT 10.0; Win64; x64) AppleWebKit/537.36 (KHTML, like Gecko) Chrome/131.0.0.0 Safari/537.36"
116.202.13.0 - - [10/Mar/2025:11:40:27 +0100] "GET /wp-content/cache/autoptimize/autoptimize_single_fb5d24687889dd4144fa32e7161bd627.php HTTP/2.0" 200 970 "https://gdb-bonn.com/" "Mozilla/5.0 (Windows NT 10.0; Win64; x64) AppleWebKit/537.36 (KHTML, like Gecko) Chrome/131.0.0.0 Safari/537.36"
116.202.13.0 - - [10/Mar/2025:11:40:27 +0100] "GET /wp-includes/js/jquery/ui/sortable.min.js HTTP/2.0" 200 6565 "https://gdb-bonn.com/" "Mozilla/5.0 (Windows NT 10.0; Win64; x64) AppleWebKit/537.36 (KHTML, like Gecko) Chrome/131.0.0.0 Safari/537.36"
116.202.13.0 - - [10/Mar/2025:11:40:27 +0100] "GET /wp-content/cache/autoptimize/autoptimize_single_4dd028d8d2ffd9691a4e8ed23fc9e3a5.php?ver=1718269816&cached=1 HTTP/2.0" 200 1220 "https://gdb-bonn.com/" "Mozilla/5.0 (Windows NT 10.0; Win64; x64) AppleWebKit/537.36 (KHTML, like Gecko) Chrome/131.0.0.0 Safari/537.36"
116.202.13.0 - - [10/Mar/2025:11:40:27 +0100] "GET /wp-content/cache/autoptimize/autoptimize_single_0d8a9fff3ec3feb8387b9a8683853f8b.php?ver=1718269816&cached=1 HTTP/2.0" 200 19794 "https://gdb-bonn.com/" "Mozilla/5.0 (Windows NT 10.0; Win64; x64) AppleWebKit/537.36 (KHTML, like Gecko) Chrome/131.0.0.0 Safari/537.36"
116.202.13.0 - - [10/Mar/2025:11:40:27 +0100] "GET /wp-content/themes/busiprof-pro/css/font-awesome/fonts/fontawesome-webfont.woff?v=4.7.0 HTTP/2.0" 404 2920 "https://gdb-bonn.com/" "Mozilla/5.0 (Windows NT 10.0; Win64; x64) AppleWebKit/537.36 (KHTML, like Gecko) Chrome/131.0.0.0 Safari/537.36"
116.202.13.0 - - [10/Mar/2025:11:40:27 +0100] "GET /wp-content/themes/busiprof-pro/css/font-awesome/webfonts/fa-brands-400.woff2 HTTP/2.0" 200 117389 "https://gebaeudetechnik.b-cdn.net/" "Mozilla/5.0 (Windows NT 10.0; Win64; x64) AppleWebKit/537.36 (KHTML, like Gecko) Chrome/131.0.0.0 Safari/537.36"
116.202.13.0 - - [10/Mar/2025:11:40:27 +0100] "GET /wp-content/themes/busiprof-pro/css/font-awesome/webfonts/fa-solid-900.woff2 HTTP/2.0" 200 156539 "https://gebaeudetechnik.b-cdn.net/" "Mozilla/5.0 (Windows NT 10.0; Win64; x64) AppleWebKit/537.36 (KHTML, like Gecko) Chrome/131.0.0.0 Safari/537.36"
116.202.13.0 - - [10/Mar/2025:11:40:27 +0100] "GET /wp-content/themes/busiprof-pro/css/font-awesome/fonts/fontawesome-webfont.ttf?v=4.7.0 HTTP/2.0" 404 2918 "https://gdb-bonn.com/" "Mozilla/5.0 (Windows NT 10.0; Win64; x64) AppleWebKit/537.36 (KHTML, like Gecko) Chrome/131.0.0.0 Safari/537.36"
116.202.13.0 - - [10/Mar/2025:11:40:27 +0100] "GET /wp-content/themes/busiprof-pro/css/font-awesome/webfonts/fa-regular-400.woff2 HTTP/2.0" 200 25475 "https://gebaeudetechnik.b-cdn.net/" "Mozilla/5.0 (Windows NT 10.0; Win64; x64) AppleWebKit/537.36 (KHTML, like Gecko) Chrome/131.0.0.0 Safari/537.36"
116.202.13.0 - - [10/Mar/2025:11:40:27 +0100] "GET /wp-content/cache/autoptimize/autoptimize_single_1ad2e4f6ceb51a868c6bd7a3e0bc4fab.php HTTP/2.0" 200 1526 "https://gdb-bonn.com/" "Mozilla/5.0 (Windows NT 10.0; Win64; x64) AppleWebKit/537.36 (KHTML, like Gecko) Chrome/131.0.0.0 Safari/537.36"
116.202.13.0 - - [10/Mar/2025:11:40:27 +0100] "GET /wp-content/cache/autoptimize/autoptimize_single_fc47214ab3f32d5ad24c21856dfce3dd.php HTTP/2.0" 200 1533 "https://gdb-bonn.com/" "Mozilla/5.0 (Windows NT 10.0; Win64; x64) AppleWebKit/537.36 (KHTML, like Gecko) Chrome/131.0.0.0 Safari/537.36"
116.202.13.0 - - [10/Mar/2025:11:40:27 +0100] "GET /wp-content/cache/autoptimize/autoptimize_single_d780cf740f6d55dc8e0182ae7dbaa51c.php HTTP/2.0" 200 198951 "https://gdb-bonn.com/" "Mozilla/5.0 (Windows NT 10.0; Win64; x64) AppleWebKit/537.36 (KHTML, like Gecko) Chrome/131.0.0.0 Safari/537.36"
116.202.13.0 - - [10/Mar/2025:11:40:27 +0100] "GET /wp-content/cache/autoptimize/autoptimize_single_dd7b7706d324569a9f45e5e440a12a6a.php HTTP/2.0" 200 1710 "https://gdb-bonn.com/" "Mozilla/5.0 (Windows NT 10.0; Win64; x64) AppleWebKit/537.36 (KHTML, like Gecko) Chrome/131.0.0.0 Safari/537.36"
116.202.13.0 - - [10/Mar/2025:11:40:27 +0100] "GET /wp-content/cache/autoptimize/autoptimize_single_bc25a68866d292ef47bb832eb3532d86.php HTTP/2.0" 200 187025 "https://gdb-bonn.com/" "Mozilla/5.0 (Windows NT 10.0; Win64; x64) AppleWebKit/537.36 (KHTML, like Gecko) Chrome/131.0.0.0 Safari/537.36"
116.202.13.0 - - [10/Mar/2025:11:40:27 +0100] "GET /wp-content/cache/autoptimize/autoptimize_single_19e0aab77a65149633ba58f2dfeb7ebb.php HTTP/2.0" 200 7198 "https://gdb-bonn.com/" "Mozilla/5.0 (Windows NT 10.0; Win64; x64) AppleWebKit/537.36 (KHTML, like Gecko) Chrome/131.0.0.0 Safari/537.36"
116.202.13.0 - - [10/Mar/2025:11:40:27 +0100] "GET /wp-content/cache/autoptimize/autoptimize_single_b8192274dbb166adb439a1f6c0c13bdc.php HTTP/2.0" 200 1342 "https://gdb-bonn.com/" "Mozilla/5.0 (Windows NT 10.0; Win64; x64) AppleWebKit/537.36 (KHTML, like Gecko) Chrome/131.0.0.0 Safari/537.36"
116.202.13.0 - - [10/Mar/2025:11:40:27 +0100] "GET /wp-content/cache/autoptimize/autoptimize_single_0ebea01f110cd0ec92c68815ee0aad47.php?ver=1718269816&cached=1 HTTP/2.0" 200 1357 "https://gdb-bonn.com/" "Mozilla/5.0 (Windows NT 10.0; Win64; x64) AppleWebKit/537.36 (KHTML, like Gecko) Chrome/131.0.0.0 Safari/537.36"
116.202.13.0 - - [10/Mar/2025:11:40:27 +0100] "GET /wp-content/cache/autoptimize/autoptimize_single_0931d311c22b874b0ed3b28d5ff48ca5.php HTTP/2.0" 200 2413 "https://gdb-bonn.com/" "Mozilla/5.0 (Windows NT 10.0; Win64; x64) AppleWebKit/537.36 (KHTML, like Gecko) Chrome/131.0.0.0 Safari/537.36"
116.202.13.0 - - [10/Mar/2025:11:40:27 +0100] "GET /wp-content/cache/autoptimize/autoptimize_single_14ed89e278d4cd61a551fcc2a47a12cf.php HTTP/2.0" 200 686 "https://gdb-bonn.com/" "Mozilla/5.0 (Windows NT 10.0; Win64; x64) AppleWebKit/537.36 (KHTML, like Gecko) Chrome/131.0.0.0 Safari/537.36"
116.202.13.0 - - [10/Mar/2025:11:40:27 +0100] "GET /wp-content/cache/autoptimize/autoptimize_single_44695661794093c8bcec24e46354ea4d.php?ver=1718269816&cached=1 HTTP/2.0" 200 1876 "https://gdb-bonn.com/" "Mozilla/5.0 (Windows NT 10.0; Win64; x64) AppleWebKit/537.36 (KHTML, like Gecko) Chrome/131.0.0.0 Safari/537.36"
116.202.13.0 - - [10/Mar/2025:11:40:27 +0100] "GET /wp-content/cache/autoptimize/autoptimize_single_7617c83d87bea3af727261b8ab9f28e3.php HTTP/2.0" 200 2432 "https://gdb-bonn.com/" "Mozilla/5.0 (Windows NT 10.0; Win64; x64) AppleWebKit/537.36 (KHTML, like Gecko) Chrome/131.0.0.0 Safari/537.36"
116.202.13.0 - - [10/Mar/2025:11:40:27 +0100] "GET /wp-content/cache/autoptimize/autoptimize_single_c1244387c1a757b0a2bd442e344e420e.php HTTP/2.0" 200 793 "https://gdb-bonn.com/" "Mozilla/5.0 (Windows NT 10.0; Win64; x64) AppleWebKit/537.36 (KHTML, like Gecko) Chrome/131.0.0.0 Safari/537.36"
116.202.13.0 - - [10/Mar/2025:11:40:27 +0100] "GET /wp-content/cache/autoptimize/autoptimize_single_ce13632a2a809cc3c876650223b774a0.php HTTP/2.0" 200 1645 "https://gdb-bonn.com/" "Mozilla/5.0 (Windows NT 10.0; Win64; x64) AppleWebKit/537.36 (KHTML, like Gecko) Chrome/131.0.0.0 Safari/537.36"
116.202.13.0 - - [10/Mar/2025:11:40:27 +0100] "GET /wp-content/cache/autoptimize/autoptimize_single_d73c5b630ef6af658a3991f886f17eba.php HTTP/2.0" 200 710 "https://gdb-bonn.com/" "Mozilla/5.0 (Windows NT 10.0; Win64; x64) AppleWebKit/537.36 (KHTML, like Gecko) Chrome/131.0.0.0 Safari/537.36"
116.202.13.0 - - [10/Mar/2025:11:40:28 +0100] "GET /wp-content/fonts/droid-sans/SlGVmQWMvZQIdix7AFxXkHNSbQ.woff2 HTTP/2.0" 200 21247 "https://gebaeudetechnik.nrw/" "Mozilla/5.0 (Windows NT 10.0; Win64; x64) AppleWebKit/537.36 (KHTML, like Gecko) Chrome/131.0.0.0 Safari/537.36"
116.202.13.0 - - [10/Mar/2025:11:40:28 +0100] "GET /wp-content/fonts/montserrat/JTUSjIg1_i6t8kCHKm459Wlhyw.woff2 HTTP/2.0" 200 30951 "https://gebaeudetechnik.nrw/" "Mozilla/5.0 (Windows NT 10.0; Win64; x64) AppleWebKit/537.36 (KHTML, like Gecko) Chrome/131.0.0.0 Safari/537.36"
116.202.13.0 - - [10/Mar/2025:11:40:28 +0100] "GET /wp-content/fonts/droid-serif/tDbK2oqRg1oM3QBjjcaDkOr4nAfcHg.woff2 HTTP/2.0" 200 20475 "https://gebaeudetechnik.nrw/" "Mozilla/5.0 (Windows NT 10.0; Win64; x64) AppleWebKit/537.36 (KHTML, like Gecko) Chrome/131.0.0.0 Safari/537.36"
116.202.13.0 - - [10/Mar/2025:11:40:28 +0100] "GET /wp-content/plugins/borlabs-cookie/assets/images/borlabs-cookie-icon-black.svg HTTP/2.0" 200 4190 "https://gdb-bonn.com/" "Mozilla/5.0 (Windows NT 10.0; Win64; x64) AppleWebKit/537.36 (KHTML, like Gecko) Chrome/131.0.0.0 Safari/537.36"
116.202.13.0 - - [10/Mar/2025:11:40:28 +0100] "GET /wp-content/uploads/2023/10/cropped-favicon-32x32.png HTTP/2.0" 200 1903 "https://gdb-bonn.com/" "Mozilla/5.0 (Windows NT 10.0; Win64; x64) AppleWebKit/537.36 (KHTML, like Gecko) Chrome/131.0.0.0 Safari/537.36"
82.223.102.0 - - [10/Mar/2025:11:40:28 +0100] "POST /xmlrpc.php HTTP/1.1" 403 2604 "http://gebaeudetechnik.nrw" "Mozilla/5.0 (Macintosh; Intel Mac OS X 10_15_7) AppleWebKit/537.36 (KHTML, like Gecko) Chrome/112.0.5615.138 Safari/537.36"
2a05:d01c:b43:8a10:: - - [10/Mar/2025:11:41:02 +0100] "\x16\x03\x01" 400 226 "-" "-"
196.251.85.0 - - [10/Mar/2025:11:43:29 +0100] "GET /login.rsp HTTP/1.1" 404 2549 "-" "Hello World"
2a05:d01c:b43:8a10:: - - [10/Mar/2025:11:44:30 +0100] "GET /cgi-bin/login.cgi HTTP/1.1" 404 2669 "-" "'Mozilla/5.0 (compatible; GenomeCrawlerd/1.0; https://www.nokia.com/genomecrawler)'"
5.181.3.0 - - [10/Mar/2025:11:46:09 +0100] "GET /reports/usage_202402.html HTTP/1.0" 200 91181 "https://www.seattlestowncar.com" "Mozilla/5.0 (Windows NT 10.0; Win64; x64) AppleWebKit/537.36 (KHTML, like Gecko) Chrome/129.0.0.0 Safari/537.36"
45.148.10.0 - - [10/Mar/2025:11:46:15 +0100] "\x16\x03\x01" 400 226 "-" "-"
45.148.10.0 - - [10/Mar/2025:11:46:15 +0100] "GET / HTTP/1.1" 400 226 "-" "-"
45.148.10.0 - - [10/Mar/2025:11:46:15 +0100] "GET / HTTP/1.1" 200 3510 "-" "l9tcpid/v1.1.0"
45.148.10.0 - - [10/Mar/2025:11:46:15 +0100] "GET /lib/js/.git/config HTTP/1.1" 404 2567 "-" "l9explore/1.2.2"
45.148.10.0 - - [10/Mar/2025:11:46:15 +0100] "GET /releases/.git/config HTTP/1.1" 404 2571 "-" "l9explore/1.2.2"
45.148.10.0 - - [10/Mar/2025:11:46:15 +0100] "GET /cms/.git/config HTTP/1.1" 404 2561 "-" "l9explore/1.2.2"
45.148.10.0 - - [10/Mar/2025:11:46:15 +0100] "GET /modules/.git/config HTTP/1.1" 404 2569 "-" "l9explore/1.2.2"
2a05:d01c:b43:8a10:: - - [10/Mar/2025:11:46:33 +0100] "\x16\x03\x01" 400 226 "-" "-"
208.102.51.0 - - [10/Mar/2025:11:49:43 +0100] "GET /reports/usage_202403.html HTTP/1.0" 200 92683 "https://xn--kr11-rzb.com" "Mozilla/5.0 (Windows NT 10.0; Win64; x64) AppleWebKit/537.36 (KHTML, like Gecko) Chrome/131.0.0.0 Safari/537.36"
2a05:d01c:b43:8a10:: - - [10/Mar/2025:11:50:00 +0100] "GET /login.htm HTTP/1.1" 404 2653 "-" "'Mozilla/5.0 (compatible; GenomeCrawlerd/1.0; https://www.nokia.com/genomecrawler)'"
72.49.49.0 - - [10/Mar/2025:11:50:21 +0100] "GET /reports/usage_202403.html HTTP/1.0" 200 92683 "https://xn--krken12-bn4c.com" "Mozilla/5.0 (Windows NT 10.0; Win64; x64) AppleWebKit/537.36 (KHTML, like Gecko) Chrome/130.0.0.0 Safari/537.36 CCleaner/130.0.0.0"
67.201.58.0 - - [10/Mar/2025:11:50:48 +0100] "GET /reports/usage_202403.html HTTP/1.0" 200 92683 "https://xn--rakn-f0a1446b.com" "Mozilla/5.0 (Windows NT 10.0; Win64; x64) AppleWebKit/537.36 (KHTML, like Gecko) Chrome/130.0.0.0 Safari/537.36 CCleaner/130.0.0.0"
2a05:d01c:b43:8a10:: - - [10/Mar/2025:11:52:09 +0100] "\x16\x03\x01" 400 226 "-" "-"
2a05:d01c:b43:8a10:: - - [10/Mar/2025:11:55:36 +0100] "GET /login.html HTTP/1.1" 404 2655 "-" "'Mozilla/5.0 (compatible; GenomeCrawlerd/1.0; https://www.nokia.com/genomecrawler)'"
54.36.149.0 - - [10/Mar/2025:11:57:32 +0100] "GET / HTTP/2.0" 200 705 "-" "Mozilla/5.0 (compatible; AhrefsBot/7.0; +http://ahrefs.com/robot/)"
2a05:d01c:b43:8a10:: - - [10/Mar/2025:11:57:43 +0100] "\x16\x03\x01" 400 226 "-" "-"
67.201.39.0 - - [10/Mar/2025:11:58:51 +0100] "GET /reports/usage_202403.html HTTP/1.0" 200 92683 "https://xn--krakn-m0a.cc" "Mozilla/5.0 (Windows NT 10.0; Win64; x64) AppleWebKit/537.36 (KHTML, like Gecko) Chrome/130.0.0.0 Safari/537.36"
72.49.49.0 - - [10/Mar/2025:11:59:02 +0100] "GET /reports/usage_202403.html HTTP/1.0" 200 92683 "https://xn--krken15-bn4c.com" "Mozilla/5.0 (Windows NT 10.0; Win64; x64) AppleWebKit/537.36 (KHTML, like Gecko) Chrome/131.0.0.0 Safari/537.36 Avast/131.0.0.0"
208.65.90.0 - - [10/Mar/2025:11:59:50 +0100] "GET /reports/usage_202403.html HTTP/1.0" 200 92683 "https://xn--krakn-9za.cc" "Mozilla/5.0 (Windows NT 10.0; Win64; x64) AppleWebKit/537.36 (KHTML, like Gecko) Chrome/131.0.0.0 Safari/537.36"
5.181.3.0 - - [10/Mar/2025:11:59:53 +0100] "GET /reports/usage_202402.html HTTP/1.0" 200 91181 "https://www.seattlestowncar.com" "Mozilla/5.0 (Windows NT 10.0; Win64; x64) AppleWebKit/537.36 (KHTML, like Gecko) Chrome/131.0.0.0 Safari/537.36"
35.203.210.0 - - [10/Mar/2025:12:00:48 +0100] "GET / HTTP/1.1" 200 730 "-" "Expanse, a Palo Alto Networks company, searches across the global IPv4 space multiple times per day to identify customers' presences on the Internet. If you would like to be excluded from our scans, please send IP addresses/domains to: scaninfo@paloaltonetworks.com"
2a05:d01c:b43:8a10:: - - [10/Mar/2025:12:01:12 +0100] "GET /login.jsp HTTP/1.1" 404 2653 "-" "'Mozilla/5.0 (compatible; GenomeCrawlerd/1.0; https://www.nokia.com/genomecrawler)'"
64.62.156.0 - - [10/Mar/2025:12:01:13 +0100] "GET / HTTP/1.1" 200 727 "-" "Mozilla/5.0 (Macintosh; Intel Mac OS X 10_15_7) AppleWebKit/605.1.15 (KHTML, like Gecko) Version/16.3 Safari/605.1.15"
2a01:238:43f8:5f00:: - - [10/Mar/2025:12:01:28 +0100] "POST /wp-cron.php?doing_wp_cron=1741604488.5064709186553955078125 HTTP/1.1" 200 - "-" "BsI0DG7zgqiD"
157.55.39.0 - - [10/Mar/2025:12:01:27 +0100] "GET /facility-management.html HTTP/2.0" 200 48509 "-" "Mozilla/5.0 AppleWebKit/537.36 (KHTML, like Gecko; compatible; bingbot/2.0; +http://www.bing.com/bingbot.htm) Chrome/116.0.1938.76 Safari/537.36"
185.228.132.0 - - [10/Mar/2025:12:02:16 +0100] "GET /reports/usage_202402.html HTTP/1.0" 200 91181 "https://seattle-towncar.com/seattle-professional-chauffeur-service/" "Mozilla/5.0 (Windows NT 10.0; Win64; x64) AppleWebKit/537.36 (KHTML, like Gecko) Chrome/130.0.0.0 Safari/537.36 CCleaner/130.0.0.0"
209.121.189.0 - - [10/Mar/2025:12:03:05 +0100] "GET / HTTP/1.1" 503 1828 "-" "Mozilla/5.0 (Windows NT 10.0; Win64; x64) AppleWebKit/537.36 (KHTML, like Gecko) Chrome/58.0.3029.110 Safari/537.3"
2a05:d01c:b43:8a10:: - - [10/Mar/2025:12:03:17 +0100] "\x16\x03\x01" 400 226 "-" "-"
64.62.156.0 - - [10/Mar/2025:12:04:21 +0100] "GET /favicon.ico HTTP/1.1" 404 2553 "-" "Mozilla/5.0 (Macintosh; Intel Mac OS X 10_15_7) AppleWebKit/537.36 (KHTML, like Gecko) Chrome/122.0.0.0 Safari/537.36"
64.62.156.0 - - [10/Mar/2025:12:05:21 +0100] "GET /geoserver/web/ HTTP/1.1" 404 2559 "-" "Mozilla/5.0 (Macintosh; Intel Mac OS X 10_15_7) AppleWebKit/605.1.15 (KHTML, like Gecko) Version/16.3 Safari/605.1.15"
2a05:d01c:b43:8a10:: - - [10/Mar/2025:12:06:45 +0100] "GET /login HTTP/1.1" 404 2645 "-" "'Mozilla/5.0 (compatible; GenomeCrawlerd/1.0; https://www.nokia.com/genomecrawler)'"
2001:1600:16:11:: - - [10/Mar/2025:12:06:53 +0100] "GET //wp-content/plugins/fix/up.php HTTP/1.1" 404 2571 "-" "Mozilla/5.0 (Windows NT 10.0; Win64; x64) AppleWebKit/537.36 (KHTML, like Gecko) Chrome/85.0.4183.102 Safari/537.36"
144.126.146.0 - - [10/Mar/2025:12:07:37 +0100] "GET /_git/config HTTP/1.1" 404 2553 "-" "Mozilla/5.0 (Windows NT 10.0; Win64; x64) AppleWebKit/537.36 (KHTML, like Gecko) Chrome/123.0.0.0 Safari/537.36"
144.126.146.0 - - [10/Mar/2025:12:07:37 +0100] "GET /admin/.git/config HTTP/1.1" 404 2565 "-" "Mozilla/5.0 (Windows NT 10.0; Win64; x64) AppleWebKit/537.36 (KHTML, like Gecko) Chrome/123.0.0.0 Safari/537.36"
144.126.146.0 - - [10/Mar/2025:12:07:37 +0100] "GET /assets/.git/config HTTP/1.1" 404 2567 "-" "Mozilla/5.0 (Windows NT 10.0; Win64; x64) AppleWebKit/537.36 (KHTML, like Gecko) Chrome/123.0.0.0 Safari/537.36"
144.126.146.0 - - [10/Mar/2025:12:07:37 +0100] "GET /app/.git/config HTTP/1.1" 404 2561 "-" "Mozilla/5.0 (Windows NT 10.0; Win64; x64) AppleWebKit/537.36 (KHTML, like Gecko) Chrome/123.0.0.0 Safari/537.36"
144.126.146.0 - - [10/Mar/2025:12:07:37 +0100] "GET /build/.git/config HTTP/1.1" 404 2565 "-" "Mozilla/5.0 (Windows NT 10.0; Win64; x64) AppleWebKit/537.36 (KHTML, like Gecko) Chrome/123.0.0.0 Safari/537.36"
144.126.146.0 - - [10/Mar/2025:12:07:37 +0100] "GET /backend/.git/config HTTP/1.1" 404 2569 "-" "Mozilla/5.0 (Windows NT 10.0; Win64; x64) AppleWebKit/537.36 (KHTML, like Gecko) Chrome/123.0.0.0 Safari/537.36"
144.126.146.0 - - [10/Mar/2025:12:07:37 +0100] "GET /backup/.git/config HTTP/1.1" 404 2567 "-" "Mozilla/5.0 (Windows NT 10.0; Win64; x64) AppleWebKit/537.36 (KHTML, like Gecko) Chrome/123.0.0.0 Safari/537.36"
144.126.146.0 - - [10/Mar/2025:12:07:37 +0100] "GET /beta/.git/config HTTP/1.1" 404 2563 "-" "Mozilla/5.0 (Windows NT 10.0; Win64; x64) AppleWebKit/537.36 (KHTML, like Gecko) Chrome/123.0.0.0 Safari/537.36"
144.126.146.0 - - [10/Mar/2025:12:07:37 +0100] "GET /blog/.git/config HTTP/1.1" 404 2563 "-" "Mozilla/5.0 (Windows NT 10.0; Win64; x64) AppleWebKit/537.36 (KHTML, like Gecko) Chrome/123.0.0.0 Safari/537.36"
144.126.146.0 - - [10/Mar/2025:12:07:37 +0100] "GET /cms/.git/config HTTP/1.1" 404 2561 "-" "Mozilla/5.0 (Windows NT 10.0; Win64; x64) AppleWebKit/537.36 (KHTML, like Gecko) Chrome/123.0.0.0 Safari/537.36"
144.126.146.0 - - [10/Mar/2025:12:07:37 +0100] "GET /core/.git/config HTTP/1.1" 404 2563 "-" "Mozilla/5.0 (Windows NT 10.0; Win64; x64) AppleWebKit/537.36 (KHTML, like Gecko) Chrome/123.0.0.0 Safari/537.36"
144.126.146.0 - - [10/Mar/2025:12:07:37 +0100] "GET /data/.git/config HTTP/1.1" 404 2563 "-" "Mozilla/5.0 (Windows NT 10.0; Win64; x64) AppleWebKit/537.36 (KHTML, like Gecko) Chrome/123.0.0.0 Safari/537.36"
144.126.146.0 - - [10/Mar/2025:12:07:37 +0100] "GET /customer/.git/config HTTP/1.1" 404 2571 "-" "Mozilla/5.0 (Windows NT 10.0; Win64; x64) AppleWebKit/537.36 (KHTML, like Gecko) Chrome/123.0.0.0 Safari/537.36"
144.126.146.0 - - [10/Mar/2025:12:07:37 +0100] "GET /database/.git/config HTTP/1.1" 404 2571 "-" "Mozilla/5.0 (Windows NT 10.0; Win64; x64) AppleWebKit/537.36 (KHTML, like Gecko) Chrome/123.0.0.0 Safari/537.36"
144.126.146.0 - - [10/Mar/2025:12:07:37 +0100] "GET /deploy/.git/config HTTP/1.1" 404 2567 "-" "Mozilla/5.0 (Windows NT 10.0; Win64; x64) AppleWebKit/537.36 (KHTML, like Gecko) Chrome/123.0.0.0 Safari/537.36"
144.126.146.0 - - [10/Mar/2025:12:07:37 +0100] "GET /dev/.git/config HTTP/1.1" 404 2561 "-" "Mozilla/5.0 (Windows NT 10.0; Win64; x64) AppleWebKit/537.36 (KHTML, like Gecko) Chrome/123.0.0.0 Safari/537.36"
144.126.146.0 - - [10/Mar/2025:12:07:37 +0100] "GET /frontend/.git/config HTTP/1.1" 404 2571 "-" "Mozilla/5.0 (Windows NT 10.0; Win64; x64) AppleWebKit/537.36 (KHTML, like Gecko) Chrome/123.0.0.0 Safari/537.36"
144.126.146.0 - - [10/Mar/2025:12:07:37 +0100] "GET /download/.git/config HTTP/1.1" 404 2571 "-" "Mozilla/5.0 (Windows NT 10.0; Win64; x64) AppleWebKit/537.36 (KHTML, like Gecko) Chrome/123.0.0.0 Safari/537.36"
144.126.146.0 - - [10/Mar/2025:12:07:37 +0100] "GET /git/config HTTP/1.1" 404 2551 "-" "Mozilla/5.0 (Windows NT 10.0; Win64; x64) AppleWebKit/537.36 (KHTML, like Gecko) Chrome/123.0.0.0 Safari/537.36"
144.126.146.0 - - [10/Mar/2025:12:07:37 +0100] "GET /include/.git/config HTTP/1.1" 404 2569 "-" "Mozilla/5.0 (Windows NT 10.0; Win64; x64) AppleWebKit/537.36 (KHTML, like Gecko) Chrome/123.0.0.0 Safari/537.36"
144.126.146.0 - - [10/Mar/2025:12:07:37 +0100] "GET /html/.git/config HTTP/1.1" 404 2563 "-" "Mozilla/5.0 (Windows NT 10.0; Win64; x64) AppleWebKit/537.36 (KHTML, like Gecko) Chrome/123.0.0.0 Safari/537.36"
144.126.146.0 - - [10/Mar/2025:12:07:37 +0100] "GET /home/.git/config HTTP/1.1" 404 2563 "-" "Mozilla/5.0 (Windows NT 10.0; Win64; x64) AppleWebKit/537.36 (KHTML, like Gecko) Chrome/123.0.0.0 Safari/537.36"
144.126.146.0 - - [10/Mar/2025:12:07:37 +0100] "GET /main/.git/config HTTP/1.1" 404 2563 "-" "Mozilla/5.0 (Windows NT 10.0; Win64; x64) AppleWebKit/537.36 (KHTML, like Gecko) Chrome/123.0.0.0 Safari/537.36"
144.126.146.0 - - [10/Mar/2025:12:07:37 +0100] "GET /lib/.git/config HTTP/1.1" 404 2561 "-" "Mozilla/5.0 (Windows NT 10.0; Win64; x64) AppleWebKit/537.36 (KHTML, like Gecko) Chrome/123.0.0.0 Safari/537.36"
144.126.146.0 - - [10/Mar/2025:12:07:37 +0100] "GET /old/.git/config HTTP/1.1" 404 2561 "-" "Mozilla/5.0 (Windows NT 10.0; Win64; x64) AppleWebKit/537.36 (KHTML, like Gecko) Chrome/123.0.0.0 Safari/537.36"
144.126.146.0 - - [10/Mar/2025:12:07:37 +0100] "GET /media/.git/config HTTP/1.1" 404 2565 "-" "Mozilla/5.0 (Windows NT 10.0; Win64; x64) AppleWebKit/537.36 (KHTML, like Gecko) Chrome/123.0.0.0 Safari/537.36"
144.126.146.0 - - [10/Mar/2025:12:07:37 +0100] "GET /modules/.git/config HTTP/1.1" 404 2569 "-" "Mozilla/5.0 (Windows NT 10.0; Win64; x64) AppleWebKit/537.36 (KHTML, like Gecko) Chrome/123.0.0.0 Safari/537.36"
144.126.146.0 - - [10/Mar/2025:12:07:37 +0100] "GET /releases/.git/config HTTP/1.1" 404 2571 "-" "Mozilla/5.0 (Windows NT 10.0; Win64; x64) AppleWebKit/537.36 (KHTML, like Gecko) Chrome/123.0.0.0 Safari/537.36"
144.126.146.0 - - [10/Mar/2025:12:07:37 +0100] "GET /public/.git/config HTTP/1.1" 404 2567 "-" "Mozilla/5.0 (Windows NT 10.0; Win64; x64) AppleWebKit/537.36 (KHTML, like Gecko) Chrome/123.0.0.0 Safari/537.36"
144.126.146.0 - - [10/Mar/2025:12:07:37 +0100] "GET /private/.git/config HTTP/1.1" 404 2569 "-" "Mozilla/5.0 (Windows NT 10.0; Win64; x64) AppleWebKit/537.36 (KHTML, like Gecko) Chrome/123.0.0.0 Safari/537.36"
144.126.146.0 - - [10/Mar/2025:12:07:37 +0100] "GET /root/.git/config HTTP/1.1" 404 2563 "-" "Mozilla/5.0 (Windows NT 10.0; Win64; x64) AppleWebKit/537.36 (KHTML, like Gecko) Chrome/123.0.0.0 Safari/537.36"
144.126.146.0 - - [10/Mar/2025:12:07:37 +0100] "GET /site/.git/config HTTP/1.1" 404 2563 "-" "Mozilla/5.0 (Windows NT 10.0; Win64; x64) AppleWebKit/537.36 (KHTML, like Gecko) Chrome/123.0.0.0 Safari/537.36"
144.126.146.0 - - [10/Mar/2025:12:07:37 +0100] "GET /scripts/.git/config HTTP/1.1" 404 2569 "-" "Mozilla/5.0 (Windows NT 10.0; Win64; x64) AppleWebKit/537.36 (KHTML, like Gecko) Chrome/123.0.0.0 Safari/537.36"
144.126.146.0 - - [10/Mar/2025:12:07:37 +0100] "GET /portal/.git/config HTTP/1.1" 404 2567 "-" "Mozilla/5.0 (Windows NT 10.0; Win64; x64) AppleWebKit/537.36 (KHTML, like Gecko) Chrome/123.0.0.0 Safari/537.36"
144.126.146.0 - - [10/Mar/2025:12:07:37 +0100] "GET /source/.git/config HTTP/1.1" 404 2567 "-" "Mozilla/5.0 (Windows NT 10.0; Win64; x64) AppleWebKit/537.36 (KHTML, like Gecko) Chrome/123.0.0.0 Safari/537.36"
144.126.146.0 - - [10/Mar/2025:12:07:37 +0100] "GET /repo/.git/config HTTP/1.1" 404 2563 "-" "Mozilla/5.0 (Windows NT 10.0; Win64; x64) AppleWebKit/537.36 (KHTML, like Gecko) Chrome/123.0.0.0 Safari/537.36"
144.126.146.0 - - [10/Mar/2025:12:07:37 +0100] "GET /server/.git/config HTTP/1.1" 404 2567 "-" "Mozilla/5.0 (Windows NT 10.0; Win64; x64) AppleWebKit/537.36 (KHTML, like Gecko) Chrome/123.0.0.0 Safari/537.36"
144.126.146.0 - - [10/Mar/2025:12:07:37 +0100] "GET /projects/.git/config HTTP/1.1" 404 2571 "-" "Mozilla/5.0 (Windows NT 10.0; Win64; x64) AppleWebKit/537.36 (KHTML, like Gecko) Chrome/123.0.0.0 Safari/537.36"
144.126.146.0 - - [10/Mar/2025:12:07:37 +0100] "GET /sites/.git/config HTTP/1.1" 404 2565 "-" "Mozilla/5.0 (Windows NT 10.0; Win64; x64) AppleWebKit/537.36 (KHTML, like Gecko) Chrome/123.0.0.0 Safari/537.36"
144.126.146.0 - - [10/Mar/2025:12:07:37 +0100] "GET /repository/.git/config HTTP/1.1" 404 2575 "-" "Mozilla/5.0 (Windows NT 10.0; Win64; x64) AppleWebKit/537.36 (KHTML, like Gecko) Chrome/123.0.0.0 Safari/537.36"
144.126.146.0 - - [10/Mar/2025:12:07:37 +0100] "GET /static/.git/config HTTP/1.1" 404 2567 "-" "Mozilla/5.0 (Windows NT 10.0; Win64; x64) AppleWebKit/537.36 (KHTML, like Gecko) Chrome/123.0.0.0 Safari/537.36"
144.126.146.0 - - [10/Mar/2025:12:07:37 +0100] "GET /tmp/.git/config HTTP/1.1" 404 2561 "-" "Mozilla/5.0 (Windows NT 10.0; Win64; x64) AppleWebKit/537.36 (KHTML, like Gecko) Chrome/123.0.0.0 Safari/537.36"
144.126.146.0 - - [10/Mar/2025:12:07:37 +0100] "GET /tools/.git/config HTTP/1.1" 404 2565 "-" "Mozilla/5.0 (Windows NT 10.0; Win64; x64) AppleWebKit/537.36 (KHTML, like Gecko) Chrome/123.0.0.0 Safari/537.36"
144.126.146.0 - - [10/Mar/2025:12:07:37 +0100] "GET /upload/.git/config HTTP/1.1" 404 2567 "-" "Mozilla/5.0 (Windows NT 10.0; Win64; x64) AppleWebKit/537.36 (KHTML, like Gecko) Chrome/123.0.0.0 Safari/537.36"
144.126.146.0 - - [10/Mar/2025:12:07:37 +0100] "GET /uploads/.git/config HTTP/1.1" 404 2569 "-" "Mozilla/5.0 (Windows NT 10.0; Win64; x64) AppleWebKit/537.36 (KHTML, like Gecko) Chrome/123.0.0.0 Safari/537.36"
144.126.146.0 - - [10/Mar/2025:12:07:37 +0100] "GET /user/.git/config HTTP/1.1" 404 2563 "-" "Mozilla/5.0 (Windows NT 10.0; Win64; x64) AppleWebKit/537.36 (KHTML, like Gecko) Chrome/123.0.0.0 Safari/537.36"
144.126.146.0 - - [10/Mar/2025:12:07:37 +0100] "GET /v1/.git/config HTTP/1.1" 404 2559 "-" "Mozilla/5.0 (Windows NT 10.0; Win64; x64) AppleWebKit/537.36 (KHTML, like Gecko) Chrome/123.0.0.0 Safari/537.36"
144.126.146.0 - - [10/Mar/2025:12:07:37 +0100] "GET /web/.git/config HTTP/1.1" 404 2561 "-" "Mozilla/5.0 (Windows NT 10.0; Win64; x64) AppleWebKit/537.36 (KHTML, like Gecko) Chrome/123.0.0.0 Safari/537.36"
144.126.146.0 - - [10/Mar/2025:12:07:37 +0100] "GET /users/.git/config HTTP/1.1" 404 2565 "-" "Mozilla/5.0 (Windows NT 10.0; Win64; x64) AppleWebKit/537.36 (KHTML, like Gecko) Chrome/123.0.0.0 Safari/537.36"
144.126.146.0 - - [10/Mar/2025:12:07:37 +0100] "GET /v3/.git/config HTTP/1.1" 404 2559 "-" "Mozilla/5.0 (Windows NT 10.0; Win64; x64) AppleWebKit/537.36 (KHTML, like Gecko) Chrome/123.0.0.0 Safari/537.36"
144.126.146.0 - - [10/Mar/2025:12:07:37 +0100] "GET /var/.git/config HTTP/1.1" 404 2561 "-" "Mozilla/5.0 (Windows NT 10.0; Win64; x64) AppleWebKit/537.36 (KHTML, like Gecko) Chrome/123.0.0.0 Safari/537.36"
144.126.146.0 - - [10/Mar/2025:12:07:37 +0100] "GET /wp-content/.git/config HTTP/1.1" 404 2575 "-" "Mozilla/5.0 (Windows NT 10.0; Win64; x64) AppleWebKit/537.36 (KHTML, like Gecko) Chrome/123.0.0.0 Safari/537.36"
144.126.146.0 - - [10/Mar/2025:12:07:37 +0100] "GET /www/.git/config HTTP/1.1" 404 2561 "-" "Mozilla/5.0 (Windows NT 10.0; Win64; x64) AppleWebKit/537.36 (KHTML, like Gecko) Chrome/123.0.0.0 Safari/537.36"
144.126.146.0 - - [10/Mar/2025:12:07:37 +0100] "GET /v2/.git/config HTTP/1.1" 404 2559 "-" "Mozilla/5.0 (Windows NT 10.0; Win64; x64) AppleWebKit/537.36 (KHTML, like Gecko) Chrome/123.0.0.0 Safari/537.36"
144.126.146.0 - - [10/Mar/2025:12:07:37 +0100] "GET /webroot/.git/config HTTP/1.1" 404 2569 "-" "Mozilla/5.0 (Windows NT 10.0; Win64; x64) AppleWebKit/537.36 (KHTML, like Gecko) Chrome/123.0.0.0 Safari/537.36"
144.126.146.0 - - [10/Mar/2025:12:07:38 +0100] "GET /administrator/.git/config HTTP/1.1" 404 2581 "-" "Mozilla/5.0 (Windows NT 10.0; Win64; x64) AppleWebKit/537.36 (KHTML, like Gecko) Chrome/123.0.0.0 Safari/537.36"
144.126.146.0 - - [10/Mar/2025:12:07:38 +0100] "GET /config/.git/config HTTP/1.1" 404 2567 "-" "Mozilla/5.0 (Windows NT 10.0; Win64; x64) AppleWebKit/537.36 (KHTML, like Gecko) Chrome/123.0.0.0 Safari/537.36"
144.126.146.0 - - [10/Mar/2025:12:07:38 +0100] "GET /api/.git/config HTTP/1.1" 404 2561 "-" "Mozilla/5.0 (Windows NT 10.0; Win64; x64) AppleWebKit/537.36 (KHTML, like Gecko) Chrome/123.0.0.0 Safari/537.36"
144.126.146.0 - - [10/Mar/2025:12:07:38 +0100] "GET /new/.git/config HTTP/1.1" 404 2561 "-" "Mozilla/5.0 (Windows NT 10.0; Win64; x64) AppleWebKit/537.36 (KHTML, like Gecko) Chrome/123.0.0.0 Safari/537.36"
144.126.146.0 - - [10/Mar/2025:12:07:38 +0100] "GET /debug/.git/config HTTP/1.1" 404 2565 "-" "Mozilla/5.0 (Windows NT 10.0; Win64; x64) AppleWebKit/537.36 (KHTML, like Gecko) Chrome/123.0.0.0 Safari/537.36"
144.126.146.0 - - [10/Mar/2025:12:07:38 +0100] "GET /services/.git/config HTTP/1.1" 404 2571 "-" "Mozilla/5.0 (Windows NT 10.0; Win64; x64) AppleWebKit/537.36 (KHTML, like Gecko) Chrome/123.0.0.0 Safari/537.36"
144.126.146.0 - - [10/Mar/2025:12:07:38 +0100] "GET /production/.git/config HTTP/1.1" 404 2575 "-" "Mozilla/5.0 (Windows NT 10.0; Win64; x64) AppleWebKit/537.36 (KHTML, like Gecko) Chrome/123.0.0.0 Safari/537.36"
144.126.146.0 - - [10/Mar/2025:12:07:38 +0100] "GET /demo/.git/config HTTP/1.1" 404 2563 "-" "Mozilla/5.0 (Windows NT 10.0; Win64; x64) AppleWebKit/537.36 (KHTML, like Gecko) Chrome/123.0.0.0 Safari/537.36"
144.126.146.0 - - [10/Mar/2025:12:07:38 +0100] "GET /dist/.git/config HTTP/1.1" 404 2563 "-" "Mozilla/5.0 (Windows NT 10.0; Win64; x64) AppleWebKit/537.36 (KHTML, like Gecko) Chrome/123.0.0.0 Safari/537.36"
144.126.146.0 - - [10/Mar/2025:12:07:38 +0100] "GET /wp/.git/config HTTP/1.1" 404 2559 "-" "Mozilla/5.0 (Windows NT 10.0; Win64; x64) AppleWebKit/537.36 (KHTML, like Gecko) Chrome/123.0.0.0 Safari/537.36"
144.126.146.0 - - [10/Mar/2025:12:07:38 +0100] "GET /temp/.git/config HTTP/1.1" 404 2563 "-" "Mozilla/5.0 (Windows NT 10.0; Win64; x64) AppleWebKit/537.36 (KHTML, like Gecko) Chrome/123.0.0.0 Safari/537.36"
144.126.146.0 - - [10/Mar/2025:12:07:38 +0100] "GET /test/.git/config HTTP/1.1" 404 2563 "-" "Mozilla/5.0 (Windows NT 10.0; Win64; x64) AppleWebKit/537.36 (KHTML, like Gecko) Chrome/123.0.0.0 Safari/537.36"
144.126.146.0 - - [10/Mar/2025:12:07:38 +0100] "GET /wp-admin/.git/config HTTP/1.1" 404 2571 "-" "Mozilla/5.0 (Windows NT 10.0; Win64; x64) AppleWebKit/537.36 (KHTML, like Gecko) Chrome/123.0.0.0 Safari/537.36"
144.126.146.0 - - [10/Mar/2025:12:07:39 +0100] "GET /src/.git/config HTTP/1.1" 404 2561 "-" "Mozilla/5.0 (Windows NT 10.0; Win64; x64) AppleWebKit/537.36 (KHTML, like Gecko) Chrome/123.0.0.0 Safari/537.36"
144.126.146.0 - - [10/Mar/2025:12:07:39 +0100] "GET /staging/.git/config HTTP/1.1" 404 2569 "-" "Mozilla/5.0 (Windows NT 10.0; Win64; x64) AppleWebKit/537.36 (KHTML, like Gecko) Chrome/123.0.0.0 Safari/537.36"
144.126.146.0 - - [10/Mar/2025:12:07:40 +0100] "GET /js/.git/config HTTP/1.1" 404 2559 "-" "Mozilla/5.0 (Windows NT 10.0; Win64; x64) AppleWebKit/537.36 (KHTML, like Gecko) Chrome/123.0.0.0 Safari/537.36"
144.126.146.0 - - [10/Mar/2025:12:07:40 +0100] "GET /inc/.git/config HTTP/1.1" 404 2561 "-" "Mozilla/5.0 (Windows NT 10.0; Win64; x64) AppleWebKit/537.36 (KHTML, like Gecko) Chrome/123.0.0.0 Safari/537.36"
144.126.146.0 - - [10/Mar/2025:12:07:40 +0100] "GET /resources/.git/config HTTP/1.1" 404 2573 "-" "Mozilla/5.0 (Windows NT 10.0; Win64; x64) AppleWebKit/537.36 (KHTML, like Gecko) Chrome/123.0.0.0 Safari/537.36"
144.126.146.0 - - [10/Mar/2025:12:07:40 +0100] "GET /wordpress/.git/config HTTP/1.1" 404 2573 "-" "Mozilla/5.0 (Windows NT 10.0; Win64; x64) AppleWebKit/537.36 (KHTML, like Gecko) Chrome/123.0.0.0 Safari/537.36"
184.178.172.0 - - [10/Mar/2025:12:08:06 +0100] "GET /reports/usage_202403.html HTTP/1.0" 200 92683 "https://xn--krakn-m0a.cc" "Mozilla/5.0 (Windows NT 10.0; Win64; x64) AppleWebKit/537.36 (KHTML, like Gecko) Chrome/131.0.0.0 Safari/537.36 Avast/131.0.0.0"
66.249.66.0 - - [10/Mar/2025:12:08:16 +0100] "GET /contao/assets/contao/images/iconDXR.svg HTTP/1.1" 200 671 "-" "Googlebot-Image/1.0"
2a05:d01c:b43:8a10:: - - [10/Mar/2025:12:08:49 +0100] "\x16\x03\x01" 400 226 "-" "-"
87.121.84.0 - - [10/Mar/2025:12:08:54 +0100] "GET /cgi-bin/luci/;stok=/locale HTTP/1.1" 404 2583 "-" "-"
72.49.49.0 - - [10/Mar/2025:12:09:21 +0100] "GET /reports/usage_202403.html HTTP/1.0" 200 92683 "https://xn--kr12-rzb.com" "Mozilla/5.0 (Windows NT 10.0; Win64; x64) AppleWebKit/537.36 (KHTML, like Gecko) Chrome/129.0.0.0 Safari/537.36"
154.81.156.0 - - [10/Mar/2025:12:11:26 +0100] "GET / HTTP/1.1" 200 727 "-" "Mozilla/5.0 (Windows NT 10.0; Win64; x64) AppleWebKit/537.36 (KHTML, like Gecko) Chrome/90.0.4430.85 Safari/537.36 Edg/90.0.818.46"
2a05:d01c:b43:8a10:: - - [10/Mar/2025:12:12:16 +0100] "GET /doc/index.html HTTP/1.1" 404 2663 "-" "'Mozilla/5.0 (compatible; GenomeCrawlerd/1.0; https://www.nokia.com/genomecrawler)'"
43.166.240.0 - - [10/Mar/2025:12:14:08 +0100] "GET / HTTP/1.1" 301 236 "-" "Mozilla/5.0 (iPhone; CPU iPhone OS 13_2_3 like Mac OS X) AppleWebKit/605.1.15 (KHTML, like Gecko) Version/13.0.3 Mobile/15E148 Safari/604.1"
2a01:238:43f8:5f00:: - - [10/Mar/2025:12:14:09 +0100] "POST /wp-cron.php?doing_wp_cron=1741605248.9342329502105712890625 HTTP/1.1" 200 - "-" "hRVmxVcV4Gbs"
223.109.252.0 - - [10/Mar/2025:12:14:08 +0100] "GET / HTTP/1.1" 200 55579 "-" "Sogou web spider/4.0(+http://www.sogou.com/docs/help/webmasters.htm#07)"
43.166.240.0 - - [10/Mar/2025:12:14:09 +0100] "GET / HTTP/1.1" 301 - "http://gebaeudetechnik.nrw" "Mozilla/5.0 (iPhone; CPU iPhone OS 13_2_3 like Mac OS X) AppleWebKit/605.1.15 (KHTML, like Gecko) Version/13.0.3 Mobile/15E148 Safari/604.1"
43.166.240.0 - - [10/Mar/2025:12:14:10 +0100] "GET / HTTP/1.1" 200 55566 "https://gebaeudetechnik.nrw/" "Mozilla/5.0 (iPhone; CPU iPhone OS 13_2_3 like Mac OS X) AppleWebKit/605.1.15 (KHTML, like Gecko) Version/13.0.3 Mobile/15E148 Safari/604.1"
2a05:d01c:b43:8a10:: - - [10/Mar/2025:12:14:21 +0100] "\x16\x03\x01" 400 226 "-" "-"
208.65.90.0 - - [10/Mar/2025:12:17:41 +0100] "GET /reports/usage_202403.html HTTP/1.0" 200 92683 "https://xn--kr2-onb.com" "Mozilla/5.0 (Windows NT 10.0; Win64; x64) AppleWebKit/537.36 (KHTML, like Gecko) Chrome/130.0.0.0 Safari/537.36 CCleaner/130.0.0.0"
2a05:d01c:b43:8a10:: - - [10/Mar/2025:12:17:49 +0100] "GET /remote/login HTTP/1.1" 404 2659 "-" "'Mozilla/5.0 (compatible; GenomeCrawlerd/1.0; https://www.nokia.com/genomecrawler)'"
62.204.172.0 - - [10/Mar/2025:12:17:59 +0100] "GET / HTTP/1.1" 200 55565 "-" "node"
185.228.132.0 - - [10/Mar/2025:12:19:14 +0100] "GET /reports/usage_202402.html HTTP/1.0" 200 91181 "https://seattle-towncar.com/private-black-car-service-seattle/" "Mozilla/5.0 (Windows NT 10.0; Win64; x64) AppleWebKit/537.36 (KHTML, like Gecko) Chrome/130.0.0.0 Safari/537.36 CCleaner/130.0.0.0"
2a05:d01c:b43:8a10:: - - [10/Mar/2025:12:19:57 +0100] "\x16\x03\x01" 400 226 "-" "-"
169.150.247.0 - - [10/Mar/2025:12:20:40 +0100] "GET /wp-admin/css/autoload_classmap.php HTTP/1.1" 301 270 "-" "Mozlila/5.0 (Linux; Android 7.0; SM-G892A Bulid/NRD90M; wv) AppleWebKit/537.36 (KHTML, like Gecko) Version/4.0 Chrome/60.0.3112.107 Moblie Safari/537.36"
2a01:238:43f8:5f00:: - - [10/Mar/2025:12:20:45 +0100] "POST /wp-cron.php?doing_wp_cron=1741605645.3337590694427490234375 HTTP/1.1" 200 - "-" "07jduqaeqKoM"
188.166.180.0 - - [10/Mar/2025:12:20:45 +0100] "GET /wp-admin/css/autoload_classmap.php HTTP/1.1" 200 - "-" "Mozlila/5.0 (Linux; Android 7.0; SM-G892A Bulid/NRD90M; wv) AppleWebKit/537.36 (KHTML, like Gecko) Version/4.0 Chrome/60.0.3112.107 Moblie Safari/537.36"
188.166.180.0 - - [10/Mar/2025:12:20:48 +0100] "GET /wp-admin/css/autoload_classmap.php HTTP/1.1" 200 48509 "-" "Mozlila/5.0 (Linux; Android 7.0; SM-G892A Bulid/NRD90M; wv) AppleWebKit/537.36 (KHTML, like Gecko) Version/4.0 Chrome/60.0.3112.107 Moblie Safari/537.36"
169.150.247.0 - - [10/Mar/2025:12:20:52 +0100] "GET /wp-admin/images/autoload_classmap.php HTTP/1.1" 301 273 "-" "Mozlila/5.0 (Linux; Android 7.0; SM-G892A Bulid/NRD90M; wv) AppleWebKit/537.36 (KHTML, like Gecko) Version/4.0 Chrome/60.0.3112.107 Moblie Safari/537.36"
188.166.180.0 - - [10/Mar/2025:12:20:59 +0100] "GET /wp-admin/images/autoload_classmap.php HTTP/1.1" 200 - "-" "Mozlila/5.0 (Linux; Android 7.0; SM-G892A Bulid/NRD90M; wv) AppleWebKit/537.36 (KHTML, like Gecko) Version/4.0 Chrome/60.0.3112.107 Moblie Safari/537.36"
188.166.180.0 - - [10/Mar/2025:12:21:02 +0100] "GET /wp-admin/images/autoload_classmap.php HTTP/1.1" 200 48509 "-" "Mozlila/5.0 (Linux; Android 7.0; SM-G892A Bulid/NRD90M; wv) AppleWebKit/537.36 (KHTML, like Gecko) Version/4.0 Chrome/60.0.3112.107 Moblie Safari/537.36"
169.150.247.0 - - [10/Mar/2025:12:21:06 +0100] "GET /wp-includes/pomo/autoload_classmap.php HTTP/1.1" 301 274 "-" "Mozlila/5.0 (Linux; Android 7.0; SM-G892A Bulid/NRD90M; wv) AppleWebKit/537.36 (KHTML, like Gecko) Version/4.0 Chrome/60.0.3112.107 Moblie Safari/537.36"
188.166.180.0 - - [10/Mar/2025:12:21:08 +0100] "GET /wp-includes/pomo/autoload_classmap.php HTTP/1.1" 200 - "-" "Mozlila/5.0 (Linux; Android 7.0; SM-G892A Bulid/NRD90M; wv) AppleWebKit/537.36 (KHTML, like Gecko) Version/4.0 Chrome/60.0.3112.107 Moblie Safari/537.36"
188.166.180.0 - - [10/Mar/2025:12:21:11 +0100] "GET /wp-includes/pomo/autoload_classmap.php HTTP/1.1" 200 48509 "-" "Mozlila/5.0 (Linux; Android 7.0; SM-G892A Bulid/NRD90M; wv) AppleWebKit/537.36 (KHTML, like Gecko) Version/4.0 Chrome/60.0.3112.107 Moblie Safari/537.36"
169.150.247.0 - - [10/Mar/2025:12:21:14 +0100] "GET /wp-includes/block-patterns/autoload_classmap.php HTTP/1.1" 301 284 "-" "Mozlila/5.0 (Linux; Android 7.0; SM-G892A Bulid/NRD90M; wv) AppleWebKit/537.36 (KHTML, like Gecko) Version/4.0 Chrome/60.0.3112.107 Moblie Safari/537.36"
2a01:238:43f8:5f00:: - - [10/Mar/2025:12:21:16 +0100] "POST /wp-cron.php?doing_wp_cron=1741605676.3106689453125000000000 HTTP/1.1" 200 - "-" "eDWwx5IwxNed"
188.166.180.0 - - [10/Mar/2025:12:21:16 +0100] "GET /wp-includes/block-patterns/autoload_classmap.php HTTP/1.1" 200 - "-" "Mozlila/5.0 (Linux; Android 7.0; SM-G892A Bulid/NRD90M; wv) AppleWebKit/537.36 (KHTML, like Gecko) Version/4.0 Chrome/60.0.3112.107 Moblie Safari/537.36"
188.166.180.0 - - [10/Mar/2025:12:21:18 +0100] "GET /wp-includes/block-patterns/autoload_classmap.php HTTP/1.1" 200 48509 "-" "Mozlila/5.0 (Linux; Android 7.0; SM-G892A Bulid/NRD90M; wv) AppleWebKit/537.36 (KHTML, like Gecko) Version/4.0 Chrome/60.0.3112.107 Moblie Safari/537.36"
169.150.247.0 - - [10/Mar/2025:12:21:21 +0100] "GET /wp-includes/js/autoload_classmap.php HTTP/1.1" 301 272 "-" "Mozlila/5.0 (Linux; Android 7.0; SM-G892A Bulid/NRD90M; wv) AppleWebKit/537.36 (KHTML, like Gecko) Version/4.0 Chrome/60.0.3112.107 Moblie Safari/537.36"
188.166.180.0 - - [10/Mar/2025:12:21:24 +0100] "GET /wp-includes/js/autoload_classmap.php HTTP/1.1" 200 - "-" "Mozlila/5.0 (Linux; Android 7.0; SM-G892A Bulid/NRD90M; wv) AppleWebKit/537.36 (KHTML, like Gecko) Version/4.0 Chrome/60.0.3112.107 Moblie Safari/537.36"
188.166.180.0 - - [10/Mar/2025:12:21:26 +0100] "GET /wp-includes/js/autoload_classmap.php HTTP/1.1" 200 48509 "-" "Mozlila/5.0 (Linux; Android 7.0; SM-G892A Bulid/NRD90M; wv) AppleWebKit/537.36 (KHTML, like Gecko) Version/4.0 Chrome/60.0.3112.107 Moblie Safari/537.36"
169.150.247.0 - - [10/Mar/2025:12:21:29 +0100] "GET /wp-includes/sitemaps/autoload_classmap.php HTTP/1.1" 301 278 "-" "Mozlila/5.0 (Linux; Android 7.0; SM-G892A Bulid/NRD90M; wv) AppleWebKit/537.36 (KHTML, like Gecko) Version/4.0 Chrome/60.0.3112.107 Moblie Safari/537.36"
188.166.180.0 - - [10/Mar/2025:12:21:31 +0100] "GET /wp-includes/sitemaps/autoload_classmap.php HTTP/1.1" 200 - "-" "Mozlila/5.0 (Linux; Android 7.0; SM-G892A Bulid/NRD90M; wv) AppleWebKit/537.36 (KHTML, like Gecko) Version/4.0 Chrome/60.0.3112.107 Moblie Safari/537.36"
188.166.180.0 - - [10/Mar/2025:12:21:34 +0100] "GET /wp-includes/sitemaps/autoload_classmap.php HTTP/1.1" 200 48509 "-" "Mozlila/5.0 (Linux; Android 7.0; SM-G892A Bulid/NRD90M; wv) AppleWebKit/537.36 (KHTML, like Gecko) Version/4.0 Chrome/60.0.3112.107 Moblie Safari/537.36"
169.150.247.0 - - [10/Mar/2025:12:21:36 +0100] "GET /wp-includes/SimplePie/autoload_classmap.php HTTP/1.1" 301 279 "-" "Mozlila/5.0 (Linux; Android 7.0; SM-G892A Bulid/NRD90M; wv) AppleWebKit/537.36 (KHTML, like Gecko) Version/4.0 Chrome/60.0.3112.107 Moblie Safari/537.36"
188.166.180.0 - - [10/Mar/2025:12:21:38 +0100] "GET /wp-includes/SimplePie/autoload_classmap.php HTTP/1.1" 200 - "-" "Mozlila/5.0 (Linux; Android 7.0; SM-G892A Bulid/NRD90M; wv) AppleWebKit/537.36 (KHTML, like Gecko) Version/4.0 Chrome/60.0.3112.107 Moblie Safari/537.36"
188.166.180.0 - - [10/Mar/2025:12:21:39 +0100] "GET /wp-includes/SimplePie/autoload_classmap.php HTTP/1.1" 200 48509 "-" "Mozlila/5.0 (Linux; Android 7.0; SM-G892A Bulid/NRD90M; wv) AppleWebKit/537.36 (KHTML, like Gecko) Version/4.0 Chrome/60.0.3112.107 Moblie Safari/537.36"
169.150.247.0 - - [10/Mar/2025:12:21:42 +0100] "GET /wp-includes/widgets/autoload_classmap.php HTTP/1.1" 301 277 "-" "Mozlila/5.0 (Linux; Android 7.0; SM-G892A Bulid/NRD90M; wv) AppleWebKit/537.36 (KHTML, like Gecko) Version/4.0 Chrome/60.0.3112.107 Moblie Safari/537.36"
188.166.180.0 - - [10/Mar/2025:12:21:44 +0100] "GET /wp-includes/widgets/autoload_classmap.php HTTP/1.1" 200 - "-" "Mozlila/5.0 (Linux; Android 7.0; SM-G892A Bulid/NRD90M; wv) AppleWebKit/537.36 (KHTML, like Gecko) Version/4.0 Chrome/60.0.3112.107 Moblie Safari/537.36"
188.166.180.0 - - [10/Mar/2025:12:21:46 +0100] "GET /wp-includes/widgets/autoload_classmap.php HTTP/1.1" 200 48509 "-" "Mozlila/5.0 (Linux; Android 7.0; SM-G892A Bulid/NRD90M; wv) AppleWebKit/537.36 (KHTML, like Gecko) Version/4.0 Chrome/60.0.3112.107 Moblie Safari/537.36"
169.150.247.0 - - [10/Mar/2025:12:21:48 +0100] "GET /wp-content/uploads/autoload_classmap.php HTTP/1.1" 404 2635 "-" "Mozlila/5.0 (Linux; Android 7.0; SM-G892A Bulid/NRD90M; wv) AppleWebKit/537.36 (KHTML, like Gecko) Version/4.0 Chrome/60.0.3112.107 Moblie Safari/537.36"
2a05:d01c:b43:8a10:: - - [10/Mar/2025:12:23:25 +0100] "GET //admin/login.asp HTTP/1.1" 404 2667 "-" "'Mozilla/5.0 (compatible; GenomeCrawlerd/1.0; https://www.nokia.com/genomecrawler)'"
54.36.148.0 - - [10/Mar/2025:12:24:41 +0100] "GET /contao/vendor/oyejorge/less.php/lib/ HTTP/2.0" 200 419 "-" "Mozilla/5.0 (compatible; AhrefsBot/7.0; +http://ahrefs.com/robot/)"
2a05:d01c:b43:8a10:: - - [10/Mar/2025:12:25:29 +0100] "\x16\x03\x01" 400 226 "-" "-"
72.49.49.0 - - [10/Mar/2025:12:26:45 +0100] "GET /reports/usage_202403.html HTTP/1.0" 200 92683 "https://xn--rakn-f0a1446b.com" "Mozilla/5.0 (Windows NT 10.0; Win64; x64) AppleWebKit/537.36 (KHTML, like Gecko) Chrome/130.0.0.0 Safari/537.36"
208.65.90.0 - - [10/Mar/2025:12:27:11 +0100] "GET /reports/usage_202403.html HTTP/1.0" 200 92683 "https://xn--ra-ypa.com" "Mozilla/5.0 (Windows NT 10.0; Win64; x64) AppleWebKit/537.36 (KHTML, like Gecko) Chrome/130.0.0.0 Safari/537.36 CCleaner/130.0.0.0"
2a05:d01c:b43:8a10:: - - [10/Mar/2025:12:28:57 +0100] "GET /web/ HTTP/1.1" 404 2643 "-" "'Mozilla/5.0 (compatible; GenomeCrawlerd/1.0; https://www.nokia.com/genomecrawler)'"
195.178.110.0 - - [10/Mar/2025:12:29:51 +0100] "GET / HTTP/1.1" 400 226 "-" "-"
195.178.110.0 - - [10/Mar/2025:12:29:52 +0100] "GET / HTTP/1.1" 200 3510 "-" "l9tcpid/v1.1.0"
195.178.110.0 - - [10/Mar/2025:12:29:54 +0100] "GET /.env.backup HTTP/1.1" 404 2557 "-" "l9explore/1.2.2"
2a05:d01c:b43:8a10:: - - [10/Mar/2025:12:31:06 +0100] "\x16\x03\x01" 400 226 "-" "-"
93.174.93.0 - - [10/Mar/2025:12:32:36 +0100] "GET / HTTP/1.0" 404 - "-" "Mozilla/5.0 (Macintosh; Intel Mac OS X 10_14_4) AppleWebKit/537.36 (KHTML, like Gecko) Chrome/73.0.3683.103 Safari/537.36"
2a05:d01c:b43:8a10:: - - [10/Mar/2025:12:34:34 +0100] "GET //webpages/login.html HTTP/1.1" 404 2675 "-" "'Mozilla/5.0 (compatible; GenomeCrawlerd/1.0; https://www.nokia.com/genomecrawler)'"
208.102.51.0 - - [10/Mar/2025:12:35:03 +0100] "GET /reports/usage_202403.html HTTP/1.0" 200 92683 "https://xn--v14-7ua.com" "Mozilla/5.0 (Windows NT 10.0; Win64; x64) AppleWebKit/537.36 (KHTML, like Gecko) Chrome/129.0.0.0 Safari/537.36"
2a05:d01c:b43:8a10:: - - [10/Mar/2025:12:36:24 +0100] "\x16\x03\x01" 400 226 "-" "-"
172.212.103.0 - - [10/Mar/2025:12:36:28 +0100] "GET /manager/text/list HTTP/1.1" 404 2565 "-" "Mozilla/5.0 zgrab/0.x"
208.102.51.0 - - [10/Mar/2025:12:36:40 +0100] "GET /reports/usage_202403.html HTTP/1.0" 200 92683 "https://xn--kran-xva5q.com" "Mozilla/5.0 (Windows NT 10.0; Win64; x64) AppleWebKit/537.36 (KHTML, like Gecko) Chrome/130.0.0.0 Safari/537.36"
2a05:d01c:b43:8a10:: - - [10/Mar/2025:12:39:47 +0100] "GET /favicon.ico HTTP/1.1" 404 2657 "-" "'Mozilla/5.0 (compatible; GenomeCrawlerd/1.0; https://www.nokia.com/genomecrawler)'"
2001:1600:16:11:: - - [10/Mar/2025:12:41:01 +0100] "GET //wp-content/plugins/fix/up.php HTTP/1.1" 301 265 "-" "Mozilla/5.0 (Windows NT 10.0; Win64; x64) AppleWebKit/537.36 (KHTML, like Gecko) Chrome/85.0.4183.102 Safari/537.36"
2a01:238:43f8:5f00:: - - [10/Mar/2025:12:41:03 +0100] "POST /wp-cron.php?doing_wp_cron=1741606863.0650389194488525390625 HTTP/1.1" 200 - "-" "iELHbBgs5EtY"
2001:1600:16:11:: - - [10/Mar/2025:12:41:02 +0100] "GET /wp-content/plugins/fix/up.php HTTP/1.1" 200 - "-" "Mozilla/5.0 (Windows NT 10.0; Win64; x64) AppleWebKit/537.36 (KHTML, like Gecko) Chrome/85.0.4183.102 Safari/537.36"
2001:1600:16:11:: - - [10/Mar/2025:12:41:03 +0100] "GET /wp-content/plugins/fix/up.php HTTP/1.1" 200 48509 "-" "Mozilla/5.0 (Windows NT 10.0; Win64; x64) AppleWebKit/537.36 (KHTML, like Gecko) Chrome/85.0.4183.102 Safari/537.36"
5.181.3.0 - - [10/Mar/2025:12:41:12 +0100] "GET /reports/usage_202402.html HTTP/1.0" 200 91181 "https://seattlexlimo.com/bellingham-airport-limo/" "Mozilla/5.0 (Windows NT 10.0; Win64; x64) AppleWebKit/537.36 (KHTML, like Gecko) Chrome/131.0.0.0 Safari/537.36 Avast/131.0.0.0"
5.181.3.0 - - [10/Mar/2025:12:41:26 +0100] "GET /reports/usage_202402.html HTTP/1.0" 200 91181 "https://bellevue-towncar.com/washington-state-winery-limo-tours/" "Mozilla/5.0 (Windows NT 10.0; Win64; x64) AppleWebKit/537.36 (KHTML, like Gecko) Chrome/130.0.0.0 Safari/537.36"
5.181.3.0 - - [10/Mar/2025:12:41:39 +0100] "GET /reports/usage_202402.html HTTP/1.0" 200 91181 "https://bdlxlimo.com/the-best-buses-available/" "Mozilla/5.0 (Windows NT 10.0; Win64; x64) AppleWebKit/537.36 (KHTML, like Gecko) Chrome/130.0.0.0 Safari/537.36"
72.49.49.0 - - [10/Mar/2025:12:43:28 +0100] "GET /reports/usage_202403.html HTTP/1.0" 200 92683 "https://xn--kr11-rzb.com" "Mozilla/5.0 (Windows NT 10.0; Win64; x64) AppleWebKit/537.36 (KHTML, like Gecko) Chrome/129.0.0.0 Safari/537.36"
2a02:4780:d:bea4:: - - [10/Mar/2025:12:44:27 +0100] "POST /xmlrpc.php HTTP/1.1" 403 2407 "-" "Mozilla/5.0 (X11; Fedora; Linux x86_64; rv:94.0) Gecko/20100101 Firefox/95.0"
208.102.51.0 - - [10/Mar/2025:12:45:06 +0100] "GET /reports/usage_202403.html HTTP/1.0" 200 92683 "https://xn--krakn-9za.cc" "Mozilla/5.0 (Windows NT 10.0; Win64; x64) AppleWebKit/537.36 (KHTML, like Gecko) Chrome/131.0.0.0 Safari/537.36 Avast/131.0.0.0"
195.178.110.0 - - [10/Mar/2025:12:45:18 +0100] "GET / HTTP/1.1" 200 3510 "-" "-"
51.195.190.0 - - [10/Mar/2025:12:48:24 +0100] "GET / HTTP/1.0" 404 - "-" "-"
51.195.190.0 - - [10/Mar/2025:12:48:30 +0100] "GET / HTTP/1.0" 404 - "-" "-"
51.195.190.0 - - [10/Mar/2025:12:48:30 +0100] "GET /login.php HTTP/1.1" 301 245 "-" "curl/7.54.0"
51.195.190.0 - - [10/Mar/2025:12:48:30 +0100] "GET /2dTr HTTP/1.1" 301 240 "-" "curl/7.54.0"
51.195.190.0 - - [10/Mar/2025:12:48:30 +0100] "POST /sdk HTTP/1.1" 301 239 "-" "curl/7.54.0"
51.195.190.0 - - [10/Mar/2025:12:48:30 +0100] "GET /nmaplowercheck1741607310 HTTP/1.1" 301 260 "-" "curl/7.54.0"
