188.166.243.0 - - [10/Mar/2025:04:02:02 +0100] "GET /file/function.php HTTP/1.1" 200 - "-" "Mozlila/5.0 (Linux; Android 7.0; SM-G892A Bulid/NRD90M; wv) AppleWebKit/537.36 (KHTML, like Gecko) Version/4.0 Chrome/60.0.3112.107 Moblie Safari/537.36"
188.166.243.0 - - [10/Mar/2025:04:02:04 +0100] "GET /file/function.php HTTP/1.1" 200 48509 "-" "Mozlila/5.0 (Linux; Android 7.0; SM-G892A Bulid/NRD90M; wv) AppleWebKit/537.36 (KHTML, like Gecko) Version/4.0 Chrome/60.0.3112.107 Moblie Safari/537.36"
169.150.247.0 - - [10/Mar/2025:04:02:06 +0100] "GET /as/function HTTP/1.1" 301 247 "-" "Mozlila/5.0 (Linux; Android 7.0; SM-G892A Bulid/NRD90M; wv) AppleWebKit/537.36 (KHTML, like Gecko) Version/4.0 Chrome/60.0.3112.107 Moblie Safari/537.36"
188.166.243.0 - - [10/Mar/2025:04:02:10 +0100] "GET /as/function HTTP/1.1" 200 - "-" "Mozlila/5.0 (Linux; Android 7.0; SM-G892A Bulid/NRD90M; wv) AppleWebKit/537.36 (KHTML, like Gecko) Version/4.0 Chrome/60.0.3112.107 Moblie Safari/537.36"
2a01:238:43f8:5f00:: - - [10/Mar/2025:04:02:16 +0100] "POST /wp-cron.php?doing_wp_cron=1741575736.8725600242614746093750 HTTP/1.1" 200 - "-" "nsHSy99VN33z"
188.166.243.0 - - [10/Mar/2025:04:02:16 +0100] "GET /as/function HTTP/1.1" 200 48509 "-" "Mozlila/5.0 (Linux; Android 7.0; SM-G892A Bulid/NRD90M; wv) AppleWebKit/537.36 (KHTML, like Gecko) Version/4.0 Chrome/60.0.3112.107 Moblie Safari/537.36"
72.49.49.0 - - [10/Mar/2025:04:02:27 +0100] "GET /reports/usage_202403.html HTTP/1.0" 200 92683 "https://xn--kr9-onb.com" "Mozilla/5.0 (Windows NT 10.0; Win64; x64) AppleWebKit/537.36 (KHTML, like Gecko) Chrome/130.0.0.0 Safari/537.36"
169.150.247.0 - - [10/Mar/2025:04:02:30 +0100] "GET /mah/function.php HTTP/1.1" 301 252 "-" "Mozlila/5.0 (Linux; Android 7.0; SM-G892A Bulid/NRD90M; wv) AppleWebKit/537.36 (KHTML, like Gecko) Version/4.0 Chrome/60.0.3112.107 Moblie Safari/537.36"
188.166.243.0 - - [10/Mar/2025:04:02:36 +0100] "GET /mah/function.php HTTP/1.1" 200 - "-" "Mozlila/5.0 (Linux; Android 7.0; SM-G892A Bulid/NRD90M; wv) AppleWebKit/537.36 (KHTML, like Gecko) Version/4.0 Chrome/60.0.3112.107 Moblie Safari/537.36"
208.65.90.0 - - [10/Mar/2025:04:02:35 +0100] "GET /reports/usage_202403.html HTTP/1.0" 200 92683 "https://xn--krakn-m0a.cc" "Mozilla/5.0 (Windows NT 10.0; Win64; x64) AppleWebKit/537.36 (KHTML, like Gecko) Chrome/131.0.0.0 Safari/537.36 Avast/131.0.0.0"
188.166.243.0 - - [10/Mar/2025:04:02:37 +0100] "GET /mah/function.php HTTP/1.1" 200 48509 "-" "Mozlila/5.0 (Linux; Android 7.0; SM-G892A Bulid/NRD90M; wv) AppleWebKit/537.36 (KHTML, like Gecko) Version/4.0 Chrome/60.0.3112.107 Moblie Safari/537.36"
169.150.247.0 - - [10/Mar/2025:04:02:41 +0100] "GET /admin/function.php HTTP/1.1" 301 254 "-" "Mozlila/5.0 (Linux; Android 7.0; SM-G892A Bulid/NRD90M; wv) AppleWebKit/537.36 (KHTML, like Gecko) Version/4.0 Chrome/60.0.3112.107 Moblie Safari/537.36"
188.166.243.0 - - [10/Mar/2025:04:02:43 +0100] "GET /admin/function.php HTTP/1.1" 200 - "-" "Mozlila/5.0 (Linux; Android 7.0; SM-G892A Bulid/NRD90M; wv) AppleWebKit/537.36 (KHTML, like Gecko) Version/4.0 Chrome/60.0.3112.107 Moblie Safari/537.36"
188.166.243.0 - - [10/Mar/2025:04:02:47 +0100] "GET /admin/function.php HTTP/1.1" 200 48509 "-" "Mozlila/5.0 (Linux; Android 7.0; SM-G892A Bulid/NRD90M; wv) AppleWebKit/537.36 (KHTML, like Gecko) Version/4.0 Chrome/60.0.3112.107 Moblie Safari/537.36"
169.150.247.0 - - [10/Mar/2025:04:02:50 +0100] "GET /doc/function.php HTTP/1.1" 301 252 "-" "Mozlila/5.0 (Linux; Android 7.0; SM-G892A Bulid/NRD90M; wv) AppleWebKit/537.36 (KHTML, like Gecko) Version/4.0 Chrome/60.0.3112.107 Moblie Safari/537.36"
188.166.243.0 - - [10/Mar/2025:04:02:52 +0100] "GET /doc/function.php HTTP/1.1" 200 - "-" "Mozlila/5.0 (Linux; Android 7.0; SM-G892A Bulid/NRD90M; wv) AppleWebKit/537.36 (KHTML, like Gecko) Version/4.0 Chrome/60.0.3112.107 Moblie Safari/537.36"
188.166.243.0 - - [10/Mar/2025:04:02:55 +0100] "GET /doc/function.php HTTP/1.1" 200 48509 "-" "Mozlila/5.0 (Linux; Android 7.0; SM-G892A Bulid/NRD90M; wv) AppleWebKit/537.36 (KHTML, like Gecko) Version/4.0 Chrome/60.0.3112.107 Moblie Safari/537.36"
169.150.247.0 - - [10/Mar/2025:04:03:00 +0100] "GET /about/function.php HTTP/1.1" 301 254 "-" "Mozlila/5.0 (Linux; Android 7.0; SM-G892A Bulid/NRD90M; wv) AppleWebKit/537.36 (KHTML, like Gecko) Version/4.0 Chrome/60.0.3112.107 Moblie Safari/537.36"
188.166.243.0 - - [10/Mar/2025:04:03:02 +0100] "GET /about/function.php HTTP/1.1" 200 - "-" "Mozlila/5.0 (Linux; Android 7.0; SM-G892A Bulid/NRD90M; wv) AppleWebKit/537.36 (KHTML, like Gecko) Version/4.0 Chrome/60.0.3112.107 Moblie Safari/537.36"
188.166.243.0 - - [10/Mar/2025:04:03:07 +0100] "GET /about/function.php HTTP/1.1" 200 48541 "-" "Mozlila/5.0 (Linux; Android 7.0; SM-G892A Bulid/NRD90M; wv) AppleWebKit/537.36 (KHTML, like Gecko) Version/4.0 Chrome/60.0.3112.107 Moblie Safari/537.36"
169.150.247.0 - - [10/Mar/2025:04:03:10 +0100] "GET /index/function.php HTTP/1.1" 301 254 "-" "Mozlila/5.0 (Linux; Android 7.0; SM-G892A Bulid/NRD90M; wv) AppleWebKit/537.36 (KHTML, like Gecko) Version/4.0 Chrome/60.0.3112.107 Moblie Safari/537.36"
2a01:238:43f8:5f00:: - - [10/Mar/2025:04:03:13 +0100] "POST /wp-cron.php?doing_wp_cron=1741575793.2950460910797119140625 HTTP/1.1" 200 - "-" "M7BK6wfTLjg9"
188.166.243.0 - - [10/Mar/2025:04:03:13 +0100] "GET /index/function.php HTTP/1.1" 200 - "-" "Mozlila/5.0 (Linux; Android 7.0; SM-G892A Bulid/NRD90M; wv) AppleWebKit/537.36 (KHTML, like Gecko) Version/4.0 Chrome/60.0.3112.107 Moblie Safari/537.36"
188.166.243.0 - - [10/Mar/2025:04:03:15 +0100] "GET /index/function.php HTTP/1.1" 200 48509 "-" "Mozlila/5.0 (Linux; Android 7.0; SM-G892A Bulid/NRD90M; wv) AppleWebKit/537.36 (KHTML, like Gecko) Version/4.0 Chrome/60.0.3112.107 Moblie Safari/537.36"
54.36.149.0 - - [10/Mar/2025:04:04:20 +0100] "GET /contao/vendor/composer/autoload_static.php HTTP/2.0" 200 - "-" "Mozilla/5.0 (compatible; AhrefsBot/7.0; +http://ahrefs.com/robot/)"
208.102.51.0 - - [10/Mar/2025:04:08:08 +0100] "GET /reports/usage_202403.html HTTP/1.0" 200 92683 "https://xn--kr-lbb.com" "Mozilla/5.0 (Windows NT 10.0; Win64; x64) AppleWebKit/537.36 (KHTML, like Gecko) Chrome/130.0.0.0 Safari/537.36 CCleaner/130.0.0.0"
45.166.100.0 - - [10/Mar/2025:04:08:14 +0100] "GET / HTTP/1.0" 400 362 "-" "-"
208.65.90.0 - - [10/Mar/2025:04:08:14 +0100] "GET /reports/usage_202403.html HTTP/1.0" 200 92683 "https://xn--krakn-m0a.cc" "Mozilla/5.0 (Windows NT 10.0; Win64; x64) AppleWebKit/537.36 (KHTML, like Gecko) Chrome/130.0.0.0 Safari/537.36"
72.49.49.0 - - [10/Mar/2025:04:08:20 +0100] "GET /reports/usage_202403.html HTTP/1.0" 200 92683 "https://xn--kr11-rzb.com" "Mozilla/5.0 (Windows NT 10.0; Win64; x64) AppleWebKit/537.36 (KHTML, like Gecko) Chrome/131.0.0.0 Safari/537.36"
5.181.3.0 - - [10/Mar/2025:04:11:52 +0100] "GET /reports/usage_202402.html HTTP/1.0" 200 91181 "https://bellevue-towncar.com/redmond-town-car-and-limo-service/" "Mozilla/5.0 (Windows NT 10.0; Win64; x64) AppleWebKit/537.36 (KHTML, like Gecko) Chrome/131.0.0.0 Safari/537.36"
72.49.49.0 - - [10/Mar/2025:04:13:39 +0100] "GET /reports/usage_202403.html HTTP/1.0" 200 92683 "https://xn--v14-7ua.com" "Mozilla/5.0 (Windows NT 10.0; Win64; x64) AppleWebKit/537.36 (KHTML, like Gecko) Chrome/131.0.0.0 Safari/537.36"
45.166.100.0 - - [10/Mar/2025:04:13:39 +0100] "GET /admin/config.php HTTP/1.0" 404 2563 "-" "xfa1"
72.49.49.0 - - [10/Mar/2025:04:13:50 +0100] "GET /reports/usage_202403.html HTTP/1.0" 200 92683 "https://xn--kr12-rzb.com" "Mozilla/5.0 (Windows NT 10.0; Win64; x64) AppleWebKit/537.36 (KHTML, like Gecko) Chrome/130.0.0.0 Safari/537.36 CCleaner/130.0.0.0"
54.36.148.0 - - [10/Mar/2025:04:17:41 +0100] "GET /contao/vendor/matthiasmullie/path-converter/ HTTP/2.0" 200 498 "-" "Mozilla/5.0 (compatible; AhrefsBot/7.0; +http://ahrefs.com/robot/)"
208.102.51.0 - - [10/Mar/2025:04:19:20 +0100] "GET /reports/usage_202403.html HTTP/1.0" 200 92683 "https://xn--kr7-onb.com" "Mozilla/5.0 (Windows NT 10.0; Win64; x64) AppleWebKit/537.36 (KHTML, like Gecko) Chrome/130.0.0.0 Safari/537.36 CCleaner/130.0.0.0"
5.181.3.0 - - [10/Mar/2025:04:19:46 +0100] "GET /reports/usage_202402.html HTTP/1.0" 200 91181 "https://bdlxlimo.com/shelton-limousine-service/" "Mozilla/5.0 (Windows NT 10.0; Win64; x64) AppleWebKit/537.36 (KHTML, like Gecko) Chrome/131.0.0.0 Safari/537.36 Avast/131.0.0.0"
109.199.124.0 - - [10/Mar/2025:04:20:12 +0100] "POST /xmlrpc.php HTTP/1.1" 403 2407 "-" "Mozilla/5.0 (X11; Fedora; Linux x86_64; rv:94.0) Gecko/20100101 Firefox/95.0"
51.8.102.0 - - [10/Mar/2025:04:20:15 +0100] "GET /robots.txt HTTP/2.0" 200 162 "-" "Mozilla/5.0 (Macintosh; Intel Mac OS X 10_15_7) AppleWebKit/537.36 (KHTML, like Gecko) Chrome/131.0.0.0 Safari/537.36; compatible; OAI-SearchBot/1.0; +https://openai.com/searchbot"
208.102.51.0 - - [10/Mar/2025:04:24:22 +0100] "GET /reports/usage_202403.html HTTP/1.0" 200 92683 "https://xn--krken9-xoc.com" "Mozilla/5.0 (Windows NT 10.0; Win64; x64) AppleWebKit/537.36 (KHTML, like Gecko) Chrome/130.0.0.0 Safari/537.36 CCleaner/130.0.0.0"
208.65.90.0 - - [10/Mar/2025:04:24:26 +0100] "GET /reports/usage_202403.html HTTP/1.0" 200 92683 "https://xn--kr2-onb.com" "Mozilla/5.0 (Windows NT 10.0; Win64; x64) AppleWebKit/537.36 (KHTML, like Gecko) Chrome/130.0.0.0 Safari/537.36 CCleaner/130.0.0.0"
72.49.49.0 - - [10/Mar/2025:04:25:03 +0100] "GET /reports/usage_202403.html HTTP/1.0" 200 92683 "https://xn--krken12-bn4c.com" "Mozilla/5.0 (Windows NT 10.0; Win64; x64) AppleWebKit/537.36 (KHTML, like Gecko) Chrome/129.0.0.0 Safari/537.36"
169.150.247.0 - - [10/Mar/2025:04:28:34 +0100] "GET /smtpmail/index.html HTTP/1.1" 301 255 "-" "Mozilla/5.0 (Macintosh; Intel Mac OS X 10_12_3) AppleWebKit/537.36 (KHTML, like Gecko) Chrome/56.0.2924.87 Safari/537.36"
208.102.51.0 - - [10/Mar/2025:04:29:49 +0100] "GET /reports/usage_202403.html HTTP/1.0" 200 92683 "https://xn--kr9-onb.com" "Mozilla/5.0 (Windows NT 10.0; Win64; x64) AppleWebKit/537.36 (KHTML, like Gecko) Chrome/131.0.0.0 Safari/537.36 Avast/131.0.0.0"
208.65.90.0 - - [10/Mar/2025:04:30:02 +0100] "GET /reports/usage_202403.html HTTP/1.0" 200 92683 "https://xn--krken7-xoc.com" "Mozilla/5.0 (Windows NT 10.0; Win64; x64) AppleWebKit/537.36 (KHTML, like Gecko) Chrome/130.0.0.0 Safari/537.36"
54.36.148.0 - - [10/Mar/2025:04:30:16 +0100] "GET /contao/vendor/symfony/console/ HTTP/2.0" 200 1097 "-" "Mozilla/5.0 (compatible; AhrefsBot/7.0; +http://ahrefs.com/robot/)"
72.49.49.0 - - [10/Mar/2025:04:30:25 +0100] "GET /reports/usage_202403.html HTTP/1.0" 200 92683 "https://xn--krken10-bn4c.com" "Mozilla/5.0 (Windows NT 10.0; Win64; x64) AppleWebKit/537.36 (KHTML, like Gecko) Chrome/130.0.0.0 Safari/537.36"
95.108.213.0 - - [10/Mar/2025:04:32:55 +0100] "GET /robots.txt HTTP/1.1" 200 223 "-" "Mozilla/5.0 (compatible; YandexBot/3.0; +http://yandex.com/bots)"
213.180.203.0 - - [10/Mar/2025:04:32:56 +0100] "GET /brandschutz-sicherheitstechnik/brandschutzprojekt/ HTTP/1.1" 200 48509 "-" "Mozilla/5.0 (compatible; YandexBot/3.0; +http://yandex.com/bots)"
2a01:238:43f8:5f00:: - - [10/Mar/2025:04:32:56 +0100] "POST /wp-cron.php?doing_wp_cron=1741577576.4894990921020507812500 HTTP/1.1" 200 - "-" "g97FwFkRerp2"
184.178.172.0 - - [10/Mar/2025:04:36:39 +0100] "GET /reports/usage_202403.html HTTP/1.0" 200 92683 "https://xn--krken9-xoc.com" "Mozilla/5.0 (Windows NT 10.0; Win64; x64) AppleWebKit/537.36 (KHTML, like Gecko) Chrome/130.0.0.0 Safari/537.36 CCleaner/130.0.0.0"
172.86.70.0 - - [10/Mar/2025:04:37:46 +0100] "GET /bin/get/Main/SolrSearch?media=rss&text=%7d%7d%7d%7b%7basync%20async%3dfalse%7d%7d%7b%7bgroovy%7d%7dprintln(%22cat%20/etc/passwd%22.execute().text)%7b%7b%2fgroovy%7d%7d%7b%7b%2fasync%7d%7d%20 HTTP/1.1" 404 2923 "-" "Mozilla/5.0 (Macintosh; Intel Mac OS X 10_15_7) AppleWebKit/605.1.15 (KHTML, like Gecko) Version/17.2.1 Safari/605.1.65"
2a01:4f8:a0:92e8:: - - [10/Mar/2025:04:38:02 +0100] "POST /xmlrpc.php HTTP/1.1" 403 2421 "-" "Mozilla/5.0 (X11; Gentoo; Linux x86_64; rv:91.0) Gecko/20100101 Firefox/91.0"
72.49.49.0 - - [10/Mar/2025:04:41:01 +0100] "GET /reports/usage_202403.html HTTP/1.0" 200 92683 "https://xn--krken12-bn4c.com" "Mozilla/5.0 (Windows NT 10.0; Win64; x64) AppleWebKit/537.36 (KHTML, like Gecko) Chrome/130.0.0.0 Safari/537.36 CCleaner/130.0.0.0"
208.65.90.0 - - [10/Mar/2025:04:42:11 +0100] "GET /reports/usage_202403.html HTTP/1.0" 200 92683 "https://xn--krakn-m0a.cc" "Mozilla/5.0 (Windows NT 10.0; Win64; x64) AppleWebKit/537.36 (KHTML, like Gecko) Chrome/131.0.0.0 Safari/537.36"
54.36.148.0 - - [10/Mar/2025:04:43:35 +0100] "GET /contao/vendor/lcobucci/?C=N;O=D HTTP/2.0" 200 410 "-" "Mozilla/5.0 (compatible; AhrefsBot/7.0; +http://ahrefs.com/robot/)"
141.95.172.0 - - [10/Mar/2025:04:44:00 +0100] "POST /xmlrpc.php HTTP/1.1" 403 2407 "-" "Mozilla/5.0 (X11; Gentoo; Linux x86_64; rv:91.0) Gecko/20100101 Firefox/91.0"
208.65.90.0 - - [10/Mar/2025:04:46:34 +0100] "GET /reports/usage_202403.html HTTP/1.0" 200 92683 "https://xn--krken7-xoc.com" "Mozilla/5.0 (Windows NT 10.0; Win64; x64) AppleWebKit/537.36 (KHTML, like Gecko) Chrome/131.0.0.0 Safari/537.36"
18.191.252.0 - - [10/Mar/2025:04:47:03 +0100] "GET / HTTP/1.1" 200 730 "-" "Mozilla/5.0 (Macintosh; Intel Mac OS X 10_15_7) Chrome/126.0.0.0 Safari/537.36"
18.191.252.0 - - [10/Mar/2025:04:47:21 +0100] "\x16\x03\x01" 400 226 "-" "-"
184.178.172.0 - - [10/Mar/2025:04:47:21 +0100] "GET /reports/usage_202403.html HTTP/1.0" 200 92683 "https://xn--kr7-onb.com" "Mozilla/5.0 (Windows NT 10.0; Win64; x64) AppleWebKit/537.36 (KHTML, like Gecko) Chrome/131.0.0.0 Safari/537.36"
18.191.252.0 - - [10/Mar/2025:04:47:25 +0100] "SSH-2.0-Go" 400 226 "-" "-"
106.8.139.0 - - [10/Mar/2025:04:50:02 +0100] "GET / HTTP/1.1" 200 55582 "-" "Mozilla/5.0 (iPhone; CPU iPhone OS 10_3 like Mac OS X) AppleWebKit/602.1.50 (KHTML, like Gecko) CriOS/56.0.2924.75 Mobile/14E5239e YisouSpider/5.0 Safari/602.1"
2a01:238:43f8:5f00:: - - [10/Mar/2025:04:50:02 +0100] "POST /wp-cron.php?doing_wp_cron=1741578602.2730169296264648437500 HTTP/1.1" 200 - "-" "I09ZORnC4Z2h"
45.148.232.0 - - [10/Mar/2025:04:50:36 +0100] "GET /.env HTTP/1.1" 200 4469 "https://tasamm.com/about/mmm142.html" "Mozilla/5.0 (Windows NT 10.0; Win64; x64) AppleWebKit/537.36 (KHTML, like Gecko) Chrome/96.0.4664.93 Safari/537.36"
18.191.252.0 - - [10/Mar/2025:04:50:37 +0100] "\n" 400 226 "-" "-"
208.102.51.0 - - [10/Mar/2025:04:52:10 +0100] "GET /reports/usage_202403.html HTTP/1.0" 200 92683 "https://xn--v14-7ua.com" "Mozilla/5.0 (Windows NT 10.0; Win64; x64) AppleWebKit/537.36 (KHTML, like Gecko) Chrome/131.0.0.0 Safari/537.36 Avast/131.0.0.0"
208.65.90.0 - - [10/Mar/2025:04:52:27 +0100] "GET /reports/usage_202403.html HTTP/1.0" 200 92683 "https://xn--kr13-6na.com" "Mozilla/5.0 (Windows NT 10.0; Win64; x64) AppleWebKit/537.36 (KHTML, like Gecko) Chrome/130.0.0.0 Safari/537.36 CCleaner/130.0.0.0"
2a01:238:43f8:5f00:: - - [10/Mar/2025:04:54:56 +0100] "POST /wp-cron.php?doing_wp_cron=1741578896.3947629928588867187500 HTTP/1.1" 200 - "-" "8xLtGjxcMUIe"
77.74.177.0 - - [10/Mar/2025:04:54:56 +0100] "GET / HTTP/1.1" 301 - "-" "Mozilla/5.0 (Linux; arm_64; Android 12; CPH2205) AppleWebKit/537.36 (KHTML, like Gecko) Chrome/110.0.0.0 YaBrowser/23.3.3.86.00 SA/3 Mobile Safari/537.36"
77.74.177.0 - - [10/Mar/2025:04:54:57 +0100] "GET / HTTP/1.1" 200 55567 "https://gebaeudetechnik.nrw" "Mozilla/5.0 (Linux; arm_64; Android 12; CPH2205) AppleWebKit/537.36 (KHTML, like Gecko) Chrome/110.0.0.0 YaBrowser/23.3.3.86.00 SA/3 Mobile Safari/537.36"
87.121.84.0 - - [10/Mar/2025:04:56:03 +0100] "GET /cgi-bin/luci/;stok=/locale HTTP/1.1" 404 2583 "-" "-"
72.49.49.0 - - [10/Mar/2025:04:56:56 +0100] "GET /reports/usage_202403.html HTTP/1.0" 200 92683 "https://xn--kr11-rzb.com" "Mozilla/5.0 (Windows NT 10.0; Win64; x64) AppleWebKit/537.36 (KHTML, like Gecko) Chrome/130.0.0.0 Safari/537.36"
208.102.51.0 - - [10/Mar/2025:04:57:10 +0100] "GET /reports/usage_202403.html HTTP/1.0" 200 92683 "https://xn--krken9-xoc.com" "Mozilla/5.0 (Windows NT 10.0; Win64; x64) AppleWebKit/537.36 (KHTML, like Gecko) Chrome/131.0.0.0 Safari/537.36 Avast/131.0.0.0"
72.49.49.0 - - [10/Mar/2025:05:01:59 +0100] "GET /reports/usage_202403.html HTTP/1.0" 200 92683 "https://xn--kr-kla.com" "Mozilla/5.0 (Windows NT 10.0; Win64; x64) AppleWebKit/537.36 (KHTML, like Gecko) Chrome/130.0.0.0 Safari/537.36 CCleaner/130.0.0.0"
208.65.90.0 - - [10/Mar/2025:05:02:29 +0100] "GET /reports/usage_202403.html HTTP/1.0" 200 92683 "https://xn--krken10-bn4c.com" "Mozilla/5.0 (Windows NT 10.0; Win64; x64) AppleWebKit/537.36 (KHTML, like Gecko) Chrome/131.0.0.0 Safari/537.36"
84.17.46.0 - - [10/Mar/2025:05:05:30 +0100] "GET /wp-content/plugins/fix/up.php HTTP/1.1" 301 265 "-" "Mozilla/5.0 (Windows NT 10.0; Win64; x64) AppleWebKit/537.36 (KHTML, like Gecko) Chrome/85.0.4183.102 Safari/537.36"
84.17.46.0 - - [10/Mar/2025:05:05:30 +0100] "POST /wp-plain.php HTTP/1.1" 301 248 "www.google.com" "Mozilla/5.0 (Linux; Android 7.0; SM-G892A Bulid/NRD90M; wv) AppleWebKit/537.36 (KHTML, like Gecko) Version/4.0 Chrome/60.0.3112.107 Moblie Safari/537.36"
84.17.46.0 - - [10/Mar/2025:05:05:30 +0100] "POST /ALFA_DATA/alfacgiapi/perl.alfa HTTP/1.1" 301 266 "www.google.com" "Mozlila/5.0 (Linux; Android 7.0; SM-G892A Bulid/NRD90M; wv) AppleWebKit/537.36 (KHTML, like Gecko) Version/4.0 Chrome/60.0.3112.107 Moblie Safari/537.36"
84.17.46.0 - - [10/Mar/2025:05:05:30 +0100] "GET / HTTP/1.1" 301 236 "-" "Mozlila/5.0 (Linux; Android 7.0; SM-G892A Bulid/NRD90M; wv) AppleWebKit/537.36 (KHTML, like Gecko) Version/4.0 Chrome/60.0.3112.107 Moblie Safari/537.36"
84.17.46.0 - - [10/Mar/2025:05:05:30 +0100] "GET /wp-content/themes/seotheme/db.php?u HTTP/1.1" 404 2784 "www.google.com" "Mozlila/5.0 (Linux; Android 7.0; SM-G892A Bulid/NRD90M; wv) AppleWebKit/537.36 (KHTML, like Gecko) Version/4.0 Chrome/60.0.3112.107 Moblie Safari/537.36"
84.17.46.0 - - [10/Mar/2025:05:05:31 +0100] "GET /wp-content/themes/seotheme/db.php?u HTTP/1.1" 404 2784 "www.google.com" "Mozlila/5.0 (Linux; Android 7.0; SM-G892A Bulid/NRD90M; wv) AppleWebKit/537.36 (KHTML, like Gecko) Version/4.0 Chrome/60.0.3112.107 Moblie Safari/537.36"
196.251.86.0 - - [10/Mar/2025:05:05:31 +0100] "GET / HTTP/1.1" 301 - "-" "Mozlila/5.0 (Linux; Android 7.0; SM-G892A Bulid/NRD90M; wv) AppleWebKit/537.36 (KHTML, like Gecko) Version/4.0 Chrome/60.0.3112.107 Moblie Safari/537.36"
196.251.86.0 - - [10/Mar/2025:05:05:31 +0100] "POST /ALFA_DATA/alfacgiapi/perl.alfa HTTP/1.1" 200 289319 "www.google.com" "Mozlila/5.0 (Linux; Android 7.0; SM-G892A Bulid/NRD90M; wv) AppleWebKit/537.36 (KHTML, like Gecko) Version/4.0 Chrome/60.0.3112.107 Moblie Safari/537.36"
196.251.86.0 - - [10/Mar/2025:05:05:31 +0100] "GET /wp-content/plugins/fix/up.php HTTP/1.1" 200 - "-" "Mozilla/5.0 (Windows NT 10.0; Win64; x64) AppleWebKit/537.36 (KHTML, like Gecko) Chrome/85.0.4183.102 Safari/537.36"
2a01:238:43f8:5f00:: - - [10/Mar/2025:05:05:31 +0100] "POST /wp-cron.php?doing_wp_cron=1741579531.8488490581512451171875 HTTP/1.1" 200 - "-" "gLHYjk4LbP8Y"
84.17.46.0 - - [10/Mar/2025:05:05:34 +0100] "POST /alfacgiapi/perl.alfa HTTP/1.1" 301 256 "www.google.com" "Mozlila/5.0 (Linux; Android 7.0; SM-G892A Bulid/NRD90M; wv) AppleWebKit/537.36 (KHTML, like Gecko) Version/4.0 Chrome/60.0.3112.107 Moblie Safari/537.36"
196.251.86.0 - - [10/Mar/2025:05:05:34 +0100] "POST /alfacgiapi/perl.alfa HTTP/1.1" 200 289319 "www.google.com" "Mozlila/5.0 (Linux; Android 7.0; SM-G892A Bulid/NRD90M; wv) AppleWebKit/537.36 (KHTML, like Gecko) Version/4.0 Chrome/60.0.3112.107 Moblie Safari/537.36"
196.251.86.0 - - [10/Mar/2025:05:05:32 +0100] "GET / HTTP/1.1" 200 317742 "-" "Mozlila/5.0 (Linux; Android 7.0; SM-G892A Bulid/NRD90M; wv) AppleWebKit/537.36 (KHTML, like Gecko) Version/4.0 Chrome/60.0.3112.107 Moblie Safari/537.36"
196.251.86.0 - - [10/Mar/2025:05:05:35 +0100] "GET /wp-content/plugins/apikey/apikey.php?test=hello HTTP/1.1" 200 289258 "-" "Mozlila/5.0 (Linux; Android 7.0; SM-G892A Bulid/NRD90M; wv) AppleWebKit/537.36 (KHTML, like Gecko) Version/4.0 Chrome/60.0.3112.107 Moblie Safari/537.36"
196.251.86.0 - - [10/Mar/2025:05:05:35 +0100] "GET /wp-content/plugins/fix/up.php HTTP/1.1" 200 289258 "-" "Mozilla/5.0 (Windows NT 10.0; Win64; x64) AppleWebKit/537.36 (KHTML, like Gecko) Chrome/85.0.4183.102 Safari/537.36"
196.251.86.0 - - [10/Mar/2025:05:05:35 +0100] "GET /plugins/content/apismtp/apismtp.php?test=hello HTTP/1.1" 200 289258 "-" "Mozlila/5.0 (Linux; Android 7.0; SM-G892A Bulid/NRD90M; wv) AppleWebKit/537.36 (KHTML, like Gecko) Version/4.0 Chrome/60.0.3112.107 Moblie Safari/537.36"
196.251.86.0 - - [10/Mar/2025:05:05:36 +0100] "GET /wp-content/plugins/apikey/apikey.php.suspected?test=hello HTTP/1.1" 403 2431 "-" "Mozlila/5.0 (Linux; Android 7.0; SM-G892A Bulid/NRD90M; wv) AppleWebKit/537.36 (KHTML, like Gecko) Version/4.0 Chrome/60.0.3112.107 Moblie Safari/537.36"
196.251.86.0 - - [10/Mar/2025:05:05:36 +0100] "GET /plugins/content/apismtp/apismtp.php.suspected?test=hello HTTP/1.1" 403 2431 "-" "Mozlila/5.0 (Linux; Android 7.0; SM-G892A Bulid/NRD90M; wv) AppleWebKit/537.36 (KHTML, like Gecko) Version/4.0 Chrome/60.0.3112.107 Moblie Safari/537.36"
196.251.86.0 - - [10/Mar/2025:05:05:31 +0100] "POST /wp-plain.php HTTP/1.1" 200 289319 "www.google.com" "Mozilla/5.0 (Linux; Android 7.0; SM-G892A Bulid/NRD90M; wv) AppleWebKit/537.36 (KHTML, like Gecko) Version/4.0 Chrome/60.0.3112.107 Moblie Safari/537.36"
84.17.46.0 - - [10/Mar/2025:05:05:37 +0100] "GET /rfgmtwkz.php?Fox=d3wL7 HTTP/1.1" 301 258 "www.google.com" "Mozilla/5.0 (Linux; Android 7.0; SM-G892A Bulid/NRD90M; wv) AppleWebKit/537.36 (KHTML, like Gecko) Version/4.0 Chrome/60.0.3112.107 Moblie Safari/537.36"
2a01:238:43f8:5f00:: - - [10/Mar/2025:05:05:38 +0100] "POST /wp-cron.php?doing_wp_cron=1741579538.2897570133209228515625 HTTP/1.1" 200 - "-" "KFrGZaAVbUPm"
196.251.86.0 - - [10/Mar/2025:05:05:38 +0100] "GET /rfgmtwkz.php?Fox=d3wL7 HTTP/1.1" 200 - "www.google.com" "Mozilla/5.0 (Linux; Android 7.0; SM-G892A Bulid/NRD90M; wv) AppleWebKit/537.36 (KHTML, like Gecko) Version/4.0 Chrome/60.0.3112.107 Moblie Safari/537.36"
196.251.86.0 - - [10/Mar/2025:05:05:38 +0100] "GET /rfgmtwkz.php?Fox=d3wL7 HTTP/1.1" 200 289258 "www.google.com" "Mozilla/5.0 (Linux; Android 7.0; SM-G892A Bulid/NRD90M; wv) AppleWebKit/537.36 (KHTML, like Gecko) Version/4.0 Chrome/60.0.3112.107 Moblie Safari/537.36"
54.36.148.0 - - [10/Mar/2025:05:06:33 +0100] "GET /contao/vendor/nelmio/cors-bundle/Tests/?C=S;O=D HTTP/2.0" 200 548 "-" "Mozilla/5.0 (compatible; AhrefsBot/7.0; +http://ahrefs.com/robot/)"
2a01:238:43f8:5f00:: - - [10/Mar/2025:05:07:11 +0100] "POST /wp-cron.php?doing_wp_cron=1741579631.4724230766296386718750 HTTP/1.1" 200 - "-" "RMLKWtPXCtou"
2607:ff10:c8:594:: - - [10/Mar/2025:05:07:11 +0100] "GET / HTTP/1.1" 200 55581 "-" "Mozilla/5.0 (Windows NT 10.0; Win64; x64) AppleWebKit/537.36 (KHTML, like Gecko) Chrome/102.0.0.0 Safari/537.36"
47.242.86.0 - - [10/Mar/2025:05:07:18 +0100] "GET /.env HTTP/1.1" 404 2539 "-" "Mozilla/5.0 (iPhone; CPU iPhone OS 17_5_1 like Mac OS X) AppleWebKit/605.1.15 (KHTML, like Gecko) Version/17.4.1 Mobile/15E148 Safari/604.1"
208.102.51.0 - - [10/Mar/2025:05:08:08 +0100] "GET /reports/usage_202403.html HTTP/1.0" 200 92683 "https://xn--krken9-xoc.com" "Mozilla/5.0 (Windows NT 10.0; Win64; x64) AppleWebKit/537.36 (KHTML, like Gecko) Chrome/130.0.0.0 Safari/537.36"
208.102.51.0 - - [10/Mar/2025:05:08:18 +0100] "GET /reports/usage_202403.html HTTP/1.0" 200 92683 "https://xn--krken14-bn4c.com" "Mozilla/5.0 (Windows NT 10.0; Win64; x64) AppleWebKit/537.36 (KHTML, like Gecko) Chrome/131.0.0.0 Safari/537.36 Avast/131.0.0.0"
2a01:238:43f8:5f00:: - - [10/Mar/2025:05:10:04 +0100] "POST /wp-cron.php?doing_wp_cron=1741579804.7174420356750488281250 HTTP/1.1" 200 - "-" "cueRtrduKmvF"
2607:ff10:c8:594:: - - [10/Mar/2025:05:10:04 +0100] "GET /favicon.ico HTTP/2.0" 200 - "-" "Mozilla/5.0 (Windows NT 10.0; Win64; x64) AppleWebKit/537.36 (KHTML, like Gecko) Chrome/102.0.0.0 Safari/537.36"
89.246.241.0 - - [10/Mar/2025:05:13:35 +0100] "GET /sitemap.xml HTTP/1.1" 200 - "-" "Mozilla/5.0 (Windows NT 10.0; Win64; x64; rv:133.0) Gecko/20100101 Firefox/133.0"
2a01:238:43f8:5f00:: - - [10/Mar/2025:05:13:35 +0100] "POST /wp-cron.php?doing_wp_cron=1741580015.7090868949890136718750 HTTP/1.1" 200 - "-" "F8TwzDQ7484N"
89.246.241.0 - - [10/Mar/2025:05:13:42 +0100] "GET /sitemap.xml HTTP/1.1" 301 247 "-" "Mozilla/5.0 (Windows NT 10.0; Win64; x64; rv:133.0) Gecko/20100101 Firefox/133.0"
89.246.241.0 - - [10/Mar/2025:05:13:48 +0100] "GET /sitemap.xml HTTP/1.1" 301 251 "-" "Mozilla/5.0 (Windows NT 10.0; Win64; x64; rv:133.0) Gecko/20100101 Firefox/133.0"
89.246.241.0 - - [10/Mar/2025:05:13:54 +0100] "GET /sitemap.xml HTTP/1.1" 200 - "-" "Mozilla/5.0 (Windows NT 10.0; Win64; x64; rv:133.0) Gecko/20100101 Firefox/133.0"
43.135.130.0 - - [10/Mar/2025:05:14:17 +0100] "GET / HTTP/1.1" 301 236 "-" "Mozilla/5.0 (iPhone; CPU iPhone OS 13_2_3 like Mac OS X) AppleWebKit/605.1.15 (KHTML, like Gecko) Version/13.0.3 Mobile/15E148 Safari/604.1"
43.135.130.0 - - [10/Mar/2025:05:14:18 +0100] "GET / HTTP/1.1" 301 - "http://gebaeudetechnik.nrw" "Mozilla/5.0 (iPhone; CPU iPhone OS 13_2_3 like Mac OS X) AppleWebKit/605.1.15 (KHTML, like Gecko) Version/13.0.3 Mobile/15E148 Safari/604.1"
43.135.130.0 - - [10/Mar/2025:05:14:20 +0100] "GET / HTTP/1.1" 200 55563 "https://gebaeudetechnik.nrw/" "Mozilla/5.0 (iPhone; CPU iPhone OS 13_2_3 like Mac OS X) AppleWebKit/605.1.15 (KHTML, like Gecko) Version/13.0.3 Mobile/15E148 Safari/604.1"
54.36.148.0 - - [10/Mar/2025:05:17:50 +0100] "GET /robots.txt HTTP/2.0" 404 2555 "-" "Mozilla/5.0 (compatible; AhrefsBot/7.0; +http://ahrefs.com/robot/)"
54.36.149.0 - - [10/Mar/2025:05:17:51 +0100] "GET /contao/vendor/ HTTP/2.0" 200 1100 "-" "Mozilla/5.0 (compatible; AhrefsBot/7.0; +http://ahrefs.com/robot/)"
208.102.51.0 - - [10/Mar/2025:05:19:28 +0100] "GET /reports/usage_202403.html HTTP/1.0" 200 92683 "https://xn--kr-kla.com" "Mozilla/5.0 (Windows NT 10.0; Win64; x64) AppleWebKit/537.36 (KHTML, like Gecko) Chrome/130.0.0.0 Safari/537.36 CCleaner/130.0.0.0"
72.49.49.0 - - [10/Mar/2025:05:21:16 +0100] "GET /reports/usage_202403.html HTTP/1.0" 200 92683 "https://xn--krakn-9za.cc" "Mozilla/5.0 (Windows NT 10.0; Win64; x64) AppleWebKit/537.36 (KHTML, like Gecko) Chrome/129.0.0.0 Safari/537.36"
18.116.27.0 - - [10/Mar/2025:05:21:58 +0100] "GET / HTTP/1.1" 200 727 "-" "Mozilla/5.0 (Macintosh; Intel Mac OS X 10_15_7) Chrome/126.0.0.0 Safari/537.36"
2a01:4f8:222:e53:: - - [10/Mar/2025:05:22:38 +0100] "POST /xmlrpc.php HTTP/1.1" 403 2576 "http://gdb-bonn.com" "Mozilla/5.0 (Macintosh; Intel Mac OS X 10_15_7; rv:125.0.1) Gecko/20100101 Firefox/125.0.1"
18.116.27.0 - - [10/Mar/2025:05:22:44 +0100] "GET / HTTP/1.1" 200 727 "-" "Mozilla/5.0 (Macintosh; Intel Mac OS X 10_15_7) Chrome/126.0.0.0 Safari/537.36"
203.55.131.0 - - [10/Mar/2025:05:24:03 +0100] "GET / HTTP/1.1" 301 - "-" "Mozilla/5.0 (Windows NT 10.0; Win64; x64) AppleWebKit/537.36 (KHTML, like Gecko) Chrome/102.0.0.0 Safari/537.36"
2a01:238:43f8:5f00:: - - [10/Mar/2025:05:24:03 +0100] "POST /wp-cron.php?doing_wp_cron=1741580643.1378779411315917968750 HTTP/1.1" 200 - "-" "oIjp4cQCz4BF"
72.195.34.0 - - [10/Mar/2025:05:25:57 +0100] "GET /reports/usage_202403.html HTTP/1.0" 200 92683 "https://xn--kr-kla.com" "Mozilla/5.0 (Windows NT 10.0; Win64; x64) AppleWebKit/537.36 (KHTML, like Gecko) Chrome/131.0.0.0 Safari/537.36 Avast/131.0.0.0"
184.178.172.0 - - [10/Mar/2025:05:26:06 +0100] "GET /reports/usage_202403.html HTTP/1.0" 200 92683 "https://xn--krken10-bn4c.com" "Mozilla/5.0 (Windows NT 10.0; Win64; x64) AppleWebKit/537.36 (KHTML, like Gecko) Chrome/131.0.0.0 Safari/537.36"
18.116.27.0 - - [10/Mar/2025:05:26:16 +0100] "\n" 400 226 "-" "-"
93.174.93.0 - - [10/Mar/2025:05:26:38 +0100] "\x16\x03\x02\x01o\x01" 400 226 "-" "-"
18.116.27.0 - - [10/Mar/2025:05:27:28 +0100] "\x16\x03\x01" 400 226 "-" "-"
18.116.27.0 - - [10/Mar/2025:05:28:39 +0100] "SSH-2.0-Go" 400 226 "-" "-"
18.116.27.0 - - [10/Mar/2025:05:29:16 +0100] "\x16\x03\x01" 400 226 "-" "-"
54.36.149.0 - - [10/Mar/2025:05:29:21 +0100] "GET /contao/vendor/phpunit/?C=N;O=D HTTP/2.0" 200 412 "-" "Mozilla/5.0 (compatible; AhrefsBot/7.0; +http://ahrefs.com/robot/)"
208.65.90.0 - - [10/Mar/2025:05:32:37 +0100] "GET /reports/usage_202403.html HTTP/1.0" 200 92683 "https://xn--rakn-f0a1446b.com" "Mozilla/5.0 (Windows NT 10.0; Win64; x64) AppleWebKit/537.36 (KHTML, like Gecko) Chrome/131.0.0.0 Safari/537.36"
208.65.90.0 - - [10/Mar/2025:05:33:41 +0100] "GET /reports/usage_202403.html HTTP/1.0" 200 92683 "https://xn--kr7-onb.com" "Mozilla/5.0 (Windows NT 10.0; Win64; x64) AppleWebKit/537.36 (KHTML, like Gecko) Chrome/131.0.0.0 Safari/537.36"
192.42.116.0 - - [10/Mar/2025:05:34:54 +0100] "GET / HTTP/1.1" 200 727 "-" "Mozilla/5.0 (Windows NT 6.1; WOW64) AppleWebKit/537.36 (KHTML, like Gecko) Chrome/41.0.2227.0 Safari/537.36"
185.228.132.0 - - [10/Mar/2025:05:36:19 +0100] "GET /reports/usage_202402.html HTTP/1.0" 200 91181 "https://seattle-towncar.com/woodinville-town-car-service/" "Mozilla/5.0 (Windows NT 10.0; Win64; x64) AppleWebKit/537.36 (KHTML, like Gecko) Chrome/130.0.0.0 Safari/537.36"
125.228.28.0 - - [10/Mar/2025:05:37:39 +0100] "GET / HTTP/1.0" 200 3510 "-" "curl/7.88.1"
213.180.203.0 - - [10/Mar/2025:05:38:36 +0100] "GET /robots.txt HTTP/1.1" 200 223 "-" "Mozilla/5.0 (compatible; YandexBot/3.0; +http://yandex.com/bots)"
213.180.203.0 - - [10/Mar/2025:05:38:36 +0100] "GET /kontaktformular/allgemeine-geschaeftsbedingungen/favicon/favicon-144.png HTTP/1.1" 200 48509 "-" "Mozilla/5.0 (compatible; YandexFavicons/1.0; +http://yandex.com/bots)"
2a01:238:43f8:5f00:: - - [10/Mar/2025:05:38:37 +0100] "POST /wp-cron.php?doing_wp_cron=1741581517.0587990283966064453125 HTTP/1.1" 200 - "-" "yfsWxtwr0zMB"
208.65.90.0 - - [10/Mar/2025:05:40:57 +0100] "GET /reports/usage_202403.html HTTP/1.0" 200 92683 "https://xn--v14-7ua.com" "Mozilla/5.0 (Windows NT 10.0; Win64; x64) AppleWebKit/537.36 (KHTML, like Gecko) Chrome/131.0.0.0 Safari/537.36 Avast/131.0.0.0"
68.71.245.0 - - [10/Mar/2025:05:41:24 +0100] "GET /reports/usage_202403.html HTTP/1.0" 200 92683 "https://xn--kr9-onb.com" "Mozilla/5.0 (Windows NT 10.0; Win64; x64) AppleWebKit/537.36 (KHTML, like Gecko) Chrome/130.0.0.0 Safari/537.36 CCleaner/130.0.0.0"
54.36.148.0 - - [10/Mar/2025:05:41:40 +0100] "GET /contao/vendor/twig/twig/ HTTP/2.0" 200 966 "-" "Mozilla/5.0 (compatible; AhrefsBot/7.0; +http://ahrefs.com/robot/)"
74.80.208.0 - - [10/Mar/2025:05:43:56 +0100] "GET /robots.txt HTTP/2.0" 200 162 "-" "Mozilla/5.0 (compatible; ImagesiftBot; +imagesift.com)"
74.80.208.0 - - [10/Mar/2025:05:43:57 +0100] "GET /objektwartung/favicon/favicon-72.png HTTP/2.0" 200 - "-" "Mozilla/5.0 (compatible; ImagesiftBot; +imagesift.com)"
2a01:238:43f8:5f00:: - - [10/Mar/2025:05:43:57 +0100] "POST /wp-cron.php?doing_wp_cron=1741581837.1774399280548095703125 HTTP/1.1" 200 - "-" "j7Ugfxi898BZ"
74.80.208.0 - - [10/Mar/2025:05:43:59 +0100] "GET /kontaktformular/nicht-erlaubt/favicon/favicon-76.png HTTP/2.0" 200 48509 "-" "Mozilla/5.0 (compatible; ImagesiftBot; +imagesift.com)"
74.80.208.0 - - [10/Mar/2025:05:44:01 +0100] "GET /busiprof_team/the-boss/favicon/favicon-57.png HTTP/2.0" 200 48509 "-" "Mozilla/5.0 (compatible; ImagesiftBot; +imagesift.com)"
74.80.208.0 - - [10/Mar/2025:05:44:04 +0100] "GET /kontaktformular/allgemeine-geschaeftsbedingungen/favicon/favicon-180.png HTTP/2.0" 200 48509 "-" "Mozilla/5.0 (compatible; ImagesiftBot; +imagesift.com)"
74.80.208.0 - - [10/Mar/2025:05:44:08 +0100] "GET /montage-vorgefertigter-elemente/favicon/favicon-180.png HTTP/2.0" 200 48509 "-" "Mozilla/5.0 (compatible; ImagesiftBot; +imagesift.com)"
74.80.208.0 - - [10/Mar/2025:05:44:11 +0100] "GET /bodenverlegung/favicon/favicon-180.png HTTP/2.0" 200 48509 "-" "Mozilla/5.0 (compatible; ImagesiftBot; +imagesift.com)"
2a01:238:43f8:5f00:: - - [10/Mar/2025:05:44:14 +0100] "POST /wp-cron.php?doing_wp_cron=1741581854.0131111145019531250000 HTTP/1.1" 200 - "-" "VpXxv9Fe9Ebe"
74.80.208.0 - - [10/Mar/2025:05:44:13 +0100] "GET /prjekte/vogel-taubenabwehrprojekt/favicon/favicon-152.png HTTP/2.0" 200 48509 "-" "Mozilla/5.0 (compatible; ImagesiftBot; +imagesift.com)"
74.80.208.0 - - [10/Mar/2025:05:44:16 +0100] "GET /co2-warnmelder/favicon/favicon-120.png HTTP/2.0" 200 48509 "-" "Mozilla/5.0 (compatible; ImagesiftBot; +imagesift.com)"
74.80.208.0 - - [10/Mar/2025:05:44:18 +0100] "GET /brandschutz/dienstleistungen/favicon/favicon-72.png HTTP/2.0" 200 48509 "-" "Mozilla/5.0 (compatible; ImagesiftBot; +imagesift.com)"
74.80.208.0 - - [10/Mar/2025:05:44:22 +0100] "GET /rauchmelder/favicon/favicon-76.png HTTP/2.0" 200 48509 "-" "Mozilla/5.0 (compatible; ImagesiftBot; +imagesift.com)"
74.80.208.0 - - [10/Mar/2025:05:44:28 +0100] "GET /category/allgemein/favicon/favicon-60.png HTTP/2.0" 200 48509 "-" "Mozilla/5.0 (compatible; ImagesiftBot; +imagesift.com)"
74.80.208.0 - - [10/Mar/2025:05:44:30 +0100] "GET /prjekte/einbruchschutz/favicon/favicon-76.png HTTP/2.0" 200 48509 "-" "Mozilla/5.0 (compatible; ImagesiftBot; +imagesift.com)"
74.80.208.0 - - [10/Mar/2025:05:44:32 +0100] "GET /prjekte/vogel-taubenabwehrprojekt/favicon/favicon-60.png HTTP/2.0" 200 48509 "-" "Mozilla/5.0 (compatible; ImagesiftBot; +imagesift.com)"
74.80.208.0 - - [10/Mar/2025:05:44:34 +0100] "GET /co2-warnmelder/favicon/favicon-114.png HTTP/2.0" 200 48509 "-" "Mozilla/5.0 (compatible; ImagesiftBot; +imagesift.com)"
74.80.208.0 - - [10/Mar/2025:05:44:38 +0100] "GET /brandschutz/dienstleistungen/favicon/favicon-114.png HTTP/2.0" 200 48509 "-" "Mozilla/5.0 (compatible; ImagesiftBot; +imagesift.com)"
74.80.208.0 - - [10/Mar/2025:05:44:41 +0100] "GET /busiprof_team/the-boss/favicon/favicon-72.png HTTP/2.0" 200 48509 "-" "Mozilla/5.0 (compatible; ImagesiftBot; +imagesift.com)"
74.80.208.0 - - [10/Mar/2025:05:44:43 +0100] "GET /malerarbeit/favicon/favicon-60.png HTTP/2.0" 200 48509 "-" "Mozilla/5.0 (compatible; ImagesiftBot; +imagesift.com)"
74.80.208.0 - - [10/Mar/2025:05:44:48 +0100] "GET /trockenbauarbeiten/favicon/favicon-57.png HTTP/2.0" 200 48509 "-" "Mozilla/5.0 (compatible; ImagesiftBot; +imagesift.com)"
74.80.208.0 - - [10/Mar/2025:05:44:50 +0100] "GET /definition-unterhaltsreinigung/favicon/favicon-114.png HTTP/2.0" 200 48509 "-" "Mozilla/5.0 (compatible; ImagesiftBot; +imagesift.com)"
74.80.208.0 - - [10/Mar/2025:05:44:51 +0100] "GET /category/allgemein/favicon/favicon-144.png HTTP/2.0" 200 48509 "-" "Mozilla/5.0 (compatible; ImagesiftBot; +imagesift.com)"
74.80.208.0 - - [10/Mar/2025:05:44:54 +0100] "GET /hausmeisterservice/favicon/favicon-114.png HTTP/2.0" 200 48509 "-" "Mozilla/5.0 (compatible; ImagesiftBot; +imagesift.com)"
74.80.208.0 - - [10/Mar/2025:05:44:59 +0100] "GET /busiprof_team/the-boss/favicon/favicon-60.png HTTP/2.0" 200 48509 "-" "Mozilla/5.0 (compatible; ImagesiftBot; +imagesift.com)"
74.80.208.0 - - [10/Mar/2025:05:45:05 +0100] "GET /category/allgemein/favicon/favicon-120.png HTTP/2.0" 200 48509 "-" "Mozilla/5.0 (compatible; ImagesiftBot; +imagesift.com)"
74.80.208.0 - - [10/Mar/2025:05:45:07 +0100] "GET /hausmeisterservice/favicon/favicon-180.png HTTP/2.0" 200 48541 "-" "Mozilla/5.0 (compatible; ImagesiftBot; +imagesift.com)"
74.80.208.0 - - [10/Mar/2025:05:45:08 +0100] "GET /hausmeisterservice/favicon/favicon-72.png HTTP/2.0" 200 48509 "-" "Mozilla/5.0 (compatible; ImagesiftBot; +imagesift.com)"
2a01:238:43f8:5f00:: - - [10/Mar/2025:05:45:12 +0100] "POST /wp-cron.php?doing_wp_cron=1741581912.3792140483856201171875 HTTP/1.1" 200 - "-" "DUhfgKLETx2r"
74.80.208.0 - - [10/Mar/2025:05:45:12 +0100] "GET /montage-vorgefertigter-elemente/favicon/favicon-120.png HTTP/2.0" 200 48509 "-" "Mozilla/5.0 (compatible; ImagesiftBot; +imagesift.com)"
74.80.208.0 - - [10/Mar/2025:05:45:14 +0100] "GET /danke-fuer-ihre-eintragung/favicon/favicon-144.png HTTP/2.0" 200 48509 "-" "Mozilla/5.0 (compatible; ImagesiftBot; +imagesift.com)"
74.80.208.0 - - [10/Mar/2025:05:45:16 +0100] "GET /definition-unterhaltsreinigung/favicon/favicon-76.png HTTP/2.0" 200 48509 "-" "Mozilla/5.0 (compatible; ImagesiftBot; +imagesift.com)"
74.80.208.0 - - [10/Mar/2025:05:45:19 +0100] "GET /kontaktformular/nicht-erlaubt/favicon/favicon-114.png HTTP/2.0" 200 48509 "-" "Mozilla/5.0 (compatible; ImagesiftBot; +imagesift.com)"
74.80.208.0 - - [10/Mar/2025:05:45:21 +0100] "GET /impressum/favicon/favicon-144.png HTTP/2.0" 200 48509 "-" "Mozilla/5.0 (compatible; ImagesiftBot; +imagesift.com)"
74.80.208.0 - - [10/Mar/2025:05:45:23 +0100] "GET /malerarbeit/favicon/favicon-120.png HTTP/2.0" 200 48509 "-" "Mozilla/5.0 (compatible; ImagesiftBot; +imagesift.com)"
74.80.208.0 - - [10/Mar/2025:05:45:25 +0100] "GET /brandschutz/favicon/favicon-76.png HTTP/2.0" 200 48509 "-" "Mozilla/5.0 (compatible; ImagesiftBot; +imagesift.com)"
74.80.208.0 - - [10/Mar/2025:05:45:26 +0100] "GET /austragen/favicon/favicon-120.png HTTP/2.0" 200 48509 "-" "Mozilla/5.0 (compatible; ImagesiftBot; +imagesift.com)"
74.80.208.0 - - [10/Mar/2025:05:45:28 +0100] "GET /newsletter/favicon/favicon-114.png HTTP/2.0" 200 48509 "-" "Mozilla/5.0 (compatible; ImagesiftBot; +imagesift.com)"
74.80.208.0 - - [10/Mar/2025:05:45:35 +0100] "GET /definition-unterhaltsreinigung/favicon/favicon-60.png HTTP/2.0" 200 48509 "-" "Mozilla/5.0 (compatible; ImagesiftBot; +imagesift.com)"
2a01:238:43f8:5f00:: - - [10/Mar/2025:05:45:42 +0100] "POST /wp-cron.php?doing_wp_cron=1741581942.8399178981781005859375 HTTP/1.1" 200 - "-" "98efUwFCPqor"
74.80.208.0 - - [10/Mar/2025:05:45:42 +0100] "GET /malerarbeit/favicon/favicon-57.png HTTP/2.0" 200 48509 "-" "Mozilla/5.0 (compatible; ImagesiftBot; +imagesift.com)"
74.80.208.0 - - [10/Mar/2025:05:45:51 +0100] "GET /malerarbeit/favicon/favicon-114.png HTTP/2.0" 200 48509 "-" "Mozilla/5.0 (compatible; ImagesiftBot; +imagesift.com)"
74.80.208.0 - - [10/Mar/2025:05:46:01 +0100] "GET /wp-content/uploads/newsletter_1140.jpg HTTP/2.0" 404 2651 "-" "Mozilla/5.0 (compatible; ImagesiftBot; +imagesift.com)"
2a01:238:43f8:5f00:: - - [10/Mar/2025:05:46:16 +0100] "POST /wp-cron.php?doing_wp_cron=1741581976.2605969905853271484375 HTTP/1.1" 200 - "-" "bpZRm8cfypCo"
74.80.208.0 - - [10/Mar/2025:05:46:16 +0100] "GET /danke-fuer-ihre-eintragung/favicon/favicon-152.png HTTP/2.0" 200 48509 "-" "Mozilla/5.0 (compatible; ImagesiftBot; +imagesift.com)"
74.80.208.0 - - [10/Mar/2025:05:46:34 +0100] "GET /austragen/favicon/favicon-60.png HTTP/2.0" 200 48509 "-" "Mozilla/5.0 (compatible; ImagesiftBot; +imagesift.com)"
74.80.208.0 - - [10/Mar/2025:05:47:11 +0100] "GET /kontaktformular/nicht-erlaubt/favicon/favicon-57.png HTTP/2.0" 200 48509 "-" "Mozilla/5.0 (compatible; ImagesiftBot; +imagesift.com)"
2a01:238:43f8:5f00:: - - [10/Mar/2025:05:47:14 +0100] "POST /wp-cron.php?doing_wp_cron=1741582034.7293961048126220703125 HTTP/1.1" 200 - "-" "8rTAiDpohrqL"
74.80.208.0 - - [10/Mar/2025:05:47:14 +0100] "GET /prjekte/objektwartung-in-immobilien-durch-den-objektservice/favicon/favicon-72.png HTTP/2.0" 200 48509 "-" "Mozilla/5.0 (compatible; ImagesiftBot; +imagesift.com)"
74.80.208.0 - - [10/Mar/2025:05:47:19 +0100] "GET /prjekte/brandschutz/favicon/favicon-57.png HTTP/2.0" 200 48509 "-" "Mozilla/5.0 (compatible; ImagesiftBot; +imagesift.com)"
74.80.208.0 - - [10/Mar/2025:05:47:21 +0100] "GET /busiprof_team/the-boss/favicon/favicon-120.png HTTP/2.0" 200 48509 "-" "Mozilla/5.0 (compatible; ImagesiftBot; +imagesift.com)"
74.80.208.0 - - [10/Mar/2025:05:47:24 +0100] "GET /bodenverlegung/favicon/favicon-76.png HTTP/2.0" 200 48509 "-" "Mozilla/5.0 (compatible; ImagesiftBot; +imagesift.com)"
74.80.208.0 - - [10/Mar/2025:05:47:29 +0100] "GET /prjekte/brandschutz/favicon/favicon-72.png HTTP/2.0" 200 48509 "-" "Mozilla/5.0 (compatible; ImagesiftBot; +imagesift.com)"
74.80.208.0 - - [10/Mar/2025:05:47:30 +0100] "GET /wassermelder/favicon/favicon-180.png HTTP/2.0" 200 48509 "-" "Mozilla/5.0 (compatible; ImagesiftBot; +imagesift.com)"
74.80.208.0 - - [10/Mar/2025:05:47:32 +0100] "GET /bueroreinigung/favicon/favicon-60.png HTTP/2.0" 200 48509 "-" "Mozilla/5.0 (compatible; ImagesiftBot; +imagesift.com)"
74.80.208.0 - - [10/Mar/2025:05:47:33 +0100] "GET /prjekte/brandschutz/favicon/favicon-60.png HTTP/2.0" 200 48509 "-" "Mozilla/5.0 (compatible; ImagesiftBot; +imagesift.com)"
74.80.208.0 - - [10/Mar/2025:05:47:35 +0100] "GET /prjekte/brandschutz/favicon/favicon-152.png HTTP/2.0" 200 48509 "-" "Mozilla/5.0 (compatible; ImagesiftBot; +imagesift.com)"
74.80.208.0 - - [10/Mar/2025:05:47:39 +0100] "GET /busiprof_team/the-boss/favicon/favicon-144.png HTTP/2.0" 200 48509 "-" "Mozilla/5.0 (compatible; ImagesiftBot; +imagesift.com)"
74.80.208.0 - - [10/Mar/2025:05:47:47 +0100] "GET /hausmeisterservice/favicon/favicon-152.png HTTP/2.0" 200 48509 "-" "Mozilla/5.0 (compatible; ImagesiftBot; +imagesift.com)"
2a01:238:43f8:5f00:: - - [10/Mar/2025:05:48:19 +0100] "POST /wp-cron.php?doing_wp_cron=1741582099.7100911140441894531250 HTTP/1.1" 200 - "-" "zEuY0LbZgFSZ"
74.80.208.0 - - [10/Mar/2025:05:48:19 +0100] "GET /wassermelder/favicon/favicon-120.png HTTP/2.0" 200 48509 "-" "Mozilla/5.0 (compatible; ImagesiftBot; +imagesift.com)"
74.80.208.0 - - [10/Mar/2025:05:48:21 +0100] "GET /prjekte/objektwartung-in-immobilien-durch-den-objektservice/favicon/favicon-144.png HTTP/2.0" 200 48509 "-" "Mozilla/5.0 (compatible; ImagesiftBot; +imagesift.com)"
74.80.208.0 - - [10/Mar/2025:05:48:27 +0100] "GET /einbruchschutz/favicon/favicon-144.png HTTP/2.0" 200 48541 "-" "Mozilla/5.0 (compatible; ImagesiftBot; +imagesift.com)"
208.65.90.0 - - [10/Mar/2025:05:48:31 +0100] "GET /reports/usage_202403.html HTTP/1.0" 200 92683 "https://xn--v14-7ua.com" "Mozilla/5.0 (Windows NT 10.0; Win64; x64) AppleWebKit/537.36 (KHTML, like Gecko) Chrome/130.0.0.0 Safari/537.36 CCleaner/130.0.0.0"
74.80.208.0 - - [10/Mar/2025:05:48:32 +0100] "GET /austragen/favicon/favicon-57.png HTTP/2.0" 200 48509 "-" "Mozilla/5.0 (compatible; ImagesiftBot; +imagesift.com)"
74.80.208.0 - - [10/Mar/2025:05:48:38 +0100] "GET /rauchmelder/favicon/favicon-72.png HTTP/2.0" 200 48509 "-" "Mozilla/5.0 (compatible; ImagesiftBot; +imagesift.com)"
74.80.208.0 - - [10/Mar/2025:05:48:41 +0100] "GET /prjekte/objektwartung-in-immobilien-durch-den-objektservice/favicon/favicon-180.png HTTP/2.0" 200 48509 "-" "Mozilla/5.0 (compatible; ImagesiftBot; +imagesift.com)"
74.80.208.0 - - [10/Mar/2025:05:48:44 +0100] "GET /objektwartung/favicon/favicon-76.png HTTP/2.0" 200 48509 "-" "Mozilla/5.0 (compatible; ImagesiftBot; +imagesift.com)"
45.95.169.0 - - [10/Mar/2025:05:49:02 +0100] "GET /reports/usage_202403.html HTTP/1.0" 200 92683 "https://xn--kran-xva5q.com" "Mozilla/5.0 (Windows NT 10.0; Win64; x64) AppleWebKit/537.36 (KHTML, like Gecko) Chrome/130.0.0.0 Safari/537.36"
74.80.208.0 - - [10/Mar/2025:05:49:13 +0100] "GET /kontaktformular/allgemeine-geschaeftsbedingungen/favicon/favicon-57.png HTTP/2.0" 200 - "-" "Mozilla/5.0 (compatible; ImagesiftBot; +imagesift.com)"
74.80.208.0 - - [10/Mar/2025:05:49:15 +0100] "GET /wp-content/uploads/2021/05/stairs-2203730-scaled.jpg HTTP/2.0" 404 2679 "-" "Mozilla/5.0 (compatible; ImagesiftBot; +imagesift.com)"
2a01:238:43f8:5f00:: - - [10/Mar/2025:05:49:13 +0100] "POST /wp-cron.php?doing_wp_cron=1741582153.9098980426788330078125 HTTP/1.1" 200 - "-" "8MIOOb6heeWQ"
74.80.208.0 - - [10/Mar/2025:05:49:17 +0100] "GET /kontaktformular/nicht-erlaubt/favicon/favicon-152.png HTTP/2.0" 200 48509 "-" "Mozilla/5.0 (compatible; ImagesiftBot; +imagesift.com)"
72.49.49.0 - - [10/Mar/2025:05:49:14 +0100] "GET /reports/usage_202403.html HTTP/1.0" 200 92683 "https://xn--kr12-rzb.com" "Mozilla/5.0 (Windows NT 10.0; Win64; x64) AppleWebKit/537.36 (KHTML, like Gecko) Chrome/130.0.0.0 Safari/537.36"
74.80.208.0 - - [10/Mar/2025:05:49:24 +0100] "GET /kontaktformular/nicht-erlaubt/favicon/favicon-120.png HTTP/2.0" 200 48509 "-" "Mozilla/5.0 (compatible; ImagesiftBot; +imagesift.com)"
74.80.208.0 - - [10/Mar/2025:05:49:34 +0100] "GET /brandschutz/dienstleistungen/favicon/favicon-60.png HTTP/2.0" 200 48509 "-" "Mozilla/5.0 (compatible; ImagesiftBot; +imagesift.com)"
74.80.208.0 - - [10/Mar/2025:05:49:58 +0100] "GET /newsletter/favicon/favicon-72.png HTTP/2.0" 200 48509 "-" "Mozilla/5.0 (compatible; ImagesiftBot; +imagesift.com)"
196.251.85.0 - - [10/Mar/2025:05:50:09 +0100] "GET /thoms.php HTTP/1.1" 301 245 "www.google.com" "Mozlila/5.0 (Linux; Android 7.0; SM-G892A Bulid/NRD90M; wv) AppleWebKit/537.36 (KHTML, like Gecko) Version/4.0 Chrome/60.0.3112.107 Moblie Safari/537.36"
196.251.85.0 - - [10/Mar/2025:05:50:09 +0100] "GET /thoms.php HTTP/1.1" 200 - "www.google.com" "Mozlila/5.0 (Linux; Android 7.0; SM-G892A Bulid/NRD90M; wv) AppleWebKit/537.36 (KHTML, like Gecko) Version/4.0 Chrome/60.0.3112.107 Moblie Safari/537.36"
167.94.145.0 - - [10/Mar/2025:05:50:09 +0100] "GET / HTTP/1.1" 200 3510 "-" "-"
167.94.145.0 - - [10/Mar/2025:05:50:15 +0100] "GET / HTTP/1.1" 200 730 "-" "Mozilla/5.0 (compatible; CensysInspect/1.1; +https://about.censys.io/)"
167.94.145.0 - - [10/Mar/2025:05:50:16 +0100] "GET /favicon.ico HTTP/1.1" 404 2553 "-" "Mozilla/5.0 (compatible; CensysInspect/1.1; +https://about.censys.io/)"
167.94.145.0 - - [10/Mar/2025:05:50:20 +0100] "GET /favicon.ico HTTP/1.1" 404 2553 "-" "Mozilla/5.0 (compatible; CensysInspect/1.1; +https://about.censys.io/)"
167.94.145.0 - - [10/Mar/2025:05:50:20 +0100] "\x16\x03\x01" 400 226 "-" "-"
2a01:238:43f8:5f00:: - - [10/Mar/2025:05:50:21 +0100] "POST /wp-cron.php?doing_wp_cron=1741582221.1916389465332031250000 HTTP/1.1" 200 - "-" "l5AAlYzNeRGp"
196.251.85.0 - - [10/Mar/2025:05:50:21 +0100] "GET /inputs.php HTTP/1.1" 200 - "www.google.com" "Mozlila/5.0 (Linux; Android 7.0; SM-G892A Bulid/NRD90M; wv) AppleWebKit/537.36 (KHTML, like Gecko) Version/4.0 Chrome/60.0.3112.107 Moblie Safari/537.36"
196.251.85.0 - - [10/Mar/2025:05:50:21 +0100] "GET /inputs.php HTTP/1.1" 200 - "www.google.com" "Mozlila/5.0 (Linux; Android 7.0; SM-G892A Bulid/NRD90M; wv) AppleWebKit/537.36 (KHTML, like Gecko) Version/4.0 Chrome/60.0.3112.107 Moblie Safari/537.36"
2a01:238:43f8:5f00:: - - [10/Mar/2025:05:50:45 +0100] "POST /wp-cron.php?doing_wp_cron=1741582245.8691120147705078125000 HTTP/1.1" 200 - "-" "4y0ba0ndHrtm"
196.251.85.0 - - [10/Mar/2025:05:50:45 +0100] "GET /userfuns.php HTTP/1.1" 200 - "www.google.com" "Mozlila/5.0 (Linux; Android 7.0; SM-G892A Bulid/NRD90M; wv) AppleWebKit/537.36 (KHTML, like Gecko) Version/4.0 Chrome/60.0.3112.107 Moblie Safari/537.36"
196.251.85.0 - - [10/Mar/2025:05:50:46 +0100] "GET /userfuns.php HTTP/1.1" 200 - "www.google.com" "Mozlila/5.0 (Linux; Android 7.0; SM-G892A Bulid/NRD90M; wv) AppleWebKit/537.36 (KHTML, like Gecko) Version/4.0 Chrome/60.0.3112.107 Moblie Safari/537.36"
196.251.85.0 - - [10/Mar/2025:05:50:51 +0100] "GET /tempfuns.php HTTP/1.1" 200 - "www.google.com" "Mozlila/5.0 (Linux; Android 7.0; SM-G892A Bulid/NRD90M; wv) AppleWebKit/537.36 (KHTML, like Gecko) Version/4.0 Chrome/60.0.3112.107 Moblie Safari/537.36"
196.251.85.0 - - [10/Mar/2025:05:50:51 +0100] "GET /tempfuns.php HTTP/1.1" 200 - "www.google.com" "Mozlila/5.0 (Linux; Android 7.0; SM-G892A Bulid/NRD90M; wv) AppleWebKit/537.36 (KHTML, like Gecko) Version/4.0 Chrome/60.0.3112.107 Moblie Safari/537.36"
2a01:238:43f8:5f00:: - - [10/Mar/2025:05:51:37 +0100] "POST /wp-cron.php?doing_wp_cron=1741582297.1058990955352783203125 HTTP/1.1" 200 - "-" "LhDTPe7RaXYN"
196.251.85.0 - - [10/Mar/2025:05:51:37 +0100] "GET /termps.php HTTP/1.1" 200 - "www.google.com" "Mozlila/5.0 (Linux; Android 7.0; SM-G892A Bulid/NRD90M; wv) AppleWebKit/537.36 (KHTML, like Gecko) Version/4.0 Chrome/60.0.3112.107 Moblie Safari/537.36"
196.251.85.0 - - [10/Mar/2025:05:51:37 +0100] "GET /termps.php HTTP/1.1" 200 - "www.google.com" "Mozlila/5.0 (Linux; Android 7.0; SM-G892A Bulid/NRD90M; wv) AppleWebKit/537.36 (KHTML, like Gecko) Version/4.0 Chrome/60.0.3112.107 Moblie Safari/537.36"
74.80.208.0 - - [10/Mar/2025:05:51:52 +0100] "GET /co2-warnmelder/favicon/favicon-144.png HTTP/2.0" 200 48509 "-" "Mozilla/5.0 (compatible; ImagesiftBot; +imagesift.com)"
74.80.208.0 - - [10/Mar/2025:05:52:02 +0100] "GET /montage-vorgefertigter-elemente/favicon/favicon-57.png HTTP/2.0" 200 48509 "-" "Mozilla/5.0 (compatible; ImagesiftBot; +imagesift.com)"
2a01:238:43f8:5f00:: - - [10/Mar/2025:05:53:11 +0100] "POST /wp-cron.php?doing_wp_cron=1741582391.8397629261016845703125 HTTP/1.1" 200 - "-" "JwGAeaS5hJo7"
74.80.208.0 - - [10/Mar/2025:05:53:11 +0100] "GET /wassermelder/favicon/favicon-76.png HTTP/2.0" 200 48509 "-" "Mozilla/5.0 (compatible; ImagesiftBot; +imagesift.com)"
2a01:238:43f8:5f00:: - - [10/Mar/2025:05:53:26 +0100] "POST /wp-cron.php?doing_wp_cron=1741582406.3094689846038818359375 HTTP/1.1" 200 - "-" "t0XqsCzK8c4A"
74.80.208.0 - - [10/Mar/2025:05:53:26 +0100] "GET /bueroreinigung/favicon/favicon-152.png HTTP/2.0" 200 48509 "-" "Mozilla/5.0 (compatible; ImagesiftBot; +imagesift.com)"
74.80.208.0 - - [10/Mar/2025:05:53:53 +0100] "GET /wassermelder/favicon/favicon-152.png HTTP/2.0" 200 48509 "-" "Mozilla/5.0 (compatible; ImagesiftBot; +imagesift.com)"
74.80.208.0 - - [10/Mar/2025:05:54:08 +0100] "GET /unterhaltsreinigung/favicon/favicon-57.png HTTP/2.0" 200 48509 "-" "Mozilla/5.0 (compatible; ImagesiftBot; +imagesift.com)"
54.36.148.0 - - [10/Mar/2025:05:54:17 +0100] "GET /contao/vendor/composer/autoload_classmap.php HTTP/2.0" 200 - "-" "Mozilla/5.0 (compatible; AhrefsBot/7.0; +http://ahrefs.com/robot/)"
217.79.189.0 - - [10/Mar/2025:05:54:58 +0100] "POST /xmlrpc.php HTTP/1.1" 403 2604 "http://gebaeudetechnik.nrw" "Mozilla/5.0 (Windows NT 10.0; Win64; x64) AppleWebKit/537.36 (KHTML, like Gecko) Chrome/113.0.5672.93 Safari/537.36"
2a01:238:43f8:5f00:: - - [10/Mar/2025:05:55:24 +0100] "POST /wp-cron.php?doing_wp_cron=1741582523.8855669498443603515625 HTTP/1.1" 200 - "-" "xKEVpEUqhBHf"
74.80.208.0 - - [10/Mar/2025:05:55:23 +0100] "GET /brandschutz/dienstleistungen/favicon/favicon-57.png HTTP/2.0" 200 48509 "-" "Mozilla/5.0 (compatible; ImagesiftBot; +imagesift.com)"
74.80.208.0 - - [10/Mar/2025:05:55:27 +0100] "GET /prjekte/brandschutz/favicon/favicon-144.png HTTP/2.0" 200 48509 "-" "Mozilla/5.0 (compatible; ImagesiftBot; +imagesift.com)"
