169.150.247.0 - - [10/Mar/2025:22:18:37 +0100] "GET /wp-content/cache/autoptimize/autoptimize_single_c1244387c1a757b0a2bd442e344e420e.php HTTP/1.1" 301 320 "https://www.gebaeudetechnik.nrw/" "Mozilla/5.0 (Linux; Android 10; K) AppleWebKit/537.36 (KHTML, like Gecko) Chrome/134.0.0.0 Mobile Safari/537.36"
169.150.247.0 - - [10/Mar/2025:22:18:37 +0100] "GET /wp-content/cache/autoptimize/autoptimize_single_06b3ed89f3c425c7ab4c3ffbb90ebe86.php HTTP/1.1" 301 320 "https://www.gebaeudetechnik.nrw/" "Mozilla/5.0 (Linux; Android 10; K) AppleWebKit/537.36 (KHTML, like Gecko) Chrome/134.0.0.0 Mobile Safari/537.36"
169.150.247.0 - - [10/Mar/2025:22:18:37 +0100] "GET /wp-content/cache/autoptimize/autoptimize_single_2b34beb6e10a768bf505b76375371f1e.php HTTP/1.1" 301 320 "https://www.gebaeudetechnik.nrw/" "Mozilla/5.0 (Linux; Android 10; K) AppleWebKit/537.36 (KHTML, like Gecko) Chrome/134.0.0.0 Mobile Safari/537.36"
169.150.247.0 - - [10/Mar/2025:22:18:37 +0100] "GET /wp-content/cache/autoptimize/autoptimize_single_b8192274dbb166adb439a1f6c0c13bdc.php HTTP/1.1" 301 320 "https://www.gebaeudetechnik.nrw/" "Mozilla/5.0 (Linux; Android 10; K) AppleWebKit/537.36 (KHTML, like Gecko) Chrome/134.0.0.0 Mobile Safari/537.36"
169.150.247.0 - - [10/Mar/2025:22:18:37 +0100] "GET /wp-includes/css/dist/block-library/style.min.css HTTP/1.1" 301 284 "https://www.gebaeudetechnik.nrw/" "Mozilla/5.0 (Linux; Android 10; K) AppleWebKit/537.36 (KHTML, like Gecko) Chrome/134.0.0.0 Mobile Safari/537.36"
169.150.247.0 - - [10/Mar/2025:22:18:37 +0100] "GET /wp-content/cache/autoptimize/autoptimize_single_1ad2e4f6ceb51a868c6bd7a3e0bc4fab.php HTTP/1.1" 301 320 "https://www.gebaeudetechnik.nrw/" "Mozilla/5.0 (Linux; Android 10; K) AppleWebKit/537.36 (KHTML, like Gecko) Chrome/134.0.0.0 Mobile Safari/537.36"
169.150.247.0 - - [10/Mar/2025:22:18:37 +0100] "GET /wp-content/cache/autoptimize/autoptimize_single_2a34dbc716a5013a0b987ac81ad3e30f.php HTTP/1.1" 301 320 "https://www.gebaeudetechnik.nrw/" "Mozilla/5.0 (Linux; Android 10; K) AppleWebKit/537.36 (KHTML, like Gecko) Chrome/134.0.0.0 Mobile Safari/537.36"
169.150.247.0 - - [10/Mar/2025:22:18:37 +0100] "GET /wp-content/themes/busiprof-pro/js/themename.js HTTP/1.1" 404 2842 "https://www.gebaeudetechnik.nrw/" "Mozilla/5.0 (Linux; Android 10; K) AppleWebKit/537.36 (KHTML, like Gecko) Chrome/134.0.0.0 Mobile Safari/537.36"
169.150.247.0 - - [10/Mar/2025:22:18:37 +0100] "GET /wp-content/cache/autoptimize/autoptimize_single_d780cf740f6d55dc8e0182ae7dbaa51c.php HTTP/1.1" 301 320 "https://www.gebaeudetechnik.nrw/" "Mozilla/5.0 (Linux; Android 10; K) AppleWebKit/537.36 (KHTML, like Gecko) Chrome/134.0.0.0 Mobile Safari/537.36"
169.150.247.0 - - [10/Mar/2025:22:18:37 +0100] "GET /wp-includes/js/comment-reply.min.js HTTP/1.1" 301 271 "https://www.gebaeudetechnik.nrw/" "Mozilla/5.0 (Linux; Android 10; K) AppleWebKit/537.36 (KHTML, like Gecko) Chrome/134.0.0.0 Mobile Safari/537.36"
169.150.247.0 - - [10/Mar/2025:22:18:37 +0100] "GET /wp-content/themes/busiprof-pro/print.css HTTP/1.1" 404 2830 "https://www.gebaeudetechnik.nrw/" "Mozilla/5.0 (Linux; Android 10; K) AppleWebKit/537.36 (KHTML, like Gecko) Chrome/134.0.0.0 Mobile Safari/537.36"
169.150.247.0 - - [10/Mar/2025:22:18:37 +0100] "GET /wp-content/cache/autoptimize/autoptimize_single_0931d311c22b874b0ed3b28d5ff48ca5.php HTTP/1.1" 301 320 "https://www.gebaeudetechnik.nrw/" "Mozilla/5.0 (Linux; Android 10; K) AppleWebKit/537.36 (KHTML, like Gecko) Chrome/134.0.0.0 Mobile Safari/537.36"
2a02:3100:86d4:1500:: - - [10/Mar/2025:22:18:37 +0100] "GET /wp-content/plugins/borlabs-cookie/assets/images/borlabs-cookie-icon-dynamic.svg HTTP/2.0" 200 4265 "https://www.gebaeudetechnik.nrw/definition-unterhaltsreinigung/" "Mozilla/5.0 (Linux; Android 10; K) AppleWebKit/537.36 (KHTML, like Gecko) Chrome/134.0.0.0 Mobile Safari/537.36"
2a02:3100:86d4:1500:: - - [10/Mar/2025:22:18:37 +0100] "GET /wp-content/cache/autoptimize/autoptimize_single_b6aeb905a718d7249651175caef87dde.php HTTP/2.0" 200 5879 "https://www.gebaeudetechnik.nrw/" "Mozilla/5.0 (Linux; Android 10; K) AppleWebKit/537.36 (KHTML, like Gecko) Chrome/134.0.0.0 Mobile Safari/537.36"
2a02:3100:86d4:1500:: - - [10/Mar/2025:22:18:37 +0100] "GET /wp-content/cache/autoptimize/autoptimize_single_0931d311c22b874b0ed3b28d5ff48ca5.php HTTP/2.0" 200 2413 "https://www.gebaeudetechnik.nrw/" "Mozilla/5.0 (Linux; Android 10; K) AppleWebKit/537.36 (KHTML, like Gecko) Chrome/134.0.0.0 Mobile Safari/537.36"
2a02:3100:86d4:1500:: - - [10/Mar/2025:22:18:37 +0100] "GET /wp-content/cache/autoptimize/autoptimize_single_14ed89e278d4cd61a551fcc2a47a12cf.php HTTP/2.0" 200 686 "https://www.gebaeudetechnik.nrw/" "Mozilla/5.0 (Linux; Android 10; K) AppleWebKit/537.36 (KHTML, like Gecko) Chrome/134.0.0.0 Mobile Safari/537.36"
2a02:3100:86d4:1500:: - - [10/Mar/2025:22:18:37 +0100] "GET /wp-content/cache/autoptimize/autoptimize_single_c1244387c1a757b0a2bd442e344e420e.php HTTP/2.0" 200 793 "https://www.gebaeudetechnik.nrw/" "Mozilla/5.0 (Linux; Android 10; K) AppleWebKit/537.36 (KHTML, like Gecko) Chrome/134.0.0.0 Mobile Safari/537.36"
2a02:3100:86d4:1500:: - - [10/Mar/2025:22:18:37 +0100] "GET /wp-content/cache/autoptimize/autoptimize_single_32be890c5913ca45460595124c12e18e.php HTTP/2.0" 200 3675 "https://www.gebaeudetechnik.nrw/" "Mozilla/5.0 (Linux; Android 10; K) AppleWebKit/537.36 (KHTML, like Gecko) Chrome/134.0.0.0 Mobile Safari/537.36"
2a02:3100:86d4:1500:: - - [10/Mar/2025:22:18:37 +0100] "GET /wp-content/cache/autoptimize/autoptimize_single_0d8a9fff3ec3feb8387b9a8683853f8b.php?ver=1718269816&cached=1 HTTP/2.0" 200 19794 "https://www.gebaeudetechnik.nrw/" "Mozilla/5.0 (Linux; Android 10; K) AppleWebKit/537.36 (KHTML, like Gecko) Chrome/134.0.0.0 Mobile Safari/537.36"
2a02:3100:86d4:1500:: - - [10/Mar/2025:22:18:37 +0100] "GET /wp-content/cache/autoptimize/autoptimize_single_0ebea01f110cd0ec92c68815ee0aad47.php?ver=1718269816&cached=1 HTTP/2.0" 200 1357 "https://www.gebaeudetechnik.nrw/" "Mozilla/5.0 (Linux; Android 10; K) AppleWebKit/537.36 (KHTML, like Gecko) Chrome/134.0.0.0 Mobile Safari/537.36"
2a02:3100:86d4:1500:: - - [10/Mar/2025:22:18:37 +0100] "GET /wp-content/cache/autoptimize/autoptimize_single_2b34beb6e10a768bf505b76375371f1e.php HTTP/2.0" 200 14795 "https://www.gebaeudetechnik.nrw/" "Mozilla/5.0 (Linux; Android 10; K) AppleWebKit/537.36 (KHTML, like Gecko) Chrome/134.0.0.0 Mobile Safari/537.36"
2a02:3100:86d4:1500:: - - [10/Mar/2025:22:18:37 +0100] "GET /wp-content/cache/autoptimize/autoptimize_single_2a34dbc716a5013a0b987ac81ad3e30f.php HTTP/2.0" 200 1935 "https://www.gebaeudetechnik.nrw/" "Mozilla/5.0 (Linux; Android 10; K) AppleWebKit/537.36 (KHTML, like Gecko) Chrome/134.0.0.0 Mobile Safari/537.36"
2a02:3100:86d4:1500:: - - [10/Mar/2025:22:18:37 +0100] "GET /wp-content/cache/autoptimize/autoptimize_single_06b3ed89f3c425c7ab4c3ffbb90ebe86.php HTTP/2.0" 200 1522 "https://www.gebaeudetechnik.nrw/" "Mozilla/5.0 (Linux; Android 10; K) AppleWebKit/537.36 (KHTML, like Gecko) Chrome/134.0.0.0 Mobile Safari/537.36"
2a02:3100:86d4:1500:: - - [10/Mar/2025:22:18:37 +0100] "GET /wp-content/cache/autoptimize/autoptimize_single_44695661794093c8bcec24e46354ea4d.php?ver=1718269816&cached=1 HTTP/2.0" 200 1876 "https://www.gebaeudetechnik.nrw/" "Mozilla/5.0 (Linux; Android 10; K) AppleWebKit/537.36 (KHTML, like Gecko) Chrome/134.0.0.0 Mobile Safari/537.36"
2a02:3100:86d4:1500:: - - [10/Mar/2025:22:18:37 +0100] "GET /wp-content/plugins/easy-social-icons/css/font-awesome/css/v4-shims.min.css HTTP/2.0" 200 4080 "https://www.gebaeudetechnik.nrw/" "Mozilla/5.0 (Linux; Android 10; K) AppleWebKit/537.36 (KHTML, like Gecko) Chrome/134.0.0.0 Mobile Safari/537.36"
2a02:3100:86d4:1500:: - - [10/Mar/2025:22:18:37 +0100] "GET /wp-content/cache/autoptimize/autoptimize_single_97ff155d262ee4d794053e99e87ee321.php?ver=1718269816&cached=1 HTTP/2.0" 200 2051 "https://www.gebaeudetechnik.nrw/" "Mozilla/5.0 (Linux; Android 10; K) AppleWebKit/537.36 (KHTML, like Gecko) Chrome/134.0.0.0 Mobile Safari/537.36"
2a02:3100:86d4:1500:: - - [10/Mar/2025:22:18:37 +0100] "GET /wp-content/cache/autoptimize/autoptimize_single_b8192274dbb166adb439a1f6c0c13bdc.php HTTP/2.0" 200 1342 "https://www.gebaeudetechnik.nrw/" "Mozilla/5.0 (Linux; Android 10; K) AppleWebKit/537.36 (KHTML, like Gecko) Chrome/134.0.0.0 Mobile Safari/537.36"
2a02:3100:86d4:1500:: - - [10/Mar/2025:22:18:37 +0100] "GET /wp-includes/js/jquery/jquery-migrate.min.js HTTP/2.0" 200 4872 "https://www.gebaeudetechnik.nrw/" "Mozilla/5.0 (Linux; Android 10; K) AppleWebKit/537.36 (KHTML, like Gecko) Chrome/134.0.0.0 Mobile Safari/537.36"
2a02:3100:86d4:1500:: - - [10/Mar/2025:22:18:37 +0100] "GET /wp-includes/js/jquery/jquery.min.js HTTP/2.0" 200 30368 "https://www.gebaeudetechnik.nrw/" "Mozilla/5.0 (Linux; Android 10; K) AppleWebKit/537.36 (KHTML, like Gecko) Chrome/134.0.0.0 Mobile Safari/537.36"
2a02:3100:86d4:1500:: - - [10/Mar/2025:22:18:37 +0100] "GET /wp-includes/css/dist/block-library/style.min.css HTTP/2.0" 200 14991 "https://www.gebaeudetechnik.nrw/" "Mozilla/5.0 (Linux; Android 10; K) AppleWebKit/537.36 (KHTML, like Gecko) Chrome/134.0.0.0 Mobile Safari/537.36"
2a02:3100:86d4:1500:: - - [10/Mar/2025:22:18:37 +0100] "GET /wp-content/cache/autoptimize/autoptimize_single_bc25a68866d292ef47bb832eb3532d86.php HTTP/2.0" 200 187025 "https://www.gebaeudetechnik.nrw/" "Mozilla/5.0 (Linux; Android 10; K) AppleWebKit/537.36 (KHTML, like Gecko) Chrome/134.0.0.0 Mobile Safari/537.36"
2a02:3100:86d4:1500:: - - [10/Mar/2025:22:18:37 +0100] "GET /wp-content/cache/autoptimize/autoptimize_single_7e63c2dfb2c6011146bc171f6b46f564.php HTTP/2.0" 200 164 "https://www.gebaeudetechnik.nrw/" "Mozilla/5.0 (Linux; Android 10; K) AppleWebKit/537.36 (KHTML, like Gecko) Chrome/134.0.0.0 Mobile Safari/537.36"
2a02:3100:86d4:1500:: - - [10/Mar/2025:22:18:37 +0100] "GET /wp-content/cache/autoptimize/autoptimize_single_1716f5d361462488e2f68f75653a5290.php HTTP/2.0" 200 1342 "https://www.gebaeudetechnik.nrw/" "Mozilla/5.0 (Linux; Android 10; K) AppleWebKit/537.36 (KHTML, like Gecko) Chrome/134.0.0.0 Mobile Safari/537.36"
2a02:3100:86d4:1500:: - - [10/Mar/2025:22:18:37 +0100] "GET /wp-includes/js/jquery/ui/sortable.min.js HTTP/2.0" 200 6565 "https://www.gebaeudetechnik.nrw/" "Mozilla/5.0 (Linux; Android 10; K) AppleWebKit/537.36 (KHTML, like Gecko) Chrome/134.0.0.0 Mobile Safari/537.36"
2a02:3100:86d4:1500:: - - [10/Mar/2025:22:18:37 +0100] "GET /wp-includes/js/jquery/ui/mouse.min.js HTTP/2.0" 200 1085 "https://www.gebaeudetechnik.nrw/" "Mozilla/5.0 (Linux; Android 10; K) AppleWebKit/537.36 (KHTML, like Gecko) Chrome/134.0.0.0 Mobile Safari/537.36"
2a02:3100:86d4:1500:: - - [10/Mar/2025:22:18:37 +0100] "GET /wp-content/cache/autoptimize/autoptimize_single_334e3d08493eba0c7ffbeec7fafdd8be.php HTTP/2.0" 200 698 "https://www.gebaeudetechnik.nrw/" "Mozilla/5.0 (Linux; Android 10; K) AppleWebKit/537.36 (KHTML, like Gecko) Chrome/134.0.0.0 Mobile Safari/537.36"
2a02:3100:86d4:1500:: - - [10/Mar/2025:22:18:37 +0100] "GET /wp-content/cache/autoptimize/autoptimize_single_b4713df0b78aa1688c57628e4f1cab0c.php HTTP/2.0" 200 5045 "https://www.gebaeudetechnik.nrw/" "Mozilla/5.0 (Linux; Android 10; K) AppleWebKit/537.36 (KHTML, like Gecko) Chrome/134.0.0.0 Mobile Safari/537.36"
2a02:3100:86d4:1500:: - - [10/Mar/2025:22:18:37 +0100] "GET /wp-content/cache/autoptimize/autoptimize_single_fc47214ab3f32d5ad24c21856dfce3dd.php HTTP/2.0" 200 1533 "https://www.gebaeudetechnik.nrw/" "Mozilla/5.0 (Linux; Android 10; K) AppleWebKit/537.36 (KHTML, like Gecko) Chrome/134.0.0.0 Mobile Safari/537.36"
2a02:3100:86d4:1500:: - - [10/Mar/2025:22:18:37 +0100] "GET /wp-includes/js/jquery/ui/core.min.js HTTP/2.0" 200 7099 "https://www.gebaeudetechnik.nrw/" "Mozilla/5.0 (Linux; Android 10; K) AppleWebKit/537.36 (KHTML, like Gecko) Chrome/134.0.0.0 Mobile Safari/537.36"
2a02:3100:86d4:1500:: - - [10/Mar/2025:22:18:37 +0100] "GET /wp-content/cache/autoptimize/autoptimize_single_6b74ece0913f1478cfb295c6623baf98.php HTTP/2.0" 200 2348 "https://www.gebaeudetechnik.nrw/" "Mozilla/5.0 (Linux; Android 10; K) AppleWebKit/537.36 (KHTML, like Gecko) Chrome/134.0.0.0 Mobile Safari/537.36"
2a02:3100:86d4:1500:: - - [10/Mar/2025:22:18:37 +0100] "GET /wp-content/cache/autoptimize/autoptimize_single_851f8dba812d4762ed4e16c5baf25cd6.php HTTP/2.0" 200 3183 "https://www.gebaeudetechnik.nrw/" "Mozilla/5.0 (Linux; Android 10; K) AppleWebKit/537.36 (KHTML, like Gecko) Chrome/134.0.0.0 Mobile Safari/537.36"
2a02:3100:86d4:1500:: - - [10/Mar/2025:22:18:37 +0100] "GET /wp-content/cache/autoptimize/autoptimize_single_dd7b7706d324569a9f45e5e440a12a6a.php HTTP/2.0" 200 1710 "https://www.gebaeudetechnik.nrw/" "Mozilla/5.0 (Linux; Android 10; K) AppleWebKit/537.36 (KHTML, like Gecko) Chrome/134.0.0.0 Mobile Safari/537.36"
2a02:3100:86d4:1500:: - - [10/Mar/2025:22:18:37 +0100] "GET /wp-content/uploads/hground.jpg HTTP/2.0" 404 2892 "https://www.gebaeudetechnik.nrw/definition-unterhaltsreinigung/" "Mozilla/5.0 (Linux; Android 10; K) AppleWebKit/537.36 (KHTML, like Gecko) Chrome/134.0.0.0 Mobile Safari/537.36"
2a02:3100:86d4:1500:: - - [10/Mar/2025:22:18:37 +0100] "GET /wp-content/cache/autoptimize/autoptimize_single_ce13632a2a809cc3c876650223b774a0.php HTTP/2.0" 200 1645 "https://www.gebaeudetechnik.nrw/" "Mozilla/5.0 (Linux; Android 10; K) AppleWebKit/537.36 (KHTML, like Gecko) Chrome/134.0.0.0 Mobile Safari/537.36"
2a02:3100:86d4:1500:: - - [10/Mar/2025:22:18:37 +0100] "GET /wp-includes/js/comment-reply.min.js HTTP/2.0" 200 1351 "https://www.gebaeudetechnik.nrw/" "Mozilla/5.0 (Linux; Android 10; K) AppleWebKit/537.36 (KHTML, like Gecko) Chrome/134.0.0.0 Mobile Safari/537.36"
2a02:3100:86d4:1500:: - - [10/Mar/2025:22:18:37 +0100] "GET /wp-content/cache/autoptimize/autoptimize_single_3d5bf56970b9d69bc623794ceffae744.php HTTP/2.0" 200 2546 "https://www.gebaeudetechnik.nrw/" "Mozilla/5.0 (Linux; Android 10; K) AppleWebKit/537.36 (KHTML, like Gecko) Chrome/134.0.0.0 Mobile Safari/537.36"
2a02:3100:86d4:1500:: - - [10/Mar/2025:22:18:37 +0100] "GET /wp-content/cache/autoptimize/autoptimize_single_1ad2e4f6ceb51a868c6bd7a3e0bc4fab.php HTTP/2.0" 200 1526 "https://www.gebaeudetechnik.nrw/" "Mozilla/5.0 (Linux; Android 10; K) AppleWebKit/537.36 (KHTML, like Gecko) Chrome/134.0.0.0 Mobile Safari/537.36"
2a02:3100:86d4:1500:: - - [10/Mar/2025:22:18:37 +0100] "GET /wp-content/cache/autoptimize/autoptimize_single_617d3d8b8b517ddacc312957902814dd.php HTTP/2.0" 200 2847 "https://www.gebaeudetechnik.nrw/" "Mozilla/5.0 (Linux; Android 10; K) AppleWebKit/537.36 (KHTML, like Gecko) Chrome/134.0.0.0 Mobile Safari/537.36"
2a02:3100:86d4:1500:: - - [10/Mar/2025:22:18:37 +0100] "GET /wp-content/cache/autoptimize/autoptimize_single_19e0aab77a65149633ba58f2dfeb7ebb.php HTTP/2.0" 200 7198 "https://www.gebaeudetechnik.nrw/" "Mozilla/5.0 (Linux; Android 10; K) AppleWebKit/537.36 (KHTML, like Gecko) Chrome/134.0.0.0 Mobile Safari/537.36"
2a02:3100:86d4:1500:: - - [10/Mar/2025:22:18:37 +0100] "GET /wp-content/cache/autoptimize/autoptimize_single_d780cf740f6d55dc8e0182ae7dbaa51c.php HTTP/2.0" 200 198951 "https://www.gebaeudetechnik.nrw/" "Mozilla/5.0 (Linux; Android 10; K) AppleWebKit/537.36 (KHTML, like Gecko) Chrome/134.0.0.0 Mobile Safari/537.36"
2a02:3100:86d4:1500:: - - [10/Mar/2025:22:18:37 +0100] "GET /wp-content/fonts/droid-serif/tDbK2oqRg1oM3QBjjcaDkOr4nAfcHg.woff2 HTTP/2.0" 200 20475 "https://gebaeudetechnik.nrw/" "Mozilla/5.0 (Linux; Android 10; K) AppleWebKit/537.36 (KHTML, like Gecko) Chrome/134.0.0.0 Mobile Safari/537.36"
2a02:3100:86d4:1500:: - - [10/Mar/2025:22:18:37 +0100] "GET /wp-content/fonts/droid-sans/SlGVmQWMvZQIdix7AFxXkHNSbQ.woff2 HTTP/2.0" 200 21247 "https://gebaeudetechnik.nrw/" "Mozilla/5.0 (Linux; Android 10; K) AppleWebKit/537.36 (KHTML, like Gecko) Chrome/134.0.0.0 Mobile Safari/537.36"
2a02:3100:86d4:1500:: - - [10/Mar/2025:22:18:37 +0100] "GET /wp-content/fonts/droid-sans/SlGWmQWMvZQIdix7AFxXmMh3eDs1Zw.woff2 HTTP/2.0" 200 22399 "https://gebaeudetechnik.nrw/" "Mozilla/5.0 (Linux; Android 10; K) AppleWebKit/537.36 (KHTML, like Gecko) Chrome/134.0.0.0 Mobile Safari/537.36"
2a02:3100:86d4:1500:: - - [10/Mar/2025:22:18:37 +0100] "GET /wp-content/fonts/montserrat/JTUSjIg1_i6t8kCHKm459Wlhyw.woff2 HTTP/2.0" 200 30951 "https://gebaeudetechnik.nrw/" "Mozilla/5.0 (Linux; Android 10; K) AppleWebKit/537.36 (KHTML, like Gecko) Chrome/134.0.0.0 Mobile Safari/537.36"
2a02:3100:86d4:1500:: - - [10/Mar/2025:22:18:37 +0100] "GET /wp-content/cache/autoptimize/autoptimize_single_fb5d24687889dd4144fa32e7161bd627.php HTTP/2.0" 200 970 "https://www.gebaeudetechnik.nrw/" "Mozilla/5.0 (Linux; Android 10; K) AppleWebKit/537.36 (KHTML, like Gecko) Chrome/134.0.0.0 Mobile Safari/537.36"
2a02:3100:86d4:1500:: - - [10/Mar/2025:22:18:37 +0100] "GET /wp-content/cache/autoptimize/autoptimize_single_d73c5b630ef6af658a3991f886f17eba.php HTTP/2.0" 200 710 "https://www.gebaeudetechnik.nrw/" "Mozilla/5.0 (Linux; Android 10; K) AppleWebKit/537.36 (KHTML, like Gecko) Chrome/134.0.0.0 Mobile Safari/537.36"
2a02:3100:86d4:1500:: - - [10/Mar/2025:22:18:37 +0100] "GET /wp-content/cache/autoptimize/autoptimize_single_597d5a628786f3031396519ec07d0599.php HTTP/2.0" 200 676 "https://www.gebaeudetechnik.nrw/" "Mozilla/5.0 (Linux; Android 10; K) AppleWebKit/537.36 (KHTML, like Gecko) Chrome/134.0.0.0 Mobile Safari/537.36"
169.150.247.0 - - [10/Mar/2025:22:18:44 +0100] "GET /wp-content/cache/autoptimize/autoptimize_single_1dd257818e0bfaa6f8a82f141eeb54ff.php HTTP/1.1" 301 320 "https://www.gebaeudetechnik.nrw/" "Mozilla/5.0 (Linux; Android 10; K) AppleWebKit/537.36 (KHTML, like Gecko) Chrome/134.0.0.0 Mobile Safari/537.36"
2a02:3100:86d4:1500:: - - [10/Mar/2025:22:18:45 +0100] "GET /wp-content/cache/autoptimize/autoptimize_single_1dd257818e0bfaa6f8a82f141eeb54ff.php HTTP/2.0" 200 1156 "https://www.gebaeudetechnik.nrw/" "Mozilla/5.0 (Linux; Android 10; K) AppleWebKit/537.36 (KHTML, like Gecko) Chrome/134.0.0.0 Mobile Safari/537.36"
2a02:3100:86d4:1500:: - - [10/Mar/2025:22:18:45 +0100] "GET /wp-content/plugins/borlabs-cookie/assets/images/borlabs-cookie-icon-black.svg HTTP/2.0" 200 4190 "https://www.gebaeudetechnik.nrw/definition-unterhaltsreinigung/" "Mozilla/5.0 (Linux; Android 10; K) AppleWebKit/537.36 (KHTML, like Gecko) Chrome/134.0.0.0 Mobile Safari/537.36"
2a02:3100:86d4:1500:: - - [10/Mar/2025:22:18:45 +0100] "GET /wp-content/plugins/wp-responsive-menu/assets/fonts/wprmenu.ttf?p8o4s0 HTTP/2.0" 200 627 "https://www.gebaeudetechnik.nrw/definition-unterhaltsreinigung/" "Mozilla/5.0 (Linux; Android 10; K) AppleWebKit/537.36 (KHTML, like Gecko) Chrome/134.0.0.0 Mobile Safari/537.36"
2a02:3100:86d4:1500:: - - [10/Mar/2025:22:18:45 +0100] "GET /wp-content/uploads/2023/10/cropped-favicon-192x192.png HTTP/2.0" 200 4191 "https://www.gebaeudetechnik.nrw/definition-unterhaltsreinigung/" "Mozilla/5.0 (Linux; Android 10; K) AppleWebKit/537.36 (KHTML, like Gecko) Chrome/134.0.0.0 Mobile Safari/537.36"
2a02:3100:86d4:1500:: - - [10/Mar/2025:22:18:45 +0100] "GET /wp-content/uploads/2023/10/cropped-favicon-180x180.png HTTP/2.0" 200 3807 "https://www.gebaeudetechnik.nrw/definition-unterhaltsreinigung/" "Mozilla/5.0 (Linux; Android 10; K) AppleWebKit/537.36 (KHTML, like Gecko) Chrome/134.0.0.0 Mobile Safari/537.36"
2a02:3100:86d4:1500:: - - [10/Mar/2025:22:18:46 +0100] "GET /wp-content/plugins/osm/js/polyfill/v2/polyfill.min.js?features=requestAnimationFrame%2CElement.prototype.classList%2CURL&ver=6.5.5 HTTP/2.0" 200 779 "https://www.gebaeudetechnik.nrw/definition-unterhaltsreinigung/" "Mozilla/5.0 (Linux; Android 10; K) AppleWebKit/537.36 (KHTML, like Gecko) Chrome/134.0.0.0 Mobile Safari/537.36"
2a01:238:43f8:5f00:: - - [10/Mar/2025:22:18:46 +0100] "POST /wp-cron.php?doing_wp_cron=1741641526.8536798954010009765625 HTTP/1.1" 200 - "-" "pX5lb28qwKwP"
2a02:3100:86d4:1500:: - - [10/Mar/2025:22:18:46 +0100] "POST /wp-admin/admin-ajax.php HTTP/2.0" 200 36 "https://www.gebaeudetechnik.nrw/definition-unterhaltsreinigung/" "Mozilla/5.0 (Linux; Android 10; K) AppleWebKit/537.36 (KHTML, like Gecko) Chrome/134.0.0.0 Mobile Safari/537.36"
2a02:3100:86d4:1500:: - - [10/Mar/2025:22:19:03 +0100] "GET /wp-content/themes/busiprof-pro/css/font-awesome/webfonts/fa-solid-900.woff2 HTTP/2.0" 200 156539 "https://gebaeudetechnik.b-cdn.net/" "Mozilla/5.0 (Linux; Android 10; K) AppleWebKit/537.36 (KHTML, like Gecko) Chrome/134.0.0.0 Mobile Safari/537.36"
2a05:d01c:b43:8a10:: - - [10/Mar/2025:22:20:17 +0100] "GET /remote/login HTTP/1.1" 404 2663 "-" "'Mozilla/5.0 (compatible; GenomeCrawlerd/1.0; https://www.nokia.com/genomecrawler)'"
2a01:238:43f8:5f00:: - - [10/Mar/2025:22:20:29 +0100] "POST /wp-cron.php?doing_wp_cron=1741641629.2363550662994384765625 HTTP/1.1" 200 - "-" "hMqu7XnQOdYf"
77.49.183.0 - - [10/Mar/2025:22:20:29 +0100] "GET / HTTP/1.0" 301 - "https://gebaeudetechnik.nrw/" "Mozilla/5.0 (Windows NT 10.0; Win64; x64) AppleWebKit/537.36 (KHTML, like Gecko) Chrome/131.0.0.0 Safari/537.36 Avast/131.0.0.0"
77.49.183.0 - - [10/Mar/2025:22:20:29 +0100] "GET / HTTP/1.0" 200 317742 "https://www.gebaeudetechnik.nrw/" "Mozilla/5.0 (Windows NT 10.0; Win64; x64) AppleWebKit/537.36 (KHTML, like Gecko) Chrome/131.0.0.0 Safari/537.36 Avast/131.0.0.0"
185.125.230.0 - - [10/Mar/2025:22:20:51 +0100] "GET /reports/usage_202402.html HTTP/1.0" 200 91181 "https://betsafe-1.com/" "Mozilla/5.0 (Windows NT 6.1; Win64; x64) AppleWebKit/537.36 (KHTML, like Gecko) Chrome/103.0.0.0 Safari/537.36"
185.125.230.0 - - [10/Mar/2025:22:20:53 +0100] "GET /reports/usage_202402.html HTTP/1.0" 200 91181 "https://betsafe-1.com/" "Mozilla/5.0 (Windows NT 6.3; Win64; x64) AppleWebKit/537.36 (KHTML, like Gecko) Chrome/103.0.0.0 Safari/537.36"
185.125.230.0 - - [10/Mar/2025:22:20:56 +0100] "GET /reports/usage_202402.html HTTP/1.0" 200 91181 "https://betsafe-1.com/" "Mozilla/5.0 (Windows NT 10.0; Win64; x64) AppleWebKit/537.36 (KHTML, like Gecko) Chrome/103.0.5042.0 Safari/537.36"
91.196.152.0 - - [10/Mar/2025:22:20:59 +0100] "GET / HTTP/1.1" 200 3510 "-" "Mozilla/5.0 (X11; Ubuntu; Linux x86_64; rv:130.0) Gecko/20100101 Firefox/130.0"
185.228.132.0 - - [10/Mar/2025:22:21:59 +0100] "GET /reports/usage_202402.html HTTP/1.0" 200 91181 "https://seattle-towncar.com/quick-shuttle-limo-car-service-to-vancouver-b-c/" "Mozilla/5.0 (Windows NT 10.0; Win64; x64) AppleWebKit/537.36 (KHTML, like Gecko) Chrome/130.0.0.0 Safari/537.36"
5.181.3.0 - - [10/Mar/2025:22:25:11 +0100] "GET /reports/usage_202402.html HTTP/1.0" 200 91181 "https://seattlexlimo.com/private-van-transportation-service-in-seattle/" "Mozilla/5.0 (Windows NT 10.0; Win64; x64) AppleWebKit/537.36 (KHTML, like Gecko) Chrome/131.0.0.0 Safari/537.36 Avast/131.0.0.0"
208.102.51.0 - - [10/Mar/2025:22:25:30 +0100] "GET /reports/usage_202403.html HTTP/1.0" 200 92683 "https://xn--krken14-bn4c.com" "Mozilla/5.0 (Windows NT 10.0; Win64; x64) AppleWebKit/537.36 (KHTML, like Gecko) Chrome/130.0.0.0 Safari/537.36"
2a05:d01c:b43:8a10:: - - [10/Mar/2025:22:25:41 +0100] "GET //admin/login.asp HTTP/1.1" 404 2671 "-" "'Mozilla/5.0 (compatible; GenomeCrawlerd/1.0; https://www.nokia.com/genomecrawler)'"
208.102.51.0 - - [10/Mar/2025:22:26:30 +0100] "GET /reports/usage_202403.html HTTP/1.0" 200 92683 "https://xn--krken9-xc8b.com" "Mozilla/5.0 (Windows NT 10.0; Win64; x64) AppleWebKit/537.36 (KHTML, like Gecko) Chrome/131.0.0.0 Safari/537.36"
5.181.3.0 - - [10/Mar/2025:22:27:23 +0100] "GET /reports/usage_202402.html HTTP/1.0" 200 91181 "https://bellevue-towncar.com/top-rated-limo-rental-service-in-bellevue/" "Mozilla/5.0 (Windows NT 10.0; Win64; x64) AppleWebKit/537.36 (KHTML, like Gecko) Chrome/129.0.0.0 Safari/537.36"
5.181.3.0 - - [10/Mar/2025:22:27:41 +0100] "GET /reports/usage_202402.html HTTP/1.0" 200 91181 "https://bdlxlimo.com/limousine-rental-in-lssaquah/" "Mozilla/5.0 (Windows NT 10.0; Win64; x64) AppleWebKit/537.36 (KHTML, like Gecko) Chrome/129.0.0.0 Safari/537.36"
137.74.181.0 - - [10/Mar/2025:22:27:44 +0100] "GET /favicon.ico HTTP/1.1" 404 2557 "-" "Mozilla/5.0 (X11; Ubuntu; Linux x86_64; rv:130.0) Gecko/20100101 Firefox/130.0"
205.210.31.0 - - [10/Mar/2025:22:28:15 +0100] "GET / HTTP/1.1" 301 229 "-" "Expanse, a Palo Alto Networks company, searches across the global IPv4 space multiple times per day to identify customers' presences on the Internet. If you would like to be excluded from our scans, please send IP addresses/domains to: scaninfo@paloaltonetworks.com"
2a05:d01c:b43:8a10:: - - [10/Mar/2025:22:31:02 +0100] "GET //admin/login.asp HTTP/1.1" 404 2671 "-" "'Mozilla/5.0 (compatible; GenomeCrawlerd/1.0; https://www.nokia.com/genomecrawler)'"
185.125.230.0 - - [10/Mar/2025:22:31:54 +0100] "GET /reports/usage_202402.html HTTP/1.0" 200 91181 "https://betsafe-1.com/" "Mozilla/5.0 (Windows NT 10.0; Win64; x64) AppleWebKit/537.36 (KHTML, like Gecko) Chrome/103.0.0.0 Safari/537.36"
185.125.230.0 - - [10/Mar/2025:22:31:57 +0100] "GET /reports/usage_202402.html HTTP/1.0" 200 91181 "https://betsafe-1.com/" "Mozilla/5.0 (Windows NT 10.0; Win64; x64) AppleWebKit/537.36 (KHTML, like Gecko) Chrome/103.0.5060.66 Safari/537.36"
185.125.230.0 - - [10/Mar/2025:22:31:59 +0100] "GET /reports/usage_202402.html HTTP/1.0" 200 91181 "https://betsafe-1.com/" "Mozilla/5.0 (Windows NT 6.2; Win64; x64) AppleWebKit/537.36 (KHTML, like Gecko) Chrome/103.0.0.0 Safari/537.36"
208.102.51.0 - - [10/Mar/2025:22:33:04 +0100] "GET /reports/usage_202403.html HTTP/1.0" 200 92683 "https://xn--v14-7ua.com" "Mozilla/5.0 (Windows NT 10.0; Win64; x64) AppleWebKit/537.36 (KHTML, like Gecko) Chrome/131.0.0.0 Safari/537.36 Avast/131.0.0.0"
208.102.51.0 - - [10/Mar/2025:22:33:53 +0100] "GET /reports/usage_202403.html HTTP/1.0" 200 92683 "https://xn--krken10-bn4c.com" "Mozilla/5.0 (Windows NT 10.0; Win64; x64) AppleWebKit/537.36 (KHTML, like Gecko) Chrome/130.0.0.0 Safari/537.36"
208.65.90.0 - - [10/Mar/2025:22:34:08 +0100] "GET /reports/usage_202403.html HTTP/1.0" 200 92683 "https://xn--kr2-onb.com" "Mozilla/5.0 (Windows NT 10.0; Win64; x64) AppleWebKit/537.36 (KHTML, like Gecko) Chrome/131.0.0.0 Safari/537.36 Avast/131.0.0.0"
2a05:d01c:b43:8a10:: - - [10/Mar/2025:22:36:28 +0100] "GET /web/ HTTP/1.1" 404 2647 "-" "'Mozilla/5.0 (compatible; GenomeCrawlerd/1.0; https://www.nokia.com/genomecrawler)'"
54.36.148.0 - - [10/Mar/2025:22:37:29 +0100] "GET /contao/vendor/oyejorge/?C=S;O=A HTTP/2.0" 200 414 "-" "Mozilla/5.0 (compatible; AhrefsBot/7.0; +http://ahrefs.com/robot/)"
92.205.170.0 - - [10/Mar/2025:22:38:52 +0100] "POST /xmlrpc.php HTTP/1.1" 403 2421 "-" "Mozilla/5.0 (X11; Fedora; Linux x86_64; rv:94.0) Gecko/20100101 Firefox/95.0"
93.174.93.0 - - [10/Mar/2025:22:39:41 +0100] "\x16\x03\x02\x01o\x01" 400 226 "-" "-"
185.228.132.0 - - [10/Mar/2025:22:41:27 +0100] "GET /reports/usage_202402.html HTTP/1.0" 200 91181 "https://seattle-towncar.com/seatac-airport-executive-car-service/" "Mozilla/5.0 (Windows NT 10.0; Win64; x64) AppleWebKit/537.36 (KHTML, like Gecko) Chrome/131.0.0.0 Safari/537.36"
2a05:d01c:b43:8a10:: - - [10/Mar/2025:22:41:33 +0100] "GET /web/ HTTP/1.1" 404 2647 "-" "'Mozilla/5.0 (compatible; GenomeCrawlerd/1.0; https://www.nokia.com/genomecrawler)'"
72.49.49.0 - - [10/Mar/2025:22:41:30 +0100] "GET /reports/usage_202403.html HTTP/1.0" 200 92683 "https://xn--kr-lbb.com" "Mozilla/5.0 (Windows NT 10.0; Win64; x64) AppleWebKit/537.36 (KHTML, like Gecko) Chrome/130.0.0.0 Safari/537.36 CCleaner/130.0.0.0"
68.71.245.0 - - [10/Mar/2025:22:42:03 +0100] "GET /reports/usage_202403.html HTTP/1.0" 200 92683 "https://xn--krakn-m0a.cc" "Mozilla/5.0 (Windows NT 10.0; Win64; x64) AppleWebKit/537.36 (KHTML, like Gecko) Chrome/131.0.0.0 Safari/537.36 Avast/131.0.0.0"
208.102.51.0 - - [10/Mar/2025:22:42:17 +0100] "GET /reports/usage_202403.html HTTP/1.0" 200 92683 "https://xn--kran-xva5q.com" "Mozilla/5.0 (Windows NT 10.0; Win64; x64) AppleWebKit/537.36 (KHTML, like Gecko) Chrome/130.0.0.0 Safari/537.36 CCleaner/130.0.0.0"
185.125.230.0 - - [10/Mar/2025:22:43:05 +0100] "GET /reports/usage_202402.html HTTP/1.0" 200 91181 "https://betsafe-1.com/" "Mozilla/5.0 (Windows NT 6.3) AppleWebKit/537.36 (KHTML, like Gecko) Chrome/103.0.0.0 Safari/537.36"
185.125.230.0 - - [10/Mar/2025:22:43:08 +0100] "GET /reports/usage_202402.html HTTP/1.0" 200 91181 "https://betsafe-1.com/" "Mozilla/5.0 (Windows NT 6.1; Win64; x64) AppleWebKit/537.36 (KHTML, like Gecko) Chrome/103.0.0.0 Safari/537.36"
185.125.230.0 - - [10/Mar/2025:22:43:10 +0100] "GET /reports/usage_202402.html HTTP/1.0" 200 91181 "https://betsafe-1.com/" "Mozilla/5.0 (Windows NT 10.0; Win64; x64) AppleWebKit/537.36 (KHTML, like Gecko) Chrome/103.0.5060.114 Safari/537.36"
169.150.247.0 - - [10/Mar/2025:22:45:06 +0100] "GET /makeasmtp.php?p= HTTP/1.1" 301 252 "-" "Mozlila/5.0 (Linux; Android 7.0; SM-G892A Bulid/NRD90M; wv) AppleWebKit/537.36 (KHTML, like Gecko) Version/4.0 Chrome/60.0.3112.107 Moblie Safari/537.36"
2a01:238:43f8:5f00:: - - [10/Mar/2025:22:45:09 +0100] "POST /wp-cron.php?doing_wp_cron=1741643109.4781529903411865234375 HTTP/1.1" 200 - "-" "xQlOOCE4z9Rb"
188.166.243.0 - - [10/Mar/2025:22:45:09 +0100] "GET /makeasmtp.php?p= HTTP/1.1" 200 - "-" "Mozlila/5.0 (Linux; Android 7.0; SM-G892A Bulid/NRD90M; wv) AppleWebKit/537.36 (KHTML, like Gecko) Version/4.0 Chrome/60.0.3112.107 Moblie Safari/537.36"
2a01:238:43f8:5f00:: - - [10/Mar/2025:22:45:12 +0100] "POST /wp-cron.php?doing_wp_cron=1741643112.0577108860015869140625 HTTP/1.1" 200 - "-" "TjYZI32KOqiG"
188.166.243.0 - - [10/Mar/2025:22:45:11 +0100] "GET /makeasmtp.php HTTP/1.1" 200 48509 "-" "Mozlila/5.0 (Linux; Android 7.0; SM-G892A Bulid/NRD90M; wv) AppleWebKit/537.36 (KHTML, like Gecko) Version/4.0 Chrome/60.0.3112.107 Moblie Safari/537.36"
169.150.247.0 - - [10/Mar/2025:22:45:16 +0100] "GET /wp-admin/css/makeasmtp.php?p= HTTP/1.1" 301 265 "-" "Mozlila/5.0 (Linux; Android 7.0; SM-G892A Bulid/NRD90M; wv) AppleWebKit/537.36 (KHTML, like Gecko) Version/4.0 Chrome/60.0.3112.107 Moblie Safari/537.36"
188.166.243.0 - - [10/Mar/2025:22:45:19 +0100] "GET /wp-admin/css/makeasmtp.php?p= HTTP/1.1" 200 - "-" "Mozlila/5.0 (Linux; Android 7.0; SM-G892A Bulid/NRD90M; wv) AppleWebKit/537.36 (KHTML, like Gecko) Version/4.0 Chrome/60.0.3112.107 Moblie Safari/537.36"
188.166.243.0 - - [10/Mar/2025:22:45:21 +0100] "GET /wp-admin/css/makeasmtp.php HTTP/1.1" 200 48509 "-" "Mozlila/5.0 (Linux; Android 7.0; SM-G892A Bulid/NRD90M; wv) AppleWebKit/537.36 (KHTML, like Gecko) Version/4.0 Chrome/60.0.3112.107 Moblie Safari/537.36"
169.150.247.0 - - [10/Mar/2025:22:45:26 +0100] "GET /wp-admin/js/makeasmtp.php?p= HTTP/1.1" 301 264 "-" "Mozlila/5.0 (Linux; Android 7.0; SM-G892A Bulid/NRD90M; wv) AppleWebKit/537.36 (KHTML, like Gecko) Version/4.0 Chrome/60.0.3112.107 Moblie Safari/537.36"
188.166.243.0 - - [10/Mar/2025:22:45:28 +0100] "GET /wp-admin/js/makeasmtp.php?p= HTTP/1.1" 200 - "-" "Mozlila/5.0 (Linux; Android 7.0; SM-G892A Bulid/NRD90M; wv) AppleWebKit/537.36 (KHTML, like Gecko) Version/4.0 Chrome/60.0.3112.107 Moblie Safari/537.36"
188.166.243.0 - - [10/Mar/2025:22:45:34 +0100] "GET /wp-admin/js/makeasmtp.php HTTP/1.1" 200 48509 "-" "Mozlila/5.0 (Linux; Android 7.0; SM-G892A Bulid/NRD90M; wv) AppleWebKit/537.36 (KHTML, like Gecko) Version/4.0 Chrome/60.0.3112.107 Moblie Safari/537.36"
169.150.247.0 - - [10/Mar/2025:22:45:37 +0100] "GET /wp-includes/rest-api/search/makeasmtp.php?p= HTTP/1.1" 301 280 "-" "Mozlila/5.0 (Linux; Android 7.0; SM-G892A Bulid/NRD90M; wv) AppleWebKit/537.36 (KHTML, like Gecko) Version/4.0 Chrome/60.0.3112.107 Moblie Safari/537.36"
2a01:238:43f8:5f00:: - - [10/Mar/2025:22:45:42 +0100] "POST /wp-cron.php?doing_wp_cron=1741643142.3968000411987304687500 HTTP/1.1" 200 - "-" "SQXovh0CjnFF"
188.166.243.0 - - [10/Mar/2025:22:45:42 +0100] "GET /wp-includes/rest-api/search/makeasmtp.php?p= HTTP/1.1" 200 - "-" "Mozlila/5.0 (Linux; Android 7.0; SM-G892A Bulid/NRD90M; wv) AppleWebKit/537.36 (KHTML, like Gecko) Version/4.0 Chrome/60.0.3112.107 Moblie Safari/537.36"
188.166.243.0 - - [10/Mar/2025:22:45:44 +0100] "GET /wp-includes/rest-api/search/makeasmtp.php HTTP/1.1" 200 48509 "-" "Mozlila/5.0 (Linux; Android 7.0; SM-G892A Bulid/NRD90M; wv) AppleWebKit/537.36 (KHTML, like Gecko) Version/4.0 Chrome/60.0.3112.107 Moblie Safari/537.36"
169.150.247.0 - - [10/Mar/2025:22:45:49 +0100] "GET /wp-includes/style-engine/makeasmtp.php?p= HTTP/1.1" 301 277 "-" "Mozlila/5.0 (Linux; Android 7.0; SM-G892A Bulid/NRD90M; wv) AppleWebKit/537.36 (KHTML, like Gecko) Version/4.0 Chrome/60.0.3112.107 Moblie Safari/537.36"
51.8.102.0 - - [10/Mar/2025:22:45:52 +0100] "GET /robots.txt HTTP/2.0" 200 162 "-" "Mozilla/5.0 (Macintosh; Intel Mac OS X 10_15_7) AppleWebKit/537.36 (KHTML, like Gecko) Chrome/131.0.0.0 Safari/537.36; compatible; OAI-SearchBot/1.0; +https://openai.com/searchbot"
188.166.243.0 - - [10/Mar/2025:22:45:53 +0100] "GET /wp-includes/style-engine/makeasmtp.php?p= HTTP/1.1" 200 - "-" "Mozlila/5.0 (Linux; Android 7.0; SM-G892A Bulid/NRD90M; wv) AppleWebKit/537.36 (KHTML, like Gecko) Version/4.0 Chrome/60.0.3112.107 Moblie Safari/537.36"
188.166.243.0 - - [10/Mar/2025:22:45:56 +0100] "GET /wp-includes/style-engine/makeasmtp.php HTTP/1.1" 200 48509 "-" "Mozlila/5.0 (Linux; Android 7.0; SM-G892A Bulid/NRD90M; wv) AppleWebKit/537.36 (KHTML, like Gecko) Version/4.0 Chrome/60.0.3112.107 Moblie Safari/537.36"
169.150.247.0 - - [10/Mar/2025:22:46:01 +0100] "GET /wp-includes/certificates/makeasmtp.php?p= HTTP/1.1" 301 277 "-" "Mozlila/5.0 (Linux; Android 7.0; SM-G892A Bulid/NRD90M; wv) AppleWebKit/537.36 (KHTML, like Gecko) Version/4.0 Chrome/60.0.3112.107 Moblie Safari/537.36"
188.166.243.0 - - [10/Mar/2025:22:46:04 +0100] "GET /wp-includes/certificates/makeasmtp.php?p= HTTP/1.1" 200 - "-" "Mozlila/5.0 (Linux; Android 7.0; SM-G892A Bulid/NRD90M; wv) AppleWebKit/537.36 (KHTML, like Gecko) Version/4.0 Chrome/60.0.3112.107 Moblie Safari/537.36"
188.166.243.0 - - [10/Mar/2025:22:46:07 +0100] "GET /wp-includes/certificates/makeasmtp.php HTTP/1.1" 200 48509 "-" "Mozlila/5.0 (Linux; Android 7.0; SM-G892A Bulid/NRD90M; wv) AppleWebKit/537.36 (KHTML, like Gecko) Version/4.0 Chrome/60.0.3112.107 Moblie Safari/537.36"
5.181.3.0 - - [10/Mar/2025:22:46:09 +0100] "GET /reports/usage_202402.html HTTP/1.0" 200 91181 "https://seattlexlimo.com/seattle-limo-service-for-hire/" "Mozilla/5.0 (Windows NT 10.0; Win64; x64) AppleWebKit/537.36 (KHTML, like Gecko) Chrome/131.0.0.0 Safari/537.36"
169.150.247.0 - - [10/Mar/2025:22:46:11 +0100] "GET /wp-includes/block-patterns/makeasmtp.php?p= HTTP/1.1" 301 279 "-" "Mozlila/5.0 (Linux; Android 7.0; SM-G892A Bulid/NRD90M; wv) AppleWebKit/537.36 (KHTML, like Gecko) Version/4.0 Chrome/60.0.3112.107 Moblie Safari/537.36"
2a01:238:43f8:5f00:: - - [10/Mar/2025:22:46:14 +0100] "POST /wp-cron.php?doing_wp_cron=1741643174.1807439327239990234375 HTTP/1.1" 200 - "-" "liZgFDJzANQT"
188.166.243.0 - - [10/Mar/2025:22:46:14 +0100] "GET /wp-includes/block-patterns/makeasmtp.php?p= HTTP/1.1" 200 - "-" "Mozlila/5.0 (Linux; Android 7.0; SM-G892A Bulid/NRD90M; wv) AppleWebKit/537.36 (KHTML, like Gecko) Version/4.0 Chrome/60.0.3112.107 Moblie Safari/537.36"
188.166.243.0 - - [10/Mar/2025:22:46:17 +0100] "GET /wp-includes/block-patterns/makeasmtp.php HTTP/1.1" 200 48509 "-" "Mozlila/5.0 (Linux; Android 7.0; SM-G892A Bulid/NRD90M; wv) AppleWebKit/537.36 (KHTML, like Gecko) Version/4.0 Chrome/60.0.3112.107 Moblie Safari/537.36"
169.150.247.0 - - [10/Mar/2025:22:46:20 +0100] "GET /wp-content/uploads/makeasmtp.php?p= HTTP/1.1" 404 2625 "-" "Mozlila/5.0 (Linux; Android 7.0; SM-G892A Bulid/NRD90M; wv) AppleWebKit/537.36 (KHTML, like Gecko) Version/4.0 Chrome/60.0.3112.107 Moblie Safari/537.36"
35.231.155.0 - - [10/Mar/2025:22:46:54 +0100] "\x16\x03\x01" 400 226 "-" "-"
35.231.155.0 - - [10/Mar/2025:22:46:54 +0100] "PING 323c1b1c-5662-48cd-ab14-7e4ac98f5b3c" 400 226 "-" "-"
35.231.155.0 - - [10/Mar/2025:22:46:54 +0100] "GET /getcmd HTTP/1.1" 200 1828 "-" "Mozilla/5.0 (Windows NT 10.0; Win64; x64) AppleWebKit/537.36 (KHTML, like Gecko) Chrome/70.0.3538.77 Safari/537.36"
35.231.155.0 - - [10/Mar/2025:22:46:55 +0100] "\x16\x03\x01" 400 226 "-" "-"
35.231.155.0 - - [10/Mar/2025:22:46:54 +0100] "GET / HTTP/1.1" 503 4469 "-" "Mozilla/5.0 (Windows NT 10.0; Win64; x64) AppleWebKit/537.36 (KHTML, like Gecko) Chrome/70.0.3538.77 Safari/537.36"
35.231.155.0 - - [10/Mar/2025:22:46:58 +0100] "{\"id\": 1, \"method\": \"mining.subscribe\", \"params\": []}\n" 400 226 "-" "-"
35.231.155.0 - - [10/Mar/2025:22:46:58 +0100] "\x16\x03\x01" 400 226 "-" "-"
35.231.155.0 - - [10/Mar/2025:22:46:58 +0100] "GET / HTTP/1.1" 503 1828 "-" "Mozilla/5.0 (Windows NT 10.0; Win64; x64) AppleWebKit/537.36 (KHTML, like Gecko) Chrome/70.0.3538.77 Safari/537.36"
2a05:d01c:b43:8a10:: - - [10/Mar/2025:22:47:25 +0100] "GET //webpages/login.html HTTP/1.1" 404 2679 "-" "'Mozilla/5.0 (compatible; GenomeCrawlerd/1.0; https://www.nokia.com/genomecrawler)'"
184.178.172.0 - - [10/Mar/2025:22:48:40 +0100] "GET /reports/usage_202403.html HTTP/1.0" 200 92683 "https://xn--krakn-9za.cc" "Mozilla/5.0 (Windows NT 10.0; Win64; x64) AppleWebKit/537.36 (KHTML, like Gecko) Chrome/131.0.0.0 Safari/537.36 Avast/131.0.0.0"
5.181.3.0 - - [10/Mar/2025:22:48:51 +0100] "GET /reports/usage_202402.html HTTP/1.0" 200 91181 "https://bellevue-towncar.com/seattle-concerts-limousine-rental/" "Mozilla/5.0 (Windows NT 10.0; Win64; x64) AppleWebKit/537.36 (KHTML, like Gecko) Chrome/130.0.0.0 Safari/537.36"
5.181.3.0 - - [10/Mar/2025:22:49:10 +0100] "GET /reports/usage_202402.html HTTP/1.0" 200 91181 "https://bdlxlimo.com/seattle-limos-hourly-rates/" "Mozilla/5.0 (Windows NT 10.0; Win64; x64) AppleWebKit/537.36 (KHTML, like Gecko) Chrome/129.0.0.0 Safari/537.36"
72.195.34.0 - - [10/Mar/2025:22:49:33 +0100] "GET /reports/usage_202403.html HTTP/1.0" 200 92683 "https://xn--kr-nia.com" "Mozilla/5.0 (Windows NT 10.0; Win64; x64) AppleWebKit/537.36 (KHTML, like Gecko) Chrome/131.0.0.0 Safari/537.36 Avast/131.0.0.0"
169.150.247.0 - - [10/Mar/2025:22:50:44 +0100] "GET /heh.php HTTP/1.1" 301 243 "www.google.com" "Mozlila/5.0 (Linux; Android 7.0; SM-G892A Bulid/NRD90M; wv) AppleWebKit/537.36 (KHTML, like Gecko) Version/4.0 Chrome/60.0.3112.107 Moblie Safari/537.36"
2a01:238:43f8:5f00:: - - [10/Mar/2025:22:50:50 +0100] "POST /wp-cron.php?doing_wp_cron=1741643450.6575219631195068359375 HTTP/1.1" 200 - "-" "agUlo8E2owev"
167.71.212.0 - - [10/Mar/2025:22:50:50 +0100] "GET /heh.php HTTP/1.1" 200 - "www.google.com" "Mozlila/5.0 (Linux; Android 7.0; SM-G892A Bulid/NRD90M; wv) AppleWebKit/537.36 (KHTML, like Gecko) Version/4.0 Chrome/60.0.3112.107 Moblie Safari/537.36"
167.71.212.0 - - [10/Mar/2025:22:50:55 +0100] "GET /heh.php HTTP/1.1" 200 48509 "www.google.com" "Mozlila/5.0 (Linux; Android 7.0; SM-G892A Bulid/NRD90M; wv) AppleWebKit/537.36 (KHTML, like Gecko) Version/4.0 Chrome/60.0.3112.107 Moblie Safari/537.36"
169.150.247.0 - - [10/Mar/2025:22:51:01 +0100] "GET /NewFile.php HTTP/1.1" 301 247 "www.google.com" "Mozlila/5.0 (Linux; Android 7.0; SM-G892A Bulid/NRD90M; wv) AppleWebKit/537.36 (KHTML, like Gecko) Version/4.0 Chrome/60.0.3112.107 Moblie Safari/537.36"
167.71.212.0 - - [10/Mar/2025:22:51:05 +0100] "GET /NewFile.php HTTP/1.1" 200 - "www.google.com" "Mozlila/5.0 (Linux; Android 7.0; SM-G892A Bulid/NRD90M; wv) AppleWebKit/537.36 (KHTML, like Gecko) Version/4.0 Chrome/60.0.3112.107 Moblie Safari/537.36"
167.71.212.0 - - [10/Mar/2025:22:51:09 +0100] "GET /NewFile.php HTTP/1.1" 200 48509 "www.google.com" "Mozlila/5.0 (Linux; Android 7.0; SM-G892A Bulid/NRD90M; wv) AppleWebKit/537.36 (KHTML, like Gecko) Version/4.0 Chrome/60.0.3112.107 Moblie Safari/537.36"
169.150.247.0 - - [10/Mar/2025:22:51:14 +0100] "GET /wp-content/plugins/view-more/ioxi.php HTTP/1.1" 301 273 "www.google.com" "Mozlila/5.0 (Linux; Android 7.0; SM-G892A Bulid/NRD90M; wv) AppleWebKit/537.36 (KHTML, like Gecko) Version/4.0 Chrome/60.0.3112.107 Moblie Safari/537.36"
2a01:238:43f8:5f00:: - - [10/Mar/2025:22:51:17 +0100] "POST /wp-cron.php?doing_wp_cron=1741643477.2024409770965576171875 HTTP/1.1" 200 - "-" "WrvoeGpLUafI"
167.71.212.0 - - [10/Mar/2025:22:51:17 +0100] "GET /wp-content/plugins/view-more/ioxi.php HTTP/1.1" 200 - "www.google.com" "Mozlila/5.0 (Linux; Android 7.0; SM-G892A Bulid/NRD90M; wv) AppleWebKit/537.36 (KHTML, like Gecko) Version/4.0 Chrome/60.0.3112.107 Moblie Safari/537.36"
167.71.212.0 - - [10/Mar/2025:22:51:20 +0100] "GET /wp-content/plugins/view-more/ioxi.php HTTP/1.1" 200 48509 "www.google.com" "Mozlila/5.0 (Linux; Android 7.0; SM-G892A Bulid/NRD90M; wv) AppleWebKit/537.36 (KHTML, like Gecko) Version/4.0 Chrome/60.0.3112.107 Moblie Safari/537.36"
169.150.247.0 - - [10/Mar/2025:22:51:24 +0100] "GET /wp-content/plugins/erinyani/baxa1.php7 HTTP/1.1" 301 274 "www.google.com" "Mozlila/5.0 (Linux; Android 7.0; SM-G892A Bulid/NRD90M; wv) AppleWebKit/537.36 (KHTML, like Gecko) Version/4.0 Chrome/60.0.3112.107 Moblie Safari/537.36"
167.71.212.0 - - [10/Mar/2025:22:51:28 +0100] "GET /wp-content/plugins/erinyani/baxa1.php7 HTTP/1.1" 403 2582 "www.google.com" "Mozlila/5.0 (Linux; Android 7.0; SM-G892A Bulid/NRD90M; wv) AppleWebKit/537.36 (KHTML, like Gecko) Version/4.0 Chrome/60.0.3112.107 Moblie Safari/537.36"
169.150.247.0 - - [10/Mar/2025:22:51:32 +0100] "GET /baxa1.php7 HTTP/1.1" 301 246 "www.google.com" "Mozlila/5.0 (Linux; Android 7.0; SM-G892A Bulid/NRD90M; wv) AppleWebKit/537.36 (KHTML, like Gecko) Version/4.0 Chrome/60.0.3112.107 Moblie Safari/537.36"
167.71.212.0 - - [10/Mar/2025:22:51:38 +0100] "GET /baxa1.php7 HTTP/1.1" 403 2582 "www.google.com" "Mozlila/5.0 (Linux; Android 7.0; SM-G892A Bulid/NRD90M; wv) AppleWebKit/537.36 (KHTML, like Gecko) Version/4.0 Chrome/60.0.3112.107 Moblie Safari/537.36"
169.150.247.0 - - [10/Mar/2025:22:51:42 +0100] "GET /wp-content/plugins/erinyani/baxa1.php HTTP/1.1" 301 273 "www.google.com" "Mozlila/5.0 (Linux; Android 7.0; SM-G892A Bulid/NRD90M; wv) AppleWebKit/537.36 (KHTML, like Gecko) Version/4.0 Chrome/60.0.3112.107 Moblie Safari/537.36"
167.71.212.0 - - [10/Mar/2025:22:51:48 +0100] "GET /wp-content/plugins/erinyani/baxa1.php HTTP/1.1" 200 - "www.google.com" "Mozlila/5.0 (Linux; Android 7.0; SM-G892A Bulid/NRD90M; wv) AppleWebKit/537.36 (KHTML, like Gecko) Version/4.0 Chrome/60.0.3112.107 Moblie Safari/537.36"
167.71.212.0 - - [10/Mar/2025:22:51:52 +0100] "GET /wp-content/plugins/erinyani/baxa1.php HTTP/1.1" 200 48509 "www.google.com" "Mozlila/5.0 (Linux; Android 7.0; SM-G892A Bulid/NRD90M; wv) AppleWebKit/537.36 (KHTML, like Gecko) Version/4.0 Chrome/60.0.3112.107 Moblie Safari/537.36"
169.150.247.0 - - [10/Mar/2025:22:51:56 +0100] "GET /baxa1.php HTTP/1.1" 301 245 "www.google.com" "Mozlila/5.0 (Linux; Android 7.0; SM-G892A Bulid/NRD90M; wv) AppleWebKit/537.36 (KHTML, like Gecko) Version/4.0 Chrome/60.0.3112.107 Moblie Safari/537.36"
167.71.212.0 - - [10/Mar/2025:22:51:59 +0100] "GET /baxa1.php HTTP/1.1" 200 - "www.google.com" "Mozlila/5.0 (Linux; Android 7.0; SM-G892A Bulid/NRD90M; wv) AppleWebKit/537.36 (KHTML, like Gecko) Version/4.0 Chrome/60.0.3112.107 Moblie Safari/537.36"
167.71.212.0 - - [10/Mar/2025:22:52:02 +0100] "GET /baxa1.php HTTP/1.1" 200 48509 "www.google.com" "Mozlila/5.0 (Linux; Android 7.0; SM-G892A Bulid/NRD90M; wv) AppleWebKit/537.36 (KHTML, like Gecko) Version/4.0 Chrome/60.0.3112.107 Moblie Safari/537.36"
169.150.247.0 - - [10/Mar/2025:22:52:07 +0100] "GET /wp-content/plugins/seoxx/randkeyword.php HTTP/1.1" 301 276 "www.google.com" "Mozlila/5.0 (Linux; Android 7.0; SM-G892A Bulid/NRD90M; wv) AppleWebKit/537.36 (KHTML, like Gecko) Version/4.0 Chrome/60.0.3112.107 Moblie Safari/537.36"
2a01:238:43f8:5f00:: - - [10/Mar/2025:22:52:15 +0100] "POST /wp-cron.php?doing_wp_cron=1741643535.4485950469970703125000 HTTP/1.1" 200 - "-" "CUPbo4UV6N4B"
167.71.212.0 - - [10/Mar/2025:22:52:15 +0100] "GET /wp-content/plugins/seoxx/randkeyword.php HTTP/1.1" 200 - "www.google.com" "Mozlila/5.0 (Linux; Android 7.0; SM-G892A Bulid/NRD90M; wv) AppleWebKit/537.36 (KHTML, like Gecko) Version/4.0 Chrome/60.0.3112.107 Moblie Safari/537.36"
167.71.212.0 - - [10/Mar/2025:22:52:19 +0100] "GET /wp-content/plugins/seoxx/randkeyword.php HTTP/1.1" 200 48509 "www.google.com" "Mozlila/5.0 (Linux; Android 7.0; SM-G892A Bulid/NRD90M; wv) AppleWebKit/537.36 (KHTML, like Gecko) Version/4.0 Chrome/60.0.3112.107 Moblie Safari/537.36"
2a05:d01c:b43:8a10:: - - [10/Mar/2025:22:52:27 +0100] "GET //webpages/login.html HTTP/1.1" 404 2679 "-" "'Mozilla/5.0 (compatible; GenomeCrawlerd/1.0; https://www.nokia.com/genomecrawler)'"
180.95.231.0 - - [10/Mar/2025:22:52:42 +0100] "GET /sites/favicon.ico HTTP/1.1" 200 48524 "-" "Mozilla/5.0184010163 Mozilla/5.0 (Windows NT 6.1; Win64; x64; rv:57.0) Gecko/20100101 Firefox/57.0"
180.95.231.0 - - [10/Mar/2025:22:52:45 +0100] "GET /sites/favicon.png HTTP/1.1" 200 48524 "-" "Mozilla/5.064213590 Mozilla/5.0 (Windows NT 6.1) AppleWebKit/537.36 (KHTML, like Gecko) Chrome/68.0.3440.106 Safari/537.36"
119.163.42.0 - - [10/Mar/2025:22:52:52 +0100] "GET / HTTP/1.1" 200 55581 "-" "Mozilla/5.051975669 Mozilla/5.0 (Macintosh; Intel Mac OS X 10_13_6) AppleWebKit/537.36 (KHTML, like Gecko) Chrome/68.0.3440.106 Safari/537.36"
185.125.230.0 - - [10/Mar/2025:22:54:06 +0100] "GET /reports/usage_202402.html HTTP/1.0" 200 91181 "https://betsafe-1.com/" "Mozilla/5.0 (Windows NT 6.2; Win64; x64) AppleWebKit/537.36 (KHTML, like Gecko) Chrome/103.0.0.0 Safari/537.36"
185.125.230.0 - - [10/Mar/2025:22:54:09 +0100] "GET /reports/usage_202402.html HTTP/1.0" 200 91181 "https://betsafe-1.com/" "Mozilla/5.0 (Windows NT 10.0; WOW64) AppleWebKit/537.36 (KHTML, like Gecko) Chrome/103.0.0.0 Safari/537.36"
185.125.230.0 - - [10/Mar/2025:22:54:12 +0100] "GET /reports/usage_202402.html HTTP/1.0" 200 91181 "https://betsafe-1.com/" "Mozilla/5.0 (Windows NT 6.3; Win64; x64) AppleWebKit/537.36 (KHTML, like Gecko) Chrome/103.0.5060.114 Safari/537.36"
223.109.255.0 - - [10/Mar/2025:22:55:58 +0100] "GET / HTTP/1.1" 200 55584 "-" "Sogou web spider/4.0(+http://www.sogou.com/docs/help/webmasters.htm#07)"
3.142.149.0 - - [10/Mar/2025:22:56:00 +0100] "GET / HTTP/1.0" 400 362 "-" "-"
3.142.149.0 - - [10/Mar/2025:22:56:17 +0100] "GET / HTTP/1.0" 400 362 "-" "-"
72.49.49.0 - - [10/Mar/2025:22:56:42 +0100] "GET /reports/usage_202403.html HTTP/1.0" 200 92683 "https://xn--kr7-onb.com" "Mozilla/5.0 (Windows NT 10.0; Win64; x64) AppleWebKit/537.36 (KHTML, like Gecko) Chrome/130.0.0.0 Safari/537.36"
208.65.90.0 - - [10/Mar/2025:22:57:26 +0100] "GET /reports/usage_202403.html HTTP/1.0" 200 92683 "https://xn--kr9-onb.com" "Mozilla/5.0 (Windows NT 10.0; Win64; x64) AppleWebKit/537.36 (KHTML, like Gecko) Chrome/130.0.0.0 Safari/537.36 CCleaner/130.0.0.0"
2a05:d01c:b43:8a10:: - - [10/Mar/2025:22:57:39 +0100] "GET /favicon.ico HTTP/1.1" 404 2661 "-" "'Mozilla/5.0 (compatible; GenomeCrawlerd/1.0; https://www.nokia.com/genomecrawler)'"
208.102.51.0 - - [10/Mar/2025:22:57:44 +0100] "GET /reports/usage_202403.html HTTP/1.0" 200 92683 "https://xn--rakn-f0a1446b.com" "Mozilla/5.0 (Windows NT 10.0; Win64; x64) AppleWebKit/537.36 (KHTML, like Gecko) Chrome/130.0.0.0 Safari/537.36 CCleaner/130.0.0.0"
3.142.149.0 - - [10/Mar/2025:22:58:53 +0100] "GET / HTTP/1.1" 200 730 "-" "Mozilla/5.0 (Macintosh; Intel Mac OS X 10_15_7) Chrome/126.0.0.0 Safari/537.36"
2a05:d01c:b43:8a10:: - - [10/Mar/2025:23:02:03 +0100] "GET /favicon.ico HTTP/1.1" 404 2661 "-" "'Mozilla/5.0 (compatible; GenomeCrawlerd/1.0; https://www.nokia.com/genomecrawler)'"
54.36.148.0 - - [10/Mar/2025:23:03:03 +0100] "GET /contao/vendor/lexik/?C=D;O=A HTTP/2.0" 200 416 "-" "Mozilla/5.0 (compatible; AhrefsBot/7.0; +http://ahrefs.com/robot/)"
208.65.90.0 - - [10/Mar/2025:23:04:40 +0100] "GET /reports/usage_202403.html HTTP/1.0" 200 92683 "https://xn--kr-ela.com" "Mozilla/5.0 (Windows NT 10.0; Win64; x64) AppleWebKit/537.36 (KHTML, like Gecko) Chrome/131.0.0.0 Safari/537.36"
184.178.172.0 - - [10/Mar/2025:23:05:01 +0100] "GET /reports/usage_202403.html HTTP/1.0" 200 92683 "https://xn--kr12-rzb.com" "Mozilla/5.0 (Windows NT 10.0; Win64; x64) AppleWebKit/537.36 (KHTML, like Gecko) Chrome/130.0.0.0 Safari/537.36 CCleaner/130.0.0.0"
208.102.51.0 - - [10/Mar/2025:23:05:11 +0100] "GET /reports/usage_202403.html HTTP/1.0" 200 92683 "https://xn--kr-kla.com" "Mozilla/5.0 (Windows NT 10.0; Win64; x64) AppleWebKit/537.36 (KHTML, like Gecko) Chrome/131.0.0.0 Safari/537.36 Avast/131.0.0.0"
185.125.230.0 - - [10/Mar/2025:23:05:13 +0100] "GET /reports/usage_202402.html HTTP/1.0" 200 91181 "https://betsafe-1.com/" "Mozilla/5.0 (Windows NT 10.0; Win64; x64) AppleWebKit/537.36 (KHTML, like Gecko) Chrome/103.0.5060.53 Safari/537.36"
185.125.230.0 - - [10/Mar/2025:23:05:17 +0100] "GET /reports/usage_202402.html HTTP/1.0" 200 91181 "https://betsafe-1.com/" "Mozilla/5.0 (Windows NT 10.0; WOW64) AppleWebKit/537.36 (KHTML, like Gecko) Chrome/103.0.5060.114 Safari/537.36"
185.125.230.0 - - [10/Mar/2025:23:05:19 +0100] "GET /reports/usage_202402.html HTTP/1.0" 200 91181 "https://betsafe-1.com/" "Mozilla/5.0 (Windows NT 6.3; Win64; x64) AppleWebKit/537.36 (KHTML, like Gecko) Chrome/103.0.0.0 Safari/537.36"
13.70.81.0 - - [10/Mar/2025:23:05:35 +0100] "HEAD /wordpress HTTP/1.1" 200 - "-" "Mozilla/5.0 (Windows NT 10.0; Win64; x64) AppleWebKit/537.36 (KHTML, like Gecko) Chrome/74.0.3729.169 Safari/537.36"
13.70.81.0 - - [10/Mar/2025:23:05:36 +0100] "HEAD / HTTP/1.1" 503 - "-" "Mozilla/5.0 (Windows NT 10.0; Win64; x64) AppleWebKit/537.36 (KHTML, like Gecko) Chrome/74.0.3729.169 Safari/537.36"
13.70.81.0 - - [10/Mar/2025:23:05:36 +0100] "HEAD /wp HTTP/1.1" 200 - "-" "Mozilla/5.0 (Windows NT 10.0; Win64; x64) AppleWebKit/537.36 (KHTML, like Gecko) Chrome/74.0.3729.169 Safari/537.36"
13.70.81.0 - - [10/Mar/2025:23:05:37 +0100] "HEAD /bc HTTP/1.1" 200 - "-" "Mozilla/5.0 (Windows NT 10.0; Win64; x64) AppleWebKit/537.36 (KHTML, like Gecko) Chrome/74.0.3729.169 Safari/537.36"
13.70.81.0 - - [10/Mar/2025:23:05:37 +0100] "HEAD /bk HTTP/1.1" 200 - "-" "Mozilla/5.0 (Windows NT 10.0; Win64; x64) AppleWebKit/537.36 (KHTML, like Gecko) Chrome/74.0.3729.169 Safari/537.36"
