169.150.247.0 - - [11/Mar/2025:07:59:32 +0100] "GET /wp-content/cache/autoptimize/autoptimize_single_6b74ece0913f1478cfb295c6623baf98.php HTTP/1.1" 301 320 "https://www.gebaeudetechnik.nrw/" "Mozilla/5.0 (Linux; Android 6.0.1; Nexus 5X Build/MMB29P) AppleWebKit/537.36 (KHTML, like Gecko) Chrome/133.0.6943.141 Mobile Safari/537.36 (compatible; Googlebot/2.1; +http://www.google.com/bot.html)"
169.150.247.0 - - [11/Mar/2025:07:59:32 +0100] "GET /wp-content/cache/autoptimize/autoptimize_single_b8192274dbb166adb439a1f6c0c13bdc.php HTTP/1.1" 301 320 "https://www.gebaeudetechnik.nrw/" "Mozilla/5.0 (Linux; Android 6.0.1; Nexus 5X Build/MMB29P) AppleWebKit/537.36 (KHTML, like Gecko) Chrome/133.0.6943.141 Mobile Safari/537.36 (compatible; Googlebot/2.1; +http://www.google.com/bot.html)"
169.150.247.0 - - [11/Mar/2025:07:59:32 +0100] "GET /wp-content/cache/autoptimize/autoptimize_single_c1244387c1a757b0a2bd442e344e420e.php HTTP/1.1" 301 320 "https://www.gebaeudetechnik.nrw/" "Mozilla/5.0 (Linux; Android 6.0.1; Nexus 5X Build/MMB29P) AppleWebKit/537.36 (KHTML, like Gecko) Chrome/133.0.6943.141 Mobile Safari/537.36 (compatible; Googlebot/2.1; +http://www.google.com/bot.html)"
169.150.247.0 - - [11/Mar/2025:07:59:32 +0100] "GET /wp-content/cache/autoptimize/autoptimize_single_0ebea01f110cd0ec92c68815ee0aad47.php?ver=1718269816&cached=1 HTTP/1.1" 301 348 "https://www.gebaeudetechnik.nrw/" "Mozilla/5.0 (Linux; Android 6.0.1; Nexus 5X Build/MMB29P) AppleWebKit/537.36 (KHTML, like Gecko) Chrome/133.0.6943.141 Mobile Safari/537.36 (compatible; Googlebot/2.1; +http://www.google.com/bot.html)"
169.150.247.0 - - [11/Mar/2025:07:59:32 +0100] "GET /wp-content/cache/autoptimize/autoptimize_single_bc25a68866d292ef47bb832eb3532d86.php HTTP/1.1" 301 320 "https://www.gebaeudetechnik.nrw/" "Mozilla/5.0 (Linux; Android 6.0.1; Nexus 5X Build/MMB29P) AppleWebKit/537.36 (KHTML, like Gecko) Chrome/133.0.6943.141 Mobile Safari/537.36 (compatible; Googlebot/2.1; +http://www.google.com/bot.html)"
169.150.247.0 - - [11/Mar/2025:07:59:32 +0100] "GET /wp-content/cache/autoptimize/autoptimize_single_97ff155d262ee4d794053e99e87ee321.php?ver=1718269816&cached=1 HTTP/1.1" 301 348 "https://www.gebaeudetechnik.nrw/" "Mozilla/5.0 (Linux; Android 6.0.1; Nexus 5X Build/MMB29P) AppleWebKit/537.36 (KHTML, like Gecko) Chrome/133.0.6943.141 Mobile Safari/537.36 (compatible; Googlebot/2.1; +http://www.google.com/bot.html)"
66.249.66.0 - - [11/Mar/2025:07:59:32 +0100] "GET /wp-content/cache/autoptimize/autoptimize_single_1dd257818e0bfaa6f8a82f141eeb54ff.php HTTP/1.1" 200 1156 "https://www.gebaeudetechnik.nrw/" "Mozilla/5.0 (Linux; Android 6.0.1; Nexus 5X Build/MMB29P) AppleWebKit/537.36 (KHTML, like Gecko) Chrome/133.0.6943.141 Mobile Safari/537.36 (compatible; Googlebot/2.1; +http://www.google.com/bot.html)"
169.150.247.0 - - [11/Mar/2025:07:59:32 +0100] "GET /wp-content/themes/busiprof-pro/print.css HTTP/1.1" 404 2830 "https://www.gebaeudetechnik.nrw/" "Mozilla/5.0 (Linux; Android 6.0.1; Nexus 5X Build/MMB29P) AppleWebKit/537.36 (KHTML, like Gecko) Chrome/133.0.6943.141 Mobile Safari/537.36 (compatible; Googlebot/2.1; +http://www.google.com/bot.html)"
169.150.247.0 - - [11/Mar/2025:07:59:32 +0100] "GET /wp-includes/js/comment-reply.min.js HTTP/1.1" 301 271 "https://www.gebaeudetechnik.nrw/" "Mozilla/5.0 (Linux; Android 6.0.1; Nexus 5X Build/MMB29P) AppleWebKit/537.36 (KHTML, like Gecko) Chrome/133.0.6943.141 Mobile Safari/537.36 (compatible; Googlebot/2.1; +http://www.google.com/bot.html)"
169.150.247.0 - - [11/Mar/2025:07:59:32 +0100] "GET /wp-content/cache/autoptimize/autoptimize_single_7e63c2dfb2c6011146bc171f6b46f564.php HTTP/1.1" 301 320 "https://www.gebaeudetechnik.nrw/" "Mozilla/5.0 (Linux; Android 6.0.1; Nexus 5X Build/MMB29P) AppleWebKit/537.36 (KHTML, like Gecko) Chrome/133.0.6943.141 Mobile Safari/537.36 (compatible; Googlebot/2.1; +http://www.google.com/bot.html)"
169.150.247.0 - - [11/Mar/2025:07:59:32 +0100] "GET /wp-content/cache/autoptimize/autoptimize_single_d73c5b630ef6af658a3991f886f17eba.php HTTP/1.1" 301 320 "https://www.gebaeudetechnik.nrw/" "Mozilla/5.0 (Linux; Android 6.0.1; Nexus 5X Build/MMB29P) AppleWebKit/537.36 (KHTML, like Gecko) Chrome/133.0.6943.141 Mobile Safari/537.36 (compatible; Googlebot/2.1; +http://www.google.com/bot.html)"
169.150.247.0 - - [11/Mar/2025:07:59:32 +0100] "GET /wp-content/cache/autoptimize/autoptimize_single_19e0aab77a65149633ba58f2dfeb7ebb.php HTTP/1.1" 301 320 "https://www.gebaeudetechnik.nrw/" "Mozilla/5.0 (Linux; Android 6.0.1; Nexus 5X Build/MMB29P) AppleWebKit/537.36 (KHTML, like Gecko) Chrome/133.0.6943.141 Mobile Safari/537.36 (compatible; Googlebot/2.1; +http://www.google.com/bot.html)"
169.150.247.0 - - [11/Mar/2025:07:59:32 +0100] "GET /wp-content/cache/autoptimize/autoptimize_single_617d3d8b8b517ddacc312957902814dd.php HTTP/1.1" 301 320 "https://www.gebaeudetechnik.nrw/" "Mozilla/5.0 (Linux; Android 6.0.1; Nexus 5X Build/MMB29P) AppleWebKit/537.36 (KHTML, like Gecko) Chrome/133.0.6943.141 Mobile Safari/537.36 (compatible; Googlebot/2.1; +http://www.google.com/bot.html)"
169.150.247.0 - - [11/Mar/2025:07:59:32 +0100] "GET /wp-content/cache/autoptimize/autoptimize_single_b6aeb905a718d7249651175caef87dde.php HTTP/1.1" 301 320 "https://www.gebaeudetechnik.nrw/" "Mozilla/5.0 (Linux; Android 6.0.1; Nexus 5X Build/MMB29P) AppleWebKit/537.36 (KHTML, like Gecko) Chrome/133.0.6943.141 Mobile Safari/537.36 (compatible; Googlebot/2.1; +http://www.google.com/bot.html)"
66.249.66.0 - - [11/Mar/2025:07:59:33 +0100] "GET /wp-content/uploads/wir-machen-das_bunt.svg HTTP/1.1" 200 12846 "https://www.gebaeudetechnik.nrw/datenschutzverordnung/" "Mozilla/5.0 (Linux; Android 6.0.1; Nexus 5X Build/MMB29P) AppleWebKit/537.36 (KHTML, like Gecko) Chrome/133.0.6943.141 Mobile Safari/537.36 (compatible; Googlebot/2.1; +http://www.google.com/bot.html)"
169.150.247.0 - - [11/Mar/2025:07:59:33 +0100] "GET /wp-content/cache/autoptimize/autoptimize_single_0931d311c22b874b0ed3b28d5ff48ca5.php HTTP/1.1" 301 320 "https://www.gebaeudetechnik.nrw/" "Mozilla/5.0 (Linux; Android 6.0.1; Nexus 5X Build/MMB29P) AppleWebKit/537.36 (KHTML, like Gecko) Chrome/133.0.6943.141 Mobile Safari/537.36 (compatible; Googlebot/2.1; +http://www.google.com/bot.html)"
169.150.247.0 - - [11/Mar/2025:07:59:33 +0100] "GET /wp-content/themes/busiprof-pro/print.css HTTP/1.1" 404 2830 "https://www.gebaeudetechnik.nrw/" "Mozilla/5.0 (Linux; Android 6.0.1; Nexus 5X Build/MMB29P) AppleWebKit/537.36 (KHTML, like Gecko) Chrome/133.0.6943.141 Mobile Safari/537.36 (compatible; Googlebot/2.1; +http://www.google.com/bot.html)"
66.249.66.0 - - [11/Mar/2025:07:59:33 +0100] "GET /wp-content/cache/autoptimize/autoptimize_single_597d5a628786f3031396519ec07d0599.php HTTP/1.1" 200 676 "https://www.gebaeudetechnik.nrw/" "Mozilla/5.0 (Linux; Android 6.0.1; Nexus 5X Build/MMB29P) AppleWebKit/537.36 (KHTML, like Gecko) Chrome/133.0.6943.141 Mobile Safari/537.36 (compatible; Googlebot/2.1; +http://www.google.com/bot.html)"
66.249.66.0 - - [11/Mar/2025:07:59:33 +0100] "GET /wp-content/plugins/borlabs-cookie/assets/images/borlabs-cookie-icon-dynamic.svg HTTP/1.1" 200 4265 "https://www.gebaeudetechnik.nrw/datenschutzverordnung/" "Mozilla/5.0 (Linux; Android 6.0.1; Nexus 5X Build/MMB29P) AppleWebKit/537.36 (KHTML, like Gecko) Chrome/133.0.6943.141 Mobile Safari/537.36 (compatible; Googlebot/2.1; +http://www.google.com/bot.html)"
66.249.66.0 - - [11/Mar/2025:07:59:34 +0100] "GET /wp-content/cache/autoptimize/autoptimize_single_2a34dbc716a5013a0b987ac81ad3e30f.php HTTP/1.1" 200 1935 "https://www.gebaeudetechnik.nrw/" "Mozilla/5.0 (Linux; Android 6.0.1; Nexus 5X Build/MMB29P) AppleWebKit/537.36 (KHTML, like Gecko) Chrome/133.0.6943.141 Mobile Safari/537.36 (compatible; Googlebot/2.1; +http://www.google.com/bot.html)"
66.249.66.0 - - [11/Mar/2025:07:59:37 +0100] "GET /wp-content/cache/autoptimize/autoptimize_single_06b3ed89f3c425c7ab4c3ffbb90ebe86.php HTTP/1.1" 200 1522 "https://www.gebaeudetechnik.nrw/" "Mozilla/5.0 (Linux; Android 6.0.1; Nexus 5X Build/MMB29P) AppleWebKit/537.36 (KHTML, like Gecko) Chrome/133.0.6943.141 Mobile Safari/537.36 (compatible; Googlebot/2.1; +http://www.google.com/bot.html)"
66.249.66.0 - - [11/Mar/2025:07:59:37 +0100] "GET /wp-content/cache/autoptimize/autoptimize_single_d780cf740f6d55dc8e0182ae7dbaa51c.php HTTP/1.1" 200 198951 "https://www.gebaeudetechnik.nrw/" "Mozilla/5.0 (Linux; Android 6.0.1; Nexus 5X Build/MMB29P) AppleWebKit/537.36 (KHTML, like Gecko) Chrome/133.0.6943.141 Mobile Safari/537.36 (compatible; Googlebot/2.1; +http://www.google.com/bot.html)"
66.249.66.0 - - [11/Mar/2025:07:59:38 +0100] "GET /wp-includes/css/dist/block-library/style.min.css HTTP/1.1" 200 14991 "https://www.gebaeudetechnik.nrw/" "Mozilla/5.0 (Linux; Android 6.0.1; Nexus 5X Build/MMB29P) AppleWebKit/537.36 (KHTML, like Gecko) Chrome/133.0.6943.141 Mobile Safari/537.36 (compatible; Googlebot/2.1; +http://www.google.com/bot.html)"
66.249.66.0 - - [11/Mar/2025:07:59:40 +0100] "GET /wp-content/cache/autoptimize/autoptimize_single_617d3d8b8b517ddacc312957902814dd.php HTTP/1.1" 200 2847 "https://www.gebaeudetechnik.nrw/" "Mozilla/5.0 (Linux; Android 6.0.1; Nexus 5X Build/MMB29P) AppleWebKit/537.36 (KHTML, like Gecko) Chrome/133.0.6943.141 Mobile Safari/537.36 (compatible; Googlebot/2.1; +http://www.google.com/bot.html)"
66.249.66.0 - - [11/Mar/2025:07:59:41 +0100] "GET /wp-content/cache/autoptimize/autoptimize_single_d73c5b630ef6af658a3991f886f17eba.php HTTP/1.1" 200 710 "https://www.gebaeudetechnik.nrw/" "Mozilla/5.0 (Linux; Android 6.0.1; Nexus 5X Build/MMB29P) AppleWebKit/537.36 (KHTML, like Gecko) Chrome/133.0.6943.141 Mobile Safari/537.36 (compatible; Googlebot/2.1; +http://www.google.com/bot.html)"
66.249.66.0 - - [11/Mar/2025:07:59:41 +0100] "GET /wp-content/cache/autoptimize/autoptimize_single_0d8a9fff3ec3feb8387b9a8683853f8b.php?ver=1718269816&cached=1 HTTP/1.1" 200 19794 "https://www.gebaeudetechnik.nrw/" "Mozilla/5.0 (Linux; Android 6.0.1; Nexus 5X Build/MMB29P) AppleWebKit/537.36 (KHTML, like Gecko) Chrome/133.0.6943.141 Mobile Safari/537.36 (compatible; Googlebot/2.1; +http://www.google.com/bot.html)"
66.249.66.0 - - [11/Mar/2025:07:59:44 +0100] "GET /wp-content/cache/autoptimize/autoptimize_single_b4713df0b78aa1688c57628e4f1cab0c.php HTTP/1.1" 200 5045 "https://www.gebaeudetechnik.nrw/" "Mozilla/5.0 (Linux; Android 6.0.1; Nexus 5X Build/MMB29P) AppleWebKit/537.36 (KHTML, like Gecko) Chrome/133.0.6943.141 Mobile Safari/537.36 (compatible; Googlebot/2.1; +http://www.google.com/bot.html)"
66.249.66.0 - - [11/Mar/2025:07:59:45 +0100] "GET /wp-includes/js/comment-reply.min.js HTTP/1.1" 200 1351 "https://www.gebaeudetechnik.nrw/" "Mozilla/5.0 (Linux; Android 6.0.1; Nexus 5X Build/MMB29P) AppleWebKit/537.36 (KHTML, like Gecko) Chrome/133.0.6943.141 Mobile Safari/537.36 (compatible; Googlebot/2.1; +http://www.google.com/bot.html)"
66.249.66.0 - - [11/Mar/2025:07:59:45 +0100] "GET /wp-content/cache/autoptimize/autoptimize_single_19e0aab77a65149633ba58f2dfeb7ebb.php HTTP/1.1" 200 7198 "https://www.gebaeudetechnik.nrw/" "Mozilla/5.0 (Linux; Android 6.0.1; Nexus 5X Build/MMB29P) AppleWebKit/537.36 (KHTML, like Gecko) Chrome/133.0.6943.141 Mobile Safari/537.36 (compatible; Googlebot/2.1; +http://www.google.com/bot.html)"
66.249.66.0 - - [11/Mar/2025:07:59:46 +0100] "GET /wp-content/cache/autoptimize/autoptimize_single_b6aeb905a718d7249651175caef87dde.php HTTP/1.1" 200 5879 "https://www.gebaeudetechnik.nrw/" "Mozilla/5.0 (Linux; Android 6.0.1; Nexus 5X Build/MMB29P) AppleWebKit/537.36 (KHTML, like Gecko) Chrome/133.0.6943.141 Mobile Safari/537.36 (compatible; Googlebot/2.1; +http://www.google.com/bot.html)"
66.249.66.0 - - [11/Mar/2025:07:59:48 +0100] "GET /wp-content/plugins/borlabs-cookie/assets/images/borlabs-cookie-icon-black.svg HTTP/1.1" 200 4190 "https://www.gebaeudetechnik.nrw/datenschutzverordnung/" "Mozilla/5.0 (Linux; Android 6.0.1; Nexus 5X Build/MMB29P) AppleWebKit/537.36 (KHTML, like Gecko) Chrome/133.0.6943.141 Mobile Safari/537.36 (compatible; Googlebot/2.1; +http://www.google.com/bot.html)"
184.178.172.0 - - [11/Mar/2025:08:00:51 +0100] "GET /reports/usage_202403.html HTTP/1.0" 200 92683 "https://xn--kr7-onb.com" "Mozilla/5.0 (Windows NT 10.0; Win64; x64) AppleWebKit/537.36 (KHTML, like Gecko) Chrome/129.0.0.0 Safari/537.36"
208.65.90.0 - - [11/Mar/2025:08:00:55 +0100] "GET /reports/usage_202403.html HTTP/1.0" 200 92683 "https://xn--kr-nia.com" "Mozilla/5.0 (Windows NT 10.0; Win64; x64) AppleWebKit/537.36 (KHTML, like Gecko) Chrome/129.0.0.0 Safari/537.36"
2a01:238:43f8:5f00:: - - [11/Mar/2025:08:01:02 +0100] "POST /wp-cron.php?doing_wp_cron=1741676462.3921139240264892578125 HTTP/1.1" 200 - "-" "F4aIeCiFbvRV"
40.77.167.0 - - [11/Mar/2025:08:01:02 +0100] "GET /sitemap.xml HTTP/2.0" 200 - "-" "Mozilla/5.0 AppleWebKit/537.36 (KHTML, like Gecko; compatible; bingbot/2.0; +http://www.bing.com/bingbot.htm) Chrome/116.0.1938.76 Safari/537.36"
2a01:238:43f8:5f00:: - - [11/Mar/2025:08:01:12 +0100] "POST /wp-cron.php?doing_wp_cron=1741676472.5393459796905517578125 HTTP/1.1" 200 - "-" "jhkHWWvAgqNM"
40.77.167.0 - - [11/Mar/2025:08:01:12 +0100] "GET /sitemap.xml HTTP/2.0" 200 - "-" "Mozilla/5.0 AppleWebKit/537.36 (KHTML, like Gecko; compatible; bingbot/2.0; +http://www.bing.com/bingbot.htm) Chrome/116.0.1938.76 Safari/537.36"
40.77.167.0 - - [11/Mar/2025:08:01:13 +0100] "GET /sitemap_index.xml HTTP/2.0" 200 354 "-" "Mozilla/5.0 AppleWebKit/537.36 (KHTML, like Gecko; compatible; bingbot/2.0; +http://www.bing.com/bingbot.htm) Chrome/116.0.1938.76 Safari/537.36"
54.36.149.0 - - [11/Mar/2025:08:01:30 +0100] "GET /contao/vendor/symfony/config/ HTTP/2.0" 200 1039 "-" "Mozilla/5.0 (compatible; AhrefsBot/7.0; +http://ahrefs.com/robot/)"
208.102.51.0 - - [11/Mar/2025:08:02:19 +0100] "GET /reports/usage_202403.html HTTP/1.0" 200 92683 "https://xn--rakn-f0a1446b.com" "Mozilla/5.0 (Windows NT 10.0; Win64; x64) AppleWebKit/537.36 (KHTML, like Gecko) Chrome/131.0.0.0 Safari/537.36 Avast/131.0.0.0"
2a06:4883:d000:: - - [11/Mar/2025:08:06:18 +0100] "GET / HTTP/1.1" 200 730 "-" "Mozilla/5.0 (compatible; InternetMeasurement/1.0; +https://internet-measurement.com/)"
185.242.226.0 - - [11/Mar/2025:08:09:11 +0100] "GET / HTTP/1.1" 200 730 "-" "Mozilla/5.0 (Windows NT 10.0; Win64; x64) AppleWebKit/537.36 (KHTML, like Gecko) Chrome/88.0.4324.190 Safari/537.36"
208.102.51.0 - - [11/Mar/2025:08:09:35 +0100] "GET /reports/usage_202403.html HTTP/1.0" 200 92683 "https://xn--kr12-rzb.com" "Mozilla/5.0 (Windows NT 10.0; Win64; x64) AppleWebKit/537.36 (KHTML, like Gecko) Chrome/131.0.0.0 Safari/537.36 Avast/131.0.0.0"
185.220.100.0 - - [11/Mar/2025:08:10:01 +0100] "GET /reports/usage_202403.html HTTP/1.0" 200 92683 "https://xn--krken7-xoc.com" "Mozilla/5.0 (Windows NT 10.0; Win64; x64) AppleWebKit/537.36 (KHTML, like Gecko) Chrome/129.0.0.0 Safari/537.36"
185.125.230.0 - - [11/Mar/2025:08:10:30 +0100] "GET /reports/usage_202402.html HTTP/1.0" 200 91181 "https://betsafe-1.com/" "Mozilla/5.0 (Windows NT 10.0; Win64; x64) AppleWebKit/537.36 (KHTML, like Gecko) Chrome/103.0.5060.66 Safari/537.36"
185.125.230.0 - - [11/Mar/2025:08:10:33 +0100] "GET /reports/usage_202402.html HTTP/1.0" 200 91181 "https://betsafe-1.com/" "Mozilla/5.0 (Windows NT 10.0; WOW64) AppleWebKit/537.36 (KHTML, like Gecko) Chrome/103.0.5060.114 Safari/537.36"
185.125.230.0 - - [11/Mar/2025:08:10:36 +0100] "GET /reports/usage_202402.html HTTP/1.0" 200 91181 "https://betsafe-1.com/" "Mozilla/5.0 (Windows NT 10.0; Win64; x64) AppleWebKit/537.36 (KHTML, like Gecko) Chrome/103.0.5042.0 Safari/537.36"
66.249.66.0 - - [11/Mar/2025:08:10:42 +0100] "GET /contao/assets/contao/images/iconPHPS.svg HTTP/1.1" 200 724 "-" "Googlebot-Image/1.0"
66.249.66.0 - - [11/Mar/2025:08:10:42 +0100] "GET /robots.txt HTTP/1.1" 404 2555 "-" "Mozilla/5.0 (compatible; Googlebot/2.1; +http://www.google.com/bot.html)"
54.36.149.0 - - [11/Mar/2025:08:12:47 +0100] "GET /contao/vendor/autoload.php HTTP/2.0" 200 - "-" "Mozilla/5.0 (compatible; AhrefsBot/7.0; +http://ahrefs.com/robot/)"
2a01:238:43f8:5f00:: - - [11/Mar/2025:08:13:33 +0100] "POST /wp-cron.php?doing_wp_cron=1741677213.5909190177917480468750 HTTP/1.1" 200 - "-" "pMPTW0NjyIMU"
89.246.241.0 - - [11/Mar/2025:08:13:33 +0100] "GET /brandschutz/ HTTP/1.1" 200 - "-" "Mozilla/5.0 (Windows NT 10.0; Win64; x64; rv:133.0) Gecko/20100101 Firefox/133.0"
92.255.57.0 - - [11/Mar/2025:08:15:09 +0100] "GET /?XDEBUG_SESSION_START=phpstorm HTTP/1.1" 200 730 "-" "Mozilla/5.0 (Windows NT 10.0; Win64; x64) AppleWebKit/537.36 (KHTML, like Gecko) Chrome/78.0.3904.108 Safari/537.36"
208.102.51.0 - - [11/Mar/2025:08:17:36 +0100] "GET /reports/usage_202403.html HTTP/1.0" 200 92683 "https://xn--kr11-rzb.com" "Mozilla/5.0 (Windows NT 10.0; Win64; x64) AppleWebKit/537.36 (KHTML, like Gecko) Chrome/130.0.0.0 Safari/537.36"
72.49.49.0 - - [11/Mar/2025:08:18:17 +0100] "GET /reports/usage_202403.html HTTP/1.0" 200 92683 "https://xn--kr-lbb.com" "Mozilla/5.0 (Windows NT 10.0; Win64; x64) AppleWebKit/537.36 (KHTML, like Gecko) Chrome/131.0.0.0 Safari/537.36"
208.65.90.0 - - [11/Mar/2025:08:18:32 +0100] "GET /reports/usage_202403.html HTTP/1.0" 200 92683 "https://xn--krken9-xoc.com" "Mozilla/5.0 (Windows NT 10.0; Win64; x64) AppleWebKit/537.36 (KHTML, like Gecko) Chrome/131.0.0.0 Safari/537.36 Avast/131.0.0.0"
2602:80d:1006:: - - [11/Mar/2025:08:18:50 +0100] "GET / HTTP/1.1" 200 730 "-" "Mozilla/5.0 (compatible; CensysInspect/1.1; +https://about.censys.io/)"
2602:80d:1006:: - - [11/Mar/2025:08:18:52 +0100] "GET /favicon.ico HTTP/1.1" 404 2661 "-" "Mozilla/5.0 (compatible; CensysInspect/1.1; +https://about.censys.io/)"
185.215.166.0 - - [11/Mar/2025:08:19:37 +0100] "POST /xmlrpc.php HTTP/1.1" 403 2407 "-" "Mozilla/5.0 (X11; Fedora; Linux x86_64; rv:94.0) Gecko/20100101 Firefox/95.0"
2602:80d:1006:: - - [11/Mar/2025:08:19:37 +0100] "GET /favicon.ico HTTP/1.1" 404 2661 "-" "Mozilla/5.0 (compatible; CensysInspect/1.1; +https://about.censys.io/)"
66.249.66.0 - - [11/Mar/2025:08:20:22 +0100] "GET /wp-content/uploads/2023/10/gebaeudetechnik-startbildheader.webp HTTP/1.1" 304 - "-" "Googlebot-Image/1.0"
185.125.230.0 - - [11/Mar/2025:08:21:36 +0100] "GET /reports/usage_202402.html HTTP/1.0" 200 91181 "https://betsafe-1.com/" "Mozilla/5.0 (Windows NT 10.0; Win64; x64) AppleWebKit/537.36 (KHTML, like Gecko) Chrome/103.0.5060.114 Safari/537.36"
185.125.230.0 - - [11/Mar/2025:08:21:38 +0100] "GET /reports/usage_202402.html HTTP/1.0" 200 91181 "https://betsafe-1.com/" "Mozilla/5.0 (Windows NT 6.3; WOW64) AppleWebKit/537.36 (KHTML, like Gecko) Chrome/103.0.0.0 Safari/537.36"
185.125.230.0 - - [11/Mar/2025:08:21:41 +0100] "GET /reports/usage_202402.html HTTP/1.0" 200 91181 "https://betsafe-1.com/" "Mozilla/5.0 (Windows NT 6.3; Win64; x64) AppleWebKit/537.36 (KHTML, like Gecko) Chrome/103.0.5060.114 Safari/537.36"
54.36.148.0 - - [11/Mar/2025:08:22:40 +0100] "GET /contao/vendor/symfony/http-kernel/ HTTP/2.0" 200 1290 "-" "Mozilla/5.0 (compatible; AhrefsBot/7.0; +http://ahrefs.com/robot/)"
208.102.51.0 - - [11/Mar/2025:08:26:16 +0100] "GET /reports/usage_202403.html HTTP/1.0" 200 92683 "https://xn--kr-kla.com" "Mozilla/5.0 (Windows NT 10.0; Win64; x64) AppleWebKit/537.36 (KHTML, like Gecko) Chrome/131.0.0.0 Safari/537.36 Avast/131.0.0.0"
72.49.49.0 - - [11/Mar/2025:08:26:51 +0100] "GET /reports/usage_202403.html HTTP/1.0" 200 92683 "https://xn--ra-ypa.com" "Mozilla/5.0 (Windows NT 10.0; Win64; x64) AppleWebKit/537.36 (KHTML, like Gecko) Chrome/129.0.0.0 Safari/537.36"
66.249.66.0 - - [11/Mar/2025:08:29:34 +0100] "GET /contao/var/logs/prod-2024-10-06.log HTTP/1.1" 404 2605 "-" "Mozilla/5.0 (Linux; Android 6.0.1; Nexus 5X Build/MMB29P) AppleWebKit/537.36 (KHTML, like Gecko) Chrome/133.0.6943.53 Mobile Safari/537.36 (compatible; Googlebot/2.1; +http://www.google.com/bot.html)"
185.125.230.0 - - [11/Mar/2025:08:32:59 +0100] "GET /reports/usage_202402.html HTTP/1.0" 200 91181 "https://betsafe-1.com/" "Mozilla/5.0 (Windows NT 6.3; WOW64) AppleWebKit/537.36 (KHTML, like Gecko) Chrome/103.0.5060.114 Safari/537.36"
185.125.230.0 - - [11/Mar/2025:08:33:02 +0100] "GET /reports/usage_202402.html HTTP/1.0" 200 91181 "https://betsafe-1.com/" "Mozilla/5.0 (Windows NT 10.0; Win64; x64) AppleWebKit/537.36 (KHTML, like Gecko) Chrome/103.0.5060.53 Safari/537.36"
185.125.230.0 - - [11/Mar/2025:08:33:04 +0100] "GET /reports/usage_202402.html HTTP/1.0" 200 91181 "https://betsafe-1.com/" "Mozilla/5.0 (Windows NT 6.3; Win64; x64) AppleWebKit/537.36 (KHTML, like Gecko) Chrome/103.0.5060.53 Safari/537.36"
54.36.149.0 - - [11/Mar/2025:08:33:35 +0100] "GET /contao/vendor/nelmio/cors-bundle/ HTTP/2.0" 200 2583 "-" "Mozilla/5.0 (compatible; AhrefsBot/7.0; +http://ahrefs.com/robot/)"
169.150.247.0 - - [11/Mar/2025:08:33:43 +0100] "GET //thoms.php HTTP/1.1" 301 245 "www.google.com" "Mozlila/5.0 (Linux; Android 7.0; SM-G892A Bulid/NRD90M; wv) AppleWebKit/537.36 (KHTML, like Gecko) Version/4.0 Chrome/60.0.3112.107 Moblie Safari/537.36"
208.65.90.0 - - [11/Mar/2025:08:33:45 +0100] "GET /reports/usage_202403.html HTTP/1.0" 200 92683 "https://xn--kr13-6na.com" "Mozilla/5.0 (Windows NT 10.0; Win64; x64) AppleWebKit/537.36 (KHTML, like Gecko) Chrome/130.0.0.0 Safari/537.36"
2a01:238:43f8:5f00:: - - [11/Mar/2025:08:33:45 +0100] "POST /wp-cron.php?doing_wp_cron=1741678425.8457350730895996093750 HTTP/1.1" 200 - "-" "EWeuodxziNTY"
43.166.253.0 - - [11/Mar/2025:08:33:45 +0100] "GET /thoms.php HTTP/1.1" 200 - "www.google.com" "Mozlila/5.0 (Linux; Android 7.0; SM-G892A Bulid/NRD90M; wv) AppleWebKit/537.36 (KHTML, like Gecko) Version/4.0 Chrome/60.0.3112.107 Moblie Safari/537.36"
43.166.253.0 - - [11/Mar/2025:08:33:48 +0100] "GET /thoms.php HTTP/1.1" 200 48509 "www.google.com" "Mozlila/5.0 (Linux; Android 7.0; SM-G892A Bulid/NRD90M; wv) AppleWebKit/537.36 (KHTML, like Gecko) Version/4.0 Chrome/60.0.3112.107 Moblie Safari/537.36"
169.150.247.0 - - [11/Mar/2025:08:33:52 +0100] "GET //inputs.php HTTP/1.1" 301 246 "www.google.com" "Mozlila/5.0 (Linux; Android 7.0; SM-G892A Bulid/NRD90M; wv) AppleWebKit/537.36 (KHTML, like Gecko) Version/4.0 Chrome/60.0.3112.107 Moblie Safari/537.36"
43.166.253.0 - - [11/Mar/2025:08:33:53 +0100] "GET /inputs.php HTTP/1.1" 200 - "www.google.com" "Mozlila/5.0 (Linux; Android 7.0; SM-G892A Bulid/NRD90M; wv) AppleWebKit/537.36 (KHTML, like Gecko) Version/4.0 Chrome/60.0.3112.107 Moblie Safari/537.36"
43.166.253.0 - - [11/Mar/2025:08:33:54 +0100] "GET /inputs.php HTTP/1.1" 200 48509 "www.google.com" "Mozlila/5.0 (Linux; Android 7.0; SM-G892A Bulid/NRD90M; wv) AppleWebKit/537.36 (KHTML, like Gecko) Version/4.0 Chrome/60.0.3112.107 Moblie Safari/537.36"
169.150.247.0 - - [11/Mar/2025:08:33:57 +0100] "GET //userfuns.php HTTP/1.1" 301 248 "www.google.com" "Mozlila/5.0 (Linux; Android 7.0; SM-G892A Bulid/NRD90M; wv) AppleWebKit/537.36 (KHTML, like Gecko) Version/4.0 Chrome/60.0.3112.107 Moblie Safari/537.36"
43.166.253.0 - - [11/Mar/2025:08:33:59 +0100] "GET /userfuns.php HTTP/1.1" 200 - "www.google.com" "Mozlila/5.0 (Linux; Android 7.0; SM-G892A Bulid/NRD90M; wv) AppleWebKit/537.36 (KHTML, like Gecko) Version/4.0 Chrome/60.0.3112.107 Moblie Safari/537.36"
43.166.253.0 - - [11/Mar/2025:08:34:01 +0100] "GET /userfuns.php HTTP/1.1" 200 48509 "www.google.com" "Mozlila/5.0 (Linux; Android 7.0; SM-G892A Bulid/NRD90M; wv) AppleWebKit/537.36 (KHTML, like Gecko) Version/4.0 Chrome/60.0.3112.107 Moblie Safari/537.36"
169.150.247.0 - - [11/Mar/2025:08:34:08 +0100] "GET //tempfuns.php HTTP/1.1" 301 248 "www.google.com" "Mozlila/5.0 (Linux; Android 7.0; SM-G892A Bulid/NRD90M; wv) AppleWebKit/537.36 (KHTML, like Gecko) Version/4.0 Chrome/60.0.3112.107 Moblie Safari/537.36"
43.166.253.0 - - [11/Mar/2025:08:34:09 +0100] "GET /tempfuns.php HTTP/1.1" 200 - "www.google.com" "Mozlila/5.0 (Linux; Android 7.0; SM-G892A Bulid/NRD90M; wv) AppleWebKit/537.36 (KHTML, like Gecko) Version/4.0 Chrome/60.0.3112.107 Moblie Safari/537.36"
43.166.253.0 - - [11/Mar/2025:08:34:10 +0100] "GET /tempfuns.php HTTP/1.1" 200 48509 "www.google.com" "Mozlila/5.0 (Linux; Android 7.0; SM-G892A Bulid/NRD90M; wv) AppleWebKit/537.36 (KHTML, like Gecko) Version/4.0 Chrome/60.0.3112.107 Moblie Safari/537.36"
169.150.247.0 - - [11/Mar/2025:08:34:14 +0100] "GET //termps.php HTTP/1.1" 301 246 "www.google.com" "Mozlila/5.0 (Linux; Android 7.0; SM-G892A Bulid/NRD90M; wv) AppleWebKit/537.36 (KHTML, like Gecko) Version/4.0 Chrome/60.0.3112.107 Moblie Safari/537.36"
2a01:238:43f8:5f00:: - - [11/Mar/2025:08:34:15 +0100] "POST /wp-cron.php?doing_wp_cron=1741678455.9622309207916259765625 HTTP/1.1" 200 - "-" "B3LdkJ8qQQww"
43.166.253.0 - - [11/Mar/2025:08:34:15 +0100] "GET /termps.php HTTP/1.1" 200 - "www.google.com" "Mozlila/5.0 (Linux; Android 7.0; SM-G892A Bulid/NRD90M; wv) AppleWebKit/537.36 (KHTML, like Gecko) Version/4.0 Chrome/60.0.3112.107 Moblie Safari/537.36"
43.166.253.0 - - [11/Mar/2025:08:34:18 +0100] "GET /termps.php HTTP/1.1" 200 48509 "www.google.com" "Mozlila/5.0 (Linux; Android 7.0; SM-G892A Bulid/NRD90M; wv) AppleWebKit/537.36 (KHTML, like Gecko) Version/4.0 Chrome/60.0.3112.107 Moblie Safari/537.36"
169.150.247.0 - - [11/Mar/2025:08:34:20 +0100] "GET //classfuns.php HTTP/1.1" 301 249 "www.google.com" "Mozlila/5.0 (Linux; Android 7.0; SM-G892A Bulid/NRD90M; wv) AppleWebKit/537.36 (KHTML, like Gecko) Version/4.0 Chrome/60.0.3112.107 Moblie Safari/537.36"
43.166.253.0 - - [11/Mar/2025:08:34:22 +0100] "GET /classfuns.php HTTP/1.1" 200 - "www.google.com" "Mozlila/5.0 (Linux; Android 7.0; SM-G892A Bulid/NRD90M; wv) AppleWebKit/537.36 (KHTML, like Gecko) Version/4.0 Chrome/60.0.3112.107 Moblie Safari/537.36"
43.166.253.0 - - [11/Mar/2025:08:34:24 +0100] "GET /classfuns.php HTTP/1.1" 200 48509 "www.google.com" "Mozlila/5.0 (Linux; Android 7.0; SM-G892A Bulid/NRD90M; wv) AppleWebKit/537.36 (KHTML, like Gecko) Version/4.0 Chrome/60.0.3112.107 Moblie Safari/537.36"
208.65.90.0 - - [11/Mar/2025:08:34:47 +0100] "GET /reports/usage_202403.html HTTP/1.0" 200 92683 "https://xn--krken10-bn4c.com" "Mozilla/5.0 (Windows NT 10.0; Win64; x64) AppleWebKit/537.36 (KHTML, like Gecko) Chrome/130.0.0.0 Safari/537.36 CCleaner/130.0.0.0"
72.49.49.0 - - [11/Mar/2025:08:35:44 +0100] "GET /reports/usage_202403.html HTTP/1.0" 200 92683 "https://xn--krken15-bn4c.com" "Mozilla/5.0 (Windows NT 10.0; Win64; x64) AppleWebKit/537.36 (KHTML, like Gecko) Chrome/131.0.0.0 Safari/537.36"
185.247.137.0 - - [11/Mar/2025:08:36:30 +0100] "GET / HTTP/1.1" 503 1828 "-" "Mozilla/5.0 (compatible; InternetMeasurement/1.0; +https://internet-measurement.com/)"
35.232.238.0 - - [11/Mar/2025:08:38:05 +0100] "GET /media/system/js/core.js HTTP/1.1" 301 259 "-" "Mozilla/5.0 (Macintosh; Intel Mac OS X 10_10_1) AppleWebKit/537.36 (KHTML, like Gecko) Chrome/39.0.2171.95 Safari/537.36"
35.232.238.0 - - [11/Mar/2025:08:38:05 +0100] "GET /media/system/js/core.js HTTP/1.1" 404 2557 "-" "Mozilla/5.0 (Macintosh; Intel Mac OS X 10_10_1) AppleWebKit/537.36 (KHTML, like Gecko) Chrome/39.0.2171.95 Safari/537.36"
35.232.238.0 - - [11/Mar/2025:08:38:05 +0100] "GET /media/system/js/core.js HTTP/1.1" 200 1828 "-" "Mozilla/5.0 (Macintosh; Intel Mac OS X 10_10_1) AppleWebKit/537.36 (KHTML, like Gecko) Chrome/39.0.2171.95 Safari/537.36"
35.232.238.0 - - [11/Mar/2025:08:38:06 +0100] "GET /media/system/js/core.js HTTP/1.1" 301 252 "-" "Mozilla/5.0 (Macintosh; Intel Mac OS X 10_10_1) AppleWebKit/537.36 (KHTML, like Gecko) Chrome/39.0.2171.95 Safari/537.36"
35.232.238.0 - - [11/Mar/2025:08:38:06 +0100] "GET /wp-includes/js/jquery/jquery.js HTTP/1.1" 200 1828 "-" "Mozilla/5.0 (Macintosh; Intel Mac OS X 10_10_1) AppleWebKit/537.36 (KHTML, like Gecko) Chrome/39.0.2171.95 Safari/537.36"
35.232.238.0 - - [11/Mar/2025:08:38:06 +0100] "GET /wp-includes/js/jquery/jquery.js HTTP/1.1" 404 2573 "-" "Mozilla/5.0 (Macintosh; Intel Mac OS X 10_10_1) AppleWebKit/537.36 (KHTML, like Gecko) Chrome/39.0.2171.95 Safari/537.36"
2a01:238:43f8:5f00:: - - [11/Mar/2025:08:38:07 +0100] "POST /wp-cron.php?doing_wp_cron=1741678687.0464150905609130859375 HTTP/1.1" 200 - "-" "WFFKUwWHApB8"
35.232.238.0 - - [11/Mar/2025:08:38:06 +0100] "GET /media/system/js/core.js HTTP/2.0" 200 - "http://gebaeudetechnik.nrw/media/system/js/core.js" "Mozilla/5.0 (Macintosh; Intel Mac OS X 10_10_1) AppleWebKit/537.36 (KHTML, like Gecko) Chrome/39.0.2171.95 Safari/537.36"
35.232.238.0 - - [11/Mar/2025:08:38:07 +0100] "GET /media/system/js/core.js HTTP/2.0" 200 48524 "http://gdb-bonn.com/media/system/js/core.js" "Mozilla/5.0 (Macintosh; Intel Mac OS X 10_10_1) AppleWebKit/537.36 (KHTML, like Gecko) Chrome/39.0.2171.95 Safari/537.36"
35.232.238.0 - - [11/Mar/2025:08:38:08 +0100] "GET /media/system/js/core.js HTTP/2.0" 200 48509 "https://gebaeudetechnik.nrw/media/system/js/core.js" "Mozilla/5.0 (Macintosh; Intel Mac OS X 10_10_1) AppleWebKit/537.36 (KHTML, like Gecko) Chrome/39.0.2171.95 Safari/537.36"
66.249.66.0 - - [11/Mar/2025:08:40:43 +0100] "GET /contao/assets/contao/images/iconHTM.svg HTTP/1.1" 200 559 "-" "Googlebot-Image/1.0"
72.49.49.0 - - [11/Mar/2025:08:42:34 +0100] "GET /reports/usage_202403.html HTTP/1.0" 200 92683 "https://xn--krken14-bn4c.com" "Mozilla/5.0 (Windows NT 10.0; Win64; x64) AppleWebKit/537.36 (KHTML, like Gecko) Chrome/131.0.0.0 Safari/537.36"
72.195.34.0 - - [11/Mar/2025:08:43:24 +0100] "GET /reports/usage_202403.html HTTP/1.0" 200 92683 "https://xn--krken7-xoc.com" "Mozilla/5.0 (Windows NT 10.0; Win64; x64) AppleWebKit/537.36 (KHTML, like Gecko) Chrome/131.0.0.0 Safari/537.36"
72.49.49.0 - - [11/Mar/2025:08:43:42 +0100] "GET /reports/usage_202403.html HTTP/1.0" 200 92683 "https://xn--kr7-onb.com" "Mozilla/5.0 (Windows NT 10.0; Win64; x64) AppleWebKit/537.36 (KHTML, like Gecko) Chrome/130.0.0.0 Safari/537.36"
185.125.230.0 - - [11/Mar/2025:08:44:48 +0100] "GET /reports/usage_202402.html HTTP/1.0" 200 91181 "https://betsafe-1.com/" "Mozilla/5.0 (Windows NT 10.0) AppleWebKit/537.36 (KHTML, like Gecko) Chrome/103.0.0.0 Safari/537.36"
185.125.230.0 - - [11/Mar/2025:08:44:50 +0100] "GET /reports/usage_202402.html HTTP/1.0" 200 91181 "https://betsafe-1.com/" "Mozilla/5.0 (Windows NT 10.0; Win64; x64) AppleWebKit/537.36 (KHTML, like Gecko) Chrome/103.0.0.0 Safari/537.36 OpenWave/97.4.2043.44"
54.36.149.0 - - [11/Mar/2025:08:44:53 +0100] "GET /contao/vendor/symfony/http-foundation/ HTTP/2.0" 200 1185 "-" "Mozilla/5.0 (compatible; AhrefsBot/7.0; +http://ahrefs.com/robot/)"
185.125.230.0 - - [11/Mar/2025:08:44:53 +0100] "GET /reports/usage_202402.html HTTP/1.0" 200 91181 "https://betsafe-1.com/" "Mozilla/5.0 (Windows NT 10.0; Win64; x64) AppleWebKit/537.36 (KHTML, like Gecko) Chrome/103.0.5060.53 Safari/537.36"
208.102.51.0 - - [11/Mar/2025:08:50:34 +0100] "GET /reports/usage_202403.html HTTP/1.0" 200 92683 "https://xn--rakn-f0a1446b.com" "Mozilla/5.0 (Windows NT 10.0; Win64; x64) AppleWebKit/537.36 (KHTML, like Gecko) Chrome/130.0.0.0 Safari/537.36"
208.102.51.0 - - [11/Mar/2025:08:51:03 +0100] "GET /reports/usage_202403.html HTTP/1.0" 200 92683 "https://xn--kr12-rzb.com" "Mozilla/5.0 (Windows NT 10.0; Win64; x64) AppleWebKit/537.36 (KHTML, like Gecko) Chrome/129.0.0.0 Safari/537.36"
80.82.77.0 - - [11/Mar/2025:08:51:10 +0100] "GET / HTTP/1.0" 404 - "-" "Mozilla/5.0 (Macintosh; Intel Mac OS X 10_14_6) AppleWebKit/537.36 (KHTML, like Gecko) Chrome/53.0.2785.21 Safari/537.36 MMS/1.0.2531.0"
87.250.224.0 - - [11/Mar/2025:08:51:56 +0100] "GET /robots.txt HTTP/1.1" 200 223 "-" "Mozilla/5.0 (compatible; YandexBot/3.0; +http://yandex.com/bots)"
2a01:238:43f8:5f00:: - - [11/Mar/2025:08:51:57 +0100] "POST /wp-cron.php?doing_wp_cron=1741679517.3589498996734619140625 HTTP/1.1" 200 - "-" "Ipe5aoSwrPPA"
213.180.203.0 - - [11/Mar/2025:08:51:57 +0100] "GET /hausmeisterservice/favicon/favicon-152.png HTTP/1.1" 200 48509 "-" "Mozilla/5.0 (compatible; YandexFavicons/1.0; +http://yandex.com/bots)"
54.36.148.0 - - [11/Mar/2025:08:55:43 +0100] "GET /contao/vendor/symfony/framework-bundle/ HTTP/2.0" 200 941 "-" "Mozilla/5.0 (compatible; AhrefsBot/7.0; +http://ahrefs.com/robot/)"
185.125.230.0 - - [11/Mar/2025:08:56:00 +0100] "GET /reports/usage_202402.html HTTP/1.0" 200 91181 "https://betsafe-1.com/" "Mozilla/5.0 (Windows NT 10.0; Win64; x64) AppleWebKit/537.36 (KHTML, like Gecko) Chrome/103.0.5060.134 Safari/537.36"
185.125.230.0 - - [11/Mar/2025:08:56:02 +0100] "GET /reports/usage_202402.html HTTP/1.0" 200 91181 "https://betsafe-1.com/" "Mozilla/5.0 (Windows NT 10.0; Win64; x64) AppleWebKit/537.36 (KHTML, like Gecko) Chrome/103.0.5060.53 Safari/537.36"
185.125.230.0 - - [11/Mar/2025:08:56:05 +0100] "GET /reports/usage_202402.html HTTP/1.0" 200 91181 "https://betsafe-1.com/" "Mozilla/5.0 (Windows NT 10.0; WOW64) AppleWebKit/537.36 (KHTML, like Gecko) Chrome/103.0.0.0 Safari/537.36"
208.65.90.0 - - [11/Mar/2025:08:58:52 +0100] "GET /reports/usage_202403.html HTTP/1.0" 200 92683 "https://xn--krken7-xoc.com" "Mozilla/5.0 (Windows NT 10.0; Win64; x64) AppleWebKit/537.36 (KHTML, like Gecko) Chrome/131.0.0.0 Safari/537.36"
72.49.49.0 - - [11/Mar/2025:08:59:46 +0100] "GET /reports/usage_202403.html HTTP/1.0" 200 92683 "https://xn--krken14-bn4c.com" "Mozilla/5.0 (Windows NT 10.0; Win64; x64) AppleWebKit/537.36 (KHTML, like Gecko) Chrome/130.0.0.0 Safari/537.36"
72.49.49.0 - - [11/Mar/2025:09:00:35 +0100] "GET /reports/usage_202403.html HTTP/1.0" 200 92683 "https://xn--krken14-bn4c.com" "Mozilla/5.0 (Windows NT 10.0; Win64; x64) AppleWebKit/537.36 (KHTML, like Gecko) Chrome/131.0.0.0 Safari/537.36"
54.36.148.0 - - [11/Mar/2025:09:06:21 +0100] "GET /contao/vendor/symfony/http-client/ HTTP/2.0" 200 1046 "-" "Mozilla/5.0 (compatible; AhrefsBot/7.0; +http://ahrefs.com/robot/)"
185.125.230.0 - - [11/Mar/2025:09:07:15 +0100] "GET /reports/usage_202402.html HTTP/1.0" 200 91181 "https://betsafe-1.com/" "Mozilla/5.0 (Windows NT 6.3; Win64; x64) AppleWebKit/537.36 (KHTML, like Gecko) Chrome/103.0.5060.53 Safari/537.36"
185.125.230.0 - - [11/Mar/2025:09:07:17 +0100] "GET /reports/usage_202402.html HTTP/1.0" 200 91181 "https://betsafe-1.com/" "Mozilla/5.0 (Windows NT 10.0; Win64; x64) AppleWebKit/537.36 (KHTML, like Gecko) Chrome/103.0.5060.66 Safari/537.36"
185.125.230.0 - - [11/Mar/2025:09:07:19 +0100] "GET /reports/usage_202402.html HTTP/1.0" 200 91181 "https://betsafe-1.com/" "Mozilla/5.0 (Windows NT 6.1; WOW64) AppleWebKit/537.36 (KHTML, like Gecko) Chrome/103.0.0.0 Safari/537.36"
72.49.49.0 - - [11/Mar/2025:09:07:38 +0100] "GET /reports/usage_202403.html HTTP/1.0" 200 92683 "https://xn--ra-ypa.com" "Mozilla/5.0 (Windows NT 10.0; Win64; x64) AppleWebKit/537.36 (KHTML, like Gecko) Chrome/129.0.0.0 Safari/537.36"
184.178.172.0 - - [11/Mar/2025:09:08:01 +0100] "GET /reports/usage_202403.html HTTP/1.0" 200 92683 "https://xn--kr9-onb.com" "Mozilla/5.0 (Windows NT 10.0; Win64; x64) AppleWebKit/537.36 (KHTML, like Gecko) Chrome/131.0.0.0 Safari/537.36"
208.65.90.0 - - [11/Mar/2025:09:08:05 +0100] "GET /reports/usage_202403.html HTTP/1.0" 200 92683 "https://xn--kr-lbb.com" "Mozilla/5.0 (Windows NT 10.0; Win64; x64) AppleWebKit/537.36 (KHTML, like Gecko) Chrome/129.0.0.0 Safari/537.36"
2a01:238:43f8:5f00:: - - [11/Mar/2025:09:08:43 +0100] "POST /wp-cron.php?doing_wp_cron=1741680523.6579830646514892578125 HTTP/1.1" 200 - "-" "URGHAALTC3jt"
205.210.31.0 - - [11/Mar/2025:09:08:43 +0100] "GET / HTTP/1.1" 301 - "-" "Expanse, a Palo Alto Networks company, searches across the global IPv4 space multiple times per day to identify customers' presences on the Internet. If you would like to be excluded from our scans, please send IP addresses/domains to: scaninfo@paloaltonetworks.com"
57.128.230.0 - - [11/Mar/2025:09:13:03 +0100] "GET / HTTP/1.0" 400 362 "-" "-"
77.232.36.0 - - [11/Mar/2025:09:14:15 +0100] "GET /reports/usage_202402.html HTTP/1.0" 200 91181 "https://redmetsplav.ru/" "Mozilla/5.0 (Windows NT 10.0; Win64; x64) AppleWebKit/537.36 (KHTML, like Gecko) Chrome/131.0.0.0 Safari/537.36 Avast/131.0.0.0"
165.232.90.0 - - [11/Mar/2025:09:16:07 +0100] "GET / HTTP/1.1" 200 730 "-" "Mozilla/5.0 (X11; Linux i686; rv:14.0) Gecko/20100101 Firefox/14.0.1 Iceweasel/14.0.1"
72.49.49.0 - - [11/Mar/2025:09:16:11 +0100] "GET /reports/usage_202403.html HTTP/1.0" 200 92683 "https://xn--v14-7ua.com" "Mozilla/5.0 (Windows NT 10.0; Win64; x64) AppleWebKit/537.36 (KHTML, like Gecko) Chrome/129.0.0.0 Safari/537.36"
184.178.172.0 - - [11/Mar/2025:09:16:48 +0100] "GET /reports/usage_202403.html HTTP/1.0" 200 92683 "https://xn--kr2-onb.com" "Mozilla/5.0 (Windows NT 10.0; Win64; x64) AppleWebKit/537.36 (KHTML, like Gecko) Chrome/130.0.0.0 Safari/537.36"
72.49.49.0 - - [11/Mar/2025:09:16:57 +0100] "GET /reports/usage_202403.html HTTP/1.0" 200 92683 "https://xn--kr13-6na.com" "Mozilla/5.0 (Windows NT 10.0; Win64; x64) AppleWebKit/537.36 (KHTML, like Gecko) Chrome/131.0.0.0 Safari/537.36 Avast/131.0.0.0"
54.36.148.0 - - [11/Mar/2025:09:17:03 +0100] "GET /contao/vendor/symfony/?C=S;O=A HTTP/2.0" 200 1158 "-" "Mozilla/5.0 (compatible; AhrefsBot/7.0; +http://ahrefs.com/robot/)"
185.125.230.0 - - [11/Mar/2025:09:18:49 +0100] "GET /reports/usage_202402.html HTTP/1.0" 200 91181 "https://betsafe-1.com/" "Mozilla/5.0 (Windows NT 6.3) AppleWebKit/537.36 (KHTML, like Gecko) Chrome/103.0.0.0 Safari/537.36"
185.125.230.0 - - [11/Mar/2025:09:18:52 +0100] "GET /reports/usage_202402.html HTTP/1.0" 200 91181 "https://betsafe-1.com/" "Mozilla/5.0 (Windows NT 10.0; Win64; x64) AppleWebKit/537.36 (KHTML, like Gecko) Chrome/103.0.0.0 Safari/537.36"
185.125.230.0 - - [11/Mar/2025:09:18:54 +0100] "GET /reports/usage_202402.html HTTP/1.0" 200 91181 "https://betsafe-1.com/" "Mozilla/5.0 (Windows NT 10.0; Win64; x64) AppleWebKit/537.36 (KHTML, like Gecko) Chrome/103.0.0.0 Safari/537.36 Herring/95.1.8810.11"
206.168.34.0 - - [11/Mar/2025:09:23:17 +0100] "GET / HTTP/1.1" 200 3510 "-" "-"
206.168.34.0 - - [11/Mar/2025:09:23:30 +0100] "GET / HTTP/1.1" 200 730 "-" "Mozilla/5.0 (compatible; CensysInspect/1.1; +https://about.censys.io/)"
66.249.66.0 - - [11/Mar/2025:09:23:33 +0100] "GET /contao/vendor/contao/news-bundle/src/Resources/contao/modules/ModuleNewsArchive.php HTTP/1.1" 500 - "-" "Mozilla/5.0 (Linux; Android 6.0.1; Nexus 5X Build/MMB29P) AppleWebKit/537.36 (KHTML, like Gecko) Chrome/133.0.6943.141 Mobile Safari/537.36 (compatible; Googlebot/2.1; +http://www.google.com/bot.html)"
206.168.34.0 - - [11/Mar/2025:09:23:33 +0100] "GET /favicon.ico HTTP/1.1" 404 2557 "-" "Mozilla/5.0 (compatible; CensysInspect/1.1; +https://about.censys.io/)"
206.168.34.0 - - [11/Mar/2025:09:24:07 +0100] "GET /favicon.ico HTTP/1.1" 404 2557 "-" "Mozilla/5.0 (compatible; CensysInspect/1.1; +https://about.censys.io/)"
169.150.247.0 - - [11/Mar/2025:09:24:19 +0100] "GET /robots.txt HTTP/1.1" 301 246 "-" "Mozilla/5.0 (Macintosh; Intel Mac OS X 10_15_7) AppleWebKit/537.36 (KHTML, like Gecko) Chrome/131.0.0.0 Safari/537.36; compatible; OAI-SearchBot/1.0; +https://openai.com/searchbot"
51.8.102.0 - - [11/Mar/2025:09:24:20 +0100] "GET /robots.txt HTTP/2.0" 200 162 "-" "Mozilla/5.0 (Macintosh; Intel Mac OS X 10_15_7) AppleWebKit/537.36 (KHTML, like Gecko) Chrome/131.0.0.0 Safari/537.36; compatible; OAI-SearchBot/1.0; +https://openai.com/searchbot"
72.49.49.0 - - [11/Mar/2025:09:24:45 +0100] "GET /reports/usage_202403.html HTTP/1.0" 200 92683 "https://xn--kr-nia.com" "Mozilla/5.0 (Windows NT 10.0; Win64; x64) AppleWebKit/537.36 (KHTML, like Gecko) Chrome/130.0.0.0 Safari/537.36 CCleaner/130.0.0.0"
66.249.66.0 - - [11/Mar/2025:09:25:17 +0100] "GET /robots.txt HTTP/1.1" 404 2551 "-" "Mozilla/5.0 (compatible; Googlebot/2.1; +http://www.google.com/bot.html)"
66.249.66.0 - - [11/Mar/2025:09:25:18 +0100] "GET /contao/vendor/symfony/dom-crawler/Field/FormField.php HTTP/1.1" 200 - "-" "Mozilla/5.0 (Linux; Android 6.0.1; Nexus 5X Build/MMB29P) AppleWebKit/537.36 (KHTML, like Gecko) Chrome/133.0.6943.141 Mobile Safari/537.36 (compatible; Googlebot/2.1; +http://www.google.com/bot.html)"
208.102.51.0 - - [11/Mar/2025:09:25:23 +0100] "GET /reports/usage_202403.html HTTP/1.0" 200 92683 "https://xn--kr-kla.com" "Mozilla/5.0 (Windows NT 10.0; Win64; x64) AppleWebKit/537.36 (KHTML, like Gecko) Chrome/130.0.0.0 Safari/537.36 CCleaner/130.0.0.0"
208.65.90.0 - - [11/Mar/2025:09:25:59 +0100] "GET /reports/usage_202403.html HTTP/1.0" 200 92683 "https://xn--krken7-xoc.com" "Mozilla/5.0 (Windows NT 10.0; Win64; x64) AppleWebKit/537.36 (KHTML, like Gecko) Chrome/129.0.0.0 Safari/537.36"
54.36.148.0 - - [11/Mar/2025:09:27:12 +0100] "GET /contao/vendor/symfony/mime/ HTTP/2.0" 200 1105 "-" "Mozilla/5.0 (compatible; AhrefsBot/7.0; +http://ahrefs.com/robot/)"
185.125.230.0 - - [11/Mar/2025:09:29:31 +0100] "GET /reports/usage_202402.html HTTP/1.0" 200 91181 "https://betsafe-1.com/" "Mozilla/5.0 (Windows NT 6.1) AppleWebKit/537.36 (KHTML, like Gecko) Chrome/103.0.5060.114 Safari/537.36"
185.125.230.0 - - [11/Mar/2025:09:29:33 +0100] "GET /reports/usage_202402.html HTTP/1.0" 200 91181 "https://betsafe-1.com/" "Mozilla/5.0 (Windows NT 6.1; Win64; x64) AppleWebKit/537.36 (KHTML, like Gecko) Chrome/103.0.0.0 Safari/537.36"
185.125.230.0 - - [11/Mar/2025:09:29:36 +0100] "GET /reports/usage_202402.html HTTP/1.0" 200 91181 "https://betsafe-1.com/" "Mozilla/5.0 (Windows NT 10.0; Win64; x64) AppleWebKit/537.36 (KHTML, like Gecko) Chrome/103.0.5060.66 Safari/537.36"
49.51.52.0 - - [11/Mar/2025:09:32:41 +0100] "GET / HTTP/1.1" 301 236 "-" "Mozilla/5.0 (iPhone; CPU iPhone OS 13_2_3 like Mac OS X) AppleWebKit/605.1.15 (KHTML, like Gecko) Version/13.0.3 Mobile/15E148 Safari/604.1"
49.51.52.0 - - [11/Mar/2025:09:32:42 +0100] "GET / HTTP/1.1" 301 - "http://gebaeudetechnik.nrw" "Mozilla/5.0 (iPhone; CPU iPhone OS 13_2_3 like Mac OS X) AppleWebKit/605.1.15 (KHTML, like Gecko) Version/13.0.3 Mobile/15E148 Safari/604.1"
2a01:238:43f8:5f00:: - - [11/Mar/2025:09:32:44 +0100] "GET / HTTP/1.1" 200 55562 "-" "WordPress/6.5.5; https://www.gebaeudetechnik.nrw"
2a01:238:43f8:5f00:: - - [11/Mar/2025:09:32:44 +0100] "GET / HTTP/1.1" 200 55561 "-" "WordPress/6.5.5; https://www.gebaeudetechnik.nrw"
2a01:238:43f8:5f00:: - - [11/Mar/2025:09:32:44 +0100] "GET / HTTP/1.1" 200 55561 "-" "WordPress/6.5.5; https://www.gebaeudetechnik.nrw"
2a01:238:43f8:5f00:: - - [11/Mar/2025:09:32:44 +0100] "GET / HTTP/1.1" 200 55561 "-" "WordPress/6.5.5; https://www.gebaeudetechnik.nrw"
2a01:238:43f8:5f00:: - - [11/Mar/2025:09:32:42 +0100] "POST /wp-cron.php?doing_wp_cron=1741681962.6580619812011718750000 HTTP/1.1" 200 - "-" "GvcDdkr80sJm"
49.51.52.0 - - [11/Mar/2025:09:32:44 +0100] "GET / HTTP/1.1" 200 55561 "https://gebaeudetechnik.nrw/" "Mozilla/5.0 (iPhone; CPU iPhone OS 13_2_3 like Mac OS X) AppleWebKit/605.1.15 (KHTML, like Gecko) Version/13.0.3 Mobile/15E148 Safari/604.1"
72.49.49.0 - - [11/Mar/2025:09:32:49 +0100] "GET /reports/usage_202403.html HTTP/1.0" 200 92683 "https://xn--krken9-xc8b.com" "Mozilla/5.0 (Windows NT 10.0; Win64; x64) AppleWebKit/537.36 (KHTML, like Gecko) Chrome/129.0.0.0 Safari/537.36"
208.65.90.0 - - [11/Mar/2025:09:33:46 +0100] "GET /reports/usage_202403.html HTTP/1.0" 200 92683 "https://xn--krken14-bn4c.com" "Mozilla/5.0 (Windows NT 10.0; Win64; x64) AppleWebKit/537.36 (KHTML, like Gecko) Chrome/129.0.0.0 Safari/537.36"
2a01:4f8:a0:92e8:: - - [11/Mar/2025:09:35:16 +0100] "POST /xmlrpc.php HTTP/1.1" 403 2407 "-" "Mozilla/5.0 (X11; Gentoo; Linux x86_64; rv:91.0) Gecko/20100101 Firefox/91.0"
2a01:238:43f8:5f00:: - - [11/Mar/2025:09:35:33 +0100] "POST /wp-cron.php?doing_wp_cron=1741682133.8151490688323974609375 HTTP/1.1" 200 - "-" "P655clnIEsjW"
89.246.241.0 - - [11/Mar/2025:09:35:33 +0100] "GET /leistungen/objektwartung HTTP/1.1" 200 - "-" "Mozilla/5.0 (Windows NT 10.0; Win64; x64; rv:133.0) Gecko/20100101 Firefox/133.0"
92.255.57.0 - - [11/Mar/2025:09:35:48 +0100] "GET /actuator/gateway/routes HTTP/1.1" 404 2581 "-" "Mozilla/5.0 (Windows NT 10.0; Win64; x64) AppleWebKit/537.36 (KHTML, like Gecko) Chrome/78.0.3904.108 Safari/537.36"
54.36.148.0 - - [11/Mar/2025:09:37:36 +0100] "GET /contao/vendor/symfony/doctrine-bridge/ HTTP/2.0" 200 992 "-" "Mozilla/5.0 (compatible; AhrefsBot/7.0; +http://ahrefs.com/robot/)"
2a01:238:43f8:5f00:: - - [11/Mar/2025:09:37:59 +0100] "POST /wp-cron.php?doing_wp_cron=1741682279.5980849266052246093750 HTTP/1.1" 200 - "-" "jOLTLct7rty0"
147.161.165.0 - - [11/Mar/2025:09:37:59 +0100] "GET /definition-unterhaltsreinigung/ HTTP/1.1" 200 51596 "https://www.google.com/" "Mozilla/5.0 (Windows NT 10.0; Win64; x64) AppleWebKit/537.36 (KHTML, like Gecko) Chrome/134.0.0.0 Safari/537.36"
147.161.165.0 - - [11/Mar/2025:09:38:00 +0100] "GET /wp-content/uploads/wir-machen-das_bunt.svg HTTP/1.1" 200 12846 "https://www.gebaeudetechnik.nrw/definition-unterhaltsreinigung/" "Mozilla/5.0 (Windows NT 10.0; Win64; x64) AppleWebKit/537.36 (KHTML, like Gecko) Chrome/134.0.0.0 Safari/537.36"
147.161.165.0 - - [11/Mar/2025:09:38:00 +0100] "GET /wp-content/uploads/2018/11/unterhaltsreinigung-mop-280.jpg HTTP/1.1" 404 2948 "https://www.gebaeudetechnik.nrw/definition-unterhaltsreinigung/" "Mozilla/5.0 (Windows NT 10.0; Win64; x64) AppleWebKit/537.36 (KHTML, like Gecko) Chrome/134.0.0.0 Safari/537.36"
147.161.165.0 - - [11/Mar/2025:09:38:00 +0100] "GET /wp-content/uploads/2021/05/logo-neu1.png HTTP/1.1" 404 2912 "https://www.gebaeudetechnik.nrw/definition-unterhaltsreinigung/" "Mozilla/5.0 (Windows NT 10.0; Win64; x64) AppleWebKit/537.36 (KHTML, like Gecko) Chrome/134.0.0.0 Safari/537.36"
147.161.165.0 - - [11/Mar/2025:09:38:00 +0100] "GET /wp-content/uploads/2018/11/unterhaltsreinigung-maschineneinsatz-150x150.jpg HTTP/1.1" 404 2982 "https://www.gebaeudetechnik.nrw/definition-unterhaltsreinigung/" "Mozilla/5.0 (Windows NT 10.0; Win64; x64) AppleWebKit/537.36 (KHTML, like Gecko) Chrome/134.0.0.0 Safari/537.36"
147.161.165.0 - - [11/Mar/2025:09:38:00 +0100] "GET /wp-content/uploads/2023/06/facebook-icon.png.webp HTTP/1.1" 200 1882 "https://www.gebaeudetechnik.nrw/definition-unterhaltsreinigung/" "Mozilla/5.0 (Windows NT 10.0; Win64; x64) AppleWebKit/537.36 (KHTML, like Gecko) Chrome/134.0.0.0 Safari/537.36"
147.161.165.0 - - [11/Mar/2025:09:38:00 +0100] "GET /wp-content/uploads/2023/06/twitter-icon.png.webp HTTP/1.1" 200 2116 "https://www.gebaeudetechnik.nrw/definition-unterhaltsreinigung/" "Mozilla/5.0 (Windows NT 10.0; Win64; x64) AppleWebKit/537.36 (KHTML, like Gecko) Chrome/134.0.0.0 Safari/537.36"
147.161.165.0 - - [11/Mar/2025:09:38:00 +0100] "GET /wp-content/plugins/borlabs-cookie/assets/images/borlabs-cookie-icon-dynamic.svg HTTP/1.1" 200 4265 "https://www.gebaeudetechnik.nrw/definition-unterhaltsreinigung/" "Mozilla/5.0 (Windows NT 10.0; Win64; x64) AppleWebKit/537.36 (KHTML, like Gecko) Chrome/134.0.0.0 Safari/537.36"
169.150.247.0 - - [11/Mar/2025:09:38:00 +0100] "GET /wp-content/plugins/easy-social-icons/css/font-awesome/css/v4-shims.min.css HTTP/1.1" 301 310 "https://www.gebaeudetechnik.nrw/" "Mozilla/5.0 (Windows NT 10.0; Win64; x64) AppleWebKit/537.36 (KHTML, like Gecko) Chrome/134.0.0.0 Safari/537.36"
169.150.247.0 - - [11/Mar/2025:09:38:00 +0100] "GET /wp-includes/js/jquery/jquery.min.js HTTP/1.1" 301 271 "https://www.gebaeudetechnik.nrw/" "Mozilla/5.0 (Windows NT 10.0; Win64; x64) AppleWebKit/537.36 (KHTML, like Gecko) Chrome/134.0.0.0 Safari/537.36"
169.150.247.0 - - [11/Mar/2025:09:38:00 +0100] "GET /wp-content/cache/autoptimize/autoptimize_single_0931d311c22b874b0ed3b28d5ff48ca5.php HTTP/1.1" 301 320 "https://www.gebaeudetechnik.nrw/" "Mozilla/5.0 (Windows NT 10.0; Win64; x64) AppleWebKit/537.36 (KHTML, like Gecko) Chrome/134.0.0.0 Safari/537.36"
169.150.247.0 - - [11/Mar/2025:09:38:00 +0100] "GET /wp-includes/css/dist/block-library/style.min.css HTTP/1.1" 301 284 "https://www.gebaeudetechnik.nrw/" "Mozilla/5.0 (Windows NT 10.0; Win64; x64) AppleWebKit/537.36 (KHTML, like Gecko) Chrome/134.0.0.0 Safari/537.36"
169.150.247.0 - - [11/Mar/2025:09:38:00 +0100] "GET /wp-content/cache/autoptimize/autoptimize_single_06b3ed89f3c425c7ab4c3ffbb90ebe86.php HTTP/1.1" 301 320 "https://www.gebaeudetechnik.nrw/" "Mozilla/5.0 (Windows NT 10.0; Win64; x64) AppleWebKit/537.36 (KHTML, like Gecko) Chrome/134.0.0.0 Safari/537.36"
169.150.247.0 - - [11/Mar/2025:09:38:00 +0100] "GET /wp-content/cache/autoptimize/autoptimize_single_14ed89e278d4cd61a551fcc2a47a12cf.php HTTP/1.1" 301 320 "https://www.gebaeudetechnik.nrw/" "Mozilla/5.0 (Windows NT 10.0; Win64; x64) AppleWebKit/537.36 (KHTML, like Gecko) Chrome/134.0.0.0 Safari/537.36"
169.150.247.0 - - [11/Mar/2025:09:38:01 +0100] "GET /wp-content/themes/busiprof-pro/css/font-awesome/fonts/fontawesome-webfont.woff2?v=4.7.0 HTTP/1.1" 404 2924 "https://www.gebaeudetechnik.nrw/" "Mozilla/5.0 (Windows NT 10.0; Win64; x64) AppleWebKit/537.36 (KHTML, like Gecko) Chrome/134.0.0.0 Safari/537.36"
147.161.165.0 - - [11/Mar/2025:09:38:01 +0100] "GET /wp-includes/js/jquery/jquery.min.js HTTP/1.1" 200 30368 "https://www.gebaeudetechnik.nrw/" "Mozilla/5.0 (Windows NT 10.0; Win64; x64) AppleWebKit/537.36 (KHTML, like Gecko) Chrome/134.0.0.0 Safari/537.36"
147.161.165.0 - - [11/Mar/2025:09:38:01 +0100] "GET /wp-includes/css/dist/block-library/style.min.css HTTP/1.1" 200 14991 "https://www.gebaeudetechnik.nrw/" "Mozilla/5.0 (Windows NT 10.0; Win64; x64) AppleWebKit/537.36 (KHTML, like Gecko) Chrome/134.0.0.0 Safari/537.36"
147.161.165.0 - - [11/Mar/2025:09:38:01 +0100] "GET /wp-content/cache/autoptimize/autoptimize_single_06b3ed89f3c425c7ab4c3ffbb90ebe86.php HTTP/1.1" 200 1522 "https://www.gebaeudetechnik.nrw/" "Mozilla/5.0 (Windows NT 10.0; Win64; x64) AppleWebKit/537.36 (KHTML, like Gecko) Chrome/134.0.0.0 Safari/537.36"
147.161.165.0 - - [11/Mar/2025:09:38:01 +0100] "GET /wp-content/cache/autoptimize/autoptimize_single_0931d311c22b874b0ed3b28d5ff48ca5.php HTTP/1.1" 200 2413 "https://www.gebaeudetechnik.nrw/" "Mozilla/5.0 (Windows NT 10.0; Win64; x64) AppleWebKit/537.36 (KHTML, like Gecko) Chrome/134.0.0.0 Safari/537.36"
147.161.165.0 - - [11/Mar/2025:09:38:01 +0100] "GET /wp-content/plugins/easy-social-icons/css/font-awesome/css/v4-shims.min.css HTTP/1.1" 200 4080 "https://www.gebaeudetechnik.nrw/" "Mozilla/5.0 (Windows NT 10.0; Win64; x64) AppleWebKit/537.36 (KHTML, like Gecko) Chrome/134.0.0.0 Safari/537.36"
