67.201.39.0 - - [10/Mar/2025:08:56:33 +0100] "GET /reports/usage_202403.html HTTP/1.0" 200 92683 "https://xn--krken9-xoc.com" "Mozilla/5.0 (Windows NT 10.0; Win64; x64) AppleWebKit/537.36 (KHTML, like Gecko) Chrome/130.0.0.0 Safari/537.36"
72.49.49.0 - - [10/Mar/2025:08:57:12 +0100] "GET /reports/usage_202403.html HTTP/1.0" 200 92683 "https://xn--kr13-6na.com" "Mozilla/5.0 (Windows NT 10.0; Win64; x64) AppleWebKit/537.36 (KHTML, like Gecko) Chrome/131.0.0.0 Safari/537.36"
2a01:238:43f8:5f00:: - - [10/Mar/2025:08:57:36 +0100] "POST /wp-cron.php?doing_wp_cron=1741593456.5429770946502685546875 HTTP/1.1" 200 - "-" "ou5SZZ4O9Yx4"
74.80.208.0 - - [10/Mar/2025:08:57:36 +0100] "GET /trockenbauarbeiten/favicon/favicon-152.png HTTP/2.0" 200 48509 "-" "Mozilla/5.0 (compatible; ImagesiftBot; +imagesift.com)"
74.80.208.0 - - [10/Mar/2025:08:58:05 +0100] "GET /wassermelder/favicon/favicon-114.png HTTP/2.0" 200 48509 "-" "Mozilla/5.0 (compatible; ImagesiftBot; +imagesift.com)"
74.80.208.0 - - [10/Mar/2025:08:58:09 +0100] "GET /impressum/favicon/favicon-114.png HTTP/2.0" 200 48509 "-" "Mozilla/5.0 (compatible; ImagesiftBot; +imagesift.com)"
198.235.24.0 - - [10/Mar/2025:08:58:10 +0100] "\x16\x03\x01" 400 226 "-" "-"
198.235.24.0 - - [10/Mar/2025:08:58:10 +0100] "\x16\x03\x01" 400 226 "-" "-"
72.49.49.0 - - [10/Mar/2025:08:58:09 +0100] "GET /reports/usage_202403.html HTTP/1.0" 200 92683 "https://xn--ra-ypa.com" "Mozilla/5.0 (Windows NT 10.0; Win64; x64) AppleWebKit/537.36 (KHTML, like Gecko) Chrome/130.0.0.0 Safari/537.36 CCleaner/130.0.0.0"
66.249.66.0 - - [10/Mar/2025:08:58:23 +0100] "GET /contao/vendor/ocramius/proxy-manager/src/ProxyManager/ProxyGenerator/LazyLoadingGhost/MethodGenerator/CallInitializer.php HTTP/1.1" 500 - "-" "Mozilla/5.0 (Linux; Android 6.0.1; Nexus 5X Build/MMB29P) AppleWebKit/537.36 (KHTML, like Gecko) Chrome/133.0.6943.141 Mobile Safari/537.36 (compatible; Googlebot/2.1; +http://www.google.com/bot.html)"
81.169.210.0 - - [10/Mar/2025:08:59:02 +0100] "POST /wp-cron.php?doing_wp_cron=1741593541.9890370368957519531250 HTTP/1.1" 200 - "-" "3vwxazkevj30"
74.80.208.0 - - [10/Mar/2025:08:59:01 +0100] "GET /danke-fuer-ihre-eintragung/favicon/favicon-72.png HTTP/2.0" 200 48509 "-" "Mozilla/5.0 (compatible; ImagesiftBot; +imagesift.com)"
169.150.247.0 - - [10/Mar/2025:09:00:09 +0100] "GET /links.php HTTP/1.1" 301 245 "-" "Mozlila/5.0 (Linux; Android 7.0; SM-G892A Bulid/NRD90M; wv) AppleWebKit/537.36 (KHTML, like Gecko) Version/4.0 Chrome/60.0.3112.107 Moblie Safari/537.36"
2a01:238:43f8:5f00:: - - [10/Mar/2025:09:00:15 +0100] "POST /wp-cron.php?doing_wp_cron=1741593615.5955719947814941406250 HTTP/1.1" 200 - "-" "ViPtUPXotczS"
157.230.251.0 - - [10/Mar/2025:09:00:15 +0100] "GET /links.php HTTP/1.1" 200 - "-" "Mozlila/5.0 (Linux; Android 7.0; SM-G892A Bulid/NRD90M; wv) AppleWebKit/537.36 (KHTML, like Gecko) Version/4.0 Chrome/60.0.3112.107 Moblie Safari/537.36"
157.230.251.0 - - [10/Mar/2025:09:00:19 +0100] "GET /links.php HTTP/1.1" 200 48509 "-" "Mozlila/5.0 (Linux; Android 7.0; SM-G892A Bulid/NRD90M; wv) AppleWebKit/537.36 (KHTML, like Gecko) Version/4.0 Chrome/60.0.3112.107 Moblie Safari/537.36"
169.150.247.0 - - [10/Mar/2025:09:00:20 +0100] "GET /wp-admin/includes/links.php HTTP/1.1" 301 263 "-" "Mozlila/5.0 (Linux; Android 7.0; SM-G892A Bulid/NRD90M; wv) AppleWebKit/537.36 (KHTML, like Gecko) Version/4.0 Chrome/60.0.3112.107 Moblie Safari/537.36"
157.230.251.0 - - [10/Mar/2025:09:00:21 +0100] "GET /wp-admin/includes/links.php HTTP/1.1" 403 2423 "-" "Mozlila/5.0 (Linux; Android 7.0; SM-G892A Bulid/NRD90M; wv) AppleWebKit/537.36 (KHTML, like Gecko) Version/4.0 Chrome/60.0.3112.107 Moblie Safari/537.36"
169.150.247.0 - - [10/Mar/2025:09:00:23 +0100] "GET /wp-admin/images/links.php HTTP/1.1" 301 261 "-" "Mozlila/5.0 (Linux; Android 7.0; SM-G892A Bulid/NRD90M; wv) AppleWebKit/537.36 (KHTML, like Gecko) Version/4.0 Chrome/60.0.3112.107 Moblie Safari/537.36"
157.230.251.0 - - [10/Mar/2025:09:00:25 +0100] "GET /wp-admin/images/links.php HTTP/1.1" 200 - "-" "Mozlila/5.0 (Linux; Android 7.0; SM-G892A Bulid/NRD90M; wv) AppleWebKit/537.36 (KHTML, like Gecko) Version/4.0 Chrome/60.0.3112.107 Moblie Safari/537.36"
157.230.251.0 - - [10/Mar/2025:09:00:27 +0100] "GET /wp-admin/images/links.php HTTP/1.1" 200 48509 "-" "Mozlila/5.0 (Linux; Android 7.0; SM-G892A Bulid/NRD90M; wv) AppleWebKit/537.36 (KHTML, like Gecko) Version/4.0 Chrome/60.0.3112.107 Moblie Safari/537.36"
169.150.247.0 - - [10/Mar/2025:09:00:31 +0100] "GET /wp-includes/fonts/links.php HTTP/1.1" 301 263 "-" "Mozlila/5.0 (Linux; Android 7.0; SM-G892A Bulid/NRD90M; wv) AppleWebKit/537.36 (KHTML, like Gecko) Version/4.0 Chrome/60.0.3112.107 Moblie Safari/537.36"
157.230.251.0 - - [10/Mar/2025:09:00:34 +0100] "GET /wp-includes/fonts/links.php HTTP/1.1" 200 - "-" "Mozlila/5.0 (Linux; Android 7.0; SM-G892A Bulid/NRD90M; wv) AppleWebKit/537.36 (KHTML, like Gecko) Version/4.0 Chrome/60.0.3112.107 Moblie Safari/537.36"
157.230.251.0 - - [10/Mar/2025:09:00:35 +0100] "GET /wp-includes/fonts/links.php HTTP/1.1" 200 48509 "-" "Mozlila/5.0 (Linux; Android 7.0; SM-G892A Bulid/NRD90M; wv) AppleWebKit/537.36 (KHTML, like Gecko) Version/4.0 Chrome/60.0.3112.107 Moblie Safari/537.36"
169.150.247.0 - - [10/Mar/2025:09:00:37 +0100] "GET /wp-includes/ID3/links.php HTTP/1.1" 301 261 "-" "Mozlila/5.0 (Linux; Android 7.0; SM-G892A Bulid/NRD90M; wv) AppleWebKit/537.36 (KHTML, like Gecko) Version/4.0 Chrome/60.0.3112.107 Moblie Safari/537.36"
2a01:238:43f8:5f00:: - - [10/Mar/2025:09:00:39 +0100] "POST /wp-cron.php?doing_wp_cron=1741593639.1826729774475097656250 HTTP/1.1" 200 - "-" "IDlHjTOdi8v6"
157.230.251.0 - - [10/Mar/2025:09:00:39 +0100] "GET /wp-includes/ID3/links.php HTTP/1.1" 200 - "-" "Mozlila/5.0 (Linux; Android 7.0; SM-G892A Bulid/NRD90M; wv) AppleWebKit/537.36 (KHTML, like Gecko) Version/4.0 Chrome/60.0.3112.107 Moblie Safari/537.36"
157.230.251.0 - - [10/Mar/2025:09:00:42 +0100] "GET /wp-includes/ID3/links.php HTTP/1.1" 200 48509 "-" "Mozlila/5.0 (Linux; Android 7.0; SM-G892A Bulid/NRD90M; wv) AppleWebKit/537.36 (KHTML, like Gecko) Version/4.0 Chrome/60.0.3112.107 Moblie Safari/537.36"
169.150.247.0 - - [10/Mar/2025:09:00:44 +0100] "GET /wp-admin/css/colors/ectoplasm/links.php HTTP/1.1" 301 275 "-" "Mozlila/5.0 (Linux; Android 7.0; SM-G892A Bulid/NRD90M; wv) AppleWebKit/537.36 (KHTML, like Gecko) Version/4.0 Chrome/60.0.3112.107 Moblie Safari/537.36"
157.230.251.0 - - [10/Mar/2025:09:00:48 +0100] "GET /wp-admin/css/colors/ectoplasm/links.php HTTP/1.1" 200 - "-" "Mozlila/5.0 (Linux; Android 7.0; SM-G892A Bulid/NRD90M; wv) AppleWebKit/537.36 (KHTML, like Gecko) Version/4.0 Chrome/60.0.3112.107 Moblie Safari/537.36"
157.230.251.0 - - [10/Mar/2025:09:00:50 +0100] "GET /wp-admin/css/colors/ectoplasm/links.php HTTP/1.1" 200 48509 "-" "Mozlila/5.0 (Linux; Android 7.0; SM-G892A Bulid/NRD90M; wv) AppleWebKit/537.36 (KHTML, like Gecko) Version/4.0 Chrome/60.0.3112.107 Moblie Safari/537.36"
169.150.247.0 - - [10/Mar/2025:09:00:53 +0100] "GET /wp-content/upgrade/links.php HTTP/1.1" 301 264 "-" "Mozlila/5.0 (Linux; Android 7.0; SM-G892A Bulid/NRD90M; wv) AppleWebKit/537.36 (KHTML, like Gecko) Version/4.0 Chrome/60.0.3112.107 Moblie Safari/537.36"
157.230.251.0 - - [10/Mar/2025:09:00:54 +0100] "GET /wp-content/upgrade/links.php HTTP/1.1" 200 - "-" "Mozlila/5.0 (Linux; Android 7.0; SM-G892A Bulid/NRD90M; wv) AppleWebKit/537.36 (KHTML, like Gecko) Version/4.0 Chrome/60.0.3112.107 Moblie Safari/537.36"
157.230.251.0 - - [10/Mar/2025:09:00:57 +0100] "GET /wp-content/upgrade/links.php HTTP/1.1" 200 48509 "-" "Mozlila/5.0 (Linux; Android 7.0; SM-G892A Bulid/NRD90M; wv) AppleWebKit/537.36 (KHTML, like Gecko) Version/4.0 Chrome/60.0.3112.107 Moblie Safari/537.36"
169.150.247.0 - - [10/Mar/2025:09:01:00 +0100] "GET /wp-admin/maint//links.php HTTP/1.1" 301 260 "-" "Mozlila/5.0 (Linux; Android 7.0; SM-G892A Bulid/NRD90M; wv) AppleWebKit/537.36 (KHTML, like Gecko) Version/4.0 Chrome/60.0.3112.107 Moblie Safari/537.36"
157.230.251.0 - - [10/Mar/2025:09:01:02 +0100] "GET /wp-admin/maint/links.php HTTP/1.1" 200 - "-" "Mozlila/5.0 (Linux; Android 7.0; SM-G892A Bulid/NRD90M; wv) AppleWebKit/537.36 (KHTML, like Gecko) Version/4.0 Chrome/60.0.3112.107 Moblie Safari/537.36"
157.230.251.0 - - [10/Mar/2025:09:01:04 +0100] "GET /wp-admin/maint/links.php HTTP/1.1" 200 48509 "-" "Mozlila/5.0 (Linux; Android 7.0; SM-G892A Bulid/NRD90M; wv) AppleWebKit/537.36 (KHTML, like Gecko) Version/4.0 Chrome/60.0.3112.107 Moblie Safari/537.36"
169.150.247.0 - - [10/Mar/2025:09:01:08 +0100] "GET /wp-includes/IXR/links.php HTTP/1.1" 301 261 "-" "Mozlila/5.0 (Linux; Android 7.0; SM-G892A Bulid/NRD90M; wv) AppleWebKit/537.36 (KHTML, like Gecko) Version/4.0 Chrome/60.0.3112.107 Moblie Safari/537.36"
157.230.251.0 - - [10/Mar/2025:09:01:10 +0100] "GET /wp-includes/IXR/links.php HTTP/1.1" 200 - "-" "Mozlila/5.0 (Linux; Android 7.0; SM-G892A Bulid/NRD90M; wv) AppleWebKit/537.36 (KHTML, like Gecko) Version/4.0 Chrome/60.0.3112.107 Moblie Safari/537.36"
2a01:238:43f8:5f00:: - - [10/Mar/2025:09:01:12 +0100] "POST /wp-cron.php?doing_wp_cron=1741593672.5166349411010742187500 HTTP/1.1" 200 - "-" "AAmN9sFZWMYF"
157.230.251.0 - - [10/Mar/2025:09:01:12 +0100] "GET /wp-includes/IXR/links.php HTTP/1.1" 200 48509 "-" "Mozlila/5.0 (Linux; Android 7.0; SM-G892A Bulid/NRD90M; wv) AppleWebKit/537.36 (KHTML, like Gecko) Version/4.0 Chrome/60.0.3112.107 Moblie Safari/537.36"
2a01:238:43f8:5f00:: - - [10/Mar/2025:09:02:34 +0100] "POST /wp-cron.php?doing_wp_cron=1741593754.8429899215698242187500 HTTP/1.1" 200 - "-" "UfPrQ0tyEFwL"
74.80.208.0 - - [10/Mar/2025:09:02:34 +0100] "GET /sicherheitstechnik/favicon/favicon-57.png HTTP/2.0" 200 48509 "-" "Mozilla/5.0 (compatible; ImagesiftBot; +imagesift.com)"
2a01:238:43f8:5f00:: - - [10/Mar/2025:09:03:39 +0100] "POST /wp-cron.php?doing_wp_cron=1741593819.1710500717163085937500 HTTP/1.1" 200 - "-" "xOoNb8TVXMHp"
74.80.208.0 - - [10/Mar/2025:09:03:39 +0100] "GET /objektwartung/favicon/favicon-114.png HTTP/2.0" 200 48509 "-" "Mozilla/5.0 (compatible; ImagesiftBot; +imagesift.com)"
2a01:238:43f8:5f00:: - - [10/Mar/2025:09:05:43 +0100] "POST /wp-cron.php?doing_wp_cron=1741593943.6691811084747314453125 HTTP/1.1" 200 - "-" "ItSUZNvYq240"
74.80.208.0 - - [10/Mar/2025:09:05:43 +0100] "GET /unterhaltsreinigung/favicon/favicon-180.png HTTP/2.0" 200 48509 "-" "Mozilla/5.0 (compatible; ImagesiftBot; +imagesift.com)"
208.65.90.0 - - [10/Mar/2025:09:06:00 +0100] "GET /reports/usage_202403.html HTTP/1.0" 200 92683 "https://xn--krakn-9za.cc" "Mozilla/5.0 (Windows NT 10.0; Win64; x64) AppleWebKit/537.36 (KHTML, like Gecko) Chrome/129.0.0.0 Safari/537.36"
2a01:238:43f8:5f00:: - - [10/Mar/2025:09:06:24 +0100] "POST /wp-cron.php?doing_wp_cron=1741593984.3784589767456054687500 HTTP/1.1" 200 - "-" "Ru8mrd5RiO4q"
74.80.208.0 - - [10/Mar/2025:09:06:24 +0100] "GET /malerarbeit/favicon/favicon-152.png HTTP/2.0" 200 48509 "-" "Mozilla/5.0 (compatible; ImagesiftBot; +imagesift.com)"
72.49.49.0 - - [10/Mar/2025:09:07:04 +0100] "GET /reports/usage_202403.html HTTP/1.0" 200 92683 "https://xn--krakn-m0a.cc" "Mozilla/5.0 (Windows NT 10.0; Win64; x64) AppleWebKit/537.36 (KHTML, like Gecko) Chrome/130.0.0.0 Safari/537.36"
66.249.66.0 - - [10/Mar/2025:09:07:22 +0100] "GET /contao/vendor/symfony/mime/Test/Constraint/EmailAddressContains.php HTTP/1.1" 500 - "-" "Mozilla/5.0 (Linux; Android 6.0.1; Nexus 5X Build/MMB29P) AppleWebKit/537.36 (KHTML, like Gecko) Chrome/133.0.6943.141 Mobile Safari/537.36 (compatible; Googlebot/2.1; +http://www.google.com/bot.html)"
2a01:238:43f8:5f00:: - - [10/Mar/2025:09:07:34 +0100] "POST /wp-cron.php?doing_wp_cron=1741594054.0411829948425292968750 HTTP/1.1" 200 - "-" "mPTnR9u3uPlJ"
188.34.160.0 - - [10/Mar/2025:09:07:33 +0100] "GET / HTTP/1.1" 200 317803 "-" "Mozilla/5.0 (Macintosh; Intel Mac OS X 10_15_7) AppleWebKit/537.36 (KHTML, like Gecko) Chrome/108.0.0.0 Safari/537.36"
72.49.49.0 - - [10/Mar/2025:09:07:32 +0100] "GET /reports/usage_202403.html HTTP/1.0" 200 92683 "https://xn--krken12-bn4c.com" "Mozilla/5.0 (Windows NT 10.0; Win64; x64) AppleWebKit/537.36 (KHTML, like Gecko) Chrome/131.0.0.0 Safari/537.36 Avast/131.0.0.0"
2600:1900:0:4303:: - - [10/Mar/2025:09:07:49 +0100] "GET / HTTP/2.0" 404 - "-" "colly - https://github.com/gocolly/colly"
2600:1900:0:4303:: - - [10/Mar/2025:09:07:49 +0100] "GET / HTTP/1.1" 404 - "-" "Mozilla/5.0 (Macintosh; Intel Mac OS X 10_15_7) AppleWebKit/537.36 (KHTML, like Gecko) Chrome/114.0.0.0 Safari/537.36"
2600:1900:0:4303:: - - [10/Mar/2025:09:07:49 +0100] "GET / HTTP/1.1" 404 - "-" "Mozilla/5.0 (Macintosh; Intel Mac OS X 10_15_7) AppleWebKit/537.36 (KHTML, like Gecko) Chrome/114.0.0.0 Safari/537.36"
2a01:238:43f8:5f00:: - - [10/Mar/2025:09:08:22 +0100] "POST /wp-cron.php?doing_wp_cron=1741594102.5063500404357910156250 HTTP/1.1" 200 - "-" "cTLkNA1SokkN"
74.80.208.0 - - [10/Mar/2025:09:08:22 +0100] "GET /bueroreinigung/favicon/favicon-76.png HTTP/2.0" 200 48509 "-" "Mozilla/5.0 (compatible; ImagesiftBot; +imagesift.com)"
54.36.149.0 - - [10/Mar/2025:09:08:50 +0100] "GET /contao/vendor/oyejorge/less.php/CHANGES.md HTTP/2.0" 200 634 "-" "Mozilla/5.0 (compatible; AhrefsBot/7.0; +http://ahrefs.com/robot/)"
2a01:238:43f8:5f00:: - - [10/Mar/2025:09:09:56 +0100] "POST /wp-cron.php?doing_wp_cron=1741594196.3830161094665527343750 HTTP/1.1" 200 - "-" "OwfleG211Srm"
74.80.208.0 - - [10/Mar/2025:09:09:56 +0100] "GET /einbruchschutz/favicon/favicon-114.png HTTP/2.0" 200 48509 "-" "Mozilla/5.0 (compatible; ImagesiftBot; +imagesift.com)"
20.171.31.0 - - [10/Mar/2025:09:10:41 +0100] "GET /owa/auth/x.js HTTP/1.1" 404 2561 "-" "Mozilla/5.0 zgrab/0.x"
66.249.66.0 - - [10/Mar/2025:09:10:48 +0100] "GET /contao/vendor/symfony/property-access/Exception/NoSuchPropertyException.php HTTP/1.1" 500 - "-" "Mozilla/5.0 (Linux; Android 6.0.1; Nexus 5X Build/MMB29P) AppleWebKit/537.36 (KHTML, like Gecko) Chrome/133.0.6943.141 Mobile Safari/537.36 (compatible; Googlebot/2.1; +http://www.google.com/bot.html)"
2a01:238:43f8:5f00:: - - [10/Mar/2025:09:10:50 +0100] "POST /wp-cron.php?doing_wp_cron=1741594250.7804419994354248046875 HTTP/1.1" 200 - "-" "2IsV6hgrvwSi"
74.80.208.0 - - [10/Mar/2025:09:10:50 +0100] "GET /bodenverlegung/favicon/favicon-57.png HTTP/2.0" 200 48509 "-" "Mozilla/5.0 (compatible; ImagesiftBot; +imagesift.com)"
66.249.66.0 - - [10/Mar/2025:09:11:06 +0100] "GET /contao/system/modules/pct_theme_installer/config/ HTTP/1.1" 200 474 "-" "Mozilla/5.0 (Linux; Android 6.0.1; Nexus 5X Build/MMB29P) AppleWebKit/537.36 (KHTML, like Gecko) Chrome/133.0.6943.141 Mobile Safari/537.36 (compatible; Googlebot/2.1; +http://www.google.com/bot.html)"
2a01:238:43f8:5f00:: - - [10/Mar/2025:09:11:17 +0100] "POST /wp-cron.php?doing_wp_cron=1741594277.6844029426574707031250 HTTP/1.1" 200 - "-" "AAmKzOhmTlgi"
74.80.208.0 - - [10/Mar/2025:09:11:17 +0100] "GET /hausmeisterservice/favicon/favicon-76.png HTTP/2.0" 200 48509 "-" "Mozilla/5.0 (compatible; ImagesiftBot; +imagesift.com)"
5.181.3.0 - - [10/Mar/2025:09:11:35 +0100] "GET /reports/usage_202402.html HTTP/1.0" 200 91181 "https://bdlxlimo.com/seattle-mercedes-sprinter-limo-rental-service/" "Mozilla/5.0 (Windows NT 10.0; Win64; x64) AppleWebKit/537.36 (KHTML, like Gecko) Chrome/130.0.0.0 Safari/537.36 CCleaner/130.0.0.0"
66.249.66.0 - - [10/Mar/2025:09:13:21 +0100] "GET /contao/vendor/symfony/css-selector/Node/NodeInterface.php HTTP/1.1" 200 - "-" "Mozilla/5.0 (Linux; Android 6.0.1; Nexus 5X Build/MMB29P) AppleWebKit/537.36 (KHTML, like Gecko) Chrome/133.0.6943.141 Mobile Safari/537.36 (compatible; Googlebot/2.1; +http://www.google.com/bot.html)"
2a01:238:43f8:5f00:: - - [10/Mar/2025:09:13:54 +0100] "POST /wp-cron.php?doing_wp_cron=1741594434.0996949672698974609375 HTTP/1.1" 200 - "-" "99myXHt4sh70"
74.80.208.0 - - [10/Mar/2025:09:13:54 +0100] "GET /co2-warnmelder/favicon/favicon-152.png HTTP/2.0" 200 48509 "-" "Mozilla/5.0 (compatible; ImagesiftBot; +imagesift.com)"
154.81.156.0 - - [10/Mar/2025:09:14:31 +0100] "GET / HTTP/1.1" 200 728 "-" "Mozilla/5.0 (Windows NT 10.0; Win64; x64) AppleWebKit/537.36 (KHTML, like Gecko) Chrome/90.0.4430.85 Safari/537.36 Edg/90.0.818.46"
72.49.49.0 - - [10/Mar/2025:09:15:36 +0100] "GET /reports/usage_202403.html HTTP/1.0" 200 92683 "https://xn--kr-kla.com" "Mozilla/5.0 (Windows NT 10.0; Win64; x64) AppleWebKit/537.36 (KHTML, like Gecko) Chrome/129.0.0.0 Safari/537.36"
2a01:238:43f8:5f00:: - - [10/Mar/2025:09:15:42 +0100] "POST /wp-cron.php?doing_wp_cron=1741594542.5398008823394775390625 HTTP/1.1" 200 - "-" "LW8RE53rWAec"
74.80.208.0 - - [10/Mar/2025:09:15:42 +0100] "GET /malerarbeit/favicon/favicon-144.png HTTP/2.0" 200 48509 "-" "Mozilla/5.0 (compatible; ImagesiftBot; +imagesift.com)"
74.80.208.0 - - [10/Mar/2025:09:15:56 +0100] "GET /wp-content/uploads/co2-4767388_1920.jpg HTTP/2.0" 404 2653 "-" "Mozilla/5.0 (compatible; ImagesiftBot; +imagesift.com)"
72.49.49.0 - - [10/Mar/2025:09:16:04 +0100] "GET /reports/usage_202403.html HTTP/1.0" 200 92683 "https://xn--rakn-f0a1446b.com" "Mozilla/5.0 (Windows NT 10.0; Win64; x64) AppleWebKit/537.36 (KHTML, like Gecko) Chrome/130.0.0.0 Safari/537.36 CCleaner/130.0.0.0"
2a01:238:43f8:5f00:: - - [10/Mar/2025:09:16:27 +0100] "POST /wp-cron.php?doing_wp_cron=1741594586.9970910549163818359375 HTTP/1.1" 200 - "-" "DgRoSsoO8dV2"
74.80.208.0 - - [10/Mar/2025:09:16:26 +0100] "GET /trockenbauarbeiten/ HTTP/2.0" 200 52231 "-" "Mozilla/5.0 (compatible; ImagesiftBot; +imagesift.com)"
74.80.208.0 - - [10/Mar/2025:09:16:28 +0100] "GET /wp-content/uploads/2021/05/logo-neu1.png HTTP/2.0" 404 2655 "-" "Mozilla/5.0 (compatible; ImagesiftBot; +imagesift.com)"
74.80.208.0 - - [10/Mar/2025:09:16:36 +0100] "GET /co2-warnmelder/favicon/favicon-72.png HTTP/2.0" 200 48509 "-" "Mozilla/5.0 (compatible; ImagesiftBot; +imagesift.com)"
74.80.208.0 - - [10/Mar/2025:09:17:11 +0100] "GET /montage-vorgefertigter-elemente/favicon/favicon-76.png HTTP/2.0" 200 48509 "-" "Mozilla/5.0 (compatible; ImagesiftBot; +imagesift.com)"
66.249.66.0 - - [10/Mar/2025:09:17:59 +0100] "GET /contao/vendor/symfony/http-kernel/EventListener/LocaleListener.php HTTP/1.1" 500 - "-" "Mozilla/5.0 (Linux; Android 6.0.1; Nexus 5X Build/MMB29P) AppleWebKit/537.36 (KHTML, like Gecko) Chrome/133.0.6943.141 Mobile Safari/537.36 (compatible; Googlebot/2.1; +http://www.google.com/bot.html)"
2a01:238:43f8:5f00:: - - [10/Mar/2025:09:18:28 +0100] "POST /wp-cron.php?doing_wp_cron=1741594708.5293469429016113281250 HTTP/1.1" 200 - "-" "CdEivhgsmpl4"
74.80.208.0 - - [10/Mar/2025:09:18:28 +0100] "GET /einbruchschutz/ HTTP/2.0" 200 53706 "-" "Mozilla/5.0 (compatible; ImagesiftBot; +imagesift.com)"
74.80.208.0 - - [10/Mar/2025:09:18:54 +0100] "GET /malerarbeit/ HTTP/2.0" 200 51726 "-" "Mozilla/5.0 (compatible; ImagesiftBot; +imagesift.com)"
2a01:238:43f8:5f00:: - - [10/Mar/2025:09:19:22 +0100] "POST /wp-cron.php?doing_wp_cron=1741594762.5438210964202880859375 HTTP/1.1" 200 - "-" "4sYj4bxHMnbD"
74.80.208.0 - - [10/Mar/2025:09:19:22 +0100] "GET /co2-warnmelder/ HTTP/2.0" 200 50700 "-" "Mozilla/5.0 (compatible; ImagesiftBot; +imagesift.com)"
74.80.208.0 - - [10/Mar/2025:09:19:52 +0100] "GET /objektwartung/ HTTP/2.0" 200 50643 "-" "Mozilla/5.0 (compatible; ImagesiftBot; +imagesift.com)"
5.181.3.0 - - [10/Mar/2025:09:19:59 +0100] "GET /reports/usage_202402.html HTTP/1.0" 200 91181 "https://bellevue-towncar.com/search-luxury-limousine-limo-services-by-location/" "Mozilla/5.0 (Windows NT 10.0; Win64; x64) AppleWebKit/537.36 (KHTML, like Gecko) Chrome/131.0.0.0 Safari/537.36 Avast/131.0.0.0"
2a01:238:43f8:5f00:: - - [10/Mar/2025:09:20:20 +0100] "POST /wp-cron.php?doing_wp_cron=1741594820.3022830486297607421875 HTTP/1.1" 200 - "-" "3hxWMFLZqkTq"
74.80.208.0 - - [10/Mar/2025:09:20:20 +0100] "GET /hausmeisterservice/ HTTP/2.0" 200 51252 "-" "Mozilla/5.0 (compatible; ImagesiftBot; +imagesift.com)"
2a01:4f8:222:2d87:: - - [10/Mar/2025:09:20:49 +0100] "POST /xmlrpc.php HTTP/1.1" 403 2576 "http://gdb-bonn.com" "Mozilla/5.0 (Macintosh; Intel Mac OS X 10_15_7) AppleWebKit/537.36 (KHTML, like Gecko) Chrome/114.0.5735.134 Safari/537.36"
2a01:238:43f8:5f00:: - - [10/Mar/2025:09:20:50 +0100] "POST /wp-cron.php?doing_wp_cron=1741594850.6698710918426513671875 HTTP/1.1" 200 - "-" "uzVXOUT0e5R6"
74.80.208.0 - - [10/Mar/2025:09:20:50 +0100] "GET /kontaktformular/allgemeine-geschaeftsbedingungen/ HTTP/2.0" 200 53008 "-" "Mozilla/5.0 (compatible; ImagesiftBot; +imagesift.com)"
2600:1900:0:4300:: - - [10/Mar/2025:09:21:03 +0100] "GET / HTTP/2.0" 200 55581 "-" "colly - https://github.com/gocolly/colly"
2600:1900:0:4300:: - - [10/Mar/2025:09:21:03 +0100] "GET /robots.txt HTTP/2.0" 200 162 "-" "Go-http-client/2.0"
2a01:238:43f8:5f00:: - - [10/Mar/2025:09:21:23 +0100] "POST /wp-cron.php?doing_wp_cron=1741594883.5345940589904785156250 HTTP/1.1" 200 - "-" "H8VNNiXi6yh3"
74.80.208.0 - - [10/Mar/2025:09:21:23 +0100] "GET /impressum/ HTTP/2.0" 200 51002 "-" "Mozilla/5.0 (compatible; ImagesiftBot; +imagesift.com)"
74.80.208.0 - - [10/Mar/2025:09:21:58 +0100] "GET /bueroreinigung/ HTTP/2.0" 200 50427 "-" "Mozilla/5.0 (compatible; ImagesiftBot; +imagesift.com)"
2a01:238:43f8:5f00:: - - [10/Mar/2025:09:22:33 +0100] "POST /wp-cron.php?doing_wp_cron=1741594953.0491130352020263671875 HTTP/1.1" 200 - "-" "3rX3oMtJpU7c"
74.80.208.0 - - [10/Mar/2025:09:22:32 +0100] "GET /kontaktformular/ HTTP/2.0" 200 54846 "-" "Mozilla/5.0 (compatible; ImagesiftBot; +imagesift.com)"
74.80.208.0 - - [10/Mar/2025:09:23:09 +0100] "GET /definition-unterhaltsreinigung/ HTTP/2.0" 200 51596 "-" "Mozilla/5.0 (compatible; ImagesiftBot; +imagesift.com)"
74.80.208.0 - - [10/Mar/2025:09:23:10 +0100] "GET /wp-content/uploads/2018/11/unterhaltsreinigung-mop-280.jpg HTTP/2.0" 404 2691 "-" "Mozilla/5.0 (compatible; ImagesiftBot; +imagesift.com)"
74.80.208.0 - - [10/Mar/2025:09:23:11 +0100] "GET /wp-content/uploads/2018/11/unterhaltsreinigung-maschineneinsatz-150x150.jpg HTTP/2.0" 404 2725 "-" "Mozilla/5.0 (compatible; ImagesiftBot; +imagesift.com)"
2a01:238:43f8:5f00:: - - [10/Mar/2025:09:23:45 +0100] "POST /wp-cron.php?doing_wp_cron=1741595025.5847220420837402343750 HTTP/1.1" 200 - "-" "bHO1sxtGbN8H"
74.80.208.0 - - [10/Mar/2025:09:23:45 +0100] "GET /bodenverlegung/ HTTP/2.0" 200 51713 "-" "Mozilla/5.0 (compatible; ImagesiftBot; +imagesift.com)"
141.98.84.0 - - [10/Mar/2025:09:24:20 +0100] "GET /.env HTTP/1.1" 200 4469 "https://tasamm.com/about/mmm142.html" "Mozilla/5.0 (Windows NT 10.0; Win64; x64) AppleWebKit/537.36 (KHTML, like Gecko) Chrome/96.0.4664.93 Safari/537.36"
72.49.49.0 - - [10/Mar/2025:09:24:17 +0100] "GET /reports/usage_202403.html HTTP/1.0" 200 92683 "https://xn--kr-kla.com" "Mozilla/5.0 (Windows NT 10.0; Win64; x64) AppleWebKit/537.36 (KHTML, like Gecko) Chrome/131.0.0.0 Safari/537.36"
2a01:238:43f8:5f00:: - - [10/Mar/2025:09:24:21 +0100] "POST /wp-cron.php?doing_wp_cron=1741595061.0229470729827880859375 HTTP/1.1" 200 - "-" "whi8VelgrZa0"
74.80.208.0 - - [10/Mar/2025:09:24:20 +0100] "GET /wassermelder/ HTTP/2.0" 200 50657 "-" "Mozilla/5.0 (compatible; ImagesiftBot; +imagesift.com)"
74.80.208.0 - - [10/Mar/2025:09:24:59 +0100] "GET /montage-vorgefertigter-elemente/ HTTP/2.0" 200 51429 "-" "Mozilla/5.0 (compatible; ImagesiftBot; +imagesift.com)"
208.102.51.0 - - [10/Mar/2025:09:24:56 +0100] "GET /reports/usage_202403.html HTTP/1.0" 200 92683 "https://xn--ra-ypa.com" "Mozilla/5.0 (Windows NT 10.0; Win64; x64) AppleWebKit/537.36 (KHTML, like Gecko) Chrome/131.0.0.0 Safari/537.36"
66.249.66.0 - - [10/Mar/2025:09:25:15 +0100] "GET /contao/vendor/symfony/error-handler/Resources/views/ HTTP/1.1" 200 544 "-" "Mozilla/5.0 (Linux; Android 6.0.1; Nexus 5X Build/MMB29P) AppleWebKit/537.36 (KHTML, like Gecko) Chrome/133.0.6943.141 Mobile Safari/537.36 (compatible; Googlebot/2.1; +http://www.google.com/bot.html)"
66.249.66.0 - - [10/Mar/2025:09:25:16 +0100] "GET /contao/vendor/symfony/security-http/Authentication/SimpleFormAuthenticatorInterface.php HTTP/1.1" 500 - "-" "Mozilla/5.0 (Linux; Android 6.0.1; Nexus 5X Build/MMB29P) AppleWebKit/537.36 (KHTML, like Gecko) Chrome/133.0.6943.141 Mobile Safari/537.36 (compatible; Googlebot/2.1; +http://www.google.com/bot.html)"
66.249.66.0 - - [10/Mar/2025:09:25:27 +0100] "GET /contao/vendor/nyholm/psr7/src/LowercaseTrait.php HTTP/1.1" 200 - "-" "Mozilla/5.0 (Linux; Android 6.0.1; Nexus 5X Build/MMB29P) AppleWebKit/537.36 (KHTML, like Gecko) Chrome/133.0.6943.141 Mobile Safari/537.36 (compatible; Googlebot/2.1; +http://www.google.com/bot.html)"
66.249.66.0 - - [10/Mar/2025:09:25:32 +0100] "GET /contao/vendor/symfony/swiftmailer-bundle/Command/AbstractSwiftMailerCommand.php HTTP/1.1" 500 - "-" "Mozilla/5.0 (Linux; Android 6.0.1; Nexus 5X Build/MMB29P) AppleWebKit/537.36 (KHTML, like Gecko) Chrome/133.0.6943.141 Mobile Safari/537.36 (compatible; Googlebot/2.1; +http://www.google.com/bot.html)"
2a01:238:43f8:5f00:: - - [10/Mar/2025:09:25:35 +0100] "POST /wp-cron.php?doing_wp_cron=1741595135.4337930679321289062500 HTTP/1.1" 200 - "-" "mBBP1yZpndQC"
74.80.208.0 - - [10/Mar/2025:09:25:35 +0100] "GET /font.woff2 HTTP/2.0" 200 48509 "-" "Mozilla/5.0 (compatible; ImagesiftBot; +imagesift.com)"
208.102.51.0 - - [10/Mar/2025:09:26:03 +0100] "GET /reports/usage_202403.html HTTP/1.0" 200 92683 "https://xn--kr9-onb.com" "Mozilla/5.0 (Windows NT 10.0; Win64; x64) AppleWebKit/537.36 (KHTML, like Gecko) Chrome/131.0.0.0 Safari/537.36"
2a01:238:43f8:5f00:: - - [10/Mar/2025:09:26:13 +0100] "POST /wp-cron.php?doing_wp_cron=1741595173.6612079143524169921875 HTTP/1.1" 200 - "-" "rK3WANJ9qgcc"
74.80.208.0 - - [10/Mar/2025:09:26:13 +0100] "GET /?p=257/ HTTP/2.0" 301 - "-" "Mozilla/5.0 (compatible; ImagesiftBot; +imagesift.com)"
66.249.66.0 - - [10/Mar/2025:09:26:22 +0100] "GET /contao/vendor/egulias/email-validator/src/Exception/CRLFX2.php HTTP/1.1" 500 - "-" "Mozilla/5.0 (Linux; Android 6.0.1; Nexus 5X Build/MMB29P) AppleWebKit/537.36 (KHTML, like Gecko) Chrome/133.0.6943.141 Mobile Safari/537.36 (compatible; Googlebot/2.1; +http://www.google.com/bot.html)"
74.80.208.0 - - [10/Mar/2025:09:26:55 +0100] "GET /unterhaltsreinigung/ HTTP/2.0" 200 51754 "-" "Mozilla/5.0 (compatible; ImagesiftBot; +imagesift.com)"
2a01:238:43f8:5f00:: - - [10/Mar/2025:09:27:49 +0100] "POST /wp-cron.php?doing_wp_cron=1741595269.0738210678100585937500 HTTP/1.1" 200 - "-" "Rlag1AxZFwPj"
74.80.208.0 - - [10/Mar/2025:09:27:49 +0100] "GET /vogel-taubenabwehr/ HTTP/2.0" 200 52499 "-" "Mozilla/5.0 (compatible; ImagesiftBot; +imagesift.com)"
2a01:238:43f8:5f00:: - - [10/Mar/2025:09:29:07 +0100] "POST /wp-cron.php?doing_wp_cron=1741595347.8037788867950439453125 HTTP/1.1" 200 - "-" "IIIIN2n6W3Ue"
74.80.208.0 - - [10/Mar/2025:09:29:07 +0100] "GET /sicherheitstechnik/ HTTP/2.0" 200 52272 "-" "Mozilla/5.0 (compatible; ImagesiftBot; +imagesift.com)"
2a01:238:43f8:5f00:: - - [10/Mar/2025:09:31:18 +0100] "POST /wp-cron.php?doing_wp_cron=1741595478.5169320106506347656250 HTTP/1.1" 200 - "-" "mGlT5skgQRsF"
74.80.208.0 - - [10/Mar/2025:09:31:18 +0100] "GET /technische-wartung/ HTTP/2.0" 200 - "-" "Mozilla/5.0 (compatible; ImagesiftBot; +imagesift.com)"
208.102.51.0 - - [10/Mar/2025:09:33:09 +0100] "GET /reports/usage_202403.html HTTP/1.0" 200 92683 "https://xn--krken14-bn4c.com" "Mozilla/5.0 (Windows NT 10.0; Win64; x64) AppleWebKit/537.36 (KHTML, like Gecko) Chrome/129.0.0.0 Safari/537.36"
72.49.49.0 - - [10/Mar/2025:09:34:18 +0100] "GET /reports/usage_202403.html HTTP/1.0" 200 92683 "https://xn--krken15-bn4c.com" "Mozilla/5.0 (Windows NT 10.0; Win64; x64) AppleWebKit/537.36 (KHTML, like Gecko) Chrome/131.0.0.0 Safari/537.36 Avast/131.0.0.0"
208.65.90.0 - - [10/Mar/2025:09:34:41 +0100] "GET /reports/usage_202403.html HTTP/1.0" 200 92683 "https://xn--v14-7ua.com" "Mozilla/5.0 (Windows NT 10.0; Win64; x64) AppleWebKit/537.36 (KHTML, like Gecko) Chrome/131.0.0.0 Safari/537.36 Avast/131.0.0.0"
2a01:238:43f8:5f00:: - - [10/Mar/2025:09:34:58 +0100] "POST /wp-cron.php?doing_wp_cron=1741595697.9306869506835937500000 HTTP/1.1" 200 - "-" "RZDhkCbVfFpG"
223.109.252.0 - - [10/Mar/2025:09:34:57 +0100] "GET / HTTP/1.1" 200 55579 "-" "Sogou web spider/4.0(+http://www.sogou.com/docs/help/webmasters.htm#07)"
5.181.3.0 - - [10/Mar/2025:09:37:13 +0100] "GET /reports/usage_202402.html HTTP/1.0" 200 91181 "https://bellevue-towncar.com/woodinville-wine-tours/" "Mozilla/5.0 (Windows NT 10.0; Win64; x64) AppleWebKit/537.36 (KHTML, like Gecko) Chrome/131.0.0.0 Safari/537.36"
64.227.131.0 - - [10/Mar/2025:09:38:06 +0100] "GET /wp-admin/css/ HTTP/1.1" 301 249 "binance.com" "Mozilla/5.0 (Windows NT 10.0; Win64; x64) AppleWebKit/537.36 (KHTML, like Gecko) Chrome/90.0.4430.85 Safari/537.36"
64.227.131.0 - - [10/Mar/2025:09:38:10 +0100] "GET /wp-admin/css/ HTTP/1.1" 403 2576 "binance.com" "Mozilla/5.0 (Windows NT 10.0; Win64; x64) AppleWebKit/537.36 (KHTML, like Gecko) Chrome/90.0.4430.85 Safari/537.36"
54.36.148.0 - - [10/Mar/2025:09:39:34 +0100] "GET /contao/vendor/oyejorge/less.php/LICENSE HTTP/2.0" 200 3555 "-" "Mozilla/5.0 (compatible; AhrefsBot/7.0; +http://ahrefs.com/robot/)"
169.150.247.0 - - [10/Mar/2025:09:40:34 +0100] "GET /plugins/function.php HTTP/1.1" 301 256 "-" "Mozlila/5.0 (Linux; Android 7.0; SM-G892A Bulid/NRD90M; wv) AppleWebKit/537.36 (KHTML, like Gecko) Version/4.0 Chrome/60.0.3112.107 Moblie Safari/537.36"
2a01:238:43f8:5f00:: - - [10/Mar/2025:09:40:37 +0100] "POST /wp-cron.php?doing_wp_cron=1741596037.6992530822753906250000 HTTP/1.1" 200 - "-" "7LhjVQje3vmk"
188.166.180.0 - - [10/Mar/2025:09:40:37 +0100] "GET /plugins/function.php HTTP/1.1" 200 - "-" "Mozlila/5.0 (Linux; Android 7.0; SM-G892A Bulid/NRD90M; wv) AppleWebKit/537.36 (KHTML, like Gecko) Version/4.0 Chrome/60.0.3112.107 Moblie Safari/537.36"
2a01:238:43f8:5f00:: - - [10/Mar/2025:09:40:39 +0100] "POST /wp-cron.php?doing_wp_cron=1741596039.7996749877929687500000 HTTP/1.1" 200 - "-" "rI4O41kbkxJM"
188.166.180.0 - - [10/Mar/2025:09:40:39 +0100] "GET /plugins/function.php HTTP/1.1" 200 48509 "-" "Mozlila/5.0 (Linux; Android 7.0; SM-G892A Bulid/NRD90M; wv) AppleWebKit/537.36 (KHTML, like Gecko) Version/4.0 Chrome/60.0.3112.107 Moblie Safari/537.36"
169.150.247.0 - - [10/Mar/2025:09:40:43 +0100] "GET /file/function.php HTTP/1.1" 301 253 "-" "Mozlila/5.0 (Linux; Android 7.0; SM-G892A Bulid/NRD90M; wv) AppleWebKit/537.36 (KHTML, like Gecko) Version/4.0 Chrome/60.0.3112.107 Moblie Safari/537.36"
188.166.180.0 - - [10/Mar/2025:09:40:48 +0100] "GET /file/function.php HTTP/1.1" 200 - "-" "Mozlila/5.0 (Linux; Android 7.0; SM-G892A Bulid/NRD90M; wv) AppleWebKit/537.36 (KHTML, like Gecko) Version/4.0 Chrome/60.0.3112.107 Moblie Safari/537.36"
188.166.180.0 - - [10/Mar/2025:09:40:51 +0100] "GET /file/function.php HTTP/1.1" 200 48509 "-" "Mozlila/5.0 (Linux; Android 7.0; SM-G892A Bulid/NRD90M; wv) AppleWebKit/537.36 (KHTML, like Gecko) Version/4.0 Chrome/60.0.3112.107 Moblie Safari/537.36"
169.150.247.0 - - [10/Mar/2025:09:40:54 +0100] "GET /as/function HTTP/1.1" 301 247 "-" "Mozlila/5.0 (Linux; Android 7.0; SM-G892A Bulid/NRD90M; wv) AppleWebKit/537.36 (KHTML, like Gecko) Version/4.0 Chrome/60.0.3112.107 Moblie Safari/537.36"
188.166.180.0 - - [10/Mar/2025:09:40:57 +0100] "GET /as/function HTTP/1.1" 200 - "-" "Mozlila/5.0 (Linux; Android 7.0; SM-G892A Bulid/NRD90M; wv) AppleWebKit/537.36 (KHTML, like Gecko) Version/4.0 Chrome/60.0.3112.107 Moblie Safari/537.36"
188.166.180.0 - - [10/Mar/2025:09:40:59 +0100] "GET /as/function HTTP/1.1" 200 48509 "-" "Mozlila/5.0 (Linux; Android 7.0; SM-G892A Bulid/NRD90M; wv) AppleWebKit/537.36 (KHTML, like Gecko) Version/4.0 Chrome/60.0.3112.107 Moblie Safari/537.36"
169.150.247.0 - - [10/Mar/2025:09:41:03 +0100] "GET /mah/function.php HTTP/1.1" 301 252 "-" "Mozlila/5.0 (Linux; Android 7.0; SM-G892A Bulid/NRD90M; wv) AppleWebKit/537.36 (KHTML, like Gecko) Version/4.0 Chrome/60.0.3112.107 Moblie Safari/537.36"
188.166.180.0 - - [10/Mar/2025:09:41:05 +0100] "GET /mah/function.php HTTP/1.1" 200 - "-" "Mozlila/5.0 (Linux; Android 7.0; SM-G892A Bulid/NRD90M; wv) AppleWebKit/537.36 (KHTML, like Gecko) Version/4.0 Chrome/60.0.3112.107 Moblie Safari/537.36"
188.166.180.0 - - [10/Mar/2025:09:41:08 +0100] "GET /mah/function.php HTTP/1.1" 200 48541 "-" "Mozlila/5.0 (Linux; Android 7.0; SM-G892A Bulid/NRD90M; wv) AppleWebKit/537.36 (KHTML, like Gecko) Version/4.0 Chrome/60.0.3112.107 Moblie Safari/537.36"
169.150.247.0 - - [10/Mar/2025:09:41:12 +0100] "GET /admin/function.php HTTP/1.1" 301 254 "-" "Mozlila/5.0 (Linux; Android 7.0; SM-G892A Bulid/NRD90M; wv) AppleWebKit/537.36 (KHTML, like Gecko) Version/4.0 Chrome/60.0.3112.107 Moblie Safari/537.36"
2a01:238:43f8:5f00:: - - [10/Mar/2025:09:41:14 +0100] "POST /wp-cron.php?doing_wp_cron=1741596074.8616468906402587890625 HTTP/1.1" 200 - "-" "bnnz7R7CAqvg"
188.166.180.0 - - [10/Mar/2025:09:41:14 +0100] "GET /admin/function.php HTTP/1.1" 200 - "-" "Mozlila/5.0 (Linux; Android 7.0; SM-G892A Bulid/NRD90M; wv) AppleWebKit/537.36 (KHTML, like Gecko) Version/4.0 Chrome/60.0.3112.107 Moblie Safari/537.36"
188.166.180.0 - - [10/Mar/2025:09:41:17 +0100] "GET /admin/function.php HTTP/1.1" 200 48509 "-" "Mozlila/5.0 (Linux; Android 7.0; SM-G892A Bulid/NRD90M; wv) AppleWebKit/537.36 (KHTML, like Gecko) Version/4.0 Chrome/60.0.3112.107 Moblie Safari/537.36"
169.150.247.0 - - [10/Mar/2025:09:41:25 +0100] "GET /doc/function.php HTTP/1.1" 301 252 "-" "Mozlila/5.0 (Linux; Android 7.0; SM-G892A Bulid/NRD90M; wv) AppleWebKit/537.36 (KHTML, like Gecko) Version/4.0 Chrome/60.0.3112.107 Moblie Safari/537.36"
188.166.180.0 - - [10/Mar/2025:09:41:28 +0100] "GET /doc/function.php HTTP/1.1" 200 - "-" "Mozlila/5.0 (Linux; Android 7.0; SM-G892A Bulid/NRD90M; wv) AppleWebKit/537.36 (KHTML, like Gecko) Version/4.0 Chrome/60.0.3112.107 Moblie Safari/537.36"
188.166.180.0 - - [10/Mar/2025:09:41:30 +0100] "GET /doc/function.php HTTP/1.1" 200 48509 "-" "Mozlila/5.0 (Linux; Android 7.0; SM-G892A Bulid/NRD90M; wv) AppleWebKit/537.36 (KHTML, like Gecko) Version/4.0 Chrome/60.0.3112.107 Moblie Safari/537.36"
169.150.247.0 - - [10/Mar/2025:09:41:32 +0100] "GET /about/function.php HTTP/1.1" 301 254 "-" "Mozlila/5.0 (Linux; Android 7.0; SM-G892A Bulid/NRD90M; wv) AppleWebKit/537.36 (KHTML, like Gecko) Version/4.0 Chrome/60.0.3112.107 Moblie Safari/537.36"
188.166.180.0 - - [10/Mar/2025:09:41:33 +0100] "GET /about/function.php HTTP/1.1" 200 - "-" "Mozlila/5.0 (Linux; Android 7.0; SM-G892A Bulid/NRD90M; wv) AppleWebKit/537.36 (KHTML, like Gecko) Version/4.0 Chrome/60.0.3112.107 Moblie Safari/537.36"
188.166.180.0 - - [10/Mar/2025:09:41:36 +0100] "GET /about/function.php HTTP/1.1" 200 48509 "-" "Mozlila/5.0 (Linux; Android 7.0; SM-G892A Bulid/NRD90M; wv) AppleWebKit/537.36 (KHTML, like Gecko) Version/4.0 Chrome/60.0.3112.107 Moblie Safari/537.36"
169.150.247.0 - - [10/Mar/2025:09:41:41 +0100] "GET /index/function.php HTTP/1.1" 301 254 "-" "Mozlila/5.0 (Linux; Android 7.0; SM-G892A Bulid/NRD90M; wv) AppleWebKit/537.36 (KHTML, like Gecko) Version/4.0 Chrome/60.0.3112.107 Moblie Safari/537.36"
188.166.180.0 - - [10/Mar/2025:09:41:44 +0100] "GET /index/function.php HTTP/1.1" 200 - "-" "Mozlila/5.0 (Linux; Android 7.0; SM-G892A Bulid/NRD90M; wv) AppleWebKit/537.36 (KHTML, like Gecko) Version/4.0 Chrome/60.0.3112.107 Moblie Safari/537.36"
188.166.180.0 - - [10/Mar/2025:09:41:45 +0100] "GET /index/function.php HTTP/1.1" 200 48509 "-" "Mozlila/5.0 (Linux; Android 7.0; SM-G892A Bulid/NRD90M; wv) AppleWebKit/537.36 (KHTML, like Gecko) Version/4.0 Chrome/60.0.3112.107 Moblie Safari/537.36"
184.178.172.0 - - [10/Mar/2025:09:42:00 +0100] "GET /reports/usage_202403.html HTTP/1.0" 200 92683 "https://xn--kr12-rzb.com" "Mozilla/5.0 (Windows NT 10.0; Win64; x64) AppleWebKit/537.36 (KHTML, like Gecko) Chrome/131.0.0.0 Safari/537.36 Avast/131.0.0.0"
208.102.51.0 - - [10/Mar/2025:09:42:29 +0100] "GET /reports/usage_202403.html HTTP/1.0" 200 92683 "https://xn--kr12-rzb.com" "Mozilla/5.0 (Windows NT 10.0; Win64; x64) AppleWebKit/537.36 (KHTML, like Gecko) Chrome/130.0.0.0 Safari/537.36 CCleaner/130.0.0.0"
87.121.84.0 - - [10/Mar/2025:09:42:54 +0100] "GET /cgi-bin/luci/;stok=/locale HTTP/1.1" 404 2583 "-" "-"
66.249.66.0 - - [10/Mar/2025:09:43:13 +0100] "GET /contao/vendor/contao/core-bundle/src/Resources/contao/languages/sl/tl_image_size.xlf HTTP/1.1" 200 1847 "-" "Mozilla/5.0 (Linux; Android 6.0.1; Nexus 5X Build/MMB29P) AppleWebKit/537.36 (KHTML, like Gecko) Chrome/133.0.6943.53 Mobile Safari/537.36 (compatible; Googlebot/2.1; +http://www.google.com/bot.html)"
66.249.66.0 - - [10/Mar/2025:09:47:11 +0100] "GET /contao/var/cache/prod/pools/w6EGq+SBrS/U/U/SwNXyXZowDX5270aJydg HTTP/1.1" 200 148 "-" "Mozilla/5.0 (Linux; Android 6.0.1; Nexus 5X Build/MMB29P) AppleWebKit/537.36 (KHTML, like Gecko) Chrome/133.0.6943.141 Mobile Safari/537.36 (compatible; Googlebot/2.1; +http://www.google.com/bot.html)"
66.249.66.0 - - [10/Mar/2025:09:50:21 +0100] "GET /contao/vendor/imagine/imagine/src/Gmagick/ HTTP/1.1" 200 518 "-" "Mozilla/5.0 (Linux; Android 6.0.1; Nexus 5X Build/MMB29P) AppleWebKit/537.36 (KHTML, like Gecko) Chrome/133.0.6943.141 Mobile Safari/537.36 (compatible; Googlebot/2.1; +http://www.google.com/bot.html)"
72.49.49.0 - - [10/Mar/2025:09:51:58 +0100] "GET /reports/usage_202403.html HTTP/1.0" 200 92683 "https://xn--kr-lbb.com" "Mozilla/5.0 (Windows NT 10.0; Win64; x64) AppleWebKit/537.36 (KHTML, like Gecko) Chrome/131.0.0.0 Safari/537.36"
20.163.15.0 - - [10/Mar/2025:09:52:50 +0100] "GET / HTTP/1.0" 400 362 "-" "-"
2a01:238:43f8:5f00:: - - [10/Mar/2025:09:55:05 +0100] "POST /wp-cron.php?doing_wp_cron=1741596905.2163720130920410156250 HTTP/1.1" 200 - "-" "Fp7BVRX2N4RP"
223.109.255.0 - - [10/Mar/2025:09:55:05 +0100] "GET / HTTP/1.1" 200 55579 "-" "Sogou web spider/4.0(+http://www.sogou.com/docs/help/webmasters.htm#07)"
5.181.3.0 - - [10/Mar/2025:09:55:12 +0100] "GET /reports/usage_202402.html HTTP/1.0" 200 91181 "https://bdlxlimo.com/quincy-limousine-service/" "Mozilla/5.0 (Windows NT 10.0; Win64; x64) AppleWebKit/537.36 (KHTML, like Gecko) Chrome/130.0.0.0 Safari/537.36 CCleaner/130.0.0.0"
2a01:238:43f8:5f00:: - - [10/Mar/2025:10:00:35 +0100] "POST /wp-cron.php?doing_wp_cron=1741597235.4373929500579833984375 HTTP/1.1" 200 - "-" "nhsE4JeBathu"
207.46.13.0 - - [10/Mar/2025:10:00:35 +0100] "GET /trockenbauarbeiten/ HTTP/2.0" 200 52231 "-" "Mozilla/5.0 AppleWebKit/537.36 (KHTML, like Gecko; compatible; bingbot/2.0; +http://www.bing.com/bingbot.htm) Chrome/116.0.1938.76 Safari/537.36"
72.49.49.0 - - [10/Mar/2025:10:00:32 +0100] "GET /reports/usage_202403.html HTTP/1.0" 200 92683 "https://xn--kr9-onb.com" "Mozilla/5.0 (Windows NT 10.0; Win64; x64) AppleWebKit/537.36 (KHTML, like Gecko) Chrome/131.0.0.0 Safari/537.36 Avast/131.0.0.0"
208.65.90.0 - - [10/Mar/2025:10:00:54 +0100] "GET /reports/usage_202403.html HTTP/1.0" 200 92683 "https://xn--kr11-rzb.com" "Mozilla/5.0 (Windows NT 10.0; Win64; x64) AppleWebKit/537.36 (KHTML, like Gecko) Chrome/129.0.0.0 Safari/537.36"
72.49.49.0 - - [10/Mar/2025:10:01:13 +0100] "GET /reports/usage_202403.html HTTP/1.0" 200 92683 "https://xn--kran-xva5q.com" "Mozilla/5.0 (Windows NT 10.0; Win64; x64) AppleWebKit/537.36 (KHTML, like Gecko) Chrome/130.0.0.0 Safari/537.36"
195.178.110.0 - - [10/Mar/2025:10:05:38 +0100] "\x16\x03\x01" 400 226 "-" "-"
195.178.110.0 - - [10/Mar/2025:10:05:38 +0100] "GET / HTTP/1.1" 400 226 "-" "-"
195.178.110.0 - - [10/Mar/2025:10:05:38 +0100] "GET / HTTP/1.1" 200 3510 "-" "l9tcpid/v1.1.0"
195.178.110.0 - - [10/Mar/2025:10:05:39 +0100] "GET /.env HTTP/1.1" 404 2539 "-" "l9explore/1.2.2"
195.178.110.0 - - [10/Mar/2025:10:05:40 +0100] "GET /.env.test HTTP/1.1" 404 2549 "-" "l9explore/1.2.2"
195.178.110.0 - - [10/Mar/2025:10:05:40 +0100] "GET /media../.git/config HTTP/1.1" 404 2569 "-" "l9explore/1.2.2"
195.178.110.0 - - [10/Mar/2025:10:05:40 +0100] "GET /configuration/.env HTTP/1.1" 404 2567 "-" "l9explore/1.2.2"
195.178.110.0 - - [10/Mar/2025:10:05:41 +0100] "GET /.env.testing HTTP/1.1" 404 2555 "-" "l9explore/1.2.2"
195.178.110.0 - - [10/Mar/2025:10:05:41 +0100] "GET /data/.git/config HTTP/1.1" 404 2563 "-" "l9explore/1.2.2"
195.178.110.0 - - [10/Mar/2025:10:05:41 +0100] "GET /files/.git/config HTTP/1.1" 404 2565 "-" "l9explore/1.2.2"
195.178.110.0 - - [10/Mar/2025:10:05:41 +0100] "GET /public/.git/config HTTP/1.1" 404 2567 "-" "l9explore/1.2.2"
68.183.13.0 - - [10/Mar/2025:10:05:41 +0100] "GET / HTTP/1.0" 400 362 "-" "-"
195.178.110.0 - - [10/Mar/2025:10:05:42 +0100] "GET /admin/.git/config HTTP/1.1" 404 2565 "-" "l9explore/1.2.2"
195.178.110.0 - - [10/Mar/2025:10:05:42 +0100] "GET /dev/.git/config HTTP/1.1" 404 2561 "-" "l9explore/1.2.2"
195.178.110.0 - - [10/Mar/2025:10:05:42 +0100] "GET /cms/.git/config HTTP/1.1" 404 2561 "-" "l9explore/1.2.2"
185.91.127.0 - - [10/Mar/2025:10:06:10 +0100] "CONNECT api.ip.pn:443 HTTP/1.1" 405 224 "-" "Mozilla/5.0"
2001:8d8:1800:2ef:: - - [10/Mar/2025:10:09:14 +0100] "POST /xmlrpc.php HTTP/1.1" 403 2604 "http://gebaeudetechnik.nrw" "Mozilla/5.0 (Windows NT 11.0; Win64; x64; rv:126.0) Gecko/20100101 Firefox/126.0"
208.65.90.0 - - [10/Mar/2025:10:09:28 +0100] "GET /reports/usage_202403.html HTTP/1.0" 200 92683 "https://xn--krken15-bn4c.com" "Mozilla/5.0 (Windows NT 10.0; Win64; x64) AppleWebKit/537.36 (KHTML, like Gecko) Chrome/131.0.0.0 Safari/537.36 Avast/131.0.0.0"
184.178.172.0 - - [10/Mar/2025:10:09:33 +0100] "GET /reports/usage_202403.html HTTP/1.0" 200 92683 "https://xn--krakn-m0a.cc" "Mozilla/5.0 (Windows NT 10.0; Win64; x64) AppleWebKit/537.36 (KHTML, like Gecko) Chrome/131.0.0.0 Safari/537.36 Avast/131.0.0.0"
208.65.90.0 - - [10/Mar/2025:10:10:02 +0100] "GET /reports/usage_202403.html HTTP/1.0" 200 92683 "https://xn--krken9-xoc.com" "Mozilla/5.0 (Windows NT 10.0; Win64; x64) AppleWebKit/537.36 (KHTML, like Gecko) Chrome/131.0.0.0 Safari/537.36"
54.36.149.0 - - [10/Mar/2025:10:12:12 +0100] "GET /contao/vendor/oyejorge/less.php/bin/ HTTP/2.0" 200 427 "-" "Mozilla/5.0 (compatible; AhrefsBot/7.0; +http://ahrefs.com/robot/)"
223.109.252.0 - - [10/Mar/2025:10:12:18 +0100] "GET / HTTP/1.1" 301 229 "-" "Sogou web spider/4.0(+http://www.sogou.com/docs/help/webmasters.htm#07)"
2a01:238:43f8:5f00:: - - [10/Mar/2025:10:12:19 +0100] "POST /wp-cron.php?doing_wp_cron=1741597939.6046841144561767578125 HTTP/1.1" 200 - "-" "xTS4maOljm8f"
223.109.252.0 - - [10/Mar/2025:10:12:19 +0100] "GET / HTTP/1.1" 200 55577 "-" "Sogou web spider/4.0(+http://www.sogou.com/docs/help/webmasters.htm#07)"
5.181.3.0 - - [10/Mar/2025:10:12:25 +0100] "GET /reports/usage_202402.html HTTP/1.0" 200 91181 "https://bdlxlimo.com/seattle-mercedes-sprinter-limo-rental-service/" "Mozilla/5.0 (Windows NT 10.0; Win64; x64) AppleWebKit/537.36 (KHTML, like Gecko) Chrome/130.0.0.0 Safari/537.36 CCleaner/130.0.0.0"
142.132.228.0 - - [10/Mar/2025:10:15:09 +0100] "GET / HTTP/2.0" 200 55581 "-" "Mozilla/5.0 (Windows NT 10.0; Win64; x64) AppleWebKit/537.36 (KHTML, like Gecko) Chrome/131.0.0.0 Safari/537.36"
152.32.177.0 - - [10/Mar/2025:10:15:14 +0100] "\x16\x03\x01\x01\x17\x01" 400 226 "-" "-"
152.32.177.0 - - [10/Mar/2025:10:15:24 +0100] "GET / HTTP/1.1" 200 3510 "-" "Mozilla/5.0 (Macintosh; Intel Mac OS X 10_15_7) AppleWebKit/537.36 (KHTML, like Gecko) Chrome/120.0.0.0 Safari/537.36 Edg/120.0.0.0"
152.32.177.0 - - [10/Mar/2025:10:15:29 +0100] "GET /favicon.ico HTTP/1.1" 404 2553 "-" "Mozilla/5.0 (Macintosh; Intel Mac OS X 10_7_0) AppleWebKit/535.11 (KHTML, like Gecko) Chrome/17.0.963.56 Safari/535.11"
152.32.177.0 - - [10/Mar/2025:10:15:29 +0100] "GET /robots.txt HTTP/1.1" 404 2551 "-" "Mozilla/5.0 (Macintosh; Intel Mac OS X 10_7_0) AppleWebKit/535.11 (KHTML, like Gecko) Chrome/17.0.963.56 Safari/535.11"
152.32.177.0 - - [10/Mar/2025:10:15:30 +0100] "GET /sitemap.xml HTTP/1.1" 404 2553 "-" "Mozilla/5.0 (Macintosh; Intel Mac OS X 10_7_0) AppleWebKit/535.11 (KHTML, like Gecko) Chrome/17.0.963.56 Safari/535.11"
152.32.177.0 - - [10/Mar/2025:10:15:30 +0100] "GET /config.json HTTP/1.1" 404 2553 "-" "Mozilla/5.0 (Macintosh; Intel Mac OS X 10_7_0) AppleWebKit/535.11 (KHTML, like Gecko) Chrome/17.0.963.56 Safari/535.11"
152.32.177.0 - - [10/Mar/2025:10:15:30 +0100] "GET / HTTP/1.1" 200 727 "-" "Mozilla/5.0 (Macintosh; Intel Mac OS X 10_7_0) AppleWebKit/535.11 (KHTML, like Gecko) Chrome/17.0.963.56 Safari/535.11"
152.32.177.0 - - [10/Mar/2025:10:15:30 +0100] "GET /cgi-bin/ HTTP/1.1" 200 350 "-" "Mozilla/5.0 (Macintosh; Intel Mac OS X 10_7_0) AppleWebKit/535.11 (KHTML, like Gecko) Chrome/17.0.963.56 Safari/535.11"
152.32.177.0 - - [10/Mar/2025:10:15:30 +0100] "GET /contao/ HTTP/1.1" 200 1077 "-" "Mozilla/5.0 (Macintosh; Intel Mac OS X 10_7_0) AppleWebKit/535.11 (KHTML, like Gecko) Chrome/17.0.963.56 Safari/535.11"
152.32.177.0 - - [10/Mar/2025:10:15:30 +0100] "GET /gebaeudetechnik.nrw/ HTTP/1.1" 301 250 "-" "Mozilla/5.0 (Macintosh; Intel Mac OS X 10_7_0) AppleWebKit/535.11 (KHTML, like Gecko) Chrome/17.0.963.56 Safari/535.11"
152.32.177.0 - - [10/Mar/2025:10:15:30 +0100] "GET /industrie/ HTTP/1.1" 403 2409 "-" "Mozilla/5.0 (Macintosh; Intel Mac OS X 10_7_0) AppleWebKit/535.11 (KHTML, like Gecko) Chrome/17.0.963.56 Safari/535.11"
152.32.177.0 - - [10/Mar/2025:10:15:30 +0100] "GET /logs/ HTTP/1.1" 200 712 "-" "Mozilla/5.0 (Macintosh; Intel Mac OS X 10_7_0) AppleWebKit/535.11 (KHTML, like Gecko) Chrome/17.0.963.56 Safari/535.11"
152.32.177.0 - - [10/Mar/2025:10:15:30 +0100] "GET /masom-industriemontage.com/ HTTP/1.1" 500 - "-" "Mozilla/5.0 (Macintosh; Intel Mac OS X 10_7_0) AppleWebKit/535.11 (KHTML, like Gecko) Chrome/17.0.963.56 Safari/535.11"
152.32.177.0 - - [10/Mar/2025:10:15:30 +0100] "GET /masom.de-typo3-11.5.16/ HTTP/1.1" 403 2409 "-" "Mozilla/5.0 (Macintosh; Intel Mac OS X 10_7_0) AppleWebKit/535.11 (KHTML, like Gecko) Chrome/17.0.963.56 Safari/535.11"
152.32.177.0 - - [10/Mar/2025:10:15:30 +0100] "GET /prestashop/ HTTP/1.1" 500 762 "-" "Mozilla/5.0 (Macintosh; Intel Mac OS X 10_7_0) AppleWebKit/535.11 (KHTML, like Gecko) Chrome/17.0.963.56 Safari/535.11"
152.32.177.0 - - [10/Mar/2025:10:15:31 +0100] "GET /prestsh/ HTTP/1.1" 500 - "-" "Mozilla/5.0 (Macintosh; Intel Mac OS X 10_7_0) AppleWebKit/535.11 (KHTML, like Gecko) Chrome/17.0.963.56 Safari/535.11"
152.32.177.0 - - [10/Mar/2025:10:15:31 +0100] "GET /reports/ HTTP/1.1" 200 1733 "-" "Mozilla/5.0 (Macintosh; Intel Mac OS X 10_7_0) AppleWebKit/535.11 (KHTML, like Gecko) Chrome/17.0.963.56 Safari/535.11"
152.32.177.0 - - [10/Mar/2025:10:15:31 +0100] "GET /verkauf/ HTTP/1.1" 500 - "-" "Mozilla/5.0 (Macintosh; Intel Mac OS X 10_7_0) AppleWebKit/535.11 (KHTML, like Gecko) Chrome/17.0.963.56 Safari/535.11"
152.32.177.0 - - [10/Mar/2025:10:15:31 +0100] "GET /warenhandel.gebaeudetechnik/ HTTP/1.1" 403 2409 "-" "Mozilla/5.0 (Macintosh; Intel Mac OS X 10_7_0) AppleWebKit/535.11 (KHTML, like Gecko) Chrome/17.0.963.56 Safari/535.11"
2a01:238:43f8:5f00:: - - [10/Mar/2025:10:15:31 +0100] "POST /wp-cron.php?doing_wp_cron=1741598131.4134531021118164062500 HTTP/1.1" 200 - "-" "WordPress/6.7.2; http://wptest.masom.de"
152.32.177.0 - - [10/Mar/2025:10:15:31 +0100] "GET /wptest/ HTTP/1.1" 404 9954 "-" "Mozilla/5.0 (Macintosh; Intel Mac OS X 10_7_0) AppleWebKit/535.11 (KHTML, like Gecko) Chrome/17.0.963.56 Safari/535.11"
152.32.177.0 - - [10/Mar/2025:10:15:31 +0100] "GET /app/ HTTP/1.1" 404 2539 "-" "Mozilla/5.0 (Macintosh; Intel Mac OS X 10_7_0) AppleWebKit/535.11 (KHTML, like Gecko) Chrome/17.0.963.56 Safari/535.11"
152.32.177.0 - - [10/Mar/2025:10:15:31 +0100] "GET /assets/ HTTP/1.1" 404 2545 "-" "Mozilla/5.0 (Macintosh; Intel Mac OS X 10_7_0) AppleWebKit/535.11 (KHTML, like Gecko) Chrome/17.0.963.56 Safari/535.11"
152.32.177.0 - - [10/Mar/2025:10:15:31 +0100] "GET /config/ HTTP/1.1" 404 2545 "-" "Mozilla/5.0 (Macintosh; Intel Mac OS X 10_7_0) AppleWebKit/535.11 (KHTML, like Gecko) Chrome/17.0.963.56 Safari/535.11"
152.32.177.0 - - [10/Mar/2025:10:15:31 +0100] "GET /contao/ HTTP/1.1" 200 1077 "-" "Mozilla/5.0 (Macintosh; Intel Mac OS X 10_7_0) AppleWebKit/535.11 (KHTML, like Gecko) Chrome/17.0.963.56 Safari/535.11"
152.32.177.0 - - [10/Mar/2025:10:15:31 +0100] "GET /files/ HTTP/1.1" 404 2543 "-" "Mozilla/5.0 (Macintosh; Intel Mac OS X 10_7_0) AppleWebKit/535.11 (KHTML, like Gecko) Chrome/17.0.963.56 Safari/535.11"
152.32.177.0 - - [10/Mar/2025:10:15:31 +0100] "GET /system/ HTTP/1.1" 404 2545 "-" "Mozilla/5.0 (Macintosh; Intel Mac OS X 10_7_0) AppleWebKit/535.11 (KHTML, like Gecko) Chrome/17.0.963.56 Safari/535.11"
152.32.177.0 - - [10/Mar/2025:10:15:32 +0100] "GET /templates/ HTTP/1.1" 404 2551 "-" "Mozilla/5.0 (Macintosh; Intel Mac OS X 10_7_0) AppleWebKit/535.11 (KHTML, like Gecko) Chrome/17.0.963.56 Safari/535.11"
152.32.177.0 - - [10/Mar/2025:10:15:32 +0100] "GET /var/ HTTP/1.1" 404 2539 "-" "Mozilla/5.0 (Macintosh; Intel Mac OS X 10_7_0) AppleWebKit/535.11 (KHTML, like Gecko) Chrome/17.0.963.56 Safari/535.11"
152.32.177.0 - - [10/Mar/2025:10:15:32 +0100] "GET /vendor/ HTTP/1.1" 404 2545 "-" "Mozilla/5.0 (Macintosh; Intel Mac OS X 10_7_0) AppleWebKit/535.11 (KHTML, like Gecko) Chrome/17.0.963.56 Safari/535.11"
152.32.177.0 - - [10/Mar/2025:10:15:32 +0100] "GET /web/ HTTP/1.1" 404 2539 "-" "Mozilla/5.0 (Macintosh; Intel Mac OS X 10_7_0) AppleWebKit/535.11 (KHTML, like Gecko) Chrome/17.0.963.56 Safari/535.11"
2a01:238:43f8:5f00:: - - [10/Mar/2025:10:15:39 +0100] "POST /wp-cron.php?doing_wp_cron=1741598139.0817101001739501953125 HTTP/1.1" 200 - "-" "hGmqP2iXrjoF"
193.148.48.0 - - [10/Mar/2025:10:15:39 +0100] "GET /definition-unterhaltsreinigung/ HTTP/2.0" 200 51596 "https://www.bing.com/" "Mozilla/5.0 (Linux; Android 12; JLN-LX1; HMSCore 6.15.0.302; GMSCore 24.49.61) AppleWebKit/537.36 (KHTML, like Gecko) Chrome/114.0.5735.196 HuaweiBrowser/15.0.4.312 Mobile Safari/537.36"
193.148.48.0 - - [10/Mar/2025:10:15:40 +0100] "GET /wp-content/uploads/wir-machen-das_bunt.svg HTTP/2.0" 200 12846 "https://www.gebaeudetechnik.nrw/definition-unterhaltsreinigung/" "Mozilla/5.0 (Linux; Android 12; JLN-LX1; HMSCore 6.15.0.302; GMSCore 24.49.61) AppleWebKit/537.36 (KHTML, like Gecko) Chrome/114.0.5735.196 HuaweiBrowser/15.0.4.312 Mobile Safari/537.36"
