54.36.149.0 - - [11/Mar/2025:01:18:04 +0100] "GET /contao/vendor/nelmio/cors-bundle/Tests/Options/?C=S;O=D HTTP/2.0" 200 464 "-" "Mozilla/5.0 (compatible; AhrefsBot/7.0; +http://ahrefs.com/robot/)"
185.125.230.0 - - [11/Mar/2025:01:18:33 +0100] "GET /reports/usage_202402.html HTTP/1.0" 200 91181 "https://betsafe-1.com/" "Mozilla/5.0 (Windows NT 6.2; Win64; x64) AppleWebKit/537.36 (KHTML, like Gecko) Chrome/103.0.0.0 Safari/537.36"
185.125.230.0 - - [11/Mar/2025:01:18:35 +0100] "GET /reports/usage_202402.html HTTP/1.0" 200 91181 "https://betsafe-1.com/" "Mozilla/5.0 (Windows NT 6.1; Win64; x64) AppleWebKit/537.36 (KHTML, like Gecko) Chrome/103.0.5060.114 Safari/537.36"
185.125.230.0 - - [11/Mar/2025:01:18:37 +0100] "GET /reports/usage_202402.html HTTP/1.0" 200 91181 "https://betsafe-1.com/" "Mozilla/5.0 (Windows NT 6.3) AppleWebKit/537.36 (KHTML, like Gecko) Chrome/103.0.0.0 Safari/537.36"
208.65.90.0 - - [11/Mar/2025:01:19:15 +0100] "GET /reports/usage_202403.html HTTP/1.0" 200 92683 "https://xn--kr12-rzb.com" "Mozilla/5.0 (Windows NT 10.0; Win64; x64) AppleWebKit/537.36 (KHTML, like Gecko) Chrome/130.0.0.0 Safari/537.36"
2a01:238:43f8:5f00:: - - [11/Mar/2025:01:23:26 +0100] "POST /wp-cron.php?doing_wp_cron=1741652606.2803440093994140625000 HTTP/1.1" 200 - "-" "brU9sUKFYW0f"
46.246.106.0 - - [11/Mar/2025:01:23:26 +0100] "GET /kontaktformular/ HTTP/1.0" 200 313938 "https://www.gebaeudetechnik.nrw/kontaktformular/" "Mozilla/5.0 (Windows NT 10.0; Win64; x64) AppleWebKit/537.36 (KHTML, like Gecko) Chrome/103.0.5042.0 Safari/537.36"
46.246.106.0 - - [11/Mar/2025:01:23:27 +0100] "POST /kontaktformular/ HTTP/1.0" 200 313938 "https://www.gebaeudetechnik.nrw/kontaktformular/" "Mozilla/5.0 (Windows NT 10.0; Win64; x64) AppleWebKit/537.36 (KHTML, like Gecko) Chrome/103.0.5042.0 Safari/537.36"
185.228.132.0 - - [11/Mar/2025:01:25:36 +0100] "GET /reports/usage_202402.html HTTP/1.0" 200 91181 "https://seattle-towncar.com/seattle-airport-black-car-service-flat-rates/" "Mozilla/5.0 (Windows NT 10.0; Win64; x64) AppleWebKit/537.36 (KHTML, like Gecko) Chrome/131.0.0.0 Safari/537.36"
72.49.49.0 - - [11/Mar/2025:01:25:40 +0100] "GET /reports/usage_202403.html HTTP/1.0" 200 92683 "https://xn--kran-xva5q.com" "Mozilla/5.0 (Windows NT 10.0; Win64; x64) AppleWebKit/537.36 (KHTML, like Gecko) Chrome/131.0.0.0 Safari/537.36"
208.102.51.0 - - [11/Mar/2025:01:26:04 +0100] "GET /reports/usage_202403.html HTTP/1.0" 200 92683 "https://xn--krken15-bn4c.com" "Mozilla/5.0 (Windows NT 10.0; Win64; x64) AppleWebKit/537.36 (KHTML, like Gecko) Chrome/129.0.0.0 Safari/537.36"
169.150.247.0 - - [11/Mar/2025:01:26:21 +0100] "GET /heh.php HTTP/1.1" 301 243 "www.google.com" "Mozlila/5.0 (Linux; Android 7.0; SM-G892A Bulid/NRD90M; wv) AppleWebKit/537.36 (KHTML, like Gecko) Version/4.0 Chrome/60.0.3112.107 Moblie Safari/537.36"
2a01:238:43f8:5f00:: - - [11/Mar/2025:01:26:27 +0100] "POST /wp-cron.php?doing_wp_cron=1741652787.0063068866729736328125 HTTP/1.1" 200 - "-" "Bx0yH5F6InvJ"
157.230.39.0 - - [11/Mar/2025:01:26:26 +0100] "GET /heh.php HTTP/1.1" 200 - "www.google.com" "Mozlila/5.0 (Linux; Android 7.0; SM-G892A Bulid/NRD90M; wv) AppleWebKit/537.36 (KHTML, like Gecko) Version/4.0 Chrome/60.0.3112.107 Moblie Safari/537.36"
208.102.51.0 - - [11/Mar/2025:01:26:28 +0100] "GET /reports/usage_202403.html HTTP/1.0" 200 92683 "https://xn--kr-lbb.com" "Mozilla/5.0 (Windows NT 10.0; Win64; x64) AppleWebKit/537.36 (KHTML, like Gecko) Chrome/131.0.0.0 Safari/537.36"
157.230.39.0 - - [11/Mar/2025:01:26:33 +0100] "GET /heh.php HTTP/1.1" 200 48509 "www.google.com" "Mozlila/5.0 (Linux; Android 7.0; SM-G892A Bulid/NRD90M; wv) AppleWebKit/537.36 (KHTML, like Gecko) Version/4.0 Chrome/60.0.3112.107 Moblie Safari/537.36"
169.150.247.0 - - [11/Mar/2025:01:26:38 +0100] "GET /NewFile.php HTTP/1.1" 301 247 "www.google.com" "Mozlila/5.0 (Linux; Android 7.0; SM-G892A Bulid/NRD90M; wv) AppleWebKit/537.36 (KHTML, like Gecko) Version/4.0 Chrome/60.0.3112.107 Moblie Safari/537.36"
157.230.39.0 - - [11/Mar/2025:01:26:48 +0100] "GET /NewFile.php HTTP/1.1" 200 - "www.google.com" "Mozlila/5.0 (Linux; Android 7.0; SM-G892A Bulid/NRD90M; wv) AppleWebKit/537.36 (KHTML, like Gecko) Version/4.0 Chrome/60.0.3112.107 Moblie Safari/537.36"
157.230.39.0 - - [11/Mar/2025:01:26:51 +0100] "GET /NewFile.php HTTP/1.1" 200 48509 "www.google.com" "Mozlila/5.0 (Linux; Android 7.0; SM-G892A Bulid/NRD90M; wv) AppleWebKit/537.36 (KHTML, like Gecko) Version/4.0 Chrome/60.0.3112.107 Moblie Safari/537.36"
169.150.247.0 - - [11/Mar/2025:01:26:56 +0100] "GET /wp-content/plugins/view-more/ioxi.php HTTP/1.1" 301 273 "www.google.com" "Mozlila/5.0 (Linux; Android 7.0; SM-G892A Bulid/NRD90M; wv) AppleWebKit/537.36 (KHTML, like Gecko) Version/4.0 Chrome/60.0.3112.107 Moblie Safari/537.36"
157.230.39.0 - - [11/Mar/2025:01:27:00 +0100] "GET /wp-content/plugins/view-more/ioxi.php HTTP/1.1" 200 - "www.google.com" "Mozlila/5.0 (Linux; Android 7.0; SM-G892A Bulid/NRD90M; wv) AppleWebKit/537.36 (KHTML, like Gecko) Version/4.0 Chrome/60.0.3112.107 Moblie Safari/537.36"
157.230.39.0 - - [11/Mar/2025:01:27:04 +0100] "GET /wp-content/plugins/view-more/ioxi.php HTTP/1.1" 200 48509 "www.google.com" "Mozlila/5.0 (Linux; Android 7.0; SM-G892A Bulid/NRD90M; wv) AppleWebKit/537.36 (KHTML, like Gecko) Version/4.0 Chrome/60.0.3112.107 Moblie Safari/537.36"
169.150.247.0 - - [11/Mar/2025:01:27:09 +0100] "GET /wp-content/plugins/erinyani/baxa1.php7 HTTP/1.1" 301 274 "www.google.com" "Mozlila/5.0 (Linux; Android 7.0; SM-G892A Bulid/NRD90M; wv) AppleWebKit/537.36 (KHTML, like Gecko) Version/4.0 Chrome/60.0.3112.107 Moblie Safari/537.36"
157.230.39.0 - - [11/Mar/2025:01:27:12 +0100] "GET /wp-content/plugins/erinyani/baxa1.php7 HTTP/1.1" 403 2582 "www.google.com" "Mozlila/5.0 (Linux; Android 7.0; SM-G892A Bulid/NRD90M; wv) AppleWebKit/537.36 (KHTML, like Gecko) Version/4.0 Chrome/60.0.3112.107 Moblie Safari/537.36"
169.150.247.0 - - [11/Mar/2025:01:27:16 +0100] "GET /baxa1.php7 HTTP/1.1" 301 246 "www.google.com" "Mozlila/5.0 (Linux; Android 7.0; SM-G892A Bulid/NRD90M; wv) AppleWebKit/537.36 (KHTML, like Gecko) Version/4.0 Chrome/60.0.3112.107 Moblie Safari/537.36"
157.230.39.0 - - [11/Mar/2025:01:27:21 +0100] "GET /baxa1.php7 HTTP/1.1" 403 2582 "www.google.com" "Mozlila/5.0 (Linux; Android 7.0; SM-G892A Bulid/NRD90M; wv) AppleWebKit/537.36 (KHTML, like Gecko) Version/4.0 Chrome/60.0.3112.107 Moblie Safari/537.36"
169.150.247.0 - - [11/Mar/2025:01:27:27 +0100] "GET /wp-content/plugins/erinyani/baxa1.php HTTP/1.1" 301 273 "www.google.com" "Mozlila/5.0 (Linux; Android 7.0; SM-G892A Bulid/NRD90M; wv) AppleWebKit/537.36 (KHTML, like Gecko) Version/4.0 Chrome/60.0.3112.107 Moblie Safari/537.36"
2a01:238:43f8:5f00:: - - [11/Mar/2025:01:27:30 +0100] "POST /wp-cron.php?doing_wp_cron=1741652849.9696478843688964843750 HTTP/1.1" 200 - "-" "aanNdrNllqcz"
157.230.39.0 - - [11/Mar/2025:01:27:29 +0100] "GET /wp-content/plugins/erinyani/baxa1.php HTTP/1.1" 200 - "www.google.com" "Mozlila/5.0 (Linux; Android 7.0; SM-G892A Bulid/NRD90M; wv) AppleWebKit/537.36 (KHTML, like Gecko) Version/4.0 Chrome/60.0.3112.107 Moblie Safari/537.36"
157.230.39.0 - - [11/Mar/2025:01:27:35 +0100] "GET /wp-content/plugins/erinyani/baxa1.php HTTP/1.1" 200 48509 "www.google.com" "Mozlila/5.0 (Linux; Android 7.0; SM-G892A Bulid/NRD90M; wv) AppleWebKit/537.36 (KHTML, like Gecko) Version/4.0 Chrome/60.0.3112.107 Moblie Safari/537.36"
2607:ff10:c8:594:: - - [11/Mar/2025:01:27:41 +0100] "GET / HTTP/1.1" 503 1828 "-" "Mozilla/5.0 (Windows NT 10.0; Win64; x64) AppleWebKit/537.36 (KHTML, like Gecko) Chrome/102.0.0.0 Safari/537.36"
169.150.247.0 - - [11/Mar/2025:01:27:43 +0100] "GET /baxa1.php HTTP/1.1" 301 245 "www.google.com" "Mozlila/5.0 (Linux; Android 7.0; SM-G892A Bulid/NRD90M; wv) AppleWebKit/537.36 (KHTML, like Gecko) Version/4.0 Chrome/60.0.3112.107 Moblie Safari/537.36"
157.230.39.0 - - [11/Mar/2025:01:27:45 +0100] "GET /baxa1.php HTTP/1.1" 200 - "www.google.com" "Mozlila/5.0 (Linux; Android 7.0; SM-G892A Bulid/NRD90M; wv) AppleWebKit/537.36 (KHTML, like Gecko) Version/4.0 Chrome/60.0.3112.107 Moblie Safari/537.36"
157.230.39.0 - - [11/Mar/2025:01:27:50 +0100] "GET /baxa1.php HTTP/1.1" 200 48509 "www.google.com" "Mozlila/5.0 (Linux; Android 7.0; SM-G892A Bulid/NRD90M; wv) AppleWebKit/537.36 (KHTML, like Gecko) Version/4.0 Chrome/60.0.3112.107 Moblie Safari/537.36"
169.150.247.0 - - [11/Mar/2025:01:27:55 +0100] "GET /wp-content/plugins/seoxx/randkeyword.php HTTP/1.1" 301 276 "www.google.com" "Mozlila/5.0 (Linux; Android 7.0; SM-G892A Bulid/NRD90M; wv) AppleWebKit/537.36 (KHTML, like Gecko) Version/4.0 Chrome/60.0.3112.107 Moblie Safari/537.36"
157.230.39.0 - - [11/Mar/2025:01:28:01 +0100] "GET /wp-content/plugins/seoxx/randkeyword.php HTTP/1.1" 200 - "www.google.com" "Mozlila/5.0 (Linux; Android 7.0; SM-G892A Bulid/NRD90M; wv) AppleWebKit/537.36 (KHTML, like Gecko) Version/4.0 Chrome/60.0.3112.107 Moblie Safari/537.36"
157.230.39.0 - - [11/Mar/2025:01:28:05 +0100] "GET /wp-content/plugins/seoxx/randkeyword.php HTTP/1.1" 200 48509 "www.google.com" "Mozlila/5.0 (Linux; Android 7.0; SM-G892A Bulid/NRD90M; wv) AppleWebKit/537.36 (KHTML, like Gecko) Version/4.0 Chrome/60.0.3112.107 Moblie Safari/537.36"
185.125.230.0 - - [11/Mar/2025:01:29:42 +0100] "GET /reports/usage_202402.html HTTP/1.0" 200 91181 "https://betsafe-1.com/" "Mozilla/5.0 (Windows NT 6.3; Win64; x64) AppleWebKit/537.36 (KHTML, like Gecko) Chrome/103.0.5060.53 Safari/537.36"
185.125.230.0 - - [11/Mar/2025:01:29:44 +0100] "GET /reports/usage_202402.html HTTP/1.0" 200 91181 "https://betsafe-1.com/" "Mozilla/5.0 (Windows NT 6.1; Win64; x64) AppleWebKit/537.36 (KHTML, like Gecko) Chrome/103.0.0.0 Safari/537.36"
185.125.230.0 - - [11/Mar/2025:01:29:47 +0100] "GET /reports/usage_202402.html HTTP/1.0" 200 91181 "https://betsafe-1.com/" "Mozilla/5.0 (Windows NT 10.0; Win64; x64) AppleWebKit/537.36 (KHTML, like Gecko) Chrome/103.0.5060.66 Safari/537.36"
2607:ff10:c8:594:: - - [11/Mar/2025:01:31:23 +0100] "GET /favicon.ico HTTP/2.0" 200 4469 "-" "Mozilla/5.0 (Windows NT 10.0; Win64; x64) AppleWebKit/537.36 (KHTML, like Gecko) Chrome/102.0.0.0 Safari/537.36"
184.178.172.0 - - [11/Mar/2025:01:33:51 +0100] "GET /reports/usage_202403.html HTTP/1.0" 200 92683 "https://xn--kran-xva5q.com" "Mozilla/5.0 (Windows NT 10.0; Win64; x64) AppleWebKit/537.36 (KHTML, like Gecko) Chrome/129.0.0.0 Safari/537.36"
208.65.90.0 - - [11/Mar/2025:01:33:55 +0100] "GET /reports/usage_202403.html HTTP/1.0" 200 92683 "https://xn--kr13-6na.com" "Mozilla/5.0 (Windows NT 10.0; Win64; x64) AppleWebKit/537.36 (KHTML, like Gecko) Chrome/129.0.0.0 Safari/537.36"
51.12.217.0 - - [11/Mar/2025:01:34:37 +0100] "GET / HTTP/1.1" 200 704 "-" "Python/3.11 aiohttp/3.8.4"
54.36.149.0 - - [11/Mar/2025:01:40:14 +0100] "GET /contao/vendor/symfony/dependency-injection/ HTTP/2.0" 200 1312 "-" "Mozilla/5.0 (compatible; AhrefsBot/7.0; +http://ahrefs.com/robot/)"
185.125.230.0 - - [11/Mar/2025:01:40:52 +0100] "GET /reports/usage_202402.html HTTP/1.0" 200 91181 "https://betsafe-1.com/" "Mozilla/5.0 (Windows NT 10.0; Win64; x64) AppleWebKit/537.36 (KHTML, like Gecko) Chrome/103.0.0.0 Safari/537.36 Herring/95.1.8810.11"
185.125.230.0 - - [11/Mar/2025:01:40:54 +0100] "GET /reports/usage_202402.html HTTP/1.0" 200 91181 "https://betsafe-1.com/" "Mozilla/5.0 (Windows NT 6.1; WOW64) AppleWebKit/537.36 (KHTML, like Gecko) Chrome/103.0.0.0 Safari/537.36"
185.125.230.0 - - [11/Mar/2025:01:40:57 +0100] "GET /reports/usage_202402.html HTTP/1.0" 200 91181 "https://betsafe-1.com/" "Mozilla/5.0 (Windows NT 6.1; Win64; x64) AppleWebKit/537.36 (KHTML, like Gecko) Chrome/103.0.0.0 Safari/537.36"
208.65.90.0 - - [11/Mar/2025:01:41:37 +0100] "GET /reports/usage_202403.html HTTP/1.0" 200 92683 "https://xn--kran-xva5q.com" "Mozilla/5.0 (Windows NT 10.0; Win64; x64) AppleWebKit/537.36 (KHTML, like Gecko) Chrome/130.0.0.0 Safari/537.36"
208.102.51.0 - - [11/Mar/2025:01:41:50 +0100] "GET /reports/usage_202403.html HTTP/1.0" 200 92683 "https://xn--kr-ela.com" "Mozilla/5.0 (Windows NT 10.0; Win64; x64) AppleWebKit/537.36 (KHTML, like Gecko) Chrome/130.0.0.0 Safari/537.36 CCleaner/130.0.0.0"
72.195.34.0 - - [11/Mar/2025:01:42:15 +0100] "GET /reports/usage_202403.html HTTP/1.0" 200 92683 "https://xn--krken7-xoc.com" "Mozilla/5.0 (Windows NT 10.0; Win64; x64) AppleWebKit/537.36 (KHTML, like Gecko) Chrome/129.0.0.0 Safari/537.36"
185.228.132.0 - - [11/Mar/2025:01:45:38 +0100] "GET /reports/usage_202402.html HTTP/1.0" 200 91181 "https://seattle-towncar.com/stanwood-town-car-service/" "Mozilla/5.0 (Windows NT 10.0; Win64; x64) AppleWebKit/537.36 (KHTML, like Gecko) Chrome/130.0.0.0 Safari/537.36 CCleaner/130.0.0.0"
2a01:238:43f8:5f00:: - - [11/Mar/2025:01:47:45 +0100] "POST /wp-cron.php?doing_wp_cron=1741654065.3591380119323730468750 HTTP/1.1" 200 - "-" "38ELHHvjar8O"
223.109.252.0 - - [11/Mar/2025:01:47:45 +0100] "GET / HTTP/1.1" 200 55580 "-" "Sogou web spider/4.0(+http://www.sogou.com/docs/help/webmasters.htm#07)"
208.102.51.0 - - [11/Mar/2025:01:49:39 +0100] "GET /reports/usage_202403.html HTTP/1.0" 200 92683 "https://xn--kran-xva5q.com" "Mozilla/5.0 (Windows NT 10.0; Win64; x64) AppleWebKit/537.36 (KHTML, like Gecko) Chrome/130.0.0.0 Safari/537.36"
45.82.255.0 - - [11/Mar/2025:01:49:41 +0100] "GET / HTTP/1.1" 200 55584 "-" "Mozilla/5.0 (Windows NT 10.0; Win64; x64) AppleWebKit/537.36 (KHTML, like Gecko) Chrome/98.0.4758.102 Safari/537.36"
208.102.51.0 - - [11/Mar/2025:01:50:12 +0100] "GET /reports/usage_202403.html HTTP/1.0" 200 92683 "https://xn--krken15-bn4c.com" "Mozilla/5.0 (Windows NT 10.0; Win64; x64) AppleWebKit/537.36 (KHTML, like Gecko) Chrome/130.0.0.0 Safari/537.36"
185.125.230.0 - - [11/Mar/2025:01:52:05 +0100] "GET /reports/usage_202402.html HTTP/1.0" 200 91181 "https://betsafe-1.com/" "Mozilla/5.0 (Windows NT 10.0; Win64; x64) AppleWebKit/537.36 (KHTML, like Gecko) Chrome/103.0.5042.0 Safari/537.36"
185.125.230.0 - - [11/Mar/2025:01:52:09 +0100] "GET /reports/usage_202402.html HTTP/1.0" 200 91181 "https://betsafe-1.com/" "Mozilla/5.0 (Windows NT 10.0; WOW64) AppleWebKit/537.36 (KHTML, like Gecko) Chrome/103.0.5060.114 Safari/537.36"
185.125.230.0 - - [11/Mar/2025:01:52:11 +0100] "GET /reports/usage_202402.html HTTP/1.0" 200 91181 "https://betsafe-1.com/" "Mozilla/5.0 (Windows NT 6.1; WOW64) AppleWebKit/537.36 (KHTML, like Gecko) Chrome/103.0.0.0 Safari/537.36"
92.255.57.0 - - [11/Mar/2025:01:53:00 +0100] "GET /actuator/gateway/routes HTTP/1.1" 404 2577 "-" "Mozilla/5.0 (Windows NT 10.0; Win64; x64) AppleWebKit/537.36 (KHTML, like Gecko) Chrome/78.0.3904.108 Safari/537.36"
45.148.10.0 - - [11/Mar/2025:01:56:06 +0100] "GET / HTTP/1.1" 400 226 "-" "-"
45.148.10.0 - - [11/Mar/2025:01:56:06 +0100] "GET / HTTP/1.1" 200 3510 "-" "l9tcpid/v1.1.0"
45.148.10.0 - - [11/Mar/2025:01:56:06 +0100] "GET /user_area/.git/config HTTP/1.1" 404 2577 "-" "l9explore/1.2.2"
45.148.10.0 - - [11/Mar/2025:01:56:06 +0100] "GET /v1/.git/config HTTP/1.1" 404 2563 "-" "l9explore/1.2.2"
45.148.10.0 - - [11/Mar/2025:01:56:06 +0100] "GET /static../.git/config HTTP/1.1" 404 2575 "-" "l9explore/1.2.2"
45.148.10.0 - - [11/Mar/2025:01:56:06 +0100] "GET /dashboard/.git/config HTTP/1.1" 404 2577 "-" "l9explore/1.2.2"
45.148.10.0 - - [11/Mar/2025:01:56:07 +0100] "GET /v2/.git/config HTTP/1.1" 404 2563 "-" "l9explore/1.2.2"
45.148.10.0 - - [11/Mar/2025:01:56:07 +0100] "GET /test_configs/.git/config HTTP/1.1" 404 2583 "-" "l9explore/1.2.2"
45.148.10.0 - - [11/Mar/2025:01:56:07 +0100] "GET /app/dev/.git/config HTTP/1.1" 404 2573 "-" "l9explore/1.2.2"
185.228.132.0 - - [11/Mar/2025:01:56:40 +0100] "GET /reports/usage_202402.html HTTP/1.0" 200 91181 "https://seattle-towncar.com/seatac-airport-transportation/" "Mozilla/5.0 (Windows NT 10.0; Win64; x64) AppleWebKit/537.36 (KHTML, like Gecko) Chrome/131.0.0.0 Safari/537.36"
72.49.49.0 - - [11/Mar/2025:01:57:38 +0100] "GET /reports/usage_202403.html HTTP/1.0" 200 92683 "https://xn--kr11-rzb.com" "Mozilla/5.0 (Windows NT 10.0; Win64; x64) AppleWebKit/537.36 (KHTML, like Gecko) Chrome/129.0.0.0 Safari/537.36"
208.102.51.0 - - [11/Mar/2025:01:58:24 +0100] "GET /reports/usage_202403.html HTTP/1.0" 200 92683 "https://xn--krken9-xc8b.com" "Mozilla/5.0 (Windows NT 10.0; Win64; x64) AppleWebKit/537.36 (KHTML, like Gecko) Chrome/131.0.0.0 Safari/537.36"
72.49.49.0 - - [11/Mar/2025:01:58:44 +0100] "GET /reports/usage_202403.html HTTP/1.0" 200 92683 "https://xn--krken12-bn4c.com" "Mozilla/5.0 (Windows NT 10.0; Win64; x64) AppleWebKit/537.36 (KHTML, like Gecko) Chrome/131.0.0.0 Safari/537.36"
54.36.148.0 - - [11/Mar/2025:02:00:24 +0100] "GET /contao/vendor/webimpress/safe-writer/ HTTP/2.0" 200 965 "-" "Mozilla/5.0 (compatible; AhrefsBot/7.0; +http://ahrefs.com/robot/)"
89.246.241.0 - - [11/Mar/2025:02:01:52 +0100] "GET / HTTP/1.1" 301 240 "-" "Mozilla/5.0 (Windows NT 10.0; Win64; x64; rv:133.0) Gecko/20100101 Firefox/133.0"
185.125.230.0 - - [11/Mar/2025:02:03:11 +0100] "GET /reports/usage_202402.html HTTP/1.0" 200 91181 "https://betsafe-1.com/" "Mozilla/5.0 (Windows NT 6.3; Win64; x64) AppleWebKit/537.36 (KHTML, like Gecko) Chrome/103.0.5060.114 Safari/537.36"
185.125.230.0 - - [11/Mar/2025:02:03:14 +0100] "GET /reports/usage_202402.html HTTP/1.0" 200 91181 "https://betsafe-1.com/" "Mozilla/5.0 (Windows NT 6.1; WOW64) AppleWebKit/537.36 (KHTML, like Gecko) Chrome/103.0.0.0 Safari/537.36"
185.125.230.0 - - [11/Mar/2025:02:03:16 +0100] "GET /reports/usage_202402.html HTTP/1.0" 200 91181 "https://betsafe-1.com/" "Mozilla/5.0 (Windows NT 6.3; Win64; x64) AppleWebKit/537.36 (KHTML, like Gecko) Chrome/103.0.5060.114 Safari/537.36"
4.246.227.0 - - [11/Mar/2025:02:04:51 +0100] "GET /hudson HTTP/1.1" 404 2543 "-" "Mozilla/5.0 zgrab/0.x"
222.135.221.0 - - [11/Mar/2025:02:05:48 +0100] "GET /boaform/admin/formLogin?username=user&psd=user HTTP/1.0" 404 - "-" "-"
72.195.34.0 - - [11/Mar/2025:02:06:15 +0100] "GET /reports/usage_202403.html HTTP/1.0" 200 92683 "https://xn--krken10-bn4c.com" "Mozilla/5.0 (Windows NT 10.0; Win64; x64) AppleWebKit/537.36 (KHTML, like Gecko) Chrome/131.0.0.0 Safari/537.36 Avast/131.0.0.0"
208.102.51.0 - - [11/Mar/2025:02:06:28 +0100] "GET /reports/usage_202403.html HTTP/1.0" 200 92683 "https://xn--kr2-onb.com" "Mozilla/5.0 (Windows NT 10.0; Win64; x64) AppleWebKit/537.36 (KHTML, like Gecko) Chrome/129.0.0.0 Safari/537.36"
72.49.49.0 - - [11/Mar/2025:02:07:01 +0100] "GET /reports/usage_202403.html HTTP/1.0" 200 92683 "https://xn--ra-ypa.com" "Mozilla/5.0 (Windows NT 10.0; Win64; x64) AppleWebKit/537.36 (KHTML, like Gecko) Chrome/130.0.0.0 Safari/537.36"
66.249.66.0 - - [11/Mar/2025:02:09:32 +0100] "GET /contao/vendor/contao/core-bundle/src/Resources/contao/languages/sl/tl_page.xlf HTTP/1.1" 200 5283 "-" "Mozilla/5.0 (Linux; Android 6.0.1; Nexus 5X Build/MMB29P) AppleWebKit/537.36 (KHTML, like Gecko) Chrome/133.0.6943.53 Mobile Safari/537.36 (compatible; Googlebot/2.1; +http://www.google.com/bot.html)"
184.178.172.0 - - [11/Mar/2025:02:14:00 +0100] "GET /reports/usage_202403.html HTTP/1.0" 200 92683 "https://xn--krken9-xc8b.com" "Mozilla/5.0 (Windows NT 10.0; Win64; x64) AppleWebKit/537.36 (KHTML, like Gecko) Chrome/130.0.0.0 Safari/537.36 CCleaner/130.0.0.0"
185.125.230.0 - - [11/Mar/2025:02:14:18 +0100] "GET /reports/usage_202402.html HTTP/1.0" 200 91181 "https://betsafe-1.com/" "Mozilla/5.0 (Windows NT 10.0; WOW64) AppleWebKit/537.36 (KHTML, like Gecko) Chrome/103.0.5060.114 Safari/537.36"
185.125.230.0 - - [11/Mar/2025:02:14:21 +0100] "GET /reports/usage_202402.html HTTP/1.0" 200 91181 "https://betsafe-1.com/" "Mozilla/5.0 (Windows NT 10.0; Win64; x64) AppleWebKit/537.36 (KHTML, like Gecko) Chrome/103.0.5060.134 Safari/537.36"
185.125.230.0 - - [11/Mar/2025:02:14:24 +0100] "GET /reports/usage_202402.html HTTP/1.0" 200 91181 "https://betsafe-1.com/" "Mozilla/5.0 (Windows NT 6.3; Win64; x64) AppleWebKit/537.36 (KHTML, like Gecko) Chrome/103.0.0.0 Safari/537.36"
72.49.49.0 - - [11/Mar/2025:02:14:37 +0100] "GET /reports/usage_202403.html HTTP/1.0" 200 92683 "https://xn--kran-xva5q.com" "Mozilla/5.0 (Windows NT 10.0; Win64; x64) AppleWebKit/537.36 (KHTML, like Gecko) Chrome/130.0.0.0 Safari/537.36 CCleaner/130.0.0.0"
208.65.90.0 - - [11/Mar/2025:02:15:02 +0100] "GET /reports/usage_202403.html HTTP/1.0" 200 92683 "https://xn--krken10-bn4c.com" "Mozilla/5.0 (Windows NT 10.0; Win64; x64) AppleWebKit/537.36 (KHTML, like Gecko) Chrome/130.0.0.0 Safari/537.36"
185.176.220.0 - - [11/Mar/2025:02:15:43 +0100] "GET / HTTP/1.1" 301 229 "http://ai-capital.com" "Mozilla/5.0 (Windows NT 10.0; Win64; x64) AppleWebKit/537.36 (KHTML, like Gecko) Chrome/100.0.4896.127 Safari/537.36"
185.176.220.0 - - [11/Mar/2025:02:15:43 +0100] "GET / HTTP/1.1" 200 55581 "http://ai-capital.com" "Mozilla/5.0 (Windows NT 10.0; Win64; x64) AppleWebKit/537.36 (KHTML, like Gecko) Chrome/100.0.4896.127 Safari/537.36"
2a01:238:43f8:5f00:: - - [11/Mar/2025:02:15:44 +0100] "POST /wp-cron.php?doing_wp_cron=1741655744.0040030479431152343750 HTTP/1.1" 200 - "-" "mLZO9BRUgCxD"
2a01:238:43f8:5f00:: - - [11/Mar/2025:02:16:16 +0100] "POST /wp-cron.php?doing_wp_cron=1741655775.9884328842163085937500 HTTP/1.1" 200 - "-" "6aC0nYnjOs7R"
112.86.225.0 - - [11/Mar/2025:02:16:15 +0100] "GET / HTTP/1.1" 200 55577 "-" "Sogou web spider/4.0(+http://www.sogou.com/docs/help/webmasters.htm#07)"
5.181.3.0 - - [11/Mar/2025:02:18:12 +0100] "GET /reports/usage_202402.html HTTP/1.0" 200 91181 "https://seattlexlimo.com/elementor-1733/" "Mozilla/5.0 (Windows NT 10.0; Win64; x64) AppleWebKit/537.36 (KHTML, like Gecko) Chrome/131.0.0.0 Safari/537.36 Avast/131.0.0.0"
2600:1900:0:4303:: - - [11/Mar/2025:02:18:51 +0100] "GET / HTTP/2.0" 404 - "-" "Go-http-client/2.0"
54.36.148.0 - - [11/Mar/2025:02:22:04 +0100] "GET /contao/vendor/nelmio/cors-bundle/Tests/Fixtures/?C=S;O=D HTTP/2.0" 200 440 "-" "Mozilla/5.0 (compatible; AhrefsBot/7.0; +http://ahrefs.com/robot/)"
208.65.90.0 - - [11/Mar/2025:02:22:26 +0100] "GET /reports/usage_202403.html HTTP/1.0" 200 92683 "https://xn--kran-xva5q.com" "Mozilla/5.0 (Windows NT 10.0; Win64; x64) AppleWebKit/537.36 (KHTML, like Gecko) Chrome/129.0.0.0 Safari/537.36"
66.249.66.0 - - [11/Mar/2025:02:22:34 +0100] "GET /contao/vendor/contao/core-bundle/src/Resources/contao/languages/zh/tl_image_size_item.xlf HTTP/1.1" 200 933 "-" "Mozilla/5.0 (Linux; Android 6.0.1; Nexus 5X Build/MMB29P) AppleWebKit/537.36 (KHTML, like Gecko) Chrome/133.0.6943.53 Mobile Safari/537.36 (compatible; Googlebot/2.1; +http://www.google.com/bot.html)"
207.90.244.0 - - [11/Mar/2025:02:22:41 +0100] "GET / HTTP/1.1" 200 3510 "-" "Mozilla/5.0 (Windows NT 6.1) AppleWebKit/537.36 (KHTML, like Gecko) Chrome/41.0.2228.0 Safari/537.36"
207.90.244.0 - - [11/Mar/2025:02:22:42 +0100] "GET /robots.txt HTTP/1.1" 404 2551 "-" "-"
207.90.244.0 - - [11/Mar/2025:02:22:42 +0100] "GET /sitemap.xml HTTP/1.1" 404 2553 "-" "-"
207.90.244.0 - - [11/Mar/2025:02:22:42 +0100] "GET /.well-known/security.txt HTTP/1.1" 404 2579 "-" "-"
207.90.244.0 - - [11/Mar/2025:02:22:43 +0100] "GET /favicon.ico HTTP/1.1" 404 2553 "-" "Mozilla/5.0 (Windows NT 10.0; Win64; x64) AppleWebKit/537.36 (KHTML, like Gecko) Chrome/102.0.5005.63 Safari/537.36"
207.90.244.0 - - [11/Mar/2025:02:22:44 +0100] "GET / HTTP/1.1" 200 730 "-" "Mozilla/5.0 (Windows NT 10.0; Win64; x64) AppleWebKit/537.36 (KHTML, like Gecko) Chrome/102.0.5005.63 Safari/537.36"
207.90.244.0 - - [11/Mar/2025:02:22:44 +0100] "HEAD /cgi-bin/ HTTP/1.1" 200 - "-" "Mozilla/5.0 (Windows NT 10.0; Win64; x64) AppleWebKit/537.36 (KHTML, like Gecko) Chrome/102.0.5005.63 Safari/537.36"
207.90.244.0 - - [11/Mar/2025:02:22:44 +0100] "HEAD /composer.phar HTTP/1.1" 200 - "-" "Mozilla/5.0 (Windows NT 10.0; Win64; x64) AppleWebKit/537.36 (KHTML, like Gecko) Chrome/102.0.5005.63 Safari/537.36"
207.90.244.0 - - [11/Mar/2025:02:22:44 +0100] "HEAD /contao/ HTTP/1.1" 200 - "-" "Mozilla/5.0 (Windows NT 10.0; Win64; x64) AppleWebKit/537.36 (KHTML, like Gecko) Chrome/102.0.5005.63 Safari/537.36"
207.90.244.0 - - [11/Mar/2025:02:22:45 +0100] "HEAD /gebaeudetechnik.nrw/ HTTP/1.1" 301 - "-" "Mozilla/5.0 (Windows NT 10.0; Win64; x64) AppleWebKit/537.36 (KHTML, like Gecko) Chrome/102.0.5005.63 Safari/537.36"
207.90.244.0 - - [11/Mar/2025:02:22:46 +0100] "HEAD /industrie/ HTTP/1.1" 403 - "-" "Mozilla/5.0 (Windows NT 10.0; Win64; x64) AppleWebKit/537.36 (KHTML, like Gecko) Chrome/102.0.5005.63 Safari/537.36"
207.90.244.0 - - [11/Mar/2025:02:22:46 +0100] "HEAD /logs/ HTTP/1.1" 200 - "-" "Mozilla/5.0 (Windows NT 10.0; Win64; x64) AppleWebKit/537.36 (KHTML, like Gecko) Chrome/102.0.5005.63 Safari/537.36"
207.90.244.0 - - [11/Mar/2025:02:22:46 +0100] "HEAD /masom-industriemontage.com/ HTTP/1.1" 500 - "-" "Mozilla/5.0 (Windows NT 10.0; Win64; x64) AppleWebKit/537.36 (KHTML, like Gecko) Chrome/102.0.5005.63 Safari/537.36"
207.90.244.0 - - [11/Mar/2025:02:22:47 +0100] "HEAD /masom.de-typo3-11.5.16/ HTTP/1.1" 403 - "-" "Mozilla/5.0 (Windows NT 10.0; Win64; x64) AppleWebKit/537.36 (KHTML, like Gecko) Chrome/102.0.5005.63 Safari/537.36"
207.90.244.0 - - [11/Mar/2025:02:22:47 +0100] "HEAD /prestashop/ HTTP/1.1" 500 - "-" "Mozilla/5.0 (Windows NT 10.0; Win64; x64) AppleWebKit/537.36 (KHTML, like Gecko) Chrome/102.0.5005.63 Safari/537.36"
207.90.244.0 - - [11/Mar/2025:02:22:47 +0100] "HEAD /prestsh/ HTTP/1.1" 500 - "-" "Mozilla/5.0 (Windows NT 10.0; Win64; x64) AppleWebKit/537.36 (KHTML, like Gecko) Chrome/102.0.5005.63 Safari/537.36"
207.90.244.0 - - [11/Mar/2025:02:22:48 +0100] "HEAD /reports/ HTTP/1.1" 200 - "-" "Mozilla/5.0 (Windows NT 10.0; Win64; x64) AppleWebKit/537.36 (KHTML, like Gecko) Chrome/102.0.5005.63 Safari/537.36"
207.90.244.0 - - [11/Mar/2025:02:22:48 +0100] "HEAD /verkauf/ HTTP/1.1" 500 - "-" "Mozilla/5.0 (Windows NT 10.0; Win64; x64) AppleWebKit/537.36 (KHTML, like Gecko) Chrome/102.0.5005.63 Safari/537.36"
207.90.244.0 - - [11/Mar/2025:02:22:49 +0100] "HEAD /warenhandel.gebaeudetechnik/ HTTP/1.1" 403 - "-" "Mozilla/5.0 (Windows NT 10.0; Win64; x64) AppleWebKit/537.36 (KHTML, like Gecko) Chrome/102.0.5005.63 Safari/537.36"
207.90.244.0 - - [11/Mar/2025:02:22:49 +0100] "HEAD /wptest/ HTTP/1.1" 404 - "-" "Mozilla/5.0 (Windows NT 10.0; Win64; x64) AppleWebKit/537.36 (KHTML, like Gecko) Chrome/102.0.5005.63 Safari/537.36"
2a01:238:43f8:5f00:: - - [11/Mar/2025:02:22:50 +0100] "POST /wp-cron.php?doing_wp_cron=1741656170.0548870563507080078125 HTTP/1.1" 200 - "-" "WordPress/6.7.2; http://wptest.masom.de"
72.49.49.0 - - [11/Mar/2025:02:22:57 +0100] "GET /reports/usage_202403.html HTTP/1.0" 200 92683 "https://xn--krken9-xc8b.com" "Mozilla/5.0 (Windows NT 10.0; Win64; x64) AppleWebKit/537.36 (KHTML, like Gecko) Chrome/130.0.0.0 Safari/537.36 CCleaner/130.0.0.0"
72.49.49.0 - - [11/Mar/2025:02:23:26 +0100] "GET /reports/usage_202403.html HTTP/1.0" 200 92683 "https://xn--ra-ypa.com" "Mozilla/5.0 (Windows NT 10.0; Win64; x64) AppleWebKit/537.36 (KHTML, like Gecko) Chrome/131.0.0.0 Safari/537.36 Avast/131.0.0.0"
172.234.96.0 - - [11/Mar/2025:02:24:55 +0100] "GET / HTTP/1.1" 200 730 "-" "Mozilla/5.0 (compatible; MSIE 8.0; Windows NT 10.0; .NET4.0C; .NET4.0E)"
185.125.230.0 - - [11/Mar/2025:02:25:42 +0100] "GET /reports/usage_202402.html HTTP/1.0" 200 91181 "https://betsafe-1.com/" "Mozilla/5.0 (Windows NT 6.3; Win64; x64) AppleWebKit/537.36 (KHTML, like Gecko) Chrome/103.0.5060.53 Safari/537.36"
185.125.230.0 - - [11/Mar/2025:02:25:45 +0100] "GET /reports/usage_202402.html HTTP/1.0" 200 91181 "https://betsafe-1.com/" "Mozilla/5.0 (Windows NT 6.1; Win64; x64) AppleWebKit/537.36 (KHTML, like Gecko) Chrome/103.0.0.0 Safari/537.36"
185.125.230.0 - - [11/Mar/2025:02:25:47 +0100] "GET /reports/usage_202402.html HTTP/1.0" 200 91181 "https://betsafe-1.com/" "Mozilla/5.0 (Windows NT 10.0; Win64; x64) AppleWebKit/537.36 (KHTML, like Gecko) Chrome/103.0.0.0 Safari/537.36 Herring/95.1.8810.11"
208.65.90.0 - - [11/Mar/2025:02:29:40 +0100] "GET /reports/usage_202403.html HTTP/1.0" 200 92683 "https://xn--kr2-onb.com" "Mozilla/5.0 (Windows NT 10.0; Win64; x64) AppleWebKit/537.36 (KHTML, like Gecko) Chrome/130.0.0.0 Safari/537.36 CCleaner/130.0.0.0"
208.65.90.0 - - [11/Mar/2025:02:29:45 +0100] "GET /reports/usage_202403.html HTTP/1.0" 200 92683 "https://xn--krken14-bn4c.com" "Mozilla/5.0 (Windows NT 10.0; Win64; x64) AppleWebKit/537.36 (KHTML, like Gecko) Chrome/129.0.0.0 Safari/537.36"
208.65.90.0 - - [11/Mar/2025:02:29:51 +0100] "GET /reports/usage_202403.html HTTP/1.0" 200 92683 "https://xn--krakn-m0a.cc" "Mozilla/5.0 (Windows NT 10.0; Win64; x64) AppleWebKit/537.36 (KHTML, like Gecko) Chrome/129.0.0.0 Safari/537.36"
43.157.170.0 - - [11/Mar/2025:02:30:44 +0100] "GET / HTTP/1.1" 301 236 "-" "Mozilla/5.0 (iPhone; CPU iPhone OS 13_2_3 like Mac OS X) AppleWebKit/605.1.15 (KHTML, like Gecko) Version/13.0.3 Mobile/15E148 Safari/604.1"
2a01:238:43f8:5f00:: - - [11/Mar/2025:02:30:46 +0100] "POST /wp-cron.php?doing_wp_cron=1741656646.6124279499053955078125 HTTP/1.1" 200 - "-" "iUuVaRGjL29d"
43.157.170.0 - - [11/Mar/2025:02:30:46 +0100] "GET / HTTP/1.1" 301 - "http://gebaeudetechnik.nrw" "Mozilla/5.0 (iPhone; CPU iPhone OS 13_2_3 like Mac OS X) AppleWebKit/605.1.15 (KHTML, like Gecko) Version/13.0.3 Mobile/15E148 Safari/604.1"
43.157.170.0 - - [11/Mar/2025:02:30:48 +0100] "GET / HTTP/1.1" 200 55562 "https://gebaeudetechnik.nrw/" "Mozilla/5.0 (iPhone; CPU iPhone OS 13_2_3 like Mac OS X) AppleWebKit/605.1.15 (KHTML, like Gecko) Version/13.0.3 Mobile/15E148 Safari/604.1"
213.199.36.0 - - [11/Mar/2025:02:35:32 +0100] "GET / HTTP/1.1" 301 233 "-" "Mozilla/5.0 (Windows NT 10.0; Win64; x64; rv:84.0) Gecko/20100101 Firefox/84.0"
2a01:238:43f8:5f00:: - - [11/Mar/2025:02:35:37 +0100] "POST /wp-cron.php?doing_wp_cron=1741656937.2486109733581542968750 HTTP/1.1" 200 - "-" "OIkVV8exNr0Y"
213.199.36.0 - - [11/Mar/2025:02:35:37 +0100] "GET / HTTP/1.1" 200 55579 "-" "Mozilla/5.0 (Windows NT 10.0; Win64; x64; rv:84.0) Gecko/20100101 Firefox/84.0"
185.125.230.0 - - [11/Mar/2025:02:36:53 +0100] "GET /reports/usage_202402.html HTTP/1.0" 200 91181 "https://betsafe-1.com/" "Mozilla/5.0 (Windows NT 6.2; Win64; x64) AppleWebKit/537.36 (KHTML, like Gecko) Chrome/103.0.0.0 Safari/537.36"
185.125.230.0 - - [11/Mar/2025:02:36:55 +0100] "GET /reports/usage_202402.html HTTP/1.0" 200 91181 "https://betsafe-1.com/" "Mozilla/5.0 (Windows NT 6.3; Win64; x64) AppleWebKit/537.36 (KHTML, like Gecko) Chrome/103.0.5060.53 Safari/537.36"
185.125.230.0 - - [11/Mar/2025:02:36:58 +0100] "GET /reports/usage_202402.html HTTP/1.0" 200 91181 "https://betsafe-1.com/" "Mozilla/5.0 (Windows NT 10.0; Win64; x64) AppleWebKit/537.36 (KHTML, like Gecko) Chrome/103.0.0.0 Safari/537.36 Herring/95.1.8810.11"
208.65.90.0 - - [11/Mar/2025:02:37:07 +0100] "GET /reports/usage_202403.html HTTP/1.0" 200 92683 "https://xn--rakn-f0a1446b.com" "Mozilla/5.0 (Windows NT 10.0; Win64; x64) AppleWebKit/537.36 (KHTML, like Gecko) Chrome/130.0.0.0 Safari/537.36"
72.195.34.0 - - [11/Mar/2025:02:37:45 +0100] "GET /reports/usage_202403.html HTTP/1.0" 200 92683 "https://xn--kr9-onb.com" "Mozilla/5.0 (Windows NT 10.0; Win64; x64) AppleWebKit/537.36 (KHTML, like Gecko) Chrome/131.0.0.0 Safari/537.36"
205.210.31.0 - - [11/Mar/2025:02:44:55 +0100] "GET / HTTP/1.0" 404 - "-" "Expanse, a Palo Alto Networks company, searches across the global IPv4 space multiple times per day to identify customers' presences on the Internet. If you would like to be excluded from our scans, please send IP addresses/domains to: scaninfo@paloaltonetworks.com"
72.195.34.0 - - [11/Mar/2025:02:45:06 +0100] "GET /reports/usage_202403.html HTTP/1.0" 200 92683 "https://xn--krakn-m0a.cc" "Mozilla/5.0 (Windows NT 10.0; Win64; x64) AppleWebKit/537.36 (KHTML, like Gecko) Chrome/129.0.0.0 Safari/537.36"
185.220.101.0 - - [11/Mar/2025:02:45:28 +0100] "GET /reports/usage_202403.html HTTP/1.0" 200 92683 "https://xn--ra-ypa.com" "Mozilla/5.0 (Windows NT 10.0; Win64; x64) AppleWebKit/537.36 (KHTML, like Gecko) Chrome/130.0.0.0 Safari/537.36"
208.65.90.0 - - [11/Mar/2025:02:45:41 +0100] "GET /reports/usage_202403.html HTTP/1.0" 200 92683 "https://xn--krakn-m0a.cc" "Mozilla/5.0 (Windows NT 10.0; Win64; x64) AppleWebKit/537.36 (KHTML, like Gecko) Chrome/131.0.0.0 Safari/537.36 Avast/131.0.0.0"
54.36.149.0 - - [11/Mar/2025:02:45:58 +0100] "GET /contao/vendor/matthiasmullie/?C=D;O=A HTTP/2.0" 200 436 "-" "Mozilla/5.0 (compatible; AhrefsBot/7.0; +http://ahrefs.com/robot/)"
5.181.3.0 - - [11/Mar/2025:02:45:59 +0100] "GET /reports/usage_202402.html HTTP/1.0" 200 91181 "https://bellevue-towncar.com/suv-airport-car-service-kirkland/" "Mozilla/5.0 (Windows NT 10.0; Win64; x64) AppleWebKit/537.36 (KHTML, like Gecko) Chrome/129.0.0.0 Safari/537.36"
185.125.230.0 - - [11/Mar/2025:02:48:02 +0100] "GET /reports/usage_202402.html HTTP/1.0" 200 91181 "https://betsafe-1.com/" "Mozilla/5.0 (Windows NT 6.3; Win64; x64) AppleWebKit/537.36 (KHTML, like Gecko) Chrome/103.0.5060.66 Safari/537.36"
185.125.230.0 - - [11/Mar/2025:02:48:04 +0100] "GET /reports/usage_202402.html HTTP/1.0" 200 91181 "https://betsafe-1.com/" "Mozilla/5.0 (Windows NT 6.3) AppleWebKit/537.36 (KHTML, like Gecko) Chrome/103.0.0.0 Safari/537.36"
185.125.230.0 - - [11/Mar/2025:02:48:07 +0100] "GET /reports/usage_202402.html HTTP/1.0" 200 91181 "https://betsafe-1.com/" "Mozilla/5.0 (Windows NT 10.0; Win64; x64) AppleWebKit/537.36 (KHTML, like Gecko) Chrome/103.0.5042.0 Safari/537.36"
5.181.3.0 - - [11/Mar/2025:02:48:15 +0100] "GET /reports/usage_202402.html HTTP/1.0" 200 91181 "https://bdlxlimo.com/mukilteo-limousine-rental-in/" "Mozilla/5.0 (Windows NT 10.0; Win64; x64) AppleWebKit/537.36 (KHTML, like Gecko) Chrome/130.0.0.0 Safari/537.36 CCleaner/130.0.0.0"
223.109.252.0 - - [11/Mar/2025:02:49:26 +0100] "GET / HTTP/1.1" 301 229 "-" "Sogou web spider/4.0(+http://www.sogou.com/docs/help/webmasters.htm#07)"
2a01:238:43f8:5f00:: - - [11/Mar/2025:02:49:27 +0100] "POST /wp-cron.php?doing_wp_cron=1741657767.9124660491943359375000 HTTP/1.1" 200 - "-" "wTo6Y6OeAWJW"
223.109.252.0 - - [11/Mar/2025:02:49:27 +0100] "GET / HTTP/1.1" 200 55583 "-" "Sogou web spider/4.0(+http://www.sogou.com/docs/help/webmasters.htm#07)"
208.102.51.0 - - [11/Mar/2025:02:53:17 +0100] "GET /reports/usage_202403.html HTTP/1.0" 200 92683 "https://xn--kr9-onb.com" "Mozilla/5.0 (Windows NT 10.0; Win64; x64) AppleWebKit/537.36 (KHTML, like Gecko) Chrome/131.0.0.0 Safari/537.36 Avast/131.0.0.0"
208.65.90.0 - - [11/Mar/2025:02:53:41 +0100] "GET /reports/usage_202403.html HTTP/1.0" 200 92683 "https://xn--rakn-f0a1446b.com" "Mozilla/5.0 (Windows NT 10.0; Win64; x64) AppleWebKit/537.36 (KHTML, like Gecko) Chrome/130.0.0.0 Safari/537.36 CCleaner/130.0.0.0"
72.49.49.0 - - [11/Mar/2025:02:53:52 +0100] "GET /reports/usage_202403.html HTTP/1.0" 200 92683 "https://xn--kr-kla.com" "Mozilla/5.0 (Windows NT 10.0; Win64; x64) AppleWebKit/537.36 (KHTML, like Gecko) Chrome/130.0.0.0 Safari/537.36"
169.150.247.0 - - [11/Mar/2025:02:56:59 +0100] "GET /wp-includes/js/jcrop/Jcrop.php HTTP/1.1" 301 266 "-" "Mozlila/5.0 (Linux; Android 7.0; SM-G892A Bulid/NRD90M; wv) AppleWebKit/537.36 (KHTML, like Gecko) Version/4.0 Chrome/60.0.3112.107 Moblie Safari/537.36"
157.230.39.0 - - [11/Mar/2025:02:57:01 +0100] "GET /wp-includes/js/jcrop/Jcrop.php HTTP/1.1" 200 - "-" "Mozlila/5.0 (Linux; Android 7.0; SM-G892A Bulid/NRD90M; wv) AppleWebKit/537.36 (KHTML, like Gecko) Version/4.0 Chrome/60.0.3112.107 Moblie Safari/537.36"
157.230.39.0 - - [11/Mar/2025:02:57:07 +0100] "GET /wp-includes/js/jcrop/Jcrop.php HTTP/1.1" 200 48509 "-" "Mozlila/5.0 (Linux; Android 7.0; SM-G892A Bulid/NRD90M; wv) AppleWebKit/537.36 (KHTML, like Gecko) Version/4.0 Chrome/60.0.3112.107 Moblie Safari/537.36"
14.155.234.0 - - [11/Mar/2025:02:57:09 +0100] "GET /robots.txt HTTP/1.1" 200 162 "-" "Mozilla/5.0 (Windows NT 10.0; WOW64) AppleWebKit/537.36 (KHTML, like Gecko) Chrome/79.0.3522.85 Safari/537.36 QIHU 360SE"
169.150.247.0 - - [11/Mar/2025:02:57:11 +0100] "GET /wp-content/plugins/index.php HTTP/1.1" 301 264 "-" "Mozlila/5.0 (Linux; Android 7.0; SM-G892A Bulid/NRD90M; wv) AppleWebKit/537.36 (KHTML, like Gecko) Version/4.0 Chrome/60.0.3112.107 Moblie Safari/537.36"
157.230.39.0 - - [11/Mar/2025:02:57:17 +0100] "GET /wp-content/plugins/index.php HTTP/1.1" 200 - "-" "Mozlila/5.0 (Linux; Android 7.0; SM-G892A Bulid/NRD90M; wv) AppleWebKit/537.36 (KHTML, like Gecko) Version/4.0 Chrome/60.0.3112.107 Moblie Safari/537.36"
169.150.247.0 - - [11/Mar/2025:02:57:23 +0100] "GET /wp-admin/images/index.php HTTP/1.1" 301 261 "-" "Mozlila/5.0 (Linux; Android 7.0; SM-G892A Bulid/NRD90M; wv) AppleWebKit/537.36 (KHTML, like Gecko) Version/4.0 Chrome/60.0.3112.107 Moblie Safari/537.36"
157.230.39.0 - - [11/Mar/2025:02:57:27 +0100] "GET /wp-admin/images/index.php HTTP/1.1" 200 - "-" "Mozlila/5.0 (Linux; Android 7.0; SM-G892A Bulid/NRD90M; wv) AppleWebKit/537.36 (KHTML, like Gecko) Version/4.0 Chrome/60.0.3112.107 Moblie Safari/537.36"
2a01:238:43f8:5f00:: - - [11/Mar/2025:02:57:02 +0100] "POST /wp-cron.php?doing_wp_cron=1741658221.9292950630187988281250 HTTP/1.1" 200 - "-" "wZhAF0CzwmYz"
157.230.39.0 - - [11/Mar/2025:02:57:30 +0100] "GET /wp-admin/images/ HTTP/1.1" 403 2431 "-" "Mozlila/5.0 (Linux; Android 7.0; SM-G892A Bulid/NRD90M; wv) AppleWebKit/537.36 (KHTML, like Gecko) Version/4.0 Chrome/60.0.3112.107 Moblie Safari/537.36"
169.150.247.0 - - [11/Mar/2025:02:57:34 +0100] "GET /index/function.php HTTP/1.1" 301 254 "-" "Mozlila/5.0 (Linux; Android 7.0; SM-G892A Bulid/NRD90M; wv) AppleWebKit/537.36 (KHTML, like Gecko) Version/4.0 Chrome/60.0.3112.107 Moblie Safari/537.36"
2a01:238:43f8:5f00:: - - [11/Mar/2025:02:57:37 +0100] "POST /wp-cron.php?doing_wp_cron=1741658257.0758049488067626953125 HTTP/1.1" 200 - "-" "qwZtzWWUyVRi"
157.230.39.0 - - [11/Mar/2025:02:57:37 +0100] "GET /index/function.php HTTP/1.1" 200 - "-" "Mozlila/5.0 (Linux; Android 7.0; SM-G892A Bulid/NRD90M; wv) AppleWebKit/537.36 (KHTML, like Gecko) Version/4.0 Chrome/60.0.3112.107 Moblie Safari/537.36"
157.230.39.0 - - [11/Mar/2025:02:57:40 +0100] "GET /index/function.php HTTP/1.1" 200 48509 "-" "Mozlila/5.0 (Linux; Android 7.0; SM-G892A Bulid/NRD90M; wv) AppleWebKit/537.36 (KHTML, like Gecko) Version/4.0 Chrome/60.0.3112.107 Moblie Safari/537.36"
169.150.247.0 - - [11/Mar/2025:02:57:45 +0100] "GET /wp-admin/network/index.php HTTP/1.1" 301 262 "-" "Mozlila/5.0 (Linux; Android 7.0; SM-G892A Bulid/NRD90M; wv) AppleWebKit/537.36 (KHTML, like Gecko) Version/4.0 Chrome/60.0.3112.107 Moblie Safari/537.36"
157.230.39.0 - - [11/Mar/2025:02:57:51 +0100] "GET /wp-admin/network/index.php HTTP/1.1" 302 - "-" "Mozlila/5.0 (Linux; Android 7.0; SM-G892A Bulid/NRD90M; wv) AppleWebKit/537.36 (KHTML, like Gecko) Version/4.0 Chrome/60.0.3112.107 Moblie Safari/537.36"
157.230.39.0 - - [11/Mar/2025:02:57:56 +0100] "GET /nicht-erlaubt/ HTTP/1.1" 200 - "-" "Mozlila/5.0 (Linux; Android 7.0; SM-G892A Bulid/NRD90M; wv) AppleWebKit/537.36 (KHTML, like Gecko) Version/4.0 Chrome/60.0.3112.107 Moblie Safari/537.36"
157.230.39.0 - - [11/Mar/2025:02:57:56 +0100] "GET /kontaktformular/nicht-erlaubt/ HTTP/1.1" 200 49571 "-" "Mozlila/5.0 (Linux; Android 7.0; SM-G892A Bulid/NRD90M; wv) AppleWebKit/537.36 (KHTML, like Gecko) Version/4.0 Chrome/60.0.3112.107 Moblie Safari/537.36"
169.150.247.0 - - [11/Mar/2025:02:58:02 +0100] "GET /wp-includes/fonts/about.php HTTP/1.1" 301 263 "-" "Mozlila/5.0 (Linux; Android 7.0; SM-G892A Bulid/NRD90M; wv) AppleWebKit/537.36 (KHTML, like Gecko) Version/4.0 Chrome/60.0.3112.107 Moblie Safari/537.36"
157.230.39.0 - - [11/Mar/2025:02:58:06 +0100] "GET /wp-includes/fonts/about.php HTTP/1.1" 200 - "-" "Mozlila/5.0 (Linux; Android 7.0; SM-G892A Bulid/NRD90M; wv) AppleWebKit/537.36 (KHTML, like Gecko) Version/4.0 Chrome/60.0.3112.107 Moblie Safari/537.36"
92.255.57.0 - - [11/Mar/2025:02:58:12 +0100] "\x16\x03\x01\x05\xa8\x01" 400 226 "-" "-"
2a01:238:43f8:5f00:: - - [11/Mar/2025:02:58:13 +0100] "POST /wp-cron.php?doing_wp_cron=1741658293.1648080348968505859375 HTTP/1.1" 200 - "-" "yT4Sxs3h6mMb"
157.230.39.0 - - [11/Mar/2025:02:58:13 +0100] "GET /wp-includes/fonts/about.php HTTP/1.1" 200 48509 "-" "Mozlila/5.0 (Linux; Android 7.0; SM-G892A Bulid/NRD90M; wv) AppleWebKit/537.36 (KHTML, like Gecko) Version/4.0 Chrome/60.0.3112.107 Moblie Safari/537.36"
71.6.134.0 - - [11/Mar/2025:02:58:50 +0100] "GET / HTTP/1.1" 503 1828 "-" "Mozilla/5.0 (Windows NT 10.0; Win64; x64) AppleWebKit/537.36 (KHTML, like Gecko) Chrome/102.0.0.0 Safari/537.36"
185.125.230.0 - - [11/Mar/2025:02:59:15 +0100] "GET /reports/usage_202402.html HTTP/1.0" 200 91181 "https://betsafe-1.com/" "Mozilla/5.0 (Windows NT 6.3; Win64; x64) AppleWebKit/537.36 (KHTML, like Gecko) Chrome/103.0.5060.66 Safari/537.36"
185.125.230.0 - - [11/Mar/2025:02:59:17 +0100] "GET /reports/usage_202402.html HTTP/1.0" 200 91181 "https://betsafe-1.com/" "Mozilla/5.0 (Windows NT 10.0; Win64; x64) AppleWebKit/537.36 (KHTML, like Gecko) Chrome/103.0.0.0 Safari/537.36"
185.125.230.0 - - [11/Mar/2025:02:59:20 +0100] "GET /reports/usage_202402.html HTTP/1.0" 200 91181 "https://betsafe-1.com/" "Mozilla/5.0 (Windows NT 10.0; Win64; x64) AppleWebKit/537.36 (KHTML, like Gecko) Chrome/103.0.5060.114 Safari/537.36"
71.6.134.0 - - [11/Mar/2025:03:00:25 +0100] "GET /favicon.ico HTTP/2.0" 200 4469 "-" "Mozilla/5.0 (Windows NT 10.0; Win64; x64) AppleWebKit/537.36 (KHTML, like Gecko) Chrome/102.0.0.0 Safari/537.36"
208.65.90.0 - - [11/Mar/2025:03:01:03 +0100] "GET /reports/usage_202403.html HTTP/1.0" 200 92683 "https://xn--kr13-6na.com" "Mozilla/5.0 (Windows NT 10.0; Win64; x64) AppleWebKit/537.36 (KHTML, like Gecko) Chrome/131.0.0.0 Safari/537.36 Avast/131.0.0.0"
216.244.66.0 - - [11/Mar/2025:03:01:14 +0100] "GET /robots.txt HTTP/1.1" 404 2551 "-" "Mozilla/5.0 (compatible; DotBot/1.2; +https://opensiteexplorer.org/dotbot; help@moz.com)"
72.49.49.0 - - [11/Mar/2025:03:01:37 +0100] "GET /reports/usage_202403.html HTTP/1.0" 200 92683 "https://xn--kr9-onb.com" "Mozilla/5.0 (Windows NT 10.0; Win64; x64) AppleWebKit/537.36 (KHTML, like Gecko) Chrome/131.0.0.0 Safari/537.36 Avast/131.0.0.0"
72.49.49.0 - - [11/Mar/2025:03:02:24 +0100] "GET /reports/usage_202403.html HTTP/1.0" 200 92683 "https://xn--krakn-m0a.cc" "Mozilla/5.0 (Windows NT 10.0; Win64; x64) AppleWebKit/537.36 (KHTML, like Gecko) Chrome/130.0.0.0 Safari/537.36"
45.148.10.0 - - [11/Mar/2025:03:06:07 +0100] "GET / HTTP/1.1" 400 226 "-" "-"
45.148.10.0 - - [11/Mar/2025:03:06:08 +0100] "GET / HTTP/1.1" 200 3510 "-" "l9tcpid/v1.1.0"
45.148.10.0 - - [11/Mar/2025:03:06:09 +0100] "GET /env/.env HTTP/1.1" 404 2551 "-" "l9explore/1.2.2"
45.148.10.0 - - [11/Mar/2025:03:06:10 +0100] "GET /backup/.git/config HTTP/1.1" 404 2571 "-" "l9explore/1.2.2"
141.98.11.0 - - [11/Mar/2025:03:09:20 +0100] "GET /login.rsp HTTP/1.1" 404 2549 "-" "Hello World"
208.102.51.0 - - [11/Mar/2025:03:09:26 +0100] "GET /reports/usage_202403.html HTTP/1.0" 200 92683 "https://xn--krken14-bn4c.com" "Mozilla/5.0 (Windows NT 10.0; Win64; x64) AppleWebKit/537.36 (KHTML, like Gecko) Chrome/129.0.0.0 Safari/537.36"
72.49.49.0 - - [11/Mar/2025:03:09:48 +0100] "GET /reports/usage_202403.html HTTP/1.0" 200 92683 "https://xn--kr7-onb.com" "Mozilla/5.0 (Windows NT 10.0; Win64; x64) AppleWebKit/537.36 (KHTML, like Gecko) Chrome/131.0.0.0 Safari/537.36 Avast/131.0.0.0"
185.125.230.0 - - [11/Mar/2025:03:10:11 +0100] "GET /reports/usage_202402.html HTTP/1.0" 200 91181 "https://betsafe-1.com/" "Mozilla/5.0 (Windows NT 10.0; Win64; x64) AppleWebKit/537.36 (KHTML, like Gecko) Chrome/103.0.0.0 Safari/537.36 OpenWave/97.4.2043.44"
185.125.230.0 - - [11/Mar/2025:03:10:14 +0100] "GET /reports/usage_202402.html HTTP/1.0" 200 91181 "https://betsafe-1.com/" "Mozilla/5.0 (Windows NT 6.3; WOW64) AppleWebKit/537.36 (KHTML, like Gecko) Chrome/103.0.5060.114 Safari/537.36"
185.125.230.0 - - [11/Mar/2025:03:10:16 +0100] "GET /reports/usage_202402.html HTTP/1.0" 200 91181 "https://betsafe-1.com/" "Mozilla/5.0 (Windows NT 6.1; Win64; x64) AppleWebKit/537.36 (KHTML, like Gecko) Chrome/103.0.5060.114 Safari/537.36"
54.36.149.0 - - [11/Mar/2025:03:13:10 +0100] "GET /contao/vendor/scssphp/?C=S;O=A HTTP/2.0" 200 407 "-" "Mozilla/5.0 (compatible; AhrefsBot/7.0; +http://ahrefs.com/robot/)"
208.102.51.0 - - [11/Mar/2025:03:17:05 +0100] "GET /reports/usage_202403.html HTTP/1.0" 200 92683 "https://xn--kr-nia.com" "Mozilla/5.0 (Windows NT 10.0; Win64; x64) AppleWebKit/537.36 (KHTML, like Gecko) Chrome/129.0.0.0 Safari/537.36"
208.102.51.0 - - [11/Mar/2025:03:17:24 +0100] "GET /reports/usage_202403.html HTTP/1.0" 200 92683 "https://xn--kr12-rzb.com" "Mozilla/5.0 (Windows NT 10.0; Win64; x64) AppleWebKit/537.36 (KHTML, like Gecko) Chrome/131.0.0.0 Safari/537.36 Avast/131.0.0.0"
66.249.66.0 - - [11/Mar/2025:03:17:53 +0100] "GET /robots.txt HTTP/1.1" 404 2547 "-" "Mozilla/5.0 (compatible; Googlebot/2.1; +http://www.google.com/bot.html)"
72.49.49.0 - - [11/Mar/2025:03:17:49 +0100] "GET /reports/usage_202403.html HTTP/1.0" 200 92683 "https://xn--krken15-bn4c.com" "Mozilla/5.0 (Windows NT 10.0; Win64; x64) AppleWebKit/537.36 (KHTML, like Gecko) Chrome/131.0.0.0 Safari/537.36"
114.32.168.0 - - [11/Mar/2025:03:19:55 +0100] "GET / HTTP/1.0" 200 3510 "-" "curl/7.88.1"
185.125.230.0 - - [11/Mar/2025:03:21:15 +0100] "GET /reports/usage_202402.html HTTP/1.0" 200 91181 "https://betsafe-1.com/" "Mozilla/5.0 (Windows NT 6.1) AppleWebKit/537.36 (KHTML, like Gecko) Chrome/103.0.0.0 Safari/537.36"
185.125.230.0 - - [11/Mar/2025:03:21:18 +0100] "GET /reports/usage_202402.html HTTP/1.0" 200 91181 "https://betsafe-1.com/" "Mozilla/5.0 (Windows NT 6.1; Win64; x64) AppleWebKit/537.36 (KHTML, like Gecko) Chrome/103.0.5060.66 Safari/537.36"
185.125.230.0 - - [11/Mar/2025:03:21:20 +0100] "GET /reports/usage_202402.html HTTP/1.0" 200 91181 "https://betsafe-1.com/" "Mozilla/5.0 (Windows NT 6.3) AppleWebKit/537.36 (KHTML, like Gecko) Chrome/103.0.0.0 Safari/537.36"
84.17.46.0 - - [11/Mar/2025:03:21:43 +0100] "POST /ALFA_DATA/alfacgiapi/perl.alfa HTTP/1.1" 301 266 "www.google.com" "Mozlila/5.0 (Linux; Android 7.0; SM-G892A Bulid/NRD90M; wv) AppleWebKit/537.36 (KHTML, like Gecko) Version/4.0 Chrome/60.0.3112.107 Moblie Safari/537.36"
84.17.46.0 - - [11/Mar/2025:03:21:43 +0100] "GET / HTTP/1.1" 301 236 "-" "Mozlila/5.0 (Linux; Android 7.0; SM-G892A Bulid/NRD90M; wv) AppleWebKit/537.36 (KHTML, like Gecko) Version/4.0 Chrome/60.0.3112.107 Moblie Safari/537.36"
84.17.46.0 - - [11/Mar/2025:03:21:43 +0100] "GET /wp-content/themes/seotheme/db.php?u HTTP/1.1" 404 2784 "www.google.com" "Mozlila/5.0 (Linux; Android 7.0; SM-G892A Bulid/NRD90M; wv) AppleWebKit/537.36 (KHTML, like Gecko) Version/4.0 Chrome/60.0.3112.107 Moblie Safari/537.36"
84.17.46.0 - - [11/Mar/2025:03:21:43 +0100] "GET /wp-content/plugins/fix/up.php HTTP/1.1" 301 265 "-" "Mozilla/5.0 (Windows NT 10.0; Win64; x64) AppleWebKit/537.36 (KHTML, like Gecko) Chrome/85.0.4183.102 Safari/537.36"
84.17.46.0 - - [11/Mar/2025:03:21:43 +0100] "GET /wp-content/themes/seotheme/db.php?u HTTP/1.1" 404 2784 "www.google.com" "Mozlila/5.0 (Linux; Android 7.0; SM-G892A Bulid/NRD90M; wv) AppleWebKit/537.36 (KHTML, like Gecko) Version/4.0 Chrome/60.0.3112.107 Moblie Safari/537.36"
84.17.46.0 - - [11/Mar/2025:03:21:43 +0100] "POST /wp-plain.php HTTP/1.1" 301 248 "www.google.com" "Mozilla/5.0 (Linux; Android 7.0; SM-G892A Bulid/NRD90M; wv) AppleWebKit/537.36 (KHTML, like Gecko) Version/4.0 Chrome/60.0.3112.107 Moblie Safari/537.36"
196.251.86.0 - - [11/Mar/2025:03:21:43 +0100] "GET /wp-content/plugins/fix/up.php HTTP/1.1" 200 - "-" "Mozilla/5.0 (Windows NT 10.0; Win64; x64) AppleWebKit/537.36 (KHTML, like Gecko) Chrome/85.0.4183.102 Safari/537.36"
196.251.86.0 - - [11/Mar/2025:03:21:43 +0100] "POST /ALFA_DATA/alfacgiapi/perl.alfa HTTP/1.1" 200 289319 "www.google.com" "Mozlila/5.0 (Linux; Android 7.0; SM-G892A Bulid/NRD90M; wv) AppleWebKit/537.36 (KHTML, like Gecko) Version/4.0 Chrome/60.0.3112.107 Moblie Safari/537.36"
84.17.46.0 - - [11/Mar/2025:03:21:44 +0100] "POST /alfacgiapi/perl.alfa HTTP/1.1" 301 256 "www.google.com" "Mozlila/5.0 (Linux; Android 7.0; SM-G892A Bulid/NRD90M; wv) AppleWebKit/537.36 (KHTML, like Gecko) Version/4.0 Chrome/60.0.3112.107 Moblie Safari/537.36"
196.251.86.0 - - [11/Mar/2025:03:21:44 +0100] "POST /alfacgiapi/perl.alfa HTTP/1.1" 200 289319 "www.google.com" "Mozlila/5.0 (Linux; Android 7.0; SM-G892A Bulid/NRD90M; wv) AppleWebKit/537.36 (KHTML, like Gecko) Version/4.0 Chrome/60.0.3112.107 Moblie Safari/537.36"
196.251.86.0 - - [11/Mar/2025:03:21:43 +0100] "GET / HTTP/1.1" 301 - "-" "Mozlila/5.0 (Linux; Android 7.0; SM-G892A Bulid/NRD90M; wv) AppleWebKit/537.36 (KHTML, like Gecko) Version/4.0 Chrome/60.0.3112.107 Moblie Safari/537.36"
196.251.86.0 - - [11/Mar/2025:03:21:44 +0100] "POST /wp-plain.php HTTP/1.1" 200 289319 "www.google.com" "Mozilla/5.0 (Linux; Android 7.0; SM-G892A Bulid/NRD90M; wv) AppleWebKit/537.36 (KHTML, like Gecko) Version/4.0 Chrome/60.0.3112.107 Moblie Safari/537.36"
84.17.46.0 - - [11/Mar/2025:03:21:45 +0100] "GET /lgpfmubb.php?Fox=d3wL7 HTTP/1.1" 301 258 "www.google.com" "Mozilla/5.0 (Linux; Android 7.0; SM-G892A Bulid/NRD90M; wv) AppleWebKit/537.36 (KHTML, like Gecko) Version/4.0 Chrome/60.0.3112.107 Moblie Safari/537.36"
196.251.86.0 - - [11/Mar/2025:03:21:45 +0100] "GET / HTTP/1.1" 200 317742 "-" "Mozlila/5.0 (Linux; Android 7.0; SM-G892A Bulid/NRD90M; wv) AppleWebKit/537.36 (KHTML, like Gecko) Version/4.0 Chrome/60.0.3112.107 Moblie Safari/537.36"
196.251.86.0 - - [11/Mar/2025:03:21:45 +0100] "GET /lgpfmubb.php?Fox=d3wL7 HTTP/1.1" 200 - "www.google.com" "Mozilla/5.0 (Linux; Android 7.0; SM-G892A Bulid/NRD90M; wv) AppleWebKit/537.36 (KHTML, like Gecko) Version/4.0 Chrome/60.0.3112.107 Moblie Safari/537.36"
196.251.86.0 - - [11/Mar/2025:03:21:45 +0100] "GET /wp-content/plugins/apikey/apikey.php?test=hello HTTP/1.1" 200 289258 "-" "Mozlila/5.0 (Linux; Android 7.0; SM-G892A Bulid/NRD90M; wv) AppleWebKit/537.36 (KHTML, like Gecko) Version/4.0 Chrome/60.0.3112.107 Moblie Safari/537.36"
2a01:238:43f8:5f00:: - - [11/Mar/2025:03:21:44 +0100] "POST /wp-cron.php?doing_wp_cron=1741659703.9332280158996582031250 HTTP/1.1" 200 - "-" "5OC1tNAXiwtG"
