185.125.230.0 - - [10/Mar/2025:18:56:00 +0100] "GET /reports/usage_202402.html HTTP/1.0" 200 91181 "https://betsafe-1.com/" "Mozilla/5.0 (Windows NT 6.3; WOW64) AppleWebKit/537.36 (KHTML, like Gecko) Chrome/103.0.0.0 Safari/537.36"
72.49.49.0 - - [10/Mar/2025:18:57:57 +0100] "GET /reports/usage_202403.html HTTP/1.0" 200 92683 "https://xn--rakn-f0a1446b.com" "Mozilla/5.0 (Windows NT 10.0; Win64; x64) AppleWebKit/537.36 (KHTML, like Gecko) Chrome/131.0.0.0 Safari/537.36"
72.195.34.0 - - [10/Mar/2025:18:58:18 +0100] "GET /reports/usage_202403.html HTTP/1.0" 200 92683 "https://xn--kr7-onb.com" "Mozilla/5.0 (Windows NT 10.0; Win64; x64) AppleWebKit/537.36 (KHTML, like Gecko) Chrome/130.0.0.0 Safari/537.36"
208.102.51.0 - - [10/Mar/2025:18:58:32 +0100] "GET /reports/usage_202403.html HTTP/1.0" 200 92683 "https://xn--krken10-bn4c.com" "Mozilla/5.0 (Windows NT 10.0; Win64; x64) AppleWebKit/537.36 (KHTML, like Gecko) Chrome/131.0.0.0 Safari/537.36"
185.242.226.0 - - [10/Mar/2025:18:58:32 +0100] "GET / HTTP/1.1" 200 730 "-" "Mozilla/5.0 (Windows NT 10.0; Win64; x64) AppleWebKit/537.36 (KHTML, like Gecko) Chrome/88.0.4324.190 Safari/537.36"
54.36.148.0 - - [10/Mar/2025:18:58:55 +0100] "GET /contao/vendor/simplepie/simplepie/idn/npdata.ser HTTP/2.0" 200 9166 "-" "Mozilla/5.0 (compatible; AhrefsBot/7.0; +http://ahrefs.com/robot/)"
5.181.3.0 - - [10/Mar/2025:19:02:50 +0100] "GET /reports/usage_202402.html HTTP/1.0" 200 91181 "https://bellevue-towncar.com/seattle-to-spokane-limo-transportation/" "Mozilla/5.0 (Windows NT 10.0; Win64; x64) AppleWebKit/537.36 (KHTML, like Gecko) Chrome/129.0.0.0 Safari/537.36"
204.12.231.0 - - [10/Mar/2025:19:04:32 +0100] "GET / HTTP/1.1" 301 229 "-" "Mozilla/5.0 (Windows NT 10.0; Win64; x64) AppleWebKit/537.36 (KHTML, like Gecko) Chrome/91.0.4472.124 Safari/537.36"
2a01:238:43f8:5f00:: - - [10/Mar/2025:19:04:32 +0100] "POST /wp-cron.php?doing_wp_cron=1741629872.6370799541473388671875 HTTP/1.1" 200 - "-" "72QGRsXOlXAA"
204.12.231.0 - - [10/Mar/2025:19:04:32 +0100] "GET / HTTP/1.1" 200 55579 "-" "Mozilla/5.0 (Windows NT 10.0; Win64; x64) AppleWebKit/537.36 (KHTML, like Gecko) Chrome/91.0.4472.124 Safari/537.36"
5.181.3.0 - - [10/Mar/2025:19:05:48 +0100] "GET /reports/usage_202402.html HTTP/1.0" 200 91181 "https://bdlxlimo.com/sammamish-limousine-service/" "Mozilla/5.0 (Windows NT 10.0; Win64; x64) AppleWebKit/537.36 (KHTML, like Gecko) Chrome/131.0.0.0 Safari/537.36"
208.102.51.0 - - [10/Mar/2025:19:06:21 +0100] "GET /reports/usage_202403.html HTTP/1.0" 200 92683 "https://xn--krken12-bn4c.com" "Mozilla/5.0 (Windows NT 10.0; Win64; x64) AppleWebKit/537.36 (KHTML, like Gecko) Chrome/129.0.0.0 Safari/537.36"
208.65.90.0 - - [10/Mar/2025:19:07:03 +0100] "GET /reports/usage_202403.html HTTP/1.0" 200 92683 "https://xn--rakn-f0a1446b.com" "Mozilla/5.0 (Windows NT 10.0; Win64; x64) AppleWebKit/537.36 (KHTML, like Gecko) Chrome/130.0.0.0 Safari/537.36"
185.125.230.0 - - [10/Mar/2025:19:07:20 +0100] "GET /reports/usage_202402.html HTTP/1.0" 200 91181 "https://betsafe-1.com/" "Mozilla/5.0 (Windows NT 10.0; Win64; x64) AppleWebKit/537.36 (KHTML, like Gecko) Chrome/103.0.5060.53 Safari/537.36"
185.125.230.0 - - [10/Mar/2025:19:07:23 +0100] "GET /reports/usage_202402.html HTTP/1.0" 200 91181 "https://betsafe-1.com/" "Mozilla/5.0 (Windows NT 10.0; WOW64) AppleWebKit/537.36 (KHTML, like Gecko) Chrome/103.0.0.0 Safari/537.36"
185.125.230.0 - - [10/Mar/2025:19:07:26 +0100] "GET /reports/usage_202402.html HTTP/1.0" 200 91181 "https://betsafe-1.com/" "Mozilla/5.0 (Windows NT 10.0; Win64; x64) AppleWebKit/537.36 (KHTML, like Gecko) Chrome/103.0.5060.114 Safari/537.36"
117.211.151.0 - - [10/Mar/2025:19:09:33 +0100] "GET /boaform/admin/formLogin?username=adminisp&psd=adminisp HTTP/1.0" 404 - "-" "-"
209.38.165.0 - - [10/Mar/2025:19:09:52 +0100] "GET /.env HTTP/1.1" 404 2543 "-" "Mozilla/5.0 Keydrop"
209.38.165.0 - - [10/Mar/2025:19:09:52 +0100] "GET / HTTP/1.0" 400 362 "-" "-"
2a04:e8c0:12:: - - [10/Mar/2025:19:10:30 +0100] "POST /xmlrpc.php HTTP/1.1" 403 2421 "-" "Mozilla/5.0 (X11; Fedora; Linux x86_64; rv:94.0) Gecko/20100101 Firefox/95.0"
72.49.49.0 - - [10/Mar/2025:19:14:59 +0100] "GET /reports/usage_202403.html HTTP/1.0" 200 92683 "https://xn--krken12-bn4c.com" "Mozilla/5.0 (Windows NT 10.0; Win64; x64) AppleWebKit/537.36 (KHTML, like Gecko) Chrome/131.0.0.0 Safari/537.36"
208.65.90.0 - - [10/Mar/2025:19:15:21 +0100] "GET /reports/usage_202403.html HTTP/1.0" 200 92683 "https://xn--ra-ypa.com" "Mozilla/5.0 (Windows NT 10.0; Win64; x64) AppleWebKit/537.36 (KHTML, like Gecko) Chrome/130.0.0.0 Safari/537.36 CCleaner/130.0.0.0"
212.118.43.0 - - [10/Mar/2025:19:15:54 +0100] "GET / HTTP/1.1" 404 2559 "-" "Mozilla/5.0 (Macintosh; Intel Mac OS X 10_15_7) AppleWebKit/537.36 (KHTML, like Gecko) Chrome/133.0.0.0 Safari/537.36"
128.24.112.0 - - [10/Mar/2025:19:15:56 +0100] "GET /.env HTTP/1.1" 404 2539 "-" "Mozilla/5.0 (Macintosh; Intel Mac OS X 10.15; rv:77.0) Gecko/20100101 Firefox/77.0"
45.156.130.0 - - [10/Mar/2025:19:19:22 +0100] "GET / HTTP/1.1" 200 728 "-" "Mozilla/5.0 (Windows NT 10.0; Win64; x64) AppleWebKit/537.36 (KHTML, like Gecko) Chrome/60.0.3112.113 Safari/537.36"
185.125.230.0 - - [10/Mar/2025:19:19:33 +0100] "GET /reports/usage_202402.html HTTP/1.0" 200 91181 "https://betsafe-1.com/" "Mozilla/5.0 (Windows NT 10.0; Win64; x64) AppleWebKit/537.36 (KHTML, like Gecko) Chrome/103.0.0.0 Safari/537.36 Herring/95.1.8810.11"
185.125.230.0 - - [10/Mar/2025:19:19:36 +0100] "GET /reports/usage_202402.html HTTP/1.0" 200 91181 "https://betsafe-1.com/" "Mozilla/5.0 (Windows NT 10.0; Win64; x64) AppleWebKit/537.36 (KHTML, like Gecko) Chrome/103.0.0.0 Safari/537.36 Herring/95.1.8810.11"
185.125.230.0 - - [10/Mar/2025:19:19:39 +0100] "GET /reports/usage_202402.html HTTP/1.0" 200 91181 "https://betsafe-1.com/" "Mozilla/5.0 (Windows NT 10.0; Win64; x64) AppleWebKit/537.36 (KHTML, like Gecko) Chrome/103.0.0.0 Safari/537.36 Herring/95.1.8810.11"
54.36.149.0 - - [10/Mar/2025:19:19:55 +0100] "GET /contao/vendor/webignition/robots-txt-file/?C=D;O=A HTTP/2.0" 200 2897 "-" "Mozilla/5.0 (compatible; AhrefsBot/7.0; +http://ahrefs.com/robot/)"
184.178.172.0 - - [10/Mar/2025:19:22:52 +0100] "GET /reports/usage_202403.html HTTP/1.0" 200 92683 "https://xn--kr-lbb.com" "Mozilla/5.0 (Windows NT 10.0; Win64; x64) AppleWebKit/537.36 (KHTML, like Gecko) Chrome/130.0.0.0 Safari/537.36"
2602:80d:1005:: - - [10/Mar/2025:19:23:05 +0100] "GET / HTTP/1.1" 200 3510 "-" "-"
2602:80d:1005:: - - [10/Mar/2025:19:23:11 +0100] "GET / HTTP/1.1" 200 728 "-" "Mozilla/5.0 (compatible; CensysInspect/1.1; +https://about.censys.io/)"
2602:80d:1005:: - - [10/Mar/2025:19:23:11 +0100] "GET /favicon.ico HTTP/1.1" 404 2657 "-" "Mozilla/5.0 (compatible; CensysInspect/1.1; +https://about.censys.io/)"
2602:80d:1005:: - - [10/Mar/2025:19:23:17 +0100] "GET /favicon.ico HTTP/1.1" 404 2657 "-" "Mozilla/5.0 (compatible; CensysInspect/1.1; +https://about.censys.io/)"
2602:80d:1005:: - - [10/Mar/2025:19:23:18 +0100] "\x16\x03\x01" 400 226 "-" "-"
208.65.90.0 - - [10/Mar/2025:19:23:48 +0100] "GET /reports/usage_202403.html HTTP/1.0" 200 92683 "https://xn--krken15-bn4c.com" "Mozilla/5.0 (Windows NT 10.0; Win64; x64) AppleWebKit/537.36 (KHTML, like Gecko) Chrome/130.0.0.0 Safari/537.36 CCleaner/130.0.0.0"
109.236.61.0 - - [10/Mar/2025:19:26:39 +0100] "GET / HTTP/1.1" 200 3510 "-" "Hello World"
208.65.90.0 - - [10/Mar/2025:19:30:53 +0100] "GET /reports/usage_202403.html HTTP/1.0" 200 92683 "https://xn--krken14-bn4c.com" "Mozilla/5.0 (Windows NT 10.0; Win64; x64) AppleWebKit/537.36 (KHTML, like Gecko) Chrome/131.0.0.0 Safari/537.36"
208.102.51.0 - - [10/Mar/2025:19:31:08 +0100] "GET /reports/usage_202403.html HTTP/1.0" 200 92683 "https://xn--kr11-rzb.com" "Mozilla/5.0 (Windows NT 10.0; Win64; x64) AppleWebKit/537.36 (KHTML, like Gecko) Chrome/130.0.0.0 Safari/537.36 CCleaner/130.0.0.0"
54.36.148.0 - - [10/Mar/2025:19:31:50 +0100] "GET /contao/vendor/simplepie/simplepie/idn/LICENCE HTTP/2.0" 200 9356 "-" "Mozilla/5.0 (compatible; AhrefsBot/7.0; +http://ahrefs.com/robot/)"
72.49.49.0 - - [10/Mar/2025:19:31:43 +0100] "GET /reports/usage_202403.html HTTP/1.0" 200 92683 "https://xn--kr2-onb.com" "Mozilla/5.0 (Windows NT 10.0; Win64; x64) AppleWebKit/537.36 (KHTML, like Gecko) Chrome/129.0.0.0 Safari/537.36"
185.125.230.0 - - [10/Mar/2025:19:32:51 +0100] "GET /reports/usage_202402.html HTTP/1.0" 200 91181 "https://betsafe-1.com/" "Mozilla/5.0 (Windows NT 10.0; Win64; x64) AppleWebKit/537.36 (KHTML, like Gecko) Chrome/103.0.0.0 Safari/537.36 OpenWave/97.4.2043.44"
185.125.230.0 - - [10/Mar/2025:19:32:54 +0100] "GET /reports/usage_202402.html HTTP/1.0" 200 91181 "https://betsafe-1.com/" "Mozilla/5.0 (Windows NT 10.0; Win64; x64) AppleWebKit/537.36 (KHTML, like Gecko) Chrome/103.0.5042.0 Safari/537.36"
185.125.230.0 - - [10/Mar/2025:19:32:57 +0100] "GET /reports/usage_202402.html HTTP/1.0" 200 91181 "https://betsafe-1.com/" "Mozilla/5.0 (Windows NT 10.0; Win64; x64) AppleWebKit/537.36 (KHTML, like Gecko) Chrome/103.0.5042.0 Safari/537.36"
212.118.43.0 - - [10/Mar/2025:19:35:06 +0100] "GET / HTTP/1.1" 404 2531 "-" "Mozilla/5.0 (Macintosh; Intel Mac OS X 10_15_7) AppleWebKit/537.36 (KHTML, like Gecko) Chrome/133.0.0.0 Safari/537.36"
80.82.77.0 - - [10/Mar/2025:19:35:23 +0100] "GET / HTTP/1.0" 404 - "-" "Mozilla/5.0 (Windows NT 10.0) AppleWebKit/537.36 (KHTML, like Gecko) Chrome/76.0.3809.100 Safari/537.36"
72.49.49.0 - - [10/Mar/2025:19:40:01 +0100] "GET /reports/usage_202403.html HTTP/1.0" 200 92683 "https://xn--krken14-bn4c.com" "Mozilla/5.0 (Windows NT 10.0; Win64; x64) AppleWebKit/537.36 (KHTML, like Gecko) Chrome/131.0.0.0 Safari/537.36"
72.49.49.0 - - [10/Mar/2025:19:40:34 +0100] "GET /reports/usage_202403.html HTTP/1.0" 200 92683 "https://xn--kr11-rzb.com" "Mozilla/5.0 (Windows NT 10.0; Win64; x64) AppleWebKit/537.36 (KHTML, like Gecko) Chrome/129.0.0.0 Safari/537.36"
72.49.49.0 - - [10/Mar/2025:19:41:04 +0100] "GET /reports/usage_202403.html HTTP/1.0" 200 92683 "https://xn--kr-lbb.com" "Mozilla/5.0 (Windows NT 10.0; Win64; x64) AppleWebKit/537.36 (KHTML, like Gecko) Chrome/131.0.0.0 Safari/537.36"
54.36.148.0 - - [10/Mar/2025:19:43:27 +0100] "GET /contao/vendor/webmozart/assert/?C=M;O=A HTTP/2.0" 200 4292 "-" "Mozilla/5.0 (compatible; AhrefsBot/7.0; +http://ahrefs.com/robot/)"
185.125.230.0 - - [10/Mar/2025:19:46:07 +0100] "GET /reports/usage_202402.html HTTP/1.0" 200 91181 "https://betsafe-1.com/" "Mozilla/5.0 (Windows NT 6.1; Win64; x64) AppleWebKit/537.36 (KHTML, like Gecko) Chrome/103.0.0.0 Safari/537.36"
185.125.230.0 - - [10/Mar/2025:19:46:10 +0100] "GET /reports/usage_202402.html HTTP/1.0" 200 91181 "https://betsafe-1.com/" "Mozilla/5.0 (Windows NT 10.0; Win64; x64) AppleWebKit/537.36 (KHTML, like Gecko) Chrome/103.0.0.0 Safari/537.36"
185.125.230.0 - - [10/Mar/2025:19:46:13 +0100] "GET /reports/usage_202402.html HTTP/1.0" 200 91181 "https://betsafe-1.com/" "Mozilla/5.0 (Windows NT 6.3; Win64; x64) AppleWebKit/537.36 (KHTML, like Gecko) Chrome/103.0.5060.66 Safari/537.36"
208.102.51.0 - - [10/Mar/2025:19:47:45 +0100] "GET /reports/usage_202403.html HTTP/1.0" 200 92683 "https://xn--kr12-rzb.com" "Mozilla/5.0 (Windows NT 10.0; Win64; x64) AppleWebKit/537.36 (KHTML, like Gecko) Chrome/131.0.0.0 Safari/537.36"
208.102.51.0 - - [10/Mar/2025:19:48:28 +0100] "GET /reports/usage_202403.html HTTP/1.0" 200 92683 "https://xn--krken9-xoc.com" "Mozilla/5.0 (Windows NT 10.0; Win64; x64) AppleWebKit/537.36 (KHTML, like Gecko) Chrome/130.0.0.0 Safari/537.36"
72.49.49.0 - - [10/Mar/2025:19:49:10 +0100] "GET /reports/usage_202403.html HTTP/1.0" 200 92683 "https://xn--kr11-rzb.com" "Mozilla/5.0 (Windows NT 10.0; Win64; x64) AppleWebKit/537.36 (KHTML, like Gecko) Chrome/129.0.0.0 Safari/537.36"
54.36.148.0 - - [10/Mar/2025:19:54:23 +0100] "GET /contao/vendor/webmozart/assert/?C=N;O=D HTTP/2.0" 200 4289 "-" "Mozilla/5.0 (compatible; AhrefsBot/7.0; +http://ahrefs.com/robot/)"
72.49.49.0 - - [10/Mar/2025:19:55:37 +0100] "GET /reports/usage_202403.html HTTP/1.0" 200 92683 "https://xn--rakn-f0a1446b.com" "Mozilla/5.0 (Windows NT 10.0; Win64; x64) AppleWebKit/537.36 (KHTML, like Gecko) Chrome/129.0.0.0 Safari/537.36"
66.249.66.0 - - [10/Mar/2025:19:55:55 +0100] "GET /wp-content/uploads/aussichtplattform_1920.jpg.webp HTTP/1.1" 304 - "-" "Googlebot-Image/1.0"
208.102.51.0 - - [10/Mar/2025:19:56:39 +0100] "GET /reports/usage_202403.html HTTP/1.0" 200 92683 "https://xn--krken7-xoc.com" "Mozilla/5.0 (Windows NT 10.0; Win64; x64) AppleWebKit/537.36 (KHTML, like Gecko) Chrome/130.0.0.0 Safari/537.36"
164.92.211.0 - - [10/Mar/2025:19:56:52 +0100] "GET / HTTP/1.1" 301 229 "-" "Mozilla/5.0 (compatible)"
2a01:238:43f8:5f00:: - - [10/Mar/2025:19:56:52 +0100] "POST /wp-cron.php?doing_wp_cron=1741633012.8337430953979492187500 HTTP/1.1" 200 - "-" "wezplibjG4xX"
164.92.211.0 - - [10/Mar/2025:19:56:52 +0100] "GET / HTTP/1.1" 200 55582 "-" "Mozilla/5.0 (compatible)"
152.32.199.0 - - [10/Mar/2025:19:57:16 +0100] "GET /reports/usage_202403.html HTTP/1.0" 200 92683 "https://xn--kr-nia.com" "Mozilla/5.0 (Windows NT 10.0; Win64; x64) AppleWebKit/537.36 (KHTML, like Gecko) Chrome/131.0.0.0 Safari/537.36 Avast/131.0.0.0"
185.125.230.0 - - [10/Mar/2025:19:59:33 +0100] "GET /reports/usage_202402.html HTTP/1.0" 200 91181 "https://betsafe-1.com/" "Mozilla/5.0 (Windows NT 6.3; Win64; x64) AppleWebKit/537.36 (KHTML, like Gecko) Chrome/103.0.5060.53 Safari/537.36"
185.125.230.0 - - [10/Mar/2025:19:59:37 +0100] "GET /reports/usage_202402.html HTTP/1.0" 200 91181 "https://betsafe-1.com/" "Mozilla/5.0 (Windows NT 6.3; Win64; x64) AppleWebKit/537.36 (KHTML, like Gecko) Chrome/103.0.5060.53 Safari/537.36"
185.125.230.0 - - [10/Mar/2025:19:59:40 +0100] "GET /reports/usage_202402.html HTTP/1.0" 200 91181 "https://betsafe-1.com/" "Mozilla/5.0 (Windows NT 6.1; WOW64) AppleWebKit/537.36 (KHTML, like Gecko) Chrome/103.0.0.0 Safari/537.36"
2a01:238:43f8:5f00:: - - [10/Mar/2025:20:01:02 +0100] "POST /wp-cron.php?doing_wp_cron=1741633262.1772959232330322265625 HTTP/1.1" 200 - "-" "1wzbnL2Q5Ibb"
68.183.180.0 - - [10/Mar/2025:20:01:02 +0100] "GET / HTTP/1.1" 301 - "-" "-"
68.183.180.0 - - [10/Mar/2025:20:01:06 +0100] "GET / HTTP/1.1" 301 - "-" "Mozilla/5.0 (Linux; Android 6.0; HTC One M9 Build/MRA087309) AppleWebKit/537.36 (KHTML, like Gecko) Chrome/52.0.1370.98 Mobile Safari/537.3"
68.183.180.0 - - [10/Mar/2025:20:01:07 +0100] "GET /actuator/env HTTP/1.1" 200 - "-" "Go-http-client/1.1"
68.183.180.0 - - [10/Mar/2025:20:01:08 +0100] "GET /server HTTP/1.1" 200 - "-" "Go-http-client/1.1"
68.183.180.0 - - [10/Mar/2025:20:01:08 +0100] "GET /.vscode/sftp.json HTTP/1.1" 200 - "-" "Go-http-client/1.1"
68.183.180.0 - - [10/Mar/2025:20:01:09 +0100] "GET /about HTTP/1.1" 200 - "-" "Go-http-client/1.1"
68.183.180.0 - - [10/Mar/2025:20:01:09 +0100] "GET /debug/default/view?panel=config HTTP/1.1" 200 - "-" "Go-http-client/1.1"
68.183.180.0 - - [10/Mar/2025:20:01:10 +0100] "GET /v2/_catalog HTTP/1.1" 200 - "-" "Go-http-client/1.1"
68.183.180.0 - - [10/Mar/2025:20:01:11 +0100] "GET /ecp/Current/exporttool/microsoft.exchange.ediscovery.exporttool.application HTTP/1.1" 200 - "-" "Go-http-client/1.1"
68.183.180.0 - - [10/Mar/2025:20:01:11 +0100] "GET /server-status HTTP/1.1" 403 2423 "-" "Go-http-client/1.1"
2a01:238:43f8:5f00:: - - [10/Mar/2025:20:01:12 +0100] "POST /wp-cron.php?doing_wp_cron=1741633272.3648889064788818359375 HTTP/1.1" 200 - "-" "I6rUtyxEkMOF"
68.183.180.0 - - [10/Mar/2025:20:01:12 +0100] "GET /login.action HTTP/1.1" 200 - "-" "Go-http-client/1.1"
68.183.180.0 - - [10/Mar/2025:20:01:13 +0100] "GET /_all_dbs HTTP/1.1" 200 - "-" "Mozilla/5.0 (l9scan/2.0.5333e2031323e2936313e21383; +https://leakix.net)"
68.183.180.0 - - [10/Mar/2025:20:01:13 +0100] "GET /.DS_Store HTTP/1.1" 403 2423 "-" "Go-http-client/1.1"
68.183.180.0 - - [10/Mar/2025:20:01:14 +0100] "GET /.env HTTP/1.1" 403 2423 "-" "Go-http-client/1.1"
68.183.180.0 - - [10/Mar/2025:20:01:14 +0100] "GET /.git/config HTTP/1.1" 200 - "-" "Go-http-client/1.1"
68.183.180.0 - - [10/Mar/2025:20:01:15 +0100] "GET /s/5333e2031323e2936313e21383/_/;/META-INF/maven/com.atlassian.jira/jira-webapp-dist/pom.properties HTTP/1.1" 200 - "-" "Go-http-client/1.1"
68.183.180.0 - - [10/Mar/2025:20:01:16 +0100] "GET /config.json HTTP/1.1" 200 - "-" "Go-http-client/1.1"
68.183.180.0 - - [10/Mar/2025:20:01:16 +0100] "GET /telescope/requests HTTP/1.1" 200 - "-" "Go-http-client/1.1"
68.183.180.0 - - [10/Mar/2025:20:01:17 +0100] "GET /info.php HTTP/1.1" 200 26892 "-" "Go-http-client/1.1"
68.183.180.0 - - [10/Mar/2025:20:01:18 +0100] "GET /?rest_route=/wp/v2/users/ HTTP/1.1" 200 215 "-" "Go-http-client/1.1"
72.49.49.0 - - [10/Mar/2025:20:04:01 +0100] "GET /reports/usage_202403.html HTTP/1.0" 200 92683 "https://xn--kr-kla.com" "Mozilla/5.0 (Windows NT 10.0; Win64; x64) AppleWebKit/537.36 (KHTML, like Gecko) Chrome/129.0.0.0 Safari/537.36"
98.83.8.0 - - [10/Mar/2025:20:04:28 +0100] "GET /robots.txt HTTP/1.1" 301 246 "-" "Mozilla/5.0 AppleWebKit/537.36 (KHTML, like Gecko; compatible; Amazonbot/0.1; +https://developer.amazon.com/support/amazonbot) Chrome/119.0.6045.214 Safari/537.36"
44.208.193.0 - - [10/Mar/2025:20:04:28 +0100] "GET /robots.txt HTTP/1.1" 200 162 "-" "Mozilla/5.0 AppleWebKit/537.36 (KHTML, like Gecko; compatible; Amazonbot/0.1; +https://developer.amazon.com/support/amazonbot) Chrome/119.0.6045.214 Safari/537.36"
54.92.171.0 - - [10/Mar/2025:20:04:30 +0100] "GET / HTTP/1.1" 301 236 "-" "Mozilla/5.0 AppleWebKit/537.36 (KHTML, like Gecko; compatible; Amazonbot/0.1; +https://developer.amazon.com/support/amazonbot) Chrome/119.0.6045.214 Safari/537.36"
195.178.110.0 - - [10/Mar/2025:20:04:33 +0100] "\x16\x03\x01" 400 226 "-" "-"
195.178.110.0 - - [10/Mar/2025:20:04:33 +0100] "GET / HTTP/1.1" 400 226 "-" "-"
195.178.110.0 - - [10/Mar/2025:20:04:33 +0100] "GET / HTTP/1.1" 200 3510 "-" "l9tcpid/v1.1.0"
213.133.100.0 - - [10/Mar/2025:20:04:41 +0100] "GET / HTTP/1.1" 301 240 "http://www.gebaeudetechnik.nrw" "Mozilla/5.0 (Linux; Android 10; K) AppleWebKit/537.36 (KHTML, like Gecko) Chrome/130.0.0.0 Mobile Safari/537.36 EdgA/130.0.0.0"
2a01:238:43f8:5f00:: - - [10/Mar/2025:20:04:41 +0100] "POST /wp-cron.php?doing_wp_cron=1741633481.2112610340118408203125 HTTP/1.1" 200 - "-" "LVnkB1J0KT8D"
213.133.100.0 - - [10/Mar/2025:20:04:41 +0100] "GET / HTTP/2.0" 200 55566 "http://www.gebaeudetechnik.nrw" "Mozilla/5.0 (Linux; Android 10; K) AppleWebKit/537.36 (KHTML, like Gecko) Chrome/130.0.0.0 Mobile Safari/537.36 EdgA/130.0.0.0"
213.133.100.0 - - [10/Mar/2025:20:04:41 +0100] "GET / HTTP/1.1" 301 233 "http://www.gdb-bonn.com" "Mozilla/5.0 (Windows NT 10.0; Win64; x64) AppleWebKit/537.36 (KHTML, like Gecko) Chrome/118.0.0.0 Safari/537.36"
213.133.100.0 - - [10/Mar/2025:20:04:41 +0100] "GET / HTTP/2.0" 200 55577 "http://www.gdb-bonn.com" "Mozilla/5.0 (Windows NT 10.0; Win64; x64) AppleWebKit/537.36 (KHTML, like Gecko) Chrome/118.0.0.0 Safari/537.36"
213.133.100.0 - - [10/Mar/2025:20:04:42 +0100] "GET /kontaktformular/ HTTP/2.0" 200 54846 "https://www.gebaeudetechnik.nrw/kontaktformular/" "Mozilla/5.0 (iPhone; CPU iPhone OS 18_0 like Mac OS X) AppleWebKit/605.1.15 (KHTML, like Gecko) Version/18.0 Mobile/15E148 Safari/604.1"
213.133.100.0 - - [10/Mar/2025:20:04:42 +0100] "GET /kontaktformular/allgemeine-geschaeftsbedingungen/ HTTP/2.0" 200 53008 "https://www.gebaeudetechnik.nrw/kontaktformular/allgemeine-geschaeftsbedingungen/" "Mozilla/5.0 (Windows NT 10.0; Win64; x64) AppleWebKit/537.36 (KHTML, like Gecko) Chrome/128.0.0.0 YaBrowser/24.10.0.0 Safari/537.36"
213.133.100.0 - - [10/Mar/2025:20:04:43 +0100] "GET /impressum/ HTTP/2.0" 200 51002 "https://www.gebaeudetechnik.nrw/impressum/" "Mozilla/5.0 (iPhone; CPU iPhone OS 15_8_3 like Mac OS X) AppleWebKit/605.1.15 (KHTML, like Gecko) Version/15.6.6 Mobile/15E148 Safari/604.1"
213.133.100.0 - - [10/Mar/2025:20:04:44 +0100] "GET / HTTP/2.0" 200 55581 "https://www.gdb-bonn.com" "Mozilla/5.0 (X11; CrOS x86_64 14541.0.0) AppleWebKit/537.36 (KHTML, like Gecko) Chrome/126.0.0.0 Safari/537.36"
54.36.148.0 - - [10/Mar/2025:20:04:50 +0100] "GET /contao/vendor/webignition/robots-txt-file/?C=M;O=A HTTP/2.0" 200 2894 "-" "Mozilla/5.0 (compatible; AhrefsBot/7.0; +http://ahrefs.com/robot/)"
208.102.51.0 - - [10/Mar/2025:20:04:57 +0100] "GET /reports/usage_202403.html HTTP/1.0" 200 92683 "https://xn--krken10-bn4c.com" "Mozilla/5.0 (Windows NT 10.0; Win64; x64) AppleWebKit/537.36 (KHTML, like Gecko) Chrome/129.0.0.0 Safari/537.36"
213.180.203.0 - - [10/Mar/2025:20:06:11 +0100] "GET /robots.txt HTTP/1.1" 200 223 "-" "Mozilla/5.0 (compatible; YandexBot/3.0; +http://yandex.com/bots)"
2a01:238:43f8:5f00:: - - [10/Mar/2025:20:06:12 +0100] "POST /wp-cron.php?doing_wp_cron=1741633572.2780079841613769531250 HTTP/1.1" 200 - "-" "OCrCVZOLQ2qj"
213.180.203.0 - - [10/Mar/2025:20:06:12 +0100] "GET /kontaktformular/favicon/favicon-180.png HTTP/1.1" 200 48509 "-" "Mozilla/5.0 (compatible; YandexFavicons/1.0; +http://yandex.com/bots)"
66.249.66.0 - - [10/Mar/2025:20:09:16 +0100] "GET /robots.txt HTTP/1.1" 404 2555 "-" "Mozilla/5.0 (compatible; Googlebot/2.1; +http://www.google.com/bot.html)"
66.249.66.0 - - [10/Mar/2025:20:09:17 +0100] "GET /contao/vendor/contao/newsletter-bundle/src/Resources/contao/languages/en/tl_user_group.xlf HTTP/1.1" 200 225 "-" "Mozilla/5.0 (Linux; Android 6.0.1; Nexus 5X Build/MMB29P) AppleWebKit/537.36 (KHTML, like Gecko) Chrome/133.0.6943.53 Mobile Safari/537.36 (compatible; Googlebot/2.1; +http://www.google.com/bot.html)"
208.65.90.0 - - [10/Mar/2025:20:12:02 +0100] "GET /reports/usage_202403.html HTTP/1.0" 200 92683 "https://xn--kr-nia.com" "Mozilla/5.0 (Windows NT 10.0; Win64; x64) AppleWebKit/537.36 (KHTML, like Gecko) Chrome/130.0.0.0 Safari/537.36 CCleaner/130.0.0.0"
185.125.230.0 - - [10/Mar/2025:20:13:08 +0100] "GET /reports/usage_202402.html HTTP/1.0" 200 91181 "https://betsafe-1.com/" "Mozilla/5.0 (Windows NT 6.1) AppleWebKit/537.36 (KHTML, like Gecko) Chrome/103.0.5060.114 Safari/537.36"
185.125.230.0 - - [10/Mar/2025:20:13:11 +0100] "GET /reports/usage_202402.html HTTP/1.0" 200 91181 "https://betsafe-1.com/" "Mozilla/5.0 (Windows NT 6.1; Win64; x64) AppleWebKit/537.36 (KHTML, like Gecko) Chrome/103.0.5060.66 Safari/537.36"
185.125.230.0 - - [10/Mar/2025:20:13:14 +0100] "GET /reports/usage_202402.html HTTP/1.0" 200 91181 "https://betsafe-1.com/" "Mozilla/5.0 (Windows NT 10.0; Win64; x64) AppleWebKit/537.36 (KHTML, like Gecko) Chrome/103.0.0.0 Safari/537.36 Herring/95.1.8810.11"
68.71.245.0 - - [10/Mar/2025:20:13:19 +0100] "GET /reports/usage_202403.html HTTP/1.0" 200 92683 "https://xn--kr9-onb.com" "Mozilla/5.0 (Windows NT 10.0; Win64; x64) AppleWebKit/537.36 (KHTML, like Gecko) Chrome/131.0.0.0 Safari/537.36"
54.36.148.0 - - [10/Mar/2025:20:15:15 +0100] "GET /contao/vendor/webignition/robots-txt-file/?C=N;O=D HTTP/2.0" 200 2886 "-" "Mozilla/5.0 (compatible; AhrefsBot/7.0; +http://ahrefs.com/robot/)"
143.244.45.0 - - [10/Mar/2025:20:20:09 +0100] "GET /admin/assets/global/plugins/plugins/elrte/src/elrte.src.html HTTP/1.1" 301 296 "-" "ALittle Client"
143.244.45.0 - - [10/Mar/2025:20:20:10 +0100] "GET /admin/plugins/plugins/elrte/src/elrte.src.html HTTP/1.1" 301 282 "-" "ALittle Client"
208.65.90.0 - - [10/Mar/2025:20:20:31 +0100] "GET /reports/usage_202403.html HTTP/1.0" 200 92683 "https://xn--kr12-rzb.com" "Mozilla/5.0 (Windows NT 10.0; Win64; x64) AppleWebKit/537.36 (KHTML, like Gecko) Chrome/131.0.0.0 Safari/537.36"
205.210.31.0 - - [10/Mar/2025:20:23:50 +0100] "GET / HTTP/1.1" 200 728 "-" "Expanse, a Palo Alto Networks company, searches across the global IPv4 space multiple times per day to identify customers' presences on the Internet. If you would like to be excluded from our scans, please send IP addresses/domains to: scaninfo@paloaltonetworks.com"
66.249.66.0 - - [10/Mar/2025:20:23:57 +0100] "GET /robots.txt HTTP/1.1" 301 239 "-" "Mozilla/5.0 (compatible; Googlebot/2.1; +http://www.google.com/bot.html)"
66.249.66.0 - - [10/Mar/2025:20:23:58 +0100] "GET /robots.txt HTTP/1.1" 200 162 "-" "Mozilla/5.0 (compatible; Googlebot/2.1; +http://www.google.com/bot.html)"
66.249.66.0 - - [10/Mar/2025:20:23:58 +0100] "GET / HTTP/1.1" 301 229 "-" "Mozilla/5.0 (compatible; Googlebot/2.1; +http://www.google.com/bot.html)"
2a01:238:43f8:5f00:: - - [10/Mar/2025:20:23:59 +0100] "POST /wp-cron.php?doing_wp_cron=1741634639.3444769382476806640625 HTTP/1.1" 200 - "-" "6aOMol4aTjfe"
66.249.66.0 - - [10/Mar/2025:20:23:59 +0100] "GET / HTTP/1.1" 200 55581 "-" "Mozilla/5.0 (compatible; Googlebot/2.1; +http://www.google.com/bot.html)"
51.8.102.0 - - [10/Mar/2025:20:25:15 +0100] "GET /robots.txt HTTP/2.0" 200 162 "-" "Mozilla/5.0 (Macintosh; Intel Mac OS X 10_15_7) AppleWebKit/537.36 (KHTML, like Gecko) Chrome/131.0.0.0 Safari/537.36; compatible; OAI-SearchBot/1.0; +https://openai.com/searchbot"
54.36.148.0 - - [10/Mar/2025:20:25:26 +0100] "GET /contao/vendor/webignition/robots-txt-file/?C=S;O=A HTTP/2.0" 200 2890 "-" "Mozilla/5.0 (compatible; AhrefsBot/7.0; +http://ahrefs.com/robot/)"
185.125.230.0 - - [10/Mar/2025:20:26:33 +0100] "GET /reports/usage_202402.html HTTP/1.0" 200 91181 "https://betsafe-1.com/" "Mozilla/5.0 (Windows NT 10.0; Win64; x64) AppleWebKit/537.36 (KHTML, like Gecko) Chrome/103.0.5060.53 Safari/537.36"
185.125.230.0 - - [10/Mar/2025:20:26:36 +0100] "GET /reports/usage_202402.html HTTP/1.0" 200 91181 "https://betsafe-1.com/" "Mozilla/5.0 (Windows NT 10.0; Win64; x64) AppleWebKit/537.36 (KHTML, like Gecko) Chrome/103.0.5042.0 Safari/537.36"
185.125.230.0 - - [10/Mar/2025:20:26:39 +0100] "GET /reports/usage_202402.html HTTP/1.0" 200 91181 "https://betsafe-1.com/" "Mozilla/5.0 (Windows NT 6.1; Win64; x64) AppleWebKit/537.36 (KHTML, like Gecko) Chrome/103.0.5060.66 Safari/537.36"
2a01:238:43f8:5f00:: - - [10/Mar/2025:20:27:31 +0100] "POST /wp-cron.php?doing_wp_cron=1741634851.2640399932861328125000 HTTP/1.1" 200 - "-" "GFM8CV9Vz2Tk"
207.46.13.0 - - [10/Mar/2025:20:27:31 +0100] "GET /definition-unterhaltsreinigung/ HTTP/2.0" 200 51596 "-" "Mozilla/5.0 AppleWebKit/537.36 (KHTML, like Gecko; compatible; bingbot/2.0; +http://www.bing.com/bingbot.htm) Chrome/116.0.1938.76 Safari/537.36"
169.150.247.0 - - [10/Mar/2025:20:27:41 +0100] "GET /robots.txt HTTP/1.1" 301 246 "-" "Mozilla/5.0 AppleWebKit/537.36 (KHTML, like Gecko; compatible; bingbot/2.0; +http://www.bing.com/bingbot.htm) Chrome/116.0.1938.76 Safari/537.36"
169.150.247.0 - - [10/Mar/2025:20:27:41 +0100] "GET /robots.txt HTTP/1.1" 301 246 "-" "Mozilla/5.0 AppleWebKit/537.36 (KHTML, like Gecko; compatible; bingbot/2.0; +http://www.bing.com/bingbot.htm) Chrome/116.0.1938.76 Safari/537.36"
207.46.13.0 - - [10/Mar/2025:20:27:42 +0100] "GET /robots.txt HTTP/2.0" 200 162 "-" "Mozilla/5.0 AppleWebKit/537.36 (KHTML, like Gecko; compatible; bingbot/2.0; +http://www.bing.com/bingbot.htm) Chrome/116.0.1938.76 Safari/537.36"
207.46.13.0 - - [10/Mar/2025:20:27:42 +0100] "GET /robots.txt HTTP/2.0" 200 162 "-" "Mozilla/5.0 AppleWebKit/537.36 (KHTML, like Gecko; compatible; bingbot/2.0; +http://www.bing.com/bingbot.htm) Chrome/116.0.1938.76 Safari/537.36"
169.150.247.0 - - [10/Mar/2025:20:27:42 +0100] "GET /robots.txt HTTP/1.1" 301 246 "-" "Mozilla/5.0 AppleWebKit/537.36 (KHTML, like Gecko; compatible; bingbot/2.0; +http://www.bing.com/bingbot.htm) Chrome/116.0.1938.76 Safari/537.36"
169.150.247.0 - - [10/Mar/2025:20:27:42 +0100] "GET /robots.txt HTTP/1.1" 301 246 "-" "Mozilla/5.0 AppleWebKit/537.36 (KHTML, like Gecko; compatible; bingbot/2.0; +http://www.bing.com/bingbot.htm) Chrome/116.0.1938.76 Safari/537.36"
207.46.13.0 - - [10/Mar/2025:20:27:42 +0100] "GET /robots.txt HTTP/2.0" 200 162 "-" "Mozilla/5.0 AppleWebKit/537.36 (KHTML, like Gecko; compatible; bingbot/2.0; +http://www.bing.com/bingbot.htm) Chrome/116.0.1938.76 Safari/537.36"
207.46.13.0 - - [10/Mar/2025:20:27:42 +0100] "GET /robots.txt HTTP/2.0" 200 162 "-" "Mozilla/5.0 AppleWebKit/537.36 (KHTML, like Gecko; compatible; bingbot/2.0; +http://www.bing.com/bingbot.htm) Chrome/116.0.1938.76 Safari/537.36"
207.46.13.0 - - [10/Mar/2025:20:27:45 +0100] "GET /wp-content/plugins/borlabs-cookie/assets/images/borlabs-cookie-icon-dynamic.svg HTTP/2.0" 200 4265 "-" "Mozilla/5.0 AppleWebKit/537.36 (KHTML, like Gecko; compatible; bingbot/2.0; +http://www.bing.com/bingbot.htm) Chrome/116.0.1938.76 Safari/537.36"
169.150.247.0 - - [10/Mar/2025:20:27:45 +0100] "GET /wp-content/cache/autoptimize/autoptimize_single_0931d311c22b874b0ed3b28d5ff48ca5.php HTTP/1.1" 301 320 "-" "Mozilla/5.0 AppleWebKit/537.36 (KHTML, like Gecko; compatible; bingbot/2.0; +http://www.bing.com/bingbot.htm) Chrome/116.0.1938.76 Safari/537.36"
169.150.247.0 - - [10/Mar/2025:20:27:45 +0100] "GET /wp-content/cache/autoptimize/autoptimize_single_06b3ed89f3c425c7ab4c3ffbb90ebe86.php HTTP/1.1" 301 320 "-" "Mozilla/5.0 AppleWebKit/537.36 (KHTML, like Gecko; compatible; bingbot/2.0; +http://www.bing.com/bingbot.htm) Chrome/116.0.1938.76 Safari/537.36"
169.150.247.0 - - [10/Mar/2025:20:27:46 +0100] "GET /wp-content/cache/autoptimize/autoptimize_single_0d8a9fff3ec3feb8387b9a8683853f8b.php?ver=1718269816&cached=1 HTTP/1.1" 301 348 "-" "Mozilla/5.0 AppleWebKit/537.36 (KHTML, like Gecko; compatible; bingbot/2.0; +http://www.bing.com/bingbot.htm) Chrome/116.0.1938.76 Safari/537.36"
169.150.247.0 - - [10/Mar/2025:20:27:46 +0100] "GET /wp-content/cache/autoptimize/autoptimize_single_2b34beb6e10a768bf505b76375371f1e.php HTTP/1.1" 301 320 "-" "Mozilla/5.0 AppleWebKit/537.36 (KHTML, like Gecko; compatible; bingbot/2.0; +http://www.bing.com/bingbot.htm) Chrome/116.0.1938.76 Safari/537.36"
169.150.247.0 - - [10/Mar/2025:20:27:46 +0100] "GET /wp-content/cache/autoptimize/autoptimize_single_7e63c2dfb2c6011146bc171f6b46f564.php HTTP/1.1" 301 320 "-" "Mozilla/5.0 AppleWebKit/537.36 (KHTML, like Gecko; compatible; bingbot/2.0; +http://www.bing.com/bingbot.htm) Chrome/116.0.1938.76 Safari/537.36"
169.150.247.0 - - [10/Mar/2025:20:27:46 +0100] "GET /wp-content/cache/autoptimize/autoptimize_single_617d3d8b8b517ddacc312957902814dd.php HTTP/1.1" 301 320 "-" "Mozilla/5.0 AppleWebKit/537.36 (KHTML, like Gecko; compatible; bingbot/2.0; +http://www.bing.com/bingbot.htm) Chrome/116.0.1938.76 Safari/537.36"
169.150.247.0 - - [10/Mar/2025:20:27:46 +0100] "GET /wp-content/cache/autoptimize/autoptimize_single_97ff155d262ee4d794053e99e87ee321.php?ver=1718269816&cached=1 HTTP/1.1" 301 348 "-" "Mozilla/5.0 AppleWebKit/537.36 (KHTML, like Gecko; compatible; bingbot/2.0; +http://www.bing.com/bingbot.htm) Chrome/116.0.1938.76 Safari/537.36"
169.150.247.0 - - [10/Mar/2025:20:27:46 +0100] "GET /wp-content/cache/autoptimize/autoptimize_single_ce13632a2a809cc3c876650223b774a0.php HTTP/1.1" 301 320 "-" "Mozilla/5.0 AppleWebKit/537.36 (KHTML, like Gecko; compatible; bingbot/2.0; +http://www.bing.com/bingbot.htm) Chrome/116.0.1938.76 Safari/537.36"
169.150.247.0 - - [10/Mar/2025:20:27:47 +0100] "GET /wp-content/plugins/easy-social-icons/css/font-awesome/css/v4-shims.min.css HTTP/1.1" 301 310 "-" "Mozilla/5.0 AppleWebKit/537.36 (KHTML, like Gecko; compatible; bingbot/2.0; +http://www.bing.com/bingbot.htm) Chrome/116.0.1938.76 Safari/537.36"
169.150.247.0 - - [10/Mar/2025:20:27:48 +0100] "GET /wp-includes/css/dist/block-library/style.min.css HTTP/1.1" 301 284 "-" "Mozilla/5.0 AppleWebKit/537.36 (KHTML, like Gecko; compatible; bingbot/2.0; +http://www.bing.com/bingbot.htm) Chrome/116.0.1938.76 Safari/537.36"
169.150.247.0 - - [10/Mar/2025:20:27:48 +0100] "GET /wp-includes/js/jquery/jquery-migrate.min.js HTTP/1.1" 301 279 "-" "Mozilla/5.0 AppleWebKit/537.36 (KHTML, like Gecko; compatible; bingbot/2.0; +http://www.bing.com/bingbot.htm) Chrome/116.0.1938.76 Safari/537.36"
169.150.247.0 - - [10/Mar/2025:20:27:50 +0100] "GET /wp-content/themes/busiprof-pro/css/font-awesome/fonts/fontawesome-webfont.woff2?v=4.7.0 HTTP/1.1" 404 2729 "-" "Mozilla/5.0 AppleWebKit/537.36 (KHTML, like Gecko; compatible; bingbot/2.0; +http://www.bing.com/bingbot.htm) Chrome/116.0.1938.76 Safari/537.36"
169.150.247.0 - - [10/Mar/2025:20:27:50 +0100] "GET /wp-content/cache/autoptimize/autoptimize_single_14ed89e278d4cd61a551fcc2a47a12cf.php HTTP/1.1" 301 320 "-" "Mozilla/5.0 AppleWebKit/537.36 (KHTML, like Gecko; compatible; bingbot/2.0; +http://www.bing.com/bingbot.htm) Chrome/116.0.1938.76 Safari/537.36"
169.150.247.0 - - [10/Mar/2025:20:27:51 +0100] "GET /wp-content/cache/autoptimize/autoptimize_single_32be890c5913ca45460595124c12e18e.php HTTP/1.1" 301 320 "-" "Mozilla/5.0 AppleWebKit/537.36 (KHTML, like Gecko; compatible; bingbot/2.0; +http://www.bing.com/bingbot.htm) Chrome/116.0.1938.76 Safari/537.36"
169.150.247.0 - - [10/Mar/2025:20:27:51 +0100] "GET /wp-content/cache/autoptimize/autoptimize_single_851f8dba812d4762ed4e16c5baf25cd6.php HTTP/1.1" 301 320 "-" "Mozilla/5.0 AppleWebKit/537.36 (KHTML, like Gecko; compatible; bingbot/2.0; +http://www.bing.com/bingbot.htm) Chrome/116.0.1938.76 Safari/537.36"
169.150.247.0 - - [10/Mar/2025:20:27:51 +0100] "GET /wp-content/cache/autoptimize/autoptimize_single_b4713df0b78aa1688c57628e4f1cab0c.php HTTP/1.1" 301 320 "-" "Mozilla/5.0 AppleWebKit/537.36 (KHTML, like Gecko; compatible; bingbot/2.0; +http://www.bing.com/bingbot.htm) Chrome/116.0.1938.76 Safari/537.36"
169.150.247.0 - - [10/Mar/2025:20:27:52 +0100] "GET /wp-content/cache/autoptimize/autoptimize_single_c1244387c1a757b0a2bd442e344e420e.php HTTP/1.1" 301 320 "-" "Mozilla/5.0 AppleWebKit/537.36 (KHTML, like Gecko; compatible; bingbot/2.0; +http://www.bing.com/bingbot.htm) Chrome/116.0.1938.76 Safari/537.36"
169.150.247.0 - - [10/Mar/2025:20:27:52 +0100] "GET /wp-includes/js/jquery/ui/mouse.min.js HTTP/1.1" 301 273 "-" "Mozilla/5.0 AppleWebKit/537.36 (KHTML, like Gecko; compatible; bingbot/2.0; +http://www.bing.com/bingbot.htm) Chrome/116.0.1938.76 Safari/537.36"
169.150.247.0 - - [10/Mar/2025:20:27:52 +0100] "GET /wp-content/cache/autoptimize/autoptimize_single_dd7b7706d324569a9f45e5e440a12a6a.php HTTP/1.1" 301 320 "-" "Mozilla/5.0 AppleWebKit/537.36 (KHTML, like Gecko; compatible; bingbot/2.0; +http://www.bing.com/bingbot.htm) Chrome/116.0.1938.76 Safari/537.36"
169.150.247.0 - - [10/Mar/2025:20:27:52 +0100] "GET /wp-includes/js/jquery/jquery.min.js HTTP/1.1" 301 271 "-" "Mozilla/5.0 AppleWebKit/537.36 (KHTML, like Gecko; compatible; bingbot/2.0; +http://www.bing.com/bingbot.htm) Chrome/116.0.1938.76 Safari/537.36"
169.150.247.0 - - [10/Mar/2025:20:27:53 +0100] "GET /wp-content/cache/autoptimize/autoptimize_single_fb5d24687889dd4144fa32e7161bd627.php HTTP/1.1" 301 320 "-" "Mozilla/5.0 AppleWebKit/537.36 (KHTML, like Gecko; compatible; bingbot/2.0; +http://www.bing.com/bingbot.htm) Chrome/116.0.1938.76 Safari/537.36"
169.150.247.0 - - [10/Mar/2025:20:27:53 +0100] "GET /wp-includes/js/jquery/ui/sortable.min.js HTTP/1.1" 301 276 "-" "Mozilla/5.0 AppleWebKit/537.36 (KHTML, like Gecko; compatible; bingbot/2.0; +http://www.bing.com/bingbot.htm) Chrome/116.0.1938.76 Safari/537.36"
169.150.247.0 - - [10/Mar/2025:20:27:53 +0100] "GET /wp-content/cache/autoptimize/autoptimize_single_19e0aab77a65149633ba58f2dfeb7ebb.php HTTP/1.1" 301 320 "-" "Mozilla/5.0 AppleWebKit/537.36 (KHTML, like Gecko; compatible; bingbot/2.0; +http://www.bing.com/bingbot.htm) Chrome/116.0.1938.76 Safari/537.36"
169.150.247.0 - - [10/Mar/2025:20:27:53 +0100] "GET /wp-content/cache/autoptimize/autoptimize_single_0ebea01f110cd0ec92c68815ee0aad47.php?ver=1718269816&cached=1 HTTP/1.1" 301 348 "-" "Mozilla/5.0 AppleWebKit/537.36 (KHTML, like Gecko; compatible; bingbot/2.0; +http://www.bing.com/bingbot.htm) Chrome/116.0.1938.76 Safari/537.36"
169.150.247.0 - - [10/Mar/2025:20:27:53 +0100] "GET /wp-content/cache/autoptimize/autoptimize_single_1ad2e4f6ceb51a868c6bd7a3e0bc4fab.php HTTP/1.1" 301 320 "-" "Mozilla/5.0 AppleWebKit/537.36 (KHTML, like Gecko; compatible; bingbot/2.0; +http://www.bing.com/bingbot.htm) Chrome/116.0.1938.76 Safari/537.36"
169.150.247.0 - - [10/Mar/2025:20:27:53 +0100] "GET /wp-content/cache/autoptimize/autoptimize_single_1dd257818e0bfaa6f8a82f141eeb54ff.php HTTP/1.1" 301 320 "-" "Mozilla/5.0 AppleWebKit/537.36 (KHTML, like Gecko; compatible; bingbot/2.0; +http://www.bing.com/bingbot.htm) Chrome/116.0.1938.76 Safari/537.36"
169.150.247.0 - - [10/Mar/2025:20:27:54 +0100] "GET /wp-content/cache/autoptimize/autoptimize_single_2a34dbc716a5013a0b987ac81ad3e30f.php HTTP/1.1" 301 320 "-" "Mozilla/5.0 AppleWebKit/537.36 (KHTML, like Gecko; compatible; bingbot/2.0; +http://www.bing.com/bingbot.htm) Chrome/116.0.1938.76 Safari/537.36"
169.150.247.0 - - [10/Mar/2025:20:27:54 +0100] "GET /wp-content/cache/autoptimize/autoptimize_single_334e3d08493eba0c7ffbeec7fafdd8be.php HTTP/1.1" 301 320 "-" "Mozilla/5.0 AppleWebKit/537.36 (KHTML, like Gecko; compatible; bingbot/2.0; +http://www.bing.com/bingbot.htm) Chrome/116.0.1938.76 Safari/537.36"
169.150.247.0 - - [10/Mar/2025:20:27:54 +0100] "GET /wp-content/cache/autoptimize/autoptimize_single_3d5bf56970b9d69bc623794ceffae744.php HTTP/1.1" 301 320 "-" "Mozilla/5.0 AppleWebKit/537.36 (KHTML, like Gecko; compatible; bingbot/2.0; +http://www.bing.com/bingbot.htm) Chrome/116.0.1938.76 Safari/537.36"
169.150.247.0 - - [10/Mar/2025:20:27:54 +0100] "GET /wp-content/cache/autoptimize/autoptimize_single_597d5a628786f3031396519ec07d0599.php HTTP/1.1" 301 320 "-" "Mozilla/5.0 AppleWebKit/537.36 (KHTML, like Gecko; compatible; bingbot/2.0; +http://www.bing.com/bingbot.htm) Chrome/116.0.1938.76 Safari/537.36"
169.150.247.0 - - [10/Mar/2025:20:27:54 +0100] "GET /wp-content/cache/autoptimize/autoptimize_single_6b74ece0913f1478cfb295c6623baf98.php HTTP/1.1" 301 320 "-" "Mozilla/5.0 AppleWebKit/537.36 (KHTML, like Gecko; compatible; bingbot/2.0; +http://www.bing.com/bingbot.htm) Chrome/116.0.1938.76 Safari/537.36"
169.150.247.0 - - [10/Mar/2025:20:27:54 +0100] "GET /wp-content/cache/autoptimize/autoptimize_single_b6aeb905a718d7249651175caef87dde.php HTTP/1.1" 301 320 "-" "Mozilla/5.0 AppleWebKit/537.36 (KHTML, like Gecko; compatible; bingbot/2.0; +http://www.bing.com/bingbot.htm) Chrome/116.0.1938.76 Safari/537.36"
169.150.247.0 - - [10/Mar/2025:20:27:54 +0100] "GET /wp-content/themes/busiprof-pro/js/themename.js HTTP/1.1" 404 2647 "-" "Mozilla/5.0 AppleWebKit/537.36 (KHTML, like Gecko; compatible; bingbot/2.0; +http://www.bing.com/bingbot.htm) Chrome/116.0.1938.76 Safari/537.36"
169.150.247.0 - - [10/Mar/2025:20:27:55 +0100] "GET /wp-content/cache/autoptimize/autoptimize_single_bc25a68866d292ef47bb832eb3532d86.php HTTP/1.1" 301 320 "-" "Mozilla/5.0 AppleWebKit/537.36 (KHTML, like Gecko; compatible; bingbot/2.0; +http://www.bing.com/bingbot.htm) Chrome/116.0.1938.76 Safari/537.36"
169.150.247.0 - - [10/Mar/2025:20:27:55 +0100] "GET /wp-content/cache/autoptimize/autoptimize_single_b8192274dbb166adb439a1f6c0c13bdc.php HTTP/1.1" 301 320 "-" "Mozilla/5.0 AppleWebKit/537.36 (KHTML, like Gecko; compatible; bingbot/2.0; +http://www.bing.com/bingbot.htm) Chrome/116.0.1938.76 Safari/537.36"
169.150.247.0 - - [10/Mar/2025:20:27:55 +0100] "GET /wp-content/cache/autoptimize/autoptimize_single_d73c5b630ef6af658a3991f886f17eba.php HTTP/1.1" 301 320 "-" "Mozilla/5.0 AppleWebKit/537.36 (KHTML, like Gecko; compatible; bingbot/2.0; +http://www.bing.com/bingbot.htm) Chrome/116.0.1938.76 Safari/537.36"
169.150.247.0 - - [10/Mar/2025:20:27:55 +0100] "GET /wp-content/cache/autoptimize/autoptimize_single_d780cf740f6d55dc8e0182ae7dbaa51c.php HTTP/1.1" 301 320 "-" "Mozilla/5.0 AppleWebKit/537.36 (KHTML, like Gecko; compatible; bingbot/2.0; +http://www.bing.com/bingbot.htm) Chrome/116.0.1938.76 Safari/537.36"
169.150.247.0 - - [10/Mar/2025:20:27:55 +0100] "GET /wp-includes/js/comment-reply.min.js HTTP/1.1" 301 271 "-" "Mozilla/5.0 AppleWebKit/537.36 (KHTML, like Gecko; compatible; bingbot/2.0; +http://www.bing.com/bingbot.htm) Chrome/116.0.1938.76 Safari/537.36"
40.77.167.0 - - [10/Mar/2025:20:27:56 +0100] "GET /wp-content/cache/autoptimize/autoptimize_single_06b3ed89f3c425c7ab4c3ffbb90ebe86.php HTTP/2.0" 200 1522 "-" "Mozilla/5.0 AppleWebKit/537.36 (KHTML, like Gecko; compatible; bingbot/2.0; +http://www.bing.com/bingbot.htm) Chrome/116.0.1938.76 Safari/537.36"
169.150.247.0 - - [10/Mar/2025:20:27:56 +0100] "GET /wp-includes/js/jquery/ui/core.min.js HTTP/1.1" 301 272 "-" "Mozilla/5.0 AppleWebKit/537.36 (KHTML, like Gecko; compatible; bingbot/2.0; +http://www.bing.com/bingbot.htm) Chrome/116.0.1938.76 Safari/537.36"
169.150.247.0 - - [10/Mar/2025:20:27:56 +0100] "GET /wp-content/cache/autoptimize/autoptimize_single_fc47214ab3f32d5ad24c21856dfce3dd.php HTTP/1.1" 301 320 "-" "Mozilla/5.0 AppleWebKit/537.36 (KHTML, like Gecko; compatible; bingbot/2.0; +http://www.bing.com/bingbot.htm) Chrome/116.0.1938.76 Safari/537.36"
40.77.167.0 - - [10/Mar/2025:20:27:56 +0100] "GET /wp-content/cache/autoptimize/autoptimize_single_0931d311c22b874b0ed3b28d5ff48ca5.php HTTP/2.0" 200 2413 "-" "Mozilla/5.0 AppleWebKit/537.36 (KHTML, like Gecko; compatible; bingbot/2.0; +http://www.bing.com/bingbot.htm) Chrome/116.0.1938.76 Safari/537.36"
169.150.247.0 - - [10/Mar/2025:20:27:56 +0100] "GET /wp-content/themes/busiprof-pro/print.css HTTP/1.1" 404 2635 "-" "Mozilla/5.0 AppleWebKit/537.36 (KHTML, like Gecko; compatible; bingbot/2.0; +http://www.bing.com/bingbot.htm) Chrome/116.0.1938.76 Safari/537.36"
40.77.167.0 - - [10/Mar/2025:20:27:56 +0100] "GET /wp-content/cache/autoptimize/autoptimize_single_0d8a9fff3ec3feb8387b9a8683853f8b.php?ver=1718269816&cached=1 HTTP/2.0" 200 19794 "-" "Mozilla/5.0 AppleWebKit/537.36 (KHTML, like Gecko; compatible; bingbot/2.0; +http://www.bing.com/bingbot.htm) Chrome/116.0.1938.76 Safari/537.36"
40.77.167.0 - - [10/Mar/2025:20:27:57 +0100] "GET /wp-content/cache/autoptimize/autoptimize_single_2b34beb6e10a768bf505b76375371f1e.php HTTP/2.0" 200 14795 "-" "Mozilla/5.0 AppleWebKit/537.36 (KHTML, like Gecko; compatible; bingbot/2.0; +http://www.bing.com/bingbot.htm) Chrome/116.0.1938.76 Safari/537.36"
40.77.167.0 - - [10/Mar/2025:20:27:57 +0100] "GET /wp-content/cache/autoptimize/autoptimize_single_617d3d8b8b517ddacc312957902814dd.php HTTP/2.0" 200 2847 "-" "Mozilla/5.0 AppleWebKit/537.36 (KHTML, like Gecko; compatible; bingbot/2.0; +http://www.bing.com/bingbot.htm) Chrome/116.0.1938.76 Safari/537.36"
40.77.167.0 - - [10/Mar/2025:20:27:57 +0100] "GET /wp-content/cache/autoptimize/autoptimize_single_7e63c2dfb2c6011146bc171f6b46f564.php HTTP/2.0" 200 164 "-" "Mozilla/5.0 AppleWebKit/537.36 (KHTML, like Gecko; compatible; bingbot/2.0; +http://www.bing.com/bingbot.htm) Chrome/116.0.1938.76 Safari/537.36"
40.77.167.0 - - [10/Mar/2025:20:27:58 +0100] "GET /wp-content/cache/autoptimize/autoptimize_single_97ff155d262ee4d794053e99e87ee321.php?ver=1718269816&cached=1 HTTP/2.0" 200 2051 "-" "Mozilla/5.0 AppleWebKit/537.36 (KHTML, like Gecko; compatible; bingbot/2.0; +http://www.bing.com/bingbot.htm) Chrome/116.0.1938.76 Safari/537.36"
40.77.167.0 - - [10/Mar/2025:20:27:58 +0100] "GET /wp-content/cache/autoptimize/autoptimize_single_ce13632a2a809cc3c876650223b774a0.php HTTP/2.0" 200 1645 "-" "Mozilla/5.0 AppleWebKit/537.36 (KHTML, like Gecko; compatible; bingbot/2.0; +http://www.bing.com/bingbot.htm) Chrome/116.0.1938.76 Safari/537.36"
40.77.167.0 - - [10/Mar/2025:20:27:58 +0100] "GET /wp-content/plugins/easy-social-icons/css/font-awesome/css/v4-shims.min.css HTTP/2.0" 200 4080 "-" "Mozilla/5.0 AppleWebKit/537.36 (KHTML, like Gecko; compatible; bingbot/2.0; +http://www.bing.com/bingbot.htm) Chrome/116.0.1938.76 Safari/537.36"
40.77.167.0 - - [10/Mar/2025:20:27:58 +0100] "GET /wp-includes/css/dist/block-library/style.min.css HTTP/2.0" 200 14991 "-" "Mozilla/5.0 AppleWebKit/537.36 (KHTML, like Gecko; compatible; bingbot/2.0; +http://www.bing.com/bingbot.htm) Chrome/116.0.1938.76 Safari/537.36"
40.77.167.0 - - [10/Mar/2025:20:27:59 +0100] "GET /wp-includes/js/jquery/jquery-migrate.min.js HTTP/2.0" 200 4872 "-" "Mozilla/5.0 AppleWebKit/537.36 (KHTML, like Gecko; compatible; bingbot/2.0; +http://www.bing.com/bingbot.htm) Chrome/116.0.1938.76 Safari/537.36"
40.77.167.0 - - [10/Mar/2025:20:27:59 +0100] "GET /wp-includes/js/jquery/ui/mouse.min.js HTTP/2.0" 200 1085 "-" "Mozilla/5.0 AppleWebKit/537.36 (KHTML, like Gecko; compatible; bingbot/2.0; +http://www.bing.com/bingbot.htm) Chrome/116.0.1938.76 Safari/537.36"
40.77.167.0 - - [10/Mar/2025:20:28:00 +0100] "GET /wp-includes/js/jquery/jquery.min.js HTTP/2.0" 200 30368 "-" "Mozilla/5.0 AppleWebKit/537.36 (KHTML, like Gecko; compatible; bingbot/2.0; +http://www.bing.com/bingbot.htm) Chrome/116.0.1938.76 Safari/537.36"
40.77.167.0 - - [10/Mar/2025:20:28:00 +0100] "GET /wp-includes/js/jquery/ui/sortable.min.js HTTP/2.0" 200 6565 "-" "Mozilla/5.0 AppleWebKit/537.36 (KHTML, like Gecko; compatible; bingbot/2.0; +http://www.bing.com/bingbot.htm) Chrome/116.0.1938.76 Safari/537.36"
40.77.167.0 - - [10/Mar/2025:20:28:09 +0100] "GET /wp-content/cache/autoptimize/autoptimize_single_14ed89e278d4cd61a551fcc2a47a12cf.php HTTP/2.0" 200 686 "-" "Mozilla/5.0 AppleWebKit/537.36 (KHTML, like Gecko; compatible; bingbot/2.0; +http://www.bing.com/bingbot.htm) Chrome/116.0.1938.76 Safari/537.36"
40.77.167.0 - - [10/Mar/2025:20:28:10 +0100] "GET /wp-content/cache/autoptimize/autoptimize_single_32be890c5913ca45460595124c12e18e.php HTTP/2.0" 200 3675 "-" "Mozilla/5.0 AppleWebKit/537.36 (KHTML, like Gecko; compatible; bingbot/2.0; +http://www.bing.com/bingbot.htm) Chrome/116.0.1938.76 Safari/537.36"
40.77.167.0 - - [10/Mar/2025:20:28:10 +0100] "GET /wp-content/cache/autoptimize/autoptimize_single_851f8dba812d4762ed4e16c5baf25cd6.php HTTP/2.0" 200 3183 "-" "Mozilla/5.0 AppleWebKit/537.36 (KHTML, like Gecko; compatible; bingbot/2.0; +http://www.bing.com/bingbot.htm) Chrome/116.0.1938.76 Safari/537.36"
40.77.167.0 - - [10/Mar/2025:20:28:10 +0100] "GET /wp-content/cache/autoptimize/autoptimize_single_b4713df0b78aa1688c57628e4f1cab0c.php HTTP/2.0" 200 5045 "-" "Mozilla/5.0 AppleWebKit/537.36 (KHTML, like Gecko; compatible; bingbot/2.0; +http://www.bing.com/bingbot.htm) Chrome/116.0.1938.76 Safari/537.36"
40.77.167.0 - - [10/Mar/2025:20:28:10 +0100] "GET /wp-content/cache/autoptimize/autoptimize_single_c1244387c1a757b0a2bd442e344e420e.php HTTP/2.0" 200 793 "-" "Mozilla/5.0 AppleWebKit/537.36 (KHTML, like Gecko; compatible; bingbot/2.0; +http://www.bing.com/bingbot.htm) Chrome/116.0.1938.76 Safari/537.36"
40.77.167.0 - - [10/Mar/2025:20:28:11 +0100] "GET /wp-content/cache/autoptimize/autoptimize_single_dd7b7706d324569a9f45e5e440a12a6a.php HTTP/2.0" 200 1710 "-" "Mozilla/5.0 AppleWebKit/537.36 (KHTML, like Gecko; compatible; bingbot/2.0; +http://www.bing.com/bingbot.htm) Chrome/116.0.1938.76 Safari/537.36"
40.77.167.0 - - [10/Mar/2025:20:28:11 +0100] "GET /wp-content/cache/autoptimize/autoptimize_single_fb5d24687889dd4144fa32e7161bd627.php HTTP/2.0" 200 970 "-" "Mozilla/5.0 AppleWebKit/537.36 (KHTML, like Gecko; compatible; bingbot/2.0; +http://www.bing.com/bingbot.htm) Chrome/116.0.1938.76 Safari/537.36"
40.77.167.0 - - [10/Mar/2025:20:28:11 +0100] "GET /wp-includes/js/comment-reply.min.js HTTP/2.0" 200 1351 "-" "Mozilla/5.0 AppleWebKit/537.36 (KHTML, like Gecko; compatible; bingbot/2.0; +http://www.bing.com/bingbot.htm) Chrome/116.0.1938.76 Safari/537.36"
40.77.167.0 - - [10/Mar/2025:20:28:12 +0100] "GET /wp-includes/js/jquery/ui/core.min.js HTTP/2.0" 200 7099 "-" "Mozilla/5.0 AppleWebKit/537.36 (KHTML, like Gecko; compatible; bingbot/2.0; +http://www.bing.com/bingbot.htm) Chrome/116.0.1938.76 Safari/537.36"
52.167.144.0 - - [10/Mar/2025:20:28:18 +0100] "GET /wp-content/cache/autoptimize/autoptimize_single_0ebea01f110cd0ec92c68815ee0aad47.php?ver=1718269816&cached=1 HTTP/2.0" 200 1357 "-" "Mozilla/5.0 AppleWebKit/537.36 (KHTML, like Gecko; compatible; bingbot/2.0; +http://www.bing.com/bingbot.htm) Chrome/116.0.1938.76 Safari/537.36"
52.167.144.0 - - [10/Mar/2025:20:28:18 +0100] "GET /wp-content/cache/autoptimize/autoptimize_single_19e0aab77a65149633ba58f2dfeb7ebb.php HTTP/2.0" 200 7198 "-" "Mozilla/5.0 AppleWebKit/537.36 (KHTML, like Gecko; compatible; bingbot/2.0; +http://www.bing.com/bingbot.htm) Chrome/116.0.1938.76 Safari/537.36"
52.167.144.0 - - [10/Mar/2025:20:28:19 +0100] "GET /wp-content/cache/autoptimize/autoptimize_single_1dd257818e0bfaa6f8a82f141eeb54ff.php HTTP/2.0" 200 1156 "-" "Mozilla/5.0 AppleWebKit/537.36 (KHTML, like Gecko; compatible; bingbot/2.0; +http://www.bing.com/bingbot.htm) Chrome/116.0.1938.76 Safari/537.36"
52.167.144.0 - - [10/Mar/2025:20:28:19 +0100] "GET /wp-content/cache/autoptimize/autoptimize_single_1ad2e4f6ceb51a868c6bd7a3e0bc4fab.php HTTP/2.0" 200 1526 "-" "Mozilla/5.0 AppleWebKit/537.36 (KHTML, like Gecko; compatible; bingbot/2.0; +http://www.bing.com/bingbot.htm) Chrome/116.0.1938.76 Safari/537.36"
52.167.144.0 - - [10/Mar/2025:20:28:19 +0100] "GET /wp-content/cache/autoptimize/autoptimize_single_2a34dbc716a5013a0b987ac81ad3e30f.php HTTP/2.0" 200 1935 "-" "Mozilla/5.0 AppleWebKit/537.36 (KHTML, like Gecko; compatible; bingbot/2.0; +http://www.bing.com/bingbot.htm) Chrome/116.0.1938.76 Safari/537.36"
52.167.144.0 - - [10/Mar/2025:20:28:20 +0100] "GET /wp-content/cache/autoptimize/autoptimize_single_334e3d08493eba0c7ffbeec7fafdd8be.php HTTP/2.0" 200 698 "-" "Mozilla/5.0 AppleWebKit/537.36 (KHTML, like Gecko; compatible; bingbot/2.0; +http://www.bing.com/bingbot.htm) Chrome/116.0.1938.76 Safari/537.36"
52.167.144.0 - - [10/Mar/2025:20:28:20 +0100] "GET /wp-content/cache/autoptimize/autoptimize_single_597d5a628786f3031396519ec07d0599.php HTTP/2.0" 200 676 "-" "Mozilla/5.0 AppleWebKit/537.36 (KHTML, like Gecko; compatible; bingbot/2.0; +http://www.bing.com/bingbot.htm) Chrome/116.0.1938.76 Safari/537.36"
52.167.144.0 - - [10/Mar/2025:20:28:20 +0100] "GET /wp-content/cache/autoptimize/autoptimize_single_3d5bf56970b9d69bc623794ceffae744.php HTTP/2.0" 200 2546 "-" "Mozilla/5.0 AppleWebKit/537.36 (KHTML, like Gecko; compatible; bingbot/2.0; +http://www.bing.com/bingbot.htm) Chrome/116.0.1938.76 Safari/537.36"
