196.251.86.0 - - [11/Mar/2025:06:46:01 +0100] "POST /wp-plain.php HTTP/1.1" 200 289258 "www.google.com" "Mozilla/5.0 (Linux; Android 7.0; SM-G892A Bulid/NRD90M; wv) AppleWebKit/537.36 (KHTML, like Gecko) Version/4.0 Chrome/60.0.3112.107 Moblie Safari/537.36"
196.251.86.0 - - [11/Mar/2025:06:46:01 +0100] "GET /uzdgegxv.php?Fox=d3wL7 HTTP/1.1" 200 289258 "www.google.com" "Mozilla/5.0 (Linux; Android 7.0; SM-G892A Bulid/NRD90M; wv) AppleWebKit/537.36 (KHTML, like Gecko) Version/4.0 Chrome/60.0.3112.107 Moblie Safari/537.36"
196.251.86.0 - - [11/Mar/2025:06:46:01 +0100] "POST /ALFA_DATA/alfacgiapi/perl.alfa HTTP/1.1" 200 289258 "www.google.com" "Mozlila/5.0 (Linux; Android 7.0; SM-G892A Bulid/NRD90M; wv) AppleWebKit/537.36 (KHTML, like Gecko) Version/4.0 Chrome/60.0.3112.107 Moblie Safari/537.36"
196.251.86.0 - - [11/Mar/2025:06:46:01 +0100] "GET / HTTP/1.1" 200 317742 "-" "Mozlila/5.0 (Linux; Android 7.0; SM-G892A Bulid/NRD90M; wv) AppleWebKit/537.36 (KHTML, like Gecko) Version/4.0 Chrome/60.0.3112.107 Moblie Safari/537.36"
196.251.86.0 - - [11/Mar/2025:06:46:03 +0100] "POST /alfacgiapi/perl.alfa HTTP/1.1" 301 260 "www.google.com" "Mozlila/5.0 (Linux; Android 7.0; SM-G892A Bulid/NRD90M; wv) AppleWebKit/537.36 (KHTML, like Gecko) Version/4.0 Chrome/60.0.3112.107 Moblie Safari/537.36"
196.251.86.0 - - [11/Mar/2025:06:46:03 +0100] "POST /alfacgiapi/perl.alfa HTTP/1.1" 200 289258 "www.google.com" "Mozlila/5.0 (Linux; Android 7.0; SM-G892A Bulid/NRD90M; wv) AppleWebKit/537.36 (KHTML, like Gecko) Version/4.0 Chrome/60.0.3112.107 Moblie Safari/537.36"
196.251.86.0 - - [11/Mar/2025:06:46:03 +0100] "GET /wp-content/plugins/apikey/apikey.php?test=hello HTTP/1.1" 200 289258 "-" "Mozlila/5.0 (Linux; Android 7.0; SM-G892A Bulid/NRD90M; wv) AppleWebKit/537.36 (KHTML, like Gecko) Version/4.0 Chrome/60.0.3112.107 Moblie Safari/537.36"
196.251.86.0 - - [11/Mar/2025:06:46:01 +0100] "GET /wp-content/plugins/fix/up.php HTTP/1.1" 200 289258 "-" "Mozilla/5.0 (Windows NT 10.0; Win64; x64) AppleWebKit/537.36 (KHTML, like Gecko) Chrome/85.0.4183.102 Safari/537.36"
2a01:238:43f8:5f00:: - - [11/Mar/2025:06:46:01 +0100] "POST /wp-cron.php?doing_wp_cron=1741671961.5342900753021240234375 HTTP/1.1" 200 - "-" "SnDeOgdLf88h"
196.251.86.0 - - [11/Mar/2025:06:46:03 +0100] "GET /plugins/content/apismtp/apismtp.php?test=hello HTTP/1.1" 200 289258 "-" "Mozlila/5.0 (Linux; Android 7.0; SM-G892A Bulid/NRD90M; wv) AppleWebKit/537.36 (KHTML, like Gecko) Version/4.0 Chrome/60.0.3112.107 Moblie Safari/537.36"
196.251.86.0 - - [11/Mar/2025:06:46:05 +0100] "GET /wp-content/plugins/apikey/apikey.php.suspected?test=hello HTTP/1.1" 403 2431 "-" "Mozlila/5.0 (Linux; Android 7.0; SM-G892A Bulid/NRD90M; wv) AppleWebKit/537.36 (KHTML, like Gecko) Version/4.0 Chrome/60.0.3112.107 Moblie Safari/537.36"
196.251.86.0 - - [11/Mar/2025:06:46:05 +0100] "GET /plugins/content/apismtp/apismtp.php.suspected?test=hello HTTP/1.1" 403 2431 "-" "Mozlila/5.0 (Linux; Android 7.0; SM-G892A Bulid/NRD90M; wv) AppleWebKit/537.36 (KHTML, like Gecko) Version/4.0 Chrome/60.0.3112.107 Moblie Safari/537.36"
72.49.49.0 - - [11/Mar/2025:06:47:06 +0100] "GET /reports/usage_202403.html HTTP/1.0" 200 92683 "https://xn--kran-xva5q.com" "Mozilla/5.0 (Windows NT 10.0; Win64; x64) AppleWebKit/537.36 (KHTML, like Gecko) Chrome/131.0.0.0 Safari/537.36 Avast/131.0.0.0"
194.0.234.0 - - [11/Mar/2025:06:47:22 +0100] "GET / HTTP/1.1" 200 732 "-" "Mozilla/5.0 (Windows NT 10.0; rv:102.0) Gecko/20100101 Firefox/102.0"
208.102.51.0 - - [11/Mar/2025:06:47:41 +0100] "GET /reports/usage_202403.html HTTP/1.0" 200 92683 "https://xn--krken14-bn4c.com" "Mozilla/5.0 (Windows NT 10.0; Win64; x64) AppleWebKit/537.36 (KHTML, like Gecko) Chrome/131.0.0.0 Safari/537.36"
64.62.197.0 - - [11/Mar/2025:06:47:55 +0100] "GET /.git/config HTTP/1.1" 404 2557 "-" "Mozilla/5.0 (X11; Linux x86_64; rv:56.0) Gecko/20100101 Firefox/56.0"
45.84.107.0 - - [11/Mar/2025:06:48:07 +0100] "GET /reports/usage_202403.html HTTP/1.0" 200 92683 "https://xn--kr13-6na.com" "Mozilla/5.0 (Windows NT 10.0; Win64; x64) AppleWebKit/537.36 (KHTML, like Gecko) Chrome/129.0.0.0 Safari/537.36"
2001:4ba0:cafe:b2c:: - - [11/Mar/2025:06:48:07 +0100] "GET / HTTP/1.1" 301 236 "-" "Mozilla/5.0 (Windows NT 10.0; Win64; x64) AppleWebKit/537.36 (KHTML, like Gecko) Chrome/91.0.4472.114 Safari/537.36 Edg/91.0.864.54"
2001:4ba0:cafe:b2c:: - - [11/Mar/2025:06:48:07 +0100] "GET / HTTP/2.0" 301 - "-" "Mozilla/5.0 (Windows NT 10.0; Win64; x64) AppleWebKit/537.36 (KHTML, like Gecko) Chrome/91.0.4472.114 Safari/537.36 Edg/91.0.864.54"
2001:4ba0:cafe:b2c:: - - [11/Mar/2025:06:48:07 +0100] "GET / HTTP/2.0" 200 55565 "-" "Mozilla/5.0 (Windows NT 10.0; Win64; x64) AppleWebKit/537.36 (KHTML, like Gecko) Chrome/91.0.4472.114 Safari/537.36 Edg/91.0.864.54"
2a05:d01c:b43:8a10:: - - [11/Mar/2025:06:49:31 +0100] "GET /+CSCOE+/logon.html HTTP/1.1" 404 2671 "-" "'Mozilla/5.0 (compatible; GenomeCrawlerd/1.0; https://www.nokia.com/genomecrawler)'"
194.0.234.0 - - [11/Mar/2025:06:49:43 +0100] "GET / HTTP/1.1" 200 732 "-" "Mozilla/5.0 (Windows NT 10.0; rv:102.0) Gecko/20100101 Firefox/102.0"
2a05:d01c:b43:8a10:: - - [11/Mar/2025:06:51:14 +0100] "\x16\x03\x01" 400 226 "-" "-"
185.125.230.0 - - [11/Mar/2025:06:52:39 +0100] "GET /reports/usage_202402.html HTTP/1.0" 200 91181 "https://betsafe-1.com/" "Mozilla/5.0 (Windows NT 6.2; Win64; x64) AppleWebKit/537.36 (KHTML, like Gecko) Chrome/103.0.0.0 Safari/537.36"
185.125.230.0 - - [11/Mar/2025:06:52:41 +0100] "GET /reports/usage_202402.html HTTP/1.0" 200 91181 "https://betsafe-1.com/" "Mozilla/5.0 (Windows NT 10.0; Win64; x64) AppleWebKit/537.36 (KHTML, like Gecko) Chrome/103.0.5060.134 Safari/537.36"
185.125.230.0 - - [11/Mar/2025:06:52:44 +0100] "GET /reports/usage_202402.html HTTP/1.0" 200 91181 "https://betsafe-1.com/" "Mozilla/5.0 (Windows NT 6.1; Win64; x64) AppleWebKit/537.36 (KHTML, like Gecko) Chrome/103.0.0.0 Safari/537.36"
92.222.181.0 - - [11/Mar/2025:06:53:12 +0100] "POST /xmlrpc.php HTTP/1.1" 403 2421 "-" "Mozilla/5.0 (X11; Fedora; Linux x86_64; rv:94.0) Gecko/20100101 Firefox/95.0"
169.150.247.0 - - [11/Mar/2025:06:54:26 +0100] "GET / HTTP/1.1" 301 236 "-" "Mozilla/5.0 (Windows NT 10.0; Win64; x64) AppleWebKit/537.36 (KHTML, like Gecko) Chrome/78.0.3904.108 Safari/537.36"
2a01:238:43f8:5f00:: - - [11/Mar/2025:06:54:27 +0100] "POST /wp-cron.php?doing_wp_cron=1741672467.1940829753875732421875 HTTP/1.1" 200 - "-" "Aw5IGuTODDX1"
34.86.42.0 - - [11/Mar/2025:06:54:27 +0100] "GET / HTTP/1.1" 301 - "-" "Mozilla/5.0 (Windows NT 10.0; Win64; x64) AppleWebKit/537.36 (KHTML, like Gecko) Chrome/78.0.3904.108 Safari/537.36"
34.86.42.0 - - [11/Mar/2025:06:54:27 +0100] "GET //wp-includes/wlwmanifest.xml HTTP/1.1" 200 - "-" "Mozilla/5.0 (Windows NT 10.0; Win64; x64) AppleWebKit/537.36 (KHTML, like Gecko) Chrome/78.0.3904.108 Safari/537.36"
34.86.42.0 - - [11/Mar/2025:06:54:28 +0100] "GET //xmlrpc.php?rsd HTTP/1.1" 403 2431 "-" "Mozilla/5.0 (Windows NT 10.0; Win64; x64) AppleWebKit/537.36 (KHTML, like Gecko) Chrome/78.0.3904.108 Safari/537.36"
34.86.42.0 - - [11/Mar/2025:06:54:28 +0100] "GET / HTTP/1.1" 200 317742 "-" "Mozilla/5.0 (Windows NT 10.0; Win64; x64) AppleWebKit/537.36 (KHTML, like Gecko) Chrome/78.0.3904.108 Safari/537.36"
34.86.42.0 - - [11/Mar/2025:06:54:28 +0100] "GET //?author=1 HTTP/1.1" 403 2431 "-" "Mozilla/5.0 (Windows NT 10.0; Win64; x64) AppleWebKit/537.36 (KHTML, like Gecko) Chrome/78.0.3904.108 Safari/537.36"
34.86.42.0 - - [11/Mar/2025:06:54:28 +0100] "GET //?author=2 HTTP/1.1" 403 2431 "-" "Mozilla/5.0 (Windows NT 10.0; Win64; x64) AppleWebKit/537.36 (KHTML, like Gecko) Chrome/78.0.3904.108 Safari/537.36"
34.86.42.0 - - [11/Mar/2025:06:54:28 +0100] "GET //wp-json/wp/v2/users/ HTTP/1.1" 403 2431 "-" "Mozilla/5.0 (Windows NT 10.0; Win64; x64) AppleWebKit/537.36 (KHTML, like Gecko) Chrome/78.0.3904.108 Safari/537.36"
34.86.42.0 - - [11/Mar/2025:06:54:28 +0100] "GET //wp-json/oembed/1.0/embed?url=https://www.gebaeudetechnik.nrw/ HTTP/1.1" 200 73 "-" "Mozilla/5.0 (Windows NT 10.0; Win64; x64) AppleWebKit/537.36 (KHTML, like Gecko) Chrome/78.0.3904.108 Safari/537.36"
34.86.42.0 - - [11/Mar/2025:06:54:29 +0100] "POST //xmlrpc.php HTTP/1.1" 403 2431 "-" "Mozilla/5.0 (Windows NT 10.0; Win64; x64) AppleWebKit/537.36 (KHTML, like Gecko) Chrome/78.0.3904.108 Safari/537.36"
2a05:d01c:b43:8a10:: - - [11/Mar/2025:06:54:57 +0100] "GET /cgi-bin/login.cgi HTTP/1.1" 404 2669 "-" "'Mozilla/5.0 (compatible; GenomeCrawlerd/1.0; https://www.nokia.com/genomecrawler)'"
184.178.172.0 - - [11/Mar/2025:06:55:24 +0100] "GET /reports/usage_202403.html HTTP/1.0" 200 92683 "https://xn--kr-kla.com" "Mozilla/5.0 (Windows NT 10.0; Win64; x64) AppleWebKit/537.36 (KHTML, like Gecko) Chrome/130.0.0.0 Safari/537.36 CCleaner/130.0.0.0"
72.195.34.0 - - [11/Mar/2025:06:56:03 +0100] "GET /reports/usage_202403.html HTTP/1.0" 200 92683 "https://xn--krken14-bn4c.com" "Mozilla/5.0 (Windows NT 10.0; Win64; x64) AppleWebKit/537.36 (KHTML, like Gecko) Chrome/130.0.0.0 Safari/537.36 CCleaner/130.0.0.0"
54.36.149.0 - - [11/Mar/2025:06:56:32 +0100] "GET /contao/vendor/jdorn/?C=M;O=A HTTP/2.0" 200 414 "-" "Mozilla/5.0 (compatible; AhrefsBot/7.0; +http://ahrefs.com/robot/)"
2a05:d01c:b43:8a10:: - - [11/Mar/2025:06:56:40 +0100] "\x16\x03\x01" 400 226 "-" "-"
172.212.102.0 - - [11/Mar/2025:06:58:46 +0100] "GET /autodiscover/autodiscover.json?@zdi/Powershell HTTP/1.1" 404 2627 "-" "Mozilla/5.0 zgrab/0.x"
2a05:d01c:b43:8a10:: - - [11/Mar/2025:07:00:22 +0100] "GET /login.htm HTTP/1.1" 404 2653 "-" "'Mozilla/5.0 (compatible; GenomeCrawlerd/1.0; https://www.nokia.com/genomecrawler)'"
2a05:d01c:b43:8a10:: - - [11/Mar/2025:07:02:30 +0100] "\x16\x03\x01" 400 226 "-" "-"
151.106.8.0 - - [11/Mar/2025:07:02:36 +0100] "GET / HTTP/1.0" 301 236 "http://gebaeudetechnik.nrw/" "Mozilla/5.0 (Windows NT 10.0; Win64; x64) AppleWebKit/537.36 (KHTML, like Gecko) Chrome/130.0.0.0 Safari/537.36 CCleaner/130.0.0.0"
151.106.8.0 - - [11/Mar/2025:07:02:36 +0100] "GET / HTTP/1.0" 301 - "https://gebaeudetechnik.nrw/" "Mozilla/5.0 (Windows NT 10.0; Win64; x64) AppleWebKit/537.36 (KHTML, like Gecko) Chrome/130.0.0.0 Safari/537.36 CCleaner/130.0.0.0"
2a01:238:43f8:5f00:: - - [11/Mar/2025:07:02:36 +0100] "POST /wp-cron.php?doing_wp_cron=1741672956.6854169368743896484375 HTTP/1.1" 200 - "-" "nBDlHCxUzKZn"
151.106.8.0 - - [11/Mar/2025:07:02:36 +0100] "GET / HTTP/1.0" 200 317742 "https://www.gebaeudetechnik.nrw/" "Mozilla/5.0 (Windows NT 10.0; Win64; x64) AppleWebKit/537.36 (KHTML, like Gecko) Chrome/130.0.0.0 Safari/537.36 CCleaner/130.0.0.0"
151.106.8.0 - - [11/Mar/2025:07:02:37 +0100] "GET /kontaktformular/ HTTP/1.0" 200 313938 "https://www.gebaeudetechnik.nrw/kontaktformular/" "Mozilla/5.0 (Windows NT 10.0; Win64; x64) AppleWebKit/537.36 (KHTML, like Gecko) Chrome/130.0.0.0 Safari/537.36 CCleaner/130.0.0.0"
208.102.51.0 - - [11/Mar/2025:07:03:41 +0100] "GET /reports/usage_202403.html HTTP/1.0" 200 92683 "https://xn--krken14-bn4c.com" "Mozilla/5.0 (Windows NT 10.0; Win64; x64) AppleWebKit/537.36 (KHTML, like Gecko) Chrome/130.0.0.0 Safari/537.36 CCleaner/130.0.0.0"
185.125.230.0 - - [11/Mar/2025:07:03:45 +0100] "GET /reports/usage_202402.html HTTP/1.0" 200 91181 "https://betsafe-1.com/" "Mozilla/5.0 (Windows NT 6.3; Win64; x64) AppleWebKit/537.36 (KHTML, like Gecko) Chrome/103.0.0.0 Safari/537.36"
185.125.230.0 - - [11/Mar/2025:07:03:47 +0100] "GET /reports/usage_202402.html HTTP/1.0" 200 91181 "https://betsafe-1.com/" "Mozilla/5.0 (Windows NT 6.1; Win64; x64) AppleWebKit/537.36 (KHTML, like Gecko) Chrome/103.0.0.0 Safari/537.36"
185.125.230.0 - - [11/Mar/2025:07:03:50 +0100] "GET /reports/usage_202402.html HTTP/1.0" 200 91181 "https://betsafe-1.com/" "Mozilla/5.0 (Windows NT 6.1; WOW64) AppleWebKit/537.36 (KHTML, like Gecko) Chrome/103.0.0.0 Safari/537.36"
45.148.10.0 - - [11/Mar/2025:07:04:02 +0100] "GET / HTTP/1.1" 400 226 "-" "-"
45.148.10.0 - - [11/Mar/2025:07:04:03 +0100] "GET / HTTP/1.1" 200 3510 "-" "l9tcpid/v1.1.0"
45.148.10.0 - - [11/Mar/2025:07:04:04 +0100] "GET /prod/.git/config HTTP/1.1" 404 2567 "-" "l9explore/1.2.2"
45.148.10.0 - - [11/Mar/2025:07:04:04 +0100] "GET /.git/config HTTP/1.1" 404 2557 "-" "l9explore/1.2.2"
45.148.10.0 - - [11/Mar/2025:07:04:05 +0100] "GET /public_html/.git/config HTTP/1.1" 404 2581 "-" "l9explore/1.2.2"
45.148.10.0 - - [11/Mar/2025:07:04:05 +0100] "GET /.env.live HTTP/1.1" 404 2553 "-" "l9explore/1.2.2"
45.148.10.0 - - [11/Mar/2025:07:04:06 +0100] "GET /.env.sandbox HTTP/1.1" 404 2559 "-" "l9explore/1.2.2"
45.148.10.0 - - [11/Mar/2025:07:04:06 +0100] "GET /env/.env HTTP/1.1" 404 2551 "-" "l9explore/1.2.2"
45.148.10.0 - - [11/Mar/2025:07:04:06 +0100] "GET /settings/.env HTTP/1.1" 404 2561 "-" "l9explore/1.2.2"
45.148.10.0 - - [11/Mar/2025:07:04:06 +0100] "GET /media/.git/config HTTP/1.1" 404 2569 "-" "l9explore/1.2.2"
45.148.10.0 - - [11/Mar/2025:07:04:07 +0100] "GET /admin/.git/config HTTP/1.1" 404 2569 "-" "l9explore/1.2.2"
208.102.51.0 - - [11/Mar/2025:07:04:07 +0100] "GET /reports/usage_202403.html HTTP/1.0" 200 92683 "https://xn--kr13-6na.com" "Mozilla/5.0 (Windows NT 10.0; Win64; x64) AppleWebKit/537.36 (KHTML, like Gecko) Chrome/130.0.0.0 Safari/537.36 CCleaner/130.0.0.0"
80.82.77.0 - - [11/Mar/2025:07:04:48 +0100] "\x16\x03\x02\x01o\x01" 400 226 "-" "-"
72.49.49.0 - - [11/Mar/2025:07:04:49 +0100] "GET /reports/usage_202403.html HTTP/1.0" 200 92683 "https://xn--kr-ela.com" "Mozilla/5.0 (Windows NT 10.0; Win64; x64) AppleWebKit/537.36 (KHTML, like Gecko) Chrome/131.0.0.0 Safari/537.36 Avast/131.0.0.0"
2a05:d01c:b43:8a10:: - - [11/Mar/2025:07:06:11 +0100] "GET /login.html HTTP/1.1" 404 2655 "-" "'Mozilla/5.0 (compatible; GenomeCrawlerd/1.0; https://www.nokia.com/genomecrawler)'"
2a01:238:43f8:5f00:: - - [11/Mar/2025:07:06:40 +0100] "POST /wp-cron.php?doing_wp_cron=1741673200.4877340793609619140625 HTTP/1.1" 200 - "-" "2U3qbkdj9LnI"
151.106.8.0 - - [11/Mar/2025:07:06:40 +0100] "POST /kontaktformular/ HTTP/1.0" 200 313938 "https://www.gebaeudetechnik.nrw/kontaktformular/" "Mozilla/5.0 (Windows NT 10.0; Win64; x64) AppleWebKit/537.36 (KHTML, like Gecko) Chrome/130.0.0.0 Safari/537.36 CCleaner/130.0.0.0"
54.36.148.0 - - [11/Mar/2025:07:08:35 +0100] "GET /contao/vendor/jdorn/?C=S;O=A HTTP/2.0" 200 414 "-" "Mozilla/5.0 (compatible; AhrefsBot/7.0; +http://ahrefs.com/robot/)"
45.156.128.0 - - [11/Mar/2025:07:08:36 +0100] "GET / HTTP/1.1" 200 730 "-" "Mozilla/5.0 (Windows NT 10.0; Win64; x64) AppleWebKit/537.36 (KHTML, like Gecko) Chrome/60.0.3112.113 Safari/537.36"
2a05:d01c:b43:8a10:: - - [11/Mar/2025:07:08:39 +0100] "\x16\x03\x01" 400 226 "-" "-"
45.156.128.0 - - [11/Mar/2025:07:08:44 +0100] "GET /xmldata?item=all HTTP/1.1" 404 2567 "-" "Mozilla/5.0 (Windows NT 10.0; Win64; x64) AppleWebKit/537.36 (KHTML, like Gecko) Chrome/60.0.3112.113 Safari/537.36"
45.156.128.0 - - [11/Mar/2025:07:08:44 +0100] "GET /internal_forms_authentication HTTP/1.1" 404 2593 "-" "Mozilla/5.0 (Windows NT 10.0; Win64; x64) AppleWebKit/537.36 (KHTML, like Gecko) Chrome/60.0.3112.113 Safari/537.36"
45.156.128.0 - - [11/Mar/2025:07:08:54 +0100] "GET / HTTP/1.1" 200 730 "-" "Mozilla/5.0 (Windows NT 10.0; Win64; x64) AppleWebKit/537.36 (KHTML, like Gecko) Chrome/60.0.3112.113 Safari/537.36"
45.156.128.0 - - [11/Mar/2025:07:08:55 +0100] "GET /partymgr/control/main HTTP/1.1" 404 2577 "-" "Mozilla/5.0 (Windows NT 10.0; Win64; x64) AppleWebKit/537.36 (KHTML, like Gecko) Chrome/60.0.3112.113 Safari/537.36"
45.156.128.0 - - [11/Mar/2025:07:09:07 +0100] "GET /Telerik.Web.UI.WebResource.axd?type=rau HTTP/1.1" 404 2613 "-" "Mozilla/5.0 (Windows NT 10.0; Win64; x64) AppleWebKit/537.36 (KHTML, like Gecko) Chrome/60.0.3112.113 Safari/537.36"
45.156.128.0 - - [11/Mar/2025:07:09:21 +0100] "GET /sitecore/shell/sitecore.version.xml HTTP/1.1" 404 2605 "-" "Mozilla/5.0 (Windows NT 10.0; Win64; x64) AppleWebKit/537.36 (KHTML, like Gecko) Chrome/60.0.3112.113 Safari/537.36"
45.156.128.0 - - [11/Mar/2025:07:09:34 +0100] "GET /zabbix/favicon.ico HTTP/1.1" 404 2571 "-" "Mozilla/5.0 (Windows NT 10.0; Win64; x64) AppleWebKit/537.36 (KHTML, like Gecko) Chrome/60.0.3112.113 Safari/537.36"
45.156.128.0 - - [11/Mar/2025:07:09:46 +0100] "GET /favicon.ico HTTP/1.1" 404 2557 "-" "Mozilla/5.0 (Windows NT 10.0; Win64; x64) AppleWebKit/537.36 (KHTML, like Gecko) Chrome/60.0.3112.113 Safari/537.36"
45.156.128.0 - - [11/Mar/2025:07:10:00 +0100] "GET /identity HTTP/1.1" 404 2551 "-" "Mozilla/5.0 (Windows NT 10.0; Win64; x64) AppleWebKit/537.36 (KHTML, like Gecko) Chrome/60.0.3112.113 Safari/537.36"
45.156.128.0 - - [11/Mar/2025:07:10:15 +0100] "GET /cgi-bin/authLogin.cgi HTTP/1.1" 404 2577 "-" "Mozilla/5.0 (Windows NT 10.0; Win64; x64) AppleWebKit/537.36 (KHTML, like Gecko) Chrome/60.0.3112.113 Safari/537.36"
45.156.128.0 - - [11/Mar/2025:07:10:29 +0100] "GET / HTTP/1.1" 200 730 "-" "Mozilla/5.0 (Windows NT 10.0; Win64; x64) AppleWebKit/537.36 (KHTML, like Gecko) Chrome/60.0.3112.113 Safari/537.36"
45.156.128.0 - - [11/Mar/2025:07:10:29 +0100] "GET /helpdesk/WebObjects/Helpdesk.woa HTTP/1.1" 404 2599 "-" "Mozilla/5.0 (Windows NT 10.0; Win64; x64) AppleWebKit/537.36 (KHTML, like Gecko) Chrome/60.0.3112.113 Safari/537.36"
45.156.128.0 - - [11/Mar/2025:07:10:46 +0100] "GET /license.txt HTTP/1.1" 404 2557 "-" "Mozilla/5.0 (Windows NT 10.0; Win64; x64) AppleWebKit/537.36 (KHTML, like Gecko) Chrome/60.0.3112.113 Safari/537.36"
45.156.128.0 - - [11/Mar/2025:07:11:01 +0100] "GET /wp-json HTTP/1.1" 404 2549 "-" "Mozilla/5.0 (Windows NT 10.0; Win64; x64) AppleWebKit/537.36 (KHTML, like Gecko) Chrome/60.0.3112.113 Safari/537.36"
45.156.128.0 - - [11/Mar/2025:07:11:15 +0100] "GET /webfig/ HTTP/1.1" 404 2549 "-" "Mozilla/5.0 (Windows NT 10.0; Win64; x64) AppleWebKit/537.36 (KHTML, like Gecko) Chrome/60.0.3112.113 Safari/537.36"
45.156.128.0 - - [11/Mar/2025:07:11:34 +0100] "GET /solr/ HTTP/1.1" 404 2545 "-" "Mozilla/5.0 (Windows NT 10.0; Win64; x64) AppleWebKit/537.36 (KHTML, like Gecko) Chrome/60.0.3112.113 Safari/537.36"
45.156.128.0 - - [11/Mar/2025:07:11:52 +0100] "GET /index.jsp HTTP/1.1" 404 2553 "-" "Mozilla/5.0 (Windows NT 10.0; Win64; x64) AppleWebKit/537.36 (KHTML, like Gecko) Chrome/60.0.3112.113 Safari/537.36"
2a01:238:43f8:5f00:: - - [11/Mar/2025:07:11:56 +0100] "POST /wp-cron.php?doing_wp_cron=1741673516.4291419982910156250000 HTTP/1.1" 200 - "-" "VdlAMO2VMwBi"
112.86.225.0 - - [11/Mar/2025:07:11:56 +0100] "GET / HTTP/1.1" 200 55579 "-" "Sogou web spider/4.0(+http://www.sogou.com/docs/help/webmasters.htm#07)"
45.156.128.0 - - [11/Mar/2025:07:12:06 +0100] "GET /login.do HTTP/1.1" 404 2551 "-" "Mozilla/5.0 (Windows NT 10.0; Win64; x64) AppleWebKit/537.36 (KHTML, like Gecko) Chrome/60.0.3112.113 Safari/537.36"
68.71.245.0 - - [11/Mar/2025:07:12:15 +0100] "GET /reports/usage_202403.html HTTP/1.0" 200 92683 "https://xn--krken12-bn4c.com" "Mozilla/5.0 (Windows NT 10.0; Win64; x64) AppleWebKit/537.36 (KHTML, like Gecko) Chrome/129.0.0.0 Safari/537.36"
45.156.128.0 - - [11/Mar/2025:07:12:22 +0100] "GET /favicon.ico HTTP/1.1" 404 2557 "-" "Mozilla/5.0 (Windows NT 10.0; WOW64) AppleWebKit/537.36 (KHTML, like Gecko) Chrome/66.0.3359.117 Safari/537.36"
45.156.128.0 - - [11/Mar/2025:07:12:22 +0100] "GET /cgi-bin/config.exp HTTP/1.1" 404 2571 "-" "Mozilla/5.0 (Windows NT 10.0; Win64; x64) AppleWebKit/537.36 (KHTML, like Gecko) Chrome/60.0.3112.113 Safari/537.36"
208.65.90.0 - - [11/Mar/2025:07:12:23 +0100] "GET /reports/usage_202403.html HTTP/1.0" 200 92683 "https://xn--krken14-bn4c.com" "Mozilla/5.0 (Windows NT 10.0; Win64; x64) AppleWebKit/537.36 (KHTML, like Gecko) Chrome/130.0.0.0 Safari/537.36"
2a05:d01c:b43:8a10:: - - [11/Mar/2025:07:12:26 +0100] "GET /login.jsp HTTP/1.1" 404 2653 "-" "'Mozilla/5.0 (compatible; GenomeCrawlerd/1.0; https://www.nokia.com/genomecrawler)'"
45.156.128.0 - - [11/Mar/2025:07:12:38 +0100] "GET /aspera/faspex/ HTTP/1.1" 404 2563 "-" "Mozilla/5.0 (Windows NT 10.0; Win64; x64) AppleWebKit/537.36 (KHTML, like Gecko) Chrome/60.0.3112.113 Safari/537.36"
45.156.128.0 - - [11/Mar/2025:07:12:38 +0100] "GET /css/images/PTZOptics_powerby.png HTTP/1.1" 404 2599 "-" "Mozilla/5.0 (Windows NT 10.0; Win64; x64) AppleWebKit/537.36 (KHTML, like Gecko) Chrome/60.0.3112.113 Safari/537.36"
45.156.128.0 - - [11/Mar/2025:07:12:39 +0100] "GET /js/NewWindow_2_all.js HTTP/1.1" 404 2577 "-" "Mozilla/5.0 (Windows NT 10.0; Win64; x64) AppleWebKit/537.36 (KHTML, like Gecko) Chrome/60.0.3112.113 Safari/537.36"
45.156.128.0 - - [11/Mar/2025:07:12:39 +0100] "GET /owa/ HTTP/1.1" 404 2543 "-" "Mozilla/5.0 (Windows NT 10.0; Win64; x64) AppleWebKit/537.36 (KHTML, like Gecko) Chrome/60.0.3112.113 Safari/537.36"
45.156.128.0 - - [11/Mar/2025:07:12:39 +0100] "GET /ext-js/app/common/zld_product_spec.js HTTP/1.1" 404 2609 "-" "Mozilla/5.0 (Windows NT 10.0; Win64; x64) AppleWebKit/537.36 (KHTML, like Gecko) Chrome/60.0.3112.113 Safari/537.36"
45.156.128.0 - - [11/Mar/2025:07:12:39 +0100] "GET /api/session/properties HTTP/1.1" 404 2579 "-" "Mozilla/5.0 (Windows NT 10.0; Win64; x64) AppleWebKit/537.36 (KHTML, like Gecko) Chrome/60.0.3112.113 Safari/537.36"
45.156.128.0 - - [11/Mar/2025:07:12:54 +0100] "GET /showLogin.cc HTTP/1.1" 404 2559 "-" "Mozilla/5.0 (Windows NT 10.0; Win64; x64) AppleWebKit/537.36 (KHTML, like Gecko) Chrome/60.0.3112.113 Safari/537.36"
72.49.49.0 - - [11/Mar/2025:07:13:09 +0100] "GET /reports/usage_202403.html HTTP/1.0" 200 92683 "https://xn--kr7-onb.com" "Mozilla/5.0 (Windows NT 10.0; Win64; x64) AppleWebKit/537.36 (KHTML, like Gecko) Chrome/130.0.0.0 Safari/537.36"
45.156.128.0 - - [11/Mar/2025:07:13:14 +0100] "GET / HTTP/1.1" 200 730 "-" "Mozilla/5.0 (Windows NT 10.0; Win64; x64) AppleWebKit/537.36 (KHTML, like Gecko) Chrome/60.0.3112.113 Safari/537.36"
45.156.128.0 - - [11/Mar/2025:07:13:14 +0100] "GET / HTTP/1.1" 200 730 "-" "Mozilla/5.0 (Windows NT 10.0; Win64; x64) AppleWebKit/537.36 (KHTML, like Gecko) Chrome/60.0.3112.113 Safari/537.36"
45.156.128.0 - - [11/Mar/2025:07:13:15 +0100] "GET /favicon-32x32.png HTTP/1.1" 404 2569 "-" "Mozilla/5.0 (Windows NT 10.0; Win64; x64) AppleWebKit/537.36 (KHTML, like Gecko) Chrome/60.0.3112.113 Safari/537.36"
45.156.128.0 - - [11/Mar/2025:07:13:15 +0100] "GET /console HTTP/1.1" 404 2549 "-" "Mozilla/5.0 (Windows NT 10.0; Win64; x64) AppleWebKit/537.36 (KHTML, like Gecko) Chrome/60.0.3112.113 Safari/537.36"
45.156.128.0 - - [11/Mar/2025:07:13:31 +0100] "GET /static/historypage.js HTTP/1.1" 404 2577 "-" "Mozilla/5.0 (Windows NT 10.0; Win64; x64) AppleWebKit/537.36 (KHTML, like Gecko) Chrome/60.0.3112.113 Safari/537.36"
45.156.128.0 - - [11/Mar/2025:07:13:53 +0100] "GET /cf_scripts/scripts/ajax/ckeditor/ckeditor.js HTTP/1.1" 404 2623 "-" "Mozilla/5.0 (Windows NT 10.0; Win64; x64) AppleWebKit/537.36 (KHTML, like Gecko) Chrome/60.0.3112.113 Safari/537.36"
45.156.128.0 - - [11/Mar/2025:07:13:53 +0100] "GET /sugar_version.json HTTP/1.1" 404 2571 "-" "Mozilla/5.0 (Windows NT 10.0; Win64; x64) AppleWebKit/537.36 (KHTML, like Gecko) Chrome/60.0.3112.113 Safari/537.36"
45.156.128.0 - - [11/Mar/2025:07:14:11 +0100] "HEAD /icons/sphere1.png HTTP/1.1" 200 - "-" "Mozilla/5.0 (Windows NT 10.0; Win64; x64) AppleWebKit/537.36 (KHTML, like Gecko) Chrome/60.0.3112.113 Safari/537.36"
45.156.128.0 - - [11/Mar/2025:07:14:11 +0100] "HEAD /icons/.%%32%65/.%%32%65/apache2/icons/non-existant-image.png HTTP/1.1" 400 - "-" "Mozilla/5.0 (Windows NT 10.0; Win64; x64) AppleWebKit/537.36 (KHTML, like Gecko) Chrome/60.0.3112.113 Safari/537.36"
45.156.128.0 - - [11/Mar/2025:07:14:11 +0100] "HEAD /icons/.%2e/%2e%2e/apache2/icons/sphere1.png HTTP/1.1" 400 - "-" "Mozilla/5.0 (Windows NT 10.0; Win64; x64) AppleWebKit/537.36 (KHTML, like Gecko) Chrome/60.0.3112.113 Safari/537.36"
45.156.128.0 - - [11/Mar/2025:07:14:11 +0100] "HEAD /icons/.%%32%65/.%%32%65/apache2/icons/sphere1.png HTTP/1.1" 400 - "-" "Mozilla/5.0 (Windows NT 10.0; Win64; x64) AppleWebKit/537.36 (KHTML, like Gecko) Chrome/60.0.3112.113 Safari/537.36"
45.156.128.0 - - [11/Mar/2025:07:14:12 +0100] "GET /OA_HTML/AppsLocalLogin.jsp HTTP/1.1" 404 2587 "-" "Mozilla/5.0 (Windows NT 10.0; Win64; x64) AppleWebKit/537.36 (KHTML, like Gecko) Chrome/60.0.3112.113 Safari/537.36"
2a01:238:43f8:5f00:: - - [11/Mar/2025:07:14:18 +0100] "POST /wp-cron.php?doing_wp_cron=1741673657.8960380554199218750000 HTTP/1.1" 200 - "-" "LjYPfluNfGFp"
77.91.102.0 - - [11/Mar/2025:07:14:17 +0100] "GET / HTTP/1.1" 200 55568 "-" "Mozilla/5.0 (Windows NT 10.0; Win64; x64) AppleWebKit/537.36 (KHTML, like Gecko) Chrome/98.0.4758.102 Safari/537.36"
2a05:d01c:b43:8a10:: - - [11/Mar/2025:07:14:30 +0100] "\x16\x03\x01" 400 226 "-" "-"
45.156.128.0 - - [11/Mar/2025:07:14:35 +0100] "GET /owncloud/status.php HTTP/1.1" 404 2573 "-" "Mozilla/5.0 (Windows NT 10.0; Win64; x64) AppleWebKit/537.36 (KHTML, like Gecko) Chrome/60.0.3112.113 Safari/537.36"
45.156.128.0 - - [11/Mar/2025:07:14:51 +0100] "GET /status.php HTTP/1.1" 404 2555 "-" "Mozilla/5.0 (Windows NT 10.0; Win64; x64) AppleWebKit/537.36 (KHTML, like Gecko) Chrome/60.0.3112.113 Safari/537.36"
185.125.230.0 - - [11/Mar/2025:07:15:06 +0100] "GET /reports/usage_202402.html HTTP/1.0" 200 91181 "https://betsafe-1.com/" "Mozilla/5.0 (Windows NT 6.3) AppleWebKit/537.36 (KHTML, like Gecko) Chrome/103.0.0.0 Safari/537.36"
185.125.230.0 - - [11/Mar/2025:07:15:08 +0100] "GET /reports/usage_202402.html HTTP/1.0" 200 91181 "https://betsafe-1.com/" "Mozilla/5.0 (Windows NT 6.3; Win64; x64) AppleWebKit/537.36 (KHTML, like Gecko) Chrome/103.0.5060.66 Safari/537.36"
45.156.128.0 - - [11/Mar/2025:07:15:11 +0100] "GET /admin/ HTTP/1.1" 404 2547 "-" "Mozilla/5.0 (Windows NT 10.0; Win64; x64) AppleWebKit/537.36 (KHTML, like Gecko) Chrome/60.0.3112.113 Safari/537.36"
185.125.230.0 - - [11/Mar/2025:07:15:12 +0100] "GET /reports/usage_202402.html HTTP/1.0" 200 91181 "https://betsafe-1.com/" "Mozilla/5.0 (Windows NT 10.0; Win64; x64) AppleWebKit/537.36 (KHTML, like Gecko) Chrome/103.0.5060.134 Safari/537.36"
45.156.128.0 - - [11/Mar/2025:07:15:12 +0100] "GET /WebInterface/ HTTP/1.1" 404 2561 "-" "Mozilla/5.0 (Windows NT 10.0; Win64; x64) AppleWebKit/537.36 (KHTML, like Gecko) Chrome/60.0.3112.113 Safari/537.36"
2604:a880:4:1d0:: - - [11/Mar/2025:07:16:01 +0100] "GET / HTTP/1.1" 400 226 "-" "Mozilla/5.0 (Windows NT 6.1) AppleWebKit/537.36 (KHTML, like Gecko) Chrome/41.0.2228.0 Safari/537.36"
2604:a880:4:1d0:: - - [11/Mar/2025:07:16:02 +0100] "GET /robots.txt HTTP/1.1" 404 2655 "-" "-"
2604:a880:4:1d0:: - - [11/Mar/2025:07:16:03 +0100] "GET /sitemap.xml HTTP/1.1" 404 2657 "-" "-"
2604:a880:4:1d0:: - - [11/Mar/2025:07:16:05 +0100] "GET /.well-known/security.txt HTTP/1.1" 404 2683 "-" "-"
2a05:d01c:b43:8a10:: - - [11/Mar/2025:07:18:14 +0100] "GET /login HTTP/1.1" 404 2645 "-" "'Mozilla/5.0 (compatible; GenomeCrawlerd/1.0; https://www.nokia.com/genomecrawler)'"
2a05:d01c:b43:8a10:: - - [11/Mar/2025:07:20:09 +0100] "\x16\x03\x01" 400 226 "-" "-"
80.85.245.0 - - [11/Mar/2025:07:20:11 +0100] "GET / HTTP/1.1" 404 2515 "-" "Mozilla/5.0 (Macintosh; Intel Mac OS X 10_15_7) AppleWebKit/537.36 (KHTML, like Gecko) Chrome/133.0.0.0 Safari/537.36"
54.36.149.0 - - [11/Mar/2025:07:20:22 +0100] "GET /contao/vendor/symfony/ HTTP/2.0" 200 1158 "-" "Mozilla/5.0 (compatible; AhrefsBot/7.0; +http://ahrefs.com/robot/)"
72.195.34.0 - - [11/Mar/2025:07:21:06 +0100] "GET /reports/usage_202403.html HTTP/1.0" 200 92683 "https://xn--v14-7ua.com" "Mozilla/5.0 (Windows NT 10.0; Win64; x64) AppleWebKit/537.36 (KHTML, like Gecko) Chrome/130.0.0.0 Safari/537.36 CCleaner/130.0.0.0"
89.188.14.0 - - [11/Mar/2025:07:21:07 +0100] "GET /robots.txt HTTP/1.1" 301 243 "-" "Mozilla/5.0 (compatible; OpenindexSpider; +https://www.openindex.io/saas/about-our-spider/)"
89.188.14.0 - - [11/Mar/2025:07:21:08 +0100] "GET /robots.txt HTTP/1.1" 200 162 "-" "Mozilla/5.0 (compatible; OpenindexSpider; +https://www.openindex.io/saas/about-our-spider/)"
89.188.14.0 - - [11/Mar/2025:07:21:08 +0100] "GET / HTTP/1.1" 301 233 "-" "Mozilla/5.0 (compatible; OpenindexSpider; +https://www.openindex.io/saas/about-our-spider/)"
208.65.90.0 - - [11/Mar/2025:07:21:29 +0100] "GET /reports/usage_202403.html HTTP/1.0" 200 92683 "https://xn--kr-kla.com" "Mozilla/5.0 (Windows NT 10.0; Win64; x64) AppleWebKit/537.36 (KHTML, like Gecko) Chrome/130.0.0.0 Safari/537.36"
2a01:238:43f8:5f00:: - - [11/Mar/2025:07:22:07 +0100] "POST /wp-cron.php?doing_wp_cron=1741674126.9851169586181640625000 HTTP/1.1" 200 - "-" "HtMOC6OlRZ8Q"
164.90.228.0 - - [11/Mar/2025:07:22:06 +0100] "GET / HTTP/1.1" 500 - "-" "-"
164.90.228.0 - - [11/Mar/2025:07:22:07 +0100] "GET / HTTP/1.1" 500 - "-" "Mozilla/5.0 (Linux; Android 6.0; HTC One M9 Build/MRA087309) AppleWebKit/537.36 (KHTML, like Gecko) Chrome/52.0.1370.98 Mobile Safari/537.3"
164.90.228.0 - - [11/Mar/2025:07:22:07 +0100] "GET /actuator/env HTTP/1.1" 200 48524 "-" "Go-http-client/1.1"
164.90.228.0 - - [11/Mar/2025:07:22:08 +0100] "GET /server HTTP/1.1" 200 48524 "-" "Go-http-client/1.1"
46.101.111.0 - - [11/Mar/2025:07:22:07 +0100] "GET / HTTP/1.1" 500 - "-" "-"
164.90.228.0 - - [11/Mar/2025:07:22:08 +0100] "GET /.vscode/sftp.json HTTP/1.1" 200 48524 "-" "Go-http-client/1.1"
164.90.228.0 - - [11/Mar/2025:07:22:08 +0100] "GET /about HTTP/1.1" 200 48524 "-" "Go-http-client/1.1"
46.101.111.0 - - [11/Mar/2025:07:22:08 +0100] "GET / HTTP/1.1" 500 - "-" "Mozilla/5.0 (Linux; Android 6.0; HTC One M9 Build/MRA087309) AppleWebKit/537.36 (KHTML, like Gecko) Chrome/52.0.1370.98 Mobile Safari/537.3"
164.90.228.0 - - [11/Mar/2025:07:22:08 +0100] "GET /debug/default/view?panel=config HTTP/1.1" 200 48524 "-" "Go-http-client/1.1"
164.90.228.0 - - [11/Mar/2025:07:22:08 +0100] "GET /v2/_catalog HTTP/1.1" 200 48524 "-" "Go-http-client/1.1"
164.90.228.0 - - [11/Mar/2025:07:22:08 +0100] "GET /ecp/Current/exporttool/microsoft.exchange.ediscovery.exporttool.application HTTP/1.1" 200 48524 "-" "Go-http-client/1.1"
164.90.228.0 - - [11/Mar/2025:07:22:09 +0100] "GET /server-status HTTP/1.1" 403 2417 "-" "Go-http-client/1.1"
46.101.111.0 - - [11/Mar/2025:07:22:09 +0100] "GET /actuator/env HTTP/1.1" 200 48524 "-" "Go-http-client/1.1"
164.90.228.0 - - [11/Mar/2025:07:22:09 +0100] "GET /login.action HTTP/1.1" 200 48524 "-" "Go-http-client/1.1"
46.101.111.0 - - [11/Mar/2025:07:22:09 +0100] "GET /server HTTP/1.1" 200 48524 "-" "Go-http-client/1.1"
46.101.111.0 - - [11/Mar/2025:07:22:10 +0100] "GET /.vscode/sftp.json HTTP/1.1" 200 48524 "-" "Go-http-client/1.1"
164.90.228.0 - - [11/Mar/2025:07:22:10 +0100] "GET /_all_dbs HTTP/1.1" 200 48524 "-" "Mozilla/5.0 (l9scan/2.0.5333e2031323e2936313e21383; +https://leakix.net)"
164.90.228.0 - - [11/Mar/2025:07:22:10 +0100] "GET /.DS_Store HTTP/1.1" 403 2417 "-" "Go-http-client/1.1"
164.90.228.0 - - [11/Mar/2025:07:22:10 +0100] "GET /.env HTTP/1.1" 403 2417 "-" "Go-http-client/1.1"
164.90.228.0 - - [11/Mar/2025:07:22:11 +0100] "GET /.git/config HTTP/1.1" 200 48524 "-" "Go-http-client/1.1"
46.101.111.0 - - [11/Mar/2025:07:22:10 +0100] "GET /about HTTP/1.1" 200 48524 "-" "Go-http-client/1.1"
164.90.228.0 - - [11/Mar/2025:07:22:11 +0100] "GET /s/5333e2031323e2936313e21383/_/;/META-INF/maven/com.atlassian.jira/jira-webapp-dist/pom.properties HTTP/1.1" 200 48524 "-" "Go-http-client/1.1"
164.90.228.0 - - [11/Mar/2025:07:22:11 +0100] "GET /config.json HTTP/1.1" 200 48524 "-" "Go-http-client/1.1"
2a01:238:43f8:5f00:: - - [11/Mar/2025:07:22:12 +0100] "POST /wp-cron.php?doing_wp_cron=1741674132.0870740413665771484375 HTTP/1.1" 200 - "-" "DcfFtyiW6FxX"
46.101.111.0 - - [11/Mar/2025:07:22:12 +0100] "GET /debug/default/view?panel=config HTTP/1.1" 200 48524 "-" "Go-http-client/1.1"
164.90.228.0 - - [11/Mar/2025:07:22:12 +0100] "GET /telescope/requests HTTP/1.1" 200 48524 "-" "Go-http-client/1.1"
46.101.111.0 - - [11/Mar/2025:07:22:12 +0100] "GET /v2/_catalog HTTP/1.1" 200 48524 "-" "Go-http-client/1.1"
164.90.228.0 - - [11/Mar/2025:07:22:12 +0100] "GET /info.php HTTP/1.1" 200 26797 "-" "Go-http-client/1.1"
46.101.111.0 - - [11/Mar/2025:07:22:13 +0100] "GET /ecp/Current/exporttool/microsoft.exchange.ediscovery.exporttool.application HTTP/1.1" 200 48524 "-" "Go-http-client/1.1"
164.90.228.0 - - [11/Mar/2025:07:22:13 +0100] "GET /?rest_route=/wp/v2/users/ HTTP/1.1" 200 215 "-" "Go-http-client/1.1"
46.101.111.0 - - [11/Mar/2025:07:22:13 +0100] "GET /server-status HTTP/1.1" 403 2417 "-" "Go-http-client/1.1"
46.101.111.0 - - [11/Mar/2025:07:22:14 +0100] "GET /login.action HTTP/1.1" 200 48524 "-" "Go-http-client/1.1"
46.101.111.0 - - [11/Mar/2025:07:22:14 +0100] "GET /_all_dbs HTTP/1.1" 200 48524 "-" "Mozilla/5.0 (l9scan/2.0.5333e2031323e2936313e21383; +https://leakix.net)"
46.101.111.0 - - [11/Mar/2025:07:22:15 +0100] "GET /.DS_Store HTTP/1.1" 403 2417 "-" "Go-http-client/1.1"
46.101.111.0 - - [11/Mar/2025:07:22:15 +0100] "GET /.env HTTP/1.1" 403 2417 "-" "Go-http-client/1.1"
46.101.111.0 - - [11/Mar/2025:07:22:15 +0100] "GET /.git/config HTTP/1.1" 200 48524 "-" "Go-http-client/1.1"
46.101.111.0 - - [11/Mar/2025:07:22:16 +0100] "GET /s/5333e2031323e2936313e21383/_/;/META-INF/maven/com.atlassian.jira/jira-webapp-dist/pom.properties HTTP/1.1" 200 48524 "-" "Go-http-client/1.1"
46.101.111.0 - - [11/Mar/2025:07:22:16 +0100] "GET /config.json HTTP/1.1" 200 48524 "-" "Go-http-client/1.1"
46.101.111.0 - - [11/Mar/2025:07:22:17 +0100] "GET /telescope/requests HTTP/1.1" 200 48524 "-" "Go-http-client/1.1"
46.101.111.0 - - [11/Mar/2025:07:22:17 +0100] "GET /info.php HTTP/1.1" 200 26799 "-" "Go-http-client/1.1"
46.101.111.0 - - [11/Mar/2025:07:22:17 +0100] "GET /?rest_route=/wp/v2/users/ HTTP/1.1" 200 215 "-" "Go-http-client/1.1"
2a05:d01c:b43:8a10:: - - [11/Mar/2025:07:23:53 +0100] "GET /doc/index.html HTTP/1.1" 404 2663 "-" "'Mozilla/5.0 (compatible; GenomeCrawlerd/1.0; https://www.nokia.com/genomecrawler)'"
2a05:d01c:b43:8a10:: - - [11/Mar/2025:07:25:46 +0100] "\x16\x03\x01" 400 226 "-" "-"
185.125.230.0 - - [11/Mar/2025:07:26:18 +0100] "GET /reports/usage_202402.html HTTP/1.0" 200 91181 "https://betsafe-1.com/" "Mozilla/5.0 (Windows NT 6.1; Win64; x64) AppleWebKit/537.36 (KHTML, like Gecko) Chrome/103.0.5060.66 Safari/537.36"
185.125.230.0 - - [11/Mar/2025:07:26:21 +0100] "GET /reports/usage_202402.html HTTP/1.0" 200 91181 "https://betsafe-1.com/" "Mozilla/5.0 (Windows NT 10.0; Win64; x64) AppleWebKit/537.36 (KHTML, like Gecko) Chrome/103.0.0.0 Safari/537.36 OpenWave/97.4.2043.44"
185.125.230.0 - - [11/Mar/2025:07:26:23 +0100] "GET /reports/usage_202402.html HTTP/1.0" 200 91181 "https://betsafe-1.com/" "Mozilla/5.0 (Windows NT 6.3; Win64; x64) AppleWebKit/537.36 (KHTML, like Gecko) Chrome/103.0.0.0 Safari/537.36"
34.140.24.0 - - [11/Mar/2025:07:27:09 +0100] "GET / HTTP/1.1" 200 704 "-" "python-requests/2.32.3"
34.34.146.0 - - [11/Mar/2025:07:27:09 +0100] "GET / HTTP/1.1" 200 730 "-" "Mozilla/5.0 (Windows NT 10.0; rv:78.0) Gecko/20100101 Firefox/78.0"
34.34.146.0 - - [11/Mar/2025:07:27:09 +0100] "GET /cgi-bin/ HTTP/1.1" 200 350 "-" "Mozilla/5.0 (Windows NT 10.0; rv:78.0) Gecko/20100101 Firefox/78.0"
34.34.146.0 - - [11/Mar/2025:07:27:09 +0100] "GET /contao/ HTTP/1.1" 200 1077 "-" "Mozilla/5.0 (Windows NT 10.0; rv:78.0) Gecko/20100101 Firefox/78.0"
34.34.146.0 - - [11/Mar/2025:07:27:09 +0100] "GET /contao/app/ HTTP/1.1" 200 398 "-" "Mozilla/5.0 (Windows NT 10.0; rv:78.0) Gecko/20100101 Firefox/78.0"
34.34.146.0 - - [11/Mar/2025:07:27:09 +0100] "GET /contao/app/config/ HTTP/1.1" 200 415 "-" "Mozilla/5.0 (Windows NT 10.0; rv:78.0) Gecko/20100101 Firefox/78.0"
34.34.146.0 - - [11/Mar/2025:07:27:09 +0100] "GET /contao/assets/ HTTP/1.1" 200 635 "-" "Mozilla/5.0 (Windows NT 10.0; rv:78.0) Gecko/20100101 Firefox/78.0"
34.34.146.0 - - [11/Mar/2025:07:27:09 +0100] "GET /contao/assets/ace/ HTTP/1.1" 200 562 "-" "Mozilla/5.0 (Windows NT 10.0; rv:78.0) Gecko/20100101 Firefox/78.0"
34.34.146.0 - - [11/Mar/2025:07:27:09 +0100] "GET /contao/assets/ace/js/ HTTP/1.1" 200 1160 "-" "Mozilla/5.0 (Windows NT 10.0; rv:78.0) Gecko/20100101 Firefox/78.0"
34.34.146.0 - - [11/Mar/2025:07:27:10 +0100] "GET /contao/assets/chosen/ HTTP/1.1" 200 672 "-" "Mozilla/5.0 (Windows NT 10.0; rv:78.0) Gecko/20100101 Firefox/78.0"
34.34.146.0 - - [11/Mar/2025:07:27:10 +0100] "GET /contao/assets/chosen/css/ HTTP/1.1" 200 437 "-" "Mozilla/5.0 (Windows NT 10.0; rv:78.0) Gecko/20100101 Firefox/78.0"
34.34.146.0 - - [11/Mar/2025:07:27:10 +0100] "GET /contao/assets/chosen/images/ HTTP/1.1" 200 478 "-" "Mozilla/5.0 (Windows NT 10.0; rv:78.0) Gecko/20100101 Firefox/78.0"
34.34.146.0 - - [11/Mar/2025:07:27:10 +0100] "GET /contao/assets/chosen/js/ HTTP/1.1" 200 437 "-" "Mozilla/5.0 (Windows NT 10.0; rv:78.0) Gecko/20100101 Firefox/78.0"
34.34.146.0 - - [11/Mar/2025:07:27:10 +0100] "GET /contao/assets/colorbox/ HTTP/1.1" 200 672 "-" "Mozilla/5.0 (Windows NT 10.0; rv:78.0) Gecko/20100101 Firefox/78.0"
34.34.146.0 - - [11/Mar/2025:07:27:10 +0100] "GET /contao/assets/colorbox/css/ HTTP/1.1" 200 440 "-" "Mozilla/5.0 (Windows NT 10.0; rv:78.0) Gecko/20100101 Firefox/78.0"
34.34.146.0 - - [11/Mar/2025:07:27:10 +0100] "GET /contao/assets/colorbox/images/ HTTP/1.1" 200 446 "-" "Mozilla/5.0 (Windows NT 10.0; rv:78.0) Gecko/20100101 Firefox/78.0"
34.34.146.0 - - [11/Mar/2025:07:27:10 +0100] "GET /contao/assets/colorbox/js/ HTTP/1.1" 200 440 "-" "Mozilla/5.0 (Windows NT 10.0; rv:78.0) Gecko/20100101 Firefox/78.0"
34.34.146.0 - - [11/Mar/2025:07:27:10 +0100] "GET /contao/assets/colorpicker/ HTTP/1.1" 200 677 "-" "Mozilla/5.0 (Windows NT 10.0; rv:78.0) Gecko/20100101 Firefox/78.0"
34.34.146.0 - - [11/Mar/2025:07:27:10 +0100] "GET /contao/assets/colorpicker/css/ HTTP/1.1" 200 446 "-" "Mozilla/5.0 (Windows NT 10.0; rv:78.0) Gecko/20100101 Firefox/78.0"
34.34.146.0 - - [11/Mar/2025:07:27:10 +0100] "GET /contao/assets/colorpicker/images/ HTTP/1.1" 200 512 "-" "Mozilla/5.0 (Windows NT 10.0; rv:78.0) Gecko/20100101 Firefox/78.0"
34.34.146.0 - - [11/Mar/2025:07:27:10 +0100] "GET /contao/assets/colorpicker/js/ HTTP/1.1" 200 447 "-" "Mozilla/5.0 (Windows NT 10.0; rv:78.0) Gecko/20100101 Firefox/78.0"
34.34.146.0 - - [11/Mar/2025:07:27:10 +0100] "GET /contao/assets/contao/ HTTP/1.1" 200 653 "-" "Mozilla/5.0 (Windows NT 10.0; rv:78.0) Gecko/20100101 Firefox/78.0"
34.34.146.0 - - [11/Mar/2025:07:27:10 +0100] "GET /contao/assets/contao/css/ HTTP/1.1" 200 580 "-" "Mozilla/5.0 (Windows NT 10.0; rv:78.0) Gecko/20100101 Firefox/78.0"
34.34.146.0 - - [11/Mar/2025:07:27:10 +0100] "GET /contao/assets/contao/images/ HTTP/1.1" 200 1607 "-" "Mozilla/5.0 (Windows NT 10.0; rv:78.0) Gecko/20100101 Firefox/78.0"
34.34.146.0 - - [11/Mar/2025:07:27:10 +0100] "GET /contao/assets/css/ HTTP/1.1" 200 533 "-" "Mozilla/5.0 (Windows NT 10.0; rv:78.0) Gecko/20100101 Firefox/78.0"
34.34.146.0 - - [11/Mar/2025:07:27:10 +0100] "GET /contao/assets/datepicker/ HTTP/1.1" 200 669 "-" "Mozilla/5.0 (Windows NT 10.0; rv:78.0) Gecko/20100101 Firefox/78.0"
34.34.146.0 - - [11/Mar/2025:07:27:10 +0100] "GET /contao/assets/datepicker/css/ HTTP/1.1" 200 442 "-" "Mozilla/5.0 (Windows NT 10.0; rv:78.0) Gecko/20100101 Firefox/78.0"
34.34.146.0 - - [11/Mar/2025:07:27:11 +0100] "GET /contao/assets/datepicker/images/ HTTP/1.1" 200 424 "-" "Mozilla/5.0 (Windows NT 10.0; rv:78.0) Gecko/20100101 Firefox/78.0"
34.34.146.0 - - [11/Mar/2025:07:27:11 +0100] "GET /contao/assets/datepicker/js/ HTTP/1.1" 200 442 "-" "Mozilla/5.0 (Windows NT 10.0; rv:78.0) Gecko/20100101 Firefox/78.0"
34.34.146.0 - - [11/Mar/2025:07:27:11 +0100] "GET /contao/assets/dropzone/ HTTP/1.1" 200 585 "-" "Mozilla/5.0 (Windows NT 10.0; rv:78.0) Gecko/20100101 Firefox/78.0"
34.34.146.0 - - [11/Mar/2025:07:27:11 +0100] "GET /contao/assets/dropzone/css/ HTTP/1.1" 200 440 "-" "Mozilla/5.0 (Windows NT 10.0; rv:78.0) Gecko/20100101 Firefox/78.0"
34.34.146.0 - - [11/Mar/2025:07:27:11 +0100] "GET /contao/assets/dropzone/js/ HTTP/1.1" 200 442 "-" "Mozilla/5.0 (Windows NT 10.0; rv:78.0) Gecko/20100101 Firefox/78.0"
34.34.146.0 - - [11/Mar/2025:07:27:11 +0100] "GET /contao/assets/highlight/ HTTP/1.1" 200 566 "-" "Mozilla/5.0 (Windows NT 10.0; rv:78.0) Gecko/20100101 Firefox/78.0"
34.34.146.0 - - [11/Mar/2025:07:27:11 +0100] "GET /contao/assets/highlight/css/ HTTP/1.1" 200 1094 "-" "Mozilla/5.0 (Windows NT 10.0; rv:78.0) Gecko/20100101 Firefox/78.0"
34.34.146.0 - - [11/Mar/2025:07:27:11 +0100] "GET /contao/assets/highlight/js/ HTTP/1.1" 200 417 "-" "Mozilla/5.0 (Windows NT 10.0; rv:78.0) Gecko/20100101 Firefox/78.0"
34.34.146.0 - - [11/Mar/2025:07:27:11 +0100] "GET /contao/assets/images/ HTTP/1.1" 200 500 "-" "Mozilla/5.0 (Windows NT 10.0; rv:78.0) Gecko/20100101 Firefox/78.0"
34.34.146.0 - - [11/Mar/2025:07:27:11 +0100] "GET /contao/assets/images/1/ HTTP/1.1" 200 362 "-" "Mozilla/5.0 (Windows NT 10.0; rv:78.0) Gecko/20100101 Firefox/78.0"
34.34.146.0 - - [11/Mar/2025:07:27:11 +0100] "GET /contao/assets/images/2/ HTTP/1.1" 200 362 "-" "Mozilla/5.0 (Windows NT 10.0; rv:78.0) Gecko/20100101 Firefox/78.0"
34.34.146.0 - - [11/Mar/2025:07:27:11 +0100] "GET /contao/assets/images/3/ HTTP/1.1" 200 362 "-" "Mozilla/5.0 (Windows NT 10.0; rv:78.0) Gecko/20100101 Firefox/78.0"
34.34.146.0 - - [11/Mar/2025:07:27:11 +0100] "GET /contao/assets/images/4/ HTTP/1.1" 200 362 "-" "Mozilla/5.0 (Windows NT 10.0; rv:78.0) Gecko/20100101 Firefox/78.0"
34.34.146.0 - - [11/Mar/2025:07:27:11 +0100] "GET /contao/assets/images/5/ HTTP/1.1" 200 362 "-" "Mozilla/5.0 (Windows NT 10.0; rv:78.0) Gecko/20100101 Firefox/78.0"
34.34.146.0 - - [11/Mar/2025:07:27:11 +0100] "GET /contao/assets/images/6/ HTTP/1.1" 200 363 "-" "Mozilla/5.0 (Windows NT 10.0; rv:78.0) Gecko/20100101 Firefox/78.0"
34.34.146.0 - - [11/Mar/2025:07:27:11 +0100] "GET /contao/assets/images/7/ HTTP/1.1" 200 363 "-" "Mozilla/5.0 (Windows NT 10.0; rv:78.0) Gecko/20100101 Firefox/78.0"
34.34.146.0 - - [11/Mar/2025:07:27:11 +0100] "GET /contao/assets/images/8/ HTTP/1.1" 200 363 "-" "Mozilla/5.0 (Windows NT 10.0; rv:78.0) Gecko/20100101 Firefox/78.0"
34.34.146.0 - - [11/Mar/2025:07:27:11 +0100] "GET /contao/assets/images/9/ HTTP/1.1" 200 363 "-" "Mozilla/5.0 (Windows NT 10.0; rv:78.0) Gecko/20100101 Firefox/78.0"
34.34.146.0 - - [11/Mar/2025:07:27:11 +0100] "GET /contao/assets/images/a/ HTTP/1.1" 200 362 "-" "Mozilla/5.0 (Windows NT 10.0; rv:78.0) Gecko/20100101 Firefox/78.0"
34.34.146.0 - - [11/Mar/2025:07:27:11 +0100] "GET /contao/assets/images/b/ HTTP/1.1" 200 361 "-" "Mozilla/5.0 (Windows NT 10.0; rv:78.0) Gecko/20100101 Firefox/78.0"
34.34.146.0 - - [11/Mar/2025:07:27:11 +0100] "GET /contao/assets/images/c/ HTTP/1.1" 200 362 "-" "Mozilla/5.0 (Windows NT 10.0; rv:78.0) Gecko/20100101 Firefox/78.0"
34.34.146.0 - - [11/Mar/2025:07:27:11 +0100] "GET /contao/assets/images/deferred/ HTTP/1.1" 200 366 "-" "Mozilla/5.0 (Windows NT 10.0; rv:78.0) Gecko/20100101 Firefox/78.0"
34.34.146.0 - - [11/Mar/2025:07:27:11 +0100] "GET /contao/assets/images/e/ HTTP/1.1" 200 362 "-" "Mozilla/5.0 (Windows NT 10.0; rv:78.0) Gecko/20100101 Firefox/78.0"
34.34.146.0 - - [11/Mar/2025:07:27:12 +0100] "GET /contao/assets/images/f/ HTTP/1.1" 200 362 "-" "Mozilla/5.0 (Windows NT 10.0; rv:78.0) Gecko/20100101 Firefox/78.0"
34.34.146.0 - - [11/Mar/2025:07:27:12 +0100] "GET /contao/assets/jquery-ui/ HTTP/1.1" 200 563 "-" "Mozilla/5.0 (Windows NT 10.0; rv:78.0) Gecko/20100101 Firefox/78.0"
34.34.146.0 - - [11/Mar/2025:07:27:12 +0100] "GET /contao/assets/jquery-ui/js/ HTTP/1.1" 200 443 "-" "Mozilla/5.0 (Windows NT 10.0; rv:78.0) Gecko/20100101 Firefox/78.0"
34.34.146.0 - - [11/Mar/2025:07:27:12 +0100] "GET /contao/assets/jquery/ HTTP/1.1" 200 557 "-" "Mozilla/5.0 (Windows NT 10.0; rv:78.0) Gecko/20100101 Firefox/78.0"
34.34.146.0 - - [11/Mar/2025:07:27:12 +0100] "GET /contao/assets/jquery/js/ HTTP/1.1" 200 440 "-" "Mozilla/5.0 (Windows NT 10.0; rv:78.0) Gecko/20100101 Firefox/78.0"
34.34.146.0 - - [11/Mar/2025:07:27:12 +0100] "GET /contao/assets/js/ HTTP/1.1" 200 494 "-" "Mozilla/5.0 (Windows NT 10.0; rv:78.0) Gecko/20100101 Firefox/78.0"
34.34.146.0 - - [11/Mar/2025:07:27:12 +0100] "GET /contao/assets/mediabox/ HTTP/1.1" 200 678 "-" "Mozilla/5.0 (Windows NT 10.0; rv:78.0) Gecko/20100101 Firefox/78.0"
34.34.146.0 - - [11/Mar/2025:07:27:12 +0100] "GET /contao/assets/mediabox/css/ HTTP/1.1" 200 533 "-" "Mozilla/5.0 (Windows NT 10.0; rv:78.0) Gecko/20100101 Firefox/78.0"
34.34.146.0 - - [11/Mar/2025:07:27:12 +0100] "GET /contao/assets/mediabox/images/ HTTP/1.1" 200 482 "-" "Mozilla/5.0 (Windows NT 10.0; rv:78.0) Gecko/20100101 Firefox/78.0"
34.34.146.0 - - [11/Mar/2025:07:27:12 +0100] "GET /contao/assets/mediabox/js/ HTTP/1.1" 200 441 "-" "Mozilla/5.0 (Windows NT 10.0; rv:78.0) Gecko/20100101 Firefox/78.0"
34.34.146.0 - - [11/Mar/2025:07:27:12 +0100] "GET /contao/assets/mediabox/player/ HTTP/1.1" 200 431 "-" "Mozilla/5.0 (Windows NT 10.0; rv:78.0) Gecko/20100101 Firefox/78.0"
34.34.146.0 - - [11/Mar/2025:07:27:12 +0100] "GET /contao/assets/mootools/ HTTP/1.1" 200 622 "-" "Mozilla/5.0 (Windows NT 10.0; rv:78.0) Gecko/20100101 Firefox/78.0"
34.34.146.0 - - [11/Mar/2025:07:27:12 +0100] "GET /contao/assets/mootools/js/ HTTP/1.1" 200 520 "-" "Mozilla/5.0 (Windows NT 10.0; rv:78.0) Gecko/20100101 Firefox/78.0"
34.34.146.0 - - [11/Mar/2025:07:27:12 +0100] "GET /contao/assets/simplemodal/ HTTP/1.1" 200 663 "-" "Mozilla/5.0 (Windows NT 10.0; rv:78.0) Gecko/20100101 Firefox/78.0"
34.34.146.0 - - [11/Mar/2025:07:27:12 +0100] "GET /contao/assets/simplemodal/css/ HTTP/1.1" 200 441 "-" "Mozilla/5.0 (Windows NT 10.0; rv:78.0) Gecko/20100101 Firefox/78.0"
34.34.146.0 - - [11/Mar/2025:07:27:12 +0100] "GET /contao/assets/simplemodal/images/ HTTP/1.1" 200 423 "-" "Mozilla/5.0 (Windows NT 10.0; rv:78.0) Gecko/20100101 Firefox/78.0"
34.34.146.0 - - [11/Mar/2025:07:27:12 +0100] "GET /contao/assets/simplemodal/js/ HTTP/1.1" 200 443 "-" "Mozilla/5.0 (Windows NT 10.0; rv:78.0) Gecko/20100101 Firefox/78.0"
34.34.146.0 - - [11/Mar/2025:07:27:12 +0100] "GET /contao/assets/swipe/ HTTP/1.1" 200 775 "-" "Mozilla/5.0 (Windows NT 10.0; rv:78.0) Gecko/20100101 Firefox/78.0"
34.34.146.0 - - [11/Mar/2025:07:27:12 +0100] "GET /contao/assets/swipe/css/ HTTP/1.1" 200 438 "-" "Mozilla/5.0 (Windows NT 10.0; rv:78.0) Gecko/20100101 Firefox/78.0"
34.34.146.0 - - [11/Mar/2025:07:27:12 +0100] "GET /contao/assets/swipe/js/ HTTP/1.1" 200 439 "-" "Mozilla/5.0 (Windows NT 10.0; rv:78.0) Gecko/20100101 Firefox/78.0"
34.34.146.0 - - [11/Mar/2025:07:27:12 +0100] "GET /contao/assets/tablesort/ HTTP/1.1" 200 650 "-" "Mozilla/5.0 (Windows NT 10.0; rv:78.0) Gecko/20100101 Firefox/78.0"
34.34.146.0 - - [11/Mar/2025:07:27:12 +0100] "GET /contao/assets/tablesort/css/ HTTP/1.1" 200 440 "-" "Mozilla/5.0 (Windows NT 10.0; rv:78.0) Gecko/20100101 Firefox/78.0"
34.34.146.0 - - [11/Mar/2025:07:27:12 +0100] "GET /contao/assets/tablesort/images/ HTTP/1.1" 200 455 "-" "Mozilla/5.0 (Windows NT 10.0; rv:78.0) Gecko/20100101 Firefox/78.0"
34.34.146.0 - - [11/Mar/2025:07:27:12 +0100] "GET /contao/assets/tablesort/js/ HTTP/1.1" 200 442 "-" "Mozilla/5.0 (Windows NT 10.0; rv:78.0) Gecko/20100101 Firefox/78.0"
34.34.146.0 - - [11/Mar/2025:07:27:13 +0100] "GET /contao/assets/tablesorter/ HTTP/1.1" 200 658 "-" "Mozilla/5.0 (Windows NT 10.0; rv:78.0) Gecko/20100101 Firefox/78.0"
34.34.146.0 - - [11/Mar/2025:07:27:13 +0100] "GET /contao/assets/tablesorter/css/ HTTP/1.1" 200 438 "-" "Mozilla/5.0 (Windows NT 10.0; rv:78.0) Gecko/20100101 Firefox/78.0"
34.34.146.0 - - [11/Mar/2025:07:27:13 +0100] "GET /contao/assets/tablesorter/images/ HTTP/1.1" 200 455 "-" "Mozilla/5.0 (Windows NT 10.0; rv:78.0) Gecko/20100101 Firefox/78.0"
34.34.146.0 - - [11/Mar/2025:07:27:13 +0100] "GET /contao/assets/tablesorter/js/ HTTP/1.1" 200 443 "-" "Mozilla/5.0 (Windows NT 10.0; rv:78.0) Gecko/20100101 Firefox/78.0"
34.34.146.0 - - [11/Mar/2025:07:27:13 +0100] "GET /contao/assets/tinymce4/ HTTP/1.1" 200 570 "-" "Mozilla/5.0 (Windows NT 10.0; rv:78.0) Gecko/20100101 Firefox/78.0"
34.34.146.0 - - [11/Mar/2025:07:27:13 +0100] "GET /contao/assets/tinymce4/js/ HTTP/1.1" 200 490 "-" "Mozilla/5.0 (Windows NT 10.0; rv:78.0) Gecko/20100101 Firefox/78.0"
34.34.146.0 - - [11/Mar/2025:07:27:13 +0100] "GET /contao/assets/tinymce4/js/langs/ HTTP/1.1" 200 589 "-" "Mozilla/5.0 (Windows NT 10.0; rv:78.0) Gecko/20100101 Firefox/78.0"
34.34.146.0 - - [11/Mar/2025:07:27:13 +0100] "GET /contao/assets/tinymce4/js/plugins/ HTTP/1.1" 200 643 "-" "Mozilla/5.0 (Windows NT 10.0; rv:78.0) Gecko/20100101 Firefox/78.0"
34.34.146.0 - - [11/Mar/2025:07:27:13 +0100] "GET /contao/assets/tinymce4/js/plugins/autosave/ HTTP/1.1" 200 437 "-" "Mozilla/5.0 (Windows NT 10.0; rv:78.0) Gecko/20100101 Firefox/78.0"
34.34.146.0 - - [11/Mar/2025:07:27:13 +0100] "GET /contao/assets/tinymce4/js/plugins/charmap/ HTTP/1.1" 200 438 "-" "Mozilla/5.0 (Windows NT 10.0; rv:78.0) Gecko/20100101 Firefox/78.0"
34.34.146.0 - - [11/Mar/2025:07:27:13 +0100] "GET /contao/assets/tinymce4/js/plugins/code/ HTTP/1.1" 200 435 "-" "Mozilla/5.0 (Windows NT 10.0; rv:78.0) Gecko/20100101 Firefox/78.0"
34.34.146.0 - - [11/Mar/2025:07:27:13 +0100] "GET /contao/assets/tinymce4/js/plugins/directionality/ HTTP/1.1" 200 440 "-" "Mozilla/5.0 (Windows NT 10.0; rv:78.0) Gecko/20100101 Firefox/78.0"
34.34.146.0 - - [11/Mar/2025:07:27:13 +0100] "GET /contao/assets/tinymce4/js/plugins/fullscreen/ HTTP/1.1" 200 438 "-" "Mozilla/5.0 (Windows NT 10.0; rv:78.0) Gecko/20100101 Firefox/78.0"
34.34.146.0 - - [11/Mar/2025:07:27:13 +0100] "GET /contao/assets/tinymce4/js/plugins/image/ HTTP/1.1" 200 436 "-" "Mozilla/5.0 (Windows NT 10.0; rv:78.0) Gecko/20100101 Firefox/78.0"
34.34.146.0 - - [11/Mar/2025:07:27:13 +0100] "GET /contao/assets/tinymce4/js/plugins/importcss/ HTTP/1.1" 200 439 "-" "Mozilla/5.0 (Windows NT 10.0; rv:78.0) Gecko/20100101 Firefox/78.0"
34.34.146.0 - - [11/Mar/2025:07:27:13 +0100] "GET /contao/assets/tinymce4/js/plugins/legacyoutput/ HTTP/1.1" 200 442 "-" "Mozilla/5.0 (Windows NT 10.0; rv:78.0) Gecko/20100101 Firefox/78.0"
34.34.146.0 - - [11/Mar/2025:07:27:13 +0100] "GET /contao/assets/tinymce4/js/plugins/link/ HTTP/1.1" 200 436 "-" "Mozilla/5.0 (Windows NT 10.0; rv:78.0) Gecko/20100101 Firefox/78.0"
34.34.146.0 - - [11/Mar/2025:07:27:13 +0100] "GET /contao/assets/tinymce4/js/plugins/lists/ HTTP/1.1" 200 435 "-" "Mozilla/5.0 (Windows NT 10.0; rv:78.0) Gecko/20100101 Firefox/78.0"
