72.195.34.0 - - [11/Mar/2025:03:49:22 +0100] "GET /reports/usage_202403.html HTTP/1.0" 200 92683 "https://xn--krken14-bn4c.com" "Mozilla/5.0 (Windows NT 10.0; Win64; x64) AppleWebKit/537.36 (KHTML, like Gecko) Chrome/131.0.0.0 Safari/537.36 Avast/131.0.0.0"
54.36.148.0 - - [11/Mar/2025:03:51:11 +0100] "GET /contao/vendor/scssphp/?C=D;O=A HTTP/2.0" 200 407 "-" "Mozilla/5.0 (compatible; AhrefsBot/7.0; +http://ahrefs.com/robot/)"
185.125.230.0 - - [11/Mar/2025:03:54:15 +0100] "GET /reports/usage_202402.html HTTP/1.0" 200 91181 "https://betsafe-1.com/" "Mozilla/5.0 (Windows NT 6.3; Win64; x64) AppleWebKit/537.36 (KHTML, like Gecko) Chrome/103.0.5060.53 Safari/537.36"
185.125.230.0 - - [11/Mar/2025:03:54:18 +0100] "GET /reports/usage_202402.html HTTP/1.0" 200 91181 "https://betsafe-1.com/" "Mozilla/5.0 (Windows NT 6.1; Win64; x64) AppleWebKit/537.36 (KHTML, like Gecko) Chrome/103.0.5060.66 Safari/537.36"
185.125.230.0 - - [11/Mar/2025:03:54:20 +0100] "GET /reports/usage_202402.html HTTP/1.0" 200 91181 "https://betsafe-1.com/" "Mozilla/5.0 (Windows NT 6.1; Win64; x64) AppleWebKit/537.36 (KHTML, like Gecko) Chrome/103.0.5060.66 Safari/537.36"
172.202.118.0 - - [11/Mar/2025:03:55:11 +0100] "GET / HTTP/1.1" 200 732 "-" "Mozilla/5.0 zgrab/0.x"
35.202.9.0 - - [11/Mar/2025:03:56:34 +0100] "GET / HTTP/1.1" 200 732 "-" "Mozilla/5.0 (compatible; tchelebi/1.0; +http://tchelebi.io)"
208.65.90.0 - - [11/Mar/2025:03:56:46 +0100] "GET /reports/usage_202403.html HTTP/1.0" 200 92683 "https://xn--v14-7ua.com" "Mozilla/5.0 (Windows NT 10.0; Win64; x64) AppleWebKit/537.36 (KHTML, like Gecko) Chrome/131.0.0.0 Safari/537.36 Avast/131.0.0.0"
208.65.90.0 - - [11/Mar/2025:03:57:09 +0100] "GET /reports/usage_202403.html HTTP/1.0" 200 92683 "https://xn--kr11-rzb.com" "Mozilla/5.0 (Windows NT 10.0; Win64; x64) AppleWebKit/537.36 (KHTML, like Gecko) Chrome/131.0.0.0 Safari/537.36 Avast/131.0.0.0"
169.150.247.0 - - [11/Mar/2025:03:57:23 +0100] "GET / HTTP/1.1" 301 236 "-" "Mozilla/5.0 (Windows NT 10.0; Win64; x64; rv:74.0) Gecko/20100101 Firefox/74.0"
208.65.90.0 - - [11/Mar/2025:03:57:40 +0100] "GET /reports/usage_202403.html HTTP/1.0" 200 92683 "https://xn--kr11-rzb.com" "Mozilla/5.0 (Windows NT 10.0; Win64; x64) AppleWebKit/537.36 (KHTML, like Gecko) Chrome/130.0.0.0 Safari/537.36"
54.36.149.0 - - [11/Mar/2025:04:03:09 +0100] "GET /?C=D;O=D HTTP/2.0" 200 693 "-" "Mozilla/5.0 (compatible; AhrefsBot/7.0; +http://ahrefs.com/robot/)"
72.49.49.0 - - [11/Mar/2025:04:05:11 +0100] "GET /reports/usage_202403.html HTTP/1.0" 200 92683 "https://xn--rakn-f0a1446b.com" "Mozilla/5.0 (Windows NT 10.0; Win64; x64) AppleWebKit/537.36 (KHTML, like Gecko) Chrome/129.0.0.0 Safari/537.36"
185.125.230.0 - - [11/Mar/2025:04:05:26 +0100] "GET /reports/usage_202402.html HTTP/1.0" 200 91181 "https://betsafe-1.com/" "Mozilla/5.0 (Windows NT 6.1; Win64; x64) AppleWebKit/537.36 (KHTML, like Gecko) Chrome/103.0.0.0 Safari/537.36"
185.125.230.0 - - [11/Mar/2025:04:05:28 +0100] "GET /reports/usage_202402.html HTTP/1.0" 200 91181 "https://betsafe-1.com/" "Mozilla/5.0 (Windows NT 6.1; WOW64) AppleWebKit/537.36 (KHTML, like Gecko) Chrome/103.0.0.0 Safari/537.36"
185.125.230.0 - - [11/Mar/2025:04:05:31 +0100] "GET /reports/usage_202402.html HTTP/1.0" 200 91181 "https://betsafe-1.com/" "Mozilla/5.0 (Windows NT 6.3; Win64; x64) AppleWebKit/537.36 (KHTML, like Gecko) Chrome/103.0.5060.53 Safari/537.36"
208.102.51.0 - - [11/Mar/2025:04:05:43 +0100] "GET /reports/usage_202403.html HTTP/1.0" 200 92683 "https://xn--krakn-9za.cc" "Mozilla/5.0 (Windows NT 10.0; Win64; x64) AppleWebKit/537.36 (KHTML, like Gecko) Chrome/131.0.0.0 Safari/537.36 Avast/131.0.0.0"
72.49.49.0 - - [11/Mar/2025:04:12:40 +0100] "GET /reports/usage_202403.html HTTP/1.0" 200 92683 "https://xn--krken9-xoc.com" "Mozilla/5.0 (Windows NT 10.0; Win64; x64) AppleWebKit/537.36 (KHTML, like Gecko) Chrome/130.0.0.0 Safari/537.36 CCleaner/130.0.0.0"
72.49.49.0 - - [11/Mar/2025:04:13:25 +0100] "GET /reports/usage_202403.html HTTP/1.0" 200 92683 "https://xn--krakn-m0a.cc" "Mozilla/5.0 (Windows NT 10.0; Win64; x64) AppleWebKit/537.36 (KHTML, like Gecko) Chrome/131.0.0.0 Safari/537.36"
54.36.148.0 - - [11/Mar/2025:04:15:51 +0100] "GET /contao/vendor/matthiasmullie/?C=S;O=A HTTP/2.0" 200 437 "-" "Mozilla/5.0 (compatible; AhrefsBot/7.0; +http://ahrefs.com/robot/)"
185.125.230.0 - - [11/Mar/2025:04:16:37 +0100] "GET /reports/usage_202402.html HTTP/1.0" 200 91181 "https://betsafe-1.com/" "Mozilla/5.0 (Windows NT 6.3; Win64; x64) AppleWebKit/537.36 (KHTML, like Gecko) Chrome/103.0.5060.53 Safari/537.36"
185.125.230.0 - - [11/Mar/2025:04:16:41 +0100] "GET /reports/usage_202402.html HTTP/1.0" 200 91181 "https://betsafe-1.com/" "Mozilla/5.0 (Windows NT 10.0; Win64; x64) AppleWebKit/537.36 (KHTML, like Gecko) Chrome/103.0.5060.53 Safari/537.36"
185.125.230.0 - - [11/Mar/2025:04:16:44 +0100] "GET /reports/usage_202402.html HTTP/1.0" 200 91181 "https://betsafe-1.com/" "Mozilla/5.0 (Windows NT 6.1; WOW64) AppleWebKit/537.36 (KHTML, like Gecko) Chrome/103.0.0.0 Safari/537.36"
66.249.66.0 - - [11/Mar/2025:04:18:17 +0100] "GET /contao/vendor/symfony/console/Event/ConsoleEvent.php HTTP/1.1" 500 - "-" "Mozilla/5.0 (compatible; Googlebot/2.1; +http://www.google.com/bot.html)"
2607:a400:4:97:: - - [11/Mar/2025:04:18:29 +0100] "GET / HTTP/1.1" 200 55582 "-" "Mozilla/5.0 (Windows NT 10.0; WOW64) AppleWebKit/537.36 (KHTML, like Gecko) Chrome/66.0.3359.117 Safari/537.36"
2a01:238:43f8:5f00:: - - [11/Mar/2025:04:18:29 +0100] "POST /wp-cron.php?doing_wp_cron=1741663109.8668088912963867187500 HTTP/1.1" 200 - "-" "VYA0cbfYm0Gw"
72.49.49.0 - - [11/Mar/2025:04:19:05 +0100] "GET /reports/usage_202403.html HTTP/1.0" 200 92683 "https://xn--ra-ypa.com" "Mozilla/5.0 (Windows NT 10.0; Win64; x64) AppleWebKit/537.36 (KHTML, like Gecko) Chrome/129.0.0.0 Safari/537.36"
208.65.90.0 - - [11/Mar/2025:04:19:54 +0100] "GET /reports/usage_202403.html HTTP/1.0" 200 92683 "https://xn--krken12-bn4c.com" "Mozilla/5.0 (Windows NT 10.0; Win64; x64) AppleWebKit/537.36 (KHTML, like Gecko) Chrome/131.0.0.0 Safari/537.36"
208.102.51.0 - - [11/Mar/2025:04:20:07 +0100] "GET /reports/usage_202403.html HTTP/1.0" 200 92683 "https://xn--kr-kla.com" "Mozilla/5.0 (Windows NT 10.0; Win64; x64) AppleWebKit/537.36 (KHTML, like Gecko) Chrome/131.0.0.0 Safari/537.36 Avast/131.0.0.0"
172.172.245.0 - - [11/Mar/2025:04:21:11 +0100] "GET /owa/auth/logon.aspx HTTP/1.1" 404 2573 "-" "Mozilla/5.0 zgrab/0.x"
196.251.87.0 - - [11/Mar/2025:04:23:56 +0100] "GET /.env HTTP/1.1" 404 2539 "-" "Mozilla/5.0 (X11; Linux x86_64) AppleWebKit/537.36 (KHTML, like Gecko) Chrome/81.0.4044.129 Safari/537.36"
196.251.87.0 - - [11/Mar/2025:04:24:01 +0100] "GET /.env HTTP/1.1" 404 2543 "-" "Mozilla/5.0 (X11; Linux x86_64) AppleWebKit/537.36 (KHTML, like Gecko) Chrome/81.0.4044.129 Safari/537.36"
64.62.156.0 - - [11/Mar/2025:04:24:51 +0100] "GET / HTTP/1.1" 200 729 "-" "Mozilla/5.0 (X11; Ubuntu; Linux x86_64; rv:124.0) Gecko/20100101 Firefox/124.0"
208.102.51.0 - - [11/Mar/2025:04:27:11 +0100] "GET /reports/usage_202403.html HTTP/1.0" 200 92683 "https://xn--v14-7ua.com" "Mozilla/5.0 (Windows NT 10.0; Win64; x64) AppleWebKit/537.36 (KHTML, like Gecko) Chrome/130.0.0.0 Safari/537.36 CCleaner/130.0.0.0"
185.125.230.0 - - [11/Mar/2025:04:27:44 +0100] "GET /reports/usage_202402.html HTTP/1.0" 200 91181 "https://betsafe-1.com/" "Mozilla/5.0 (Windows NT 10.0) AppleWebKit/537.36 (KHTML, like Gecko) Chrome/103.0.0.0 Safari/537.36"
185.246.188.0 - - [11/Mar/2025:04:27:46 +0100] "GET /reports/usage_202403.html HTTP/1.0" 200 92683 "https://xn--krken12-bn4c.com" "Mozilla/5.0 (Windows NT 10.0; Win64; x64) AppleWebKit/537.36 (KHTML, like Gecko) Chrome/131.0.0.0 Safari/537.36"
185.125.230.0 - - [11/Mar/2025:04:27:47 +0100] "GET /reports/usage_202402.html HTTP/1.0" 200 91181 "https://betsafe-1.com/" "Mozilla/5.0 (Windows NT 6.3; Win64; x64) AppleWebKit/537.36 (KHTML, like Gecko) Chrome/103.0.5060.114 Safari/537.36"
185.125.230.0 - - [11/Mar/2025:04:27:49 +0100] "GET /reports/usage_202402.html HTTP/1.0" 200 91181 "https://betsafe-1.com/" "Mozilla/5.0 (Windows NT 6.1) AppleWebKit/537.36 (KHTML, like Gecko) Chrome/103.0.0.0 Safari/537.36"
43.157.170.0 - - [11/Mar/2025:04:27:56 +0100] "GET / HTTP/1.1" 301 240 "-" "Mozilla/5.0 (iPhone; CPU iPhone OS 13_2_3 like Mac OS X) AppleWebKit/605.1.15 (KHTML, like Gecko) Version/13.0.3 Mobile/15E148 Safari/604.1"
43.157.170.0 - - [11/Mar/2025:04:27:58 +0100] "GET / HTTP/1.1" 200 55565 "http://www.gebaeudetechnik.nrw" "Mozilla/5.0 (iPhone; CPU iPhone OS 13_2_3 like Mac OS X) AppleWebKit/605.1.15 (KHTML, like Gecko) Version/13.0.3 Mobile/15E148 Safari/604.1"
2a01:238:43f8:5f00:: - - [11/Mar/2025:04:27:58 +0100] "POST /wp-cron.php?doing_wp_cron=1741663678.2287240028381347656250 HTTP/1.1" 200 - "-" "uvE0XhewwGXo"
64.62.156.0 - - [11/Mar/2025:04:28:14 +0100] "GET /favicon.ico HTTP/1.1" 404 2553 "-" "Mozilla/5.0 (Windows NT 10.0; WOW64) AppleWebKit/537.36 (KHTML, like Gecko) Chrome/116.0.0.0 Safari/537.36"
54.36.148.0 - - [11/Mar/2025:04:28:53 +0100] "GET /contao/vendor/scssphp/?C=M;O=A HTTP/2.0" 200 407 "-" "Mozilla/5.0 (compatible; AhrefsBot/7.0; +http://ahrefs.com/robot/)"
64.62.156.0 - - [11/Mar/2025:04:29:06 +0100] "GET /geoserver/web/ HTTP/1.1" 404 2559 "-" "Mozilla/5.0 (X11; Ubuntu; Linux x86_64; rv:124.0) Gecko/20100101 Firefox/124.0"
67.201.58.0 - - [11/Mar/2025:04:34:19 +0100] "GET /reports/usage_202403.html HTTP/1.0" 200 92683 "https://xn--krken14-bn4c.com" "Mozilla/5.0 (Windows NT 10.0; Win64; x64) AppleWebKit/537.36 (KHTML, like Gecko) Chrome/130.0.0.0 Safari/537.36"
185.91.127.0 - - [11/Mar/2025:04:35:31 +0100] "CONNECT api.ip.pn:443 HTTP/1.1" 405 224 "-" "Mozilla/5.0"
185.125.230.0 - - [11/Mar/2025:04:39:01 +0100] "GET /reports/usage_202402.html HTTP/1.0" 200 91181 "https://betsafe-1.com/" "Mozilla/5.0 (Windows NT 6.1; Win64; x64) AppleWebKit/537.36 (KHTML, like Gecko) Chrome/103.0.5060.66 Safari/537.36"
185.125.230.0 - - [11/Mar/2025:04:39:04 +0100] "GET /reports/usage_202402.html HTTP/1.0" 200 91181 "https://betsafe-1.com/" "Mozilla/5.0 (Windows NT 10.0; Win64; x64) AppleWebKit/537.36 (KHTML, like Gecko) Chrome/103.0.5060.66 Safari/537.36"
185.125.230.0 - - [11/Mar/2025:04:39:06 +0100] "GET /reports/usage_202402.html HTTP/1.0" 200 91181 "https://betsafe-1.com/" "Mozilla/5.0 (Windows NT 6.1) AppleWebKit/537.36 (KHTML, like Gecko) Chrome/103.0.5060.114 Safari/537.36"
34.96.41.0 - - [11/Mar/2025:04:42:09 +0100] "GET / HTTP/2.0" 404 - "-" "colly - https://github.com/gocolly/colly"
34.96.41.0 - - [11/Mar/2025:04:42:10 +0100] "GET / HTTP/1.1" 404 - "-" "Mozilla/5.0 (Macintosh; Intel Mac OS X 10_15_7) AppleWebKit/537.36 (KHTML, like Gecko) Chrome/114.0.0.0 Safari/537.36"
34.96.41.0 - - [11/Mar/2025:04:42:10 +0100] "GET / HTTP/1.1" 404 - "-" "Mozilla/5.0 (Macintosh; Intel Mac OS X 10_15_7) AppleWebKit/537.36 (KHTML, like Gecko) Chrome/114.0.0.0 Safari/537.36"
198.98.57.0 - - [11/Mar/2025:04:42:48 +0100] "GET /reports/usage_202403.html HTTP/1.0" 200 92683 "https://xn--krakn-m0a.cc" "Mozilla/5.0 (Windows NT 10.0; Win64; x64) AppleWebKit/537.36 (KHTML, like Gecko) Chrome/131.0.0.0 Safari/537.36 Avast/131.0.0.0"
185.125.230.0 - - [11/Mar/2025:04:49:55 +0100] "GET /reports/usage_202402.html HTTP/1.0" 200 91181 "https://betsafe-1.com/" "Mozilla/5.0 (Windows NT 6.1; Win64; x64) AppleWebKit/537.36 (KHTML, like Gecko) Chrome/103.0.5060.66 Safari/537.36"
185.125.230.0 - - [11/Mar/2025:04:49:58 +0100] "GET /reports/usage_202402.html HTTP/1.0" 200 91181 "https://betsafe-1.com/" "Mozilla/5.0 (Windows NT 10.0; Win64; x64) AppleWebKit/537.36 (KHTML, like Gecko) Chrome/103.0.0.0 Safari/537.36 OpenWave/97.4.2043.44"
185.125.230.0 - - [11/Mar/2025:04:50:00 +0100] "GET /reports/usage_202402.html HTTP/1.0" 200 91181 "https://betsafe-1.com/" "Mozilla/5.0 (Windows NT 6.3) AppleWebKit/537.36 (KHTML, like Gecko) Chrome/103.0.0.0 Safari/537.36"
208.65.90.0 - - [11/Mar/2025:04:50:37 +0100] "GET /reports/usage_202403.html HTTP/1.0" 200 92683 "https://xn--krken12-bn4c.com" "Mozilla/5.0 (Windows NT 10.0; Win64; x64) AppleWebKit/537.36 (KHTML, like Gecko) Chrome/131.0.0.0 Safari/537.36"
184.178.172.0 - - [11/Mar/2025:04:50:45 +0100] "GET /reports/usage_202403.html HTTP/1.0" 200 92683 "https://xn--kr2-onb.com" "Mozilla/5.0 (Windows NT 10.0; Win64; x64) AppleWebKit/537.36 (KHTML, like Gecko) Chrome/131.0.0.0 Safari/537.36 Avast/131.0.0.0"
157.55.39.0 - - [11/Mar/2025:04:50:49 +0100] "GET / HTTP/2.0" 200 55563 "-" "Mozilla/5.0 AppleWebKit/537.36 (KHTML, like Gecko; compatible; bingbot/2.0; +http://www.bing.com/bingbot.htm) Chrome/116.0.1938.76 Safari/537.36"
2a01:238:43f8:5f00:: - - [11/Mar/2025:04:50:49 +0100] "POST /wp-cron.php?doing_wp_cron=1741665049.4213020801544189453125 HTTP/1.1" 200 - "-" "dsGWkkE2a1ec"
169.150.247.0 - - [11/Mar/2025:04:51:05 +0100] "GET /wp-content/cache/autoptimize/autoptimize_single_7617c83d87bea3af727261b8ab9f28e3.php HTTP/1.1" 301 320 "-" "Mozilla/5.0 AppleWebKit/537.36 (KHTML, like Gecko; compatible; bingbot/2.0; +http://www.bing.com/bingbot.htm) Chrome/116.0.1938.76 Safari/537.36"
157.55.39.0 - - [11/Mar/2025:04:51:09 +0100] "GET /wp-content/plugins/easy-social-icons/css/font-awesome/webfonts/fa-regular-400.ttf HTTP/2.0" 200 16798 "-" "Mozilla/5.0 AppleWebKit/537.36 (KHTML, like Gecko; compatible; bingbot/2.0; +http://www.bing.com/bingbot.htm) Chrome/116.0.1938.76 Safari/537.36"
157.55.39.0 - - [11/Mar/2025:04:51:10 +0100] "GET /wp-content/plugins/easy-social-icons/css/font-awesome/webfonts/fa-regular-400.woff HTTP/2.0" 200 16791 "-" "Mozilla/5.0 AppleWebKit/537.36 (KHTML, like Gecko; compatible; bingbot/2.0; +http://www.bing.com/bingbot.htm) Chrome/116.0.1938.76 Safari/537.36"
157.55.39.0 - - [11/Mar/2025:04:51:10 +0100] "GET /wp-content/themes/busiprof-pro/css/font-awesome/fonts/fontawesome-webfont.ttf?v=4.7.0 HTTP/2.0" 404 2745 "-" "Mozilla/5.0 AppleWebKit/537.36 (KHTML, like Gecko; compatible; bingbot/2.0; +http://www.bing.com/bingbot.htm) Chrome/116.0.1938.76 Safari/537.36"
157.55.39.0 - - [11/Mar/2025:04:51:11 +0100] "GET /wp-content/themes/busiprof-pro/css/font-awesome/webfonts/fa-brands-400.ttf HTTP/2.0" 200 121813 "-" "Mozilla/5.0 AppleWebKit/537.36 (KHTML, like Gecko; compatible; bingbot/2.0; +http://www.bing.com/bingbot.htm) Chrome/116.0.1938.76 Safari/537.36"
169.150.247.0 - - [11/Mar/2025:04:51:12 +0100] "GET /wp-content/plugins/ml-slider/assets/metaslider/script.min.js HTTP/1.1" 301 296 "-" "Mozilla/5.0 AppleWebKit/537.36 (KHTML, like Gecko; compatible; bingbot/2.0; +http://www.bing.com/bingbot.htm) Chrome/116.0.1938.76 Safari/537.36"
157.55.39.0 - - [11/Mar/2025:04:51:12 +0100] "GET /wp-content/themes/busiprof-pro/css/font-awesome/webfonts/fa-brands-400.woff2 HTTP/2.0" 200 117389 "-" "Mozilla/5.0 AppleWebKit/537.36 (KHTML, like Gecko; compatible; bingbot/2.0; +http://www.bing.com/bingbot.htm) Chrome/116.0.1938.76 Safari/537.36"
157.55.39.0 - - [11/Mar/2025:04:51:12 +0100] "GET /wp-content/themes/busiprof-pro/css/font-awesome/webfonts/fa-solid-900.ttf HTTP/2.0" 200 172849 "-" "Mozilla/5.0 AppleWebKit/537.36 (KHTML, like Gecko; compatible; bingbot/2.0; +http://www.bing.com/bingbot.htm) Chrome/116.0.1938.76 Safari/537.36"
169.150.247.0 - - [11/Mar/2025:04:51:13 +0100] "GET /wp-content/cache/autoptimize/autoptimize_single_4dd028d8d2ffd9691a4e8ed23fc9e3a5.php?ver=1718269816&cached=1 HTTP/1.1" 301 348 "-" "Mozilla/5.0 AppleWebKit/537.36 (KHTML, like Gecko; compatible; bingbot/2.0; +http://www.bing.com/bingbot.htm) Chrome/116.0.1938.76 Safari/537.36"
169.150.247.0 - - [11/Mar/2025:04:51:13 +0100] "GET /wp-content/plugins/ml-slider/assets/sliders/flexslider/jquery.flexslider.min.js HTTP/1.1" 301 315 "-" "Mozilla/5.0 AppleWebKit/537.36 (KHTML, like Gecko; compatible; bingbot/2.0; +http://www.bing.com/bingbot.htm) Chrome/116.0.1938.76 Safari/537.36"
169.150.247.0 - - [11/Mar/2025:04:51:13 +0100] "GET /wp-content/plugins/ml-slider/assets/easing/jQuery.easing.min.js HTTP/1.1" 301 299 "-" "Mozilla/5.0 AppleWebKit/537.36 (KHTML, like Gecko; compatible; bingbot/2.0; +http://www.bing.com/bingbot.htm) Chrome/116.0.1938.76 Safari/537.36"
157.55.39.0 - - [11/Mar/2025:04:51:13 +0100] "GET /wp-content/themes/busiprof-pro/css/font-awesome/webfonts/fa-solid-900.woff2 HTTP/2.0" 200 156539 "-" "Mozilla/5.0 AppleWebKit/537.36 (KHTML, like Gecko; compatible; bingbot/2.0; +http://www.bing.com/bingbot.htm) Chrome/116.0.1938.76 Safari/537.36"
157.55.39.0 - - [11/Mar/2025:04:51:13 +0100] "GET /wp-content/uploads/2023/10/gebaeudetechnik-startbildheader.webp HTTP/2.0" 200 59248 "-" "Mozilla/5.0 AppleWebKit/537.36 (KHTML, like Gecko; compatible; bingbot/2.0; +http://www.bing.com/bingbot.htm) Chrome/116.0.1938.76 Safari/537.36"
157.55.39.0 - - [11/Mar/2025:04:51:14 +0100] "GET /wp-content/uploads/2023/10/montageservice-1900-2.webp HTTP/2.0" 200 114180 "-" "Mozilla/5.0 AppleWebKit/537.36 (KHTML, like Gecko; compatible; bingbot/2.0; +http://www.bing.com/bingbot.htm) Chrome/116.0.1938.76 Safari/537.36"
157.55.39.0 - - [11/Mar/2025:04:51:15 +0100] "GET /wp-content/uploads/2023/10/objektservice-wohnanlage.webp HTTP/2.0" 200 115242 "-" "Mozilla/5.0 AppleWebKit/537.36 (KHTML, like Gecko; compatible; bingbot/2.0; +http://www.bing.com/bingbot.htm) Chrome/116.0.1938.76 Safari/537.36"
40.77.167.0 - - [11/Mar/2025:04:51:16 +0100] "GET /wp-content/cache/autoptimize/autoptimize_single_7617c83d87bea3af727261b8ab9f28e3.php HTTP/2.0" 200 2432 "-" "Mozilla/5.0 AppleWebKit/537.36 (KHTML, like Gecko; compatible; bingbot/2.0; +http://www.bing.com/bingbot.htm) Chrome/116.0.1938.76 Safari/537.36"
184.178.172.0 - - [11/Mar/2025:04:51:15 +0100] "GET /reports/usage_202403.html HTTP/1.0" 200 92683 "https://xn--kr-nia.com" "Mozilla/5.0 (Windows NT 10.0; Win64; x64) AppleWebKit/537.36 (KHTML, like Gecko) Chrome/131.0.0.0 Safari/537.36"
157.55.39.0 - - [11/Mar/2025:04:51:18 +0100] "GET /wp-content/plugins/easy-social-icons/css/font-awesome/webfonts/fa-regular-400.woff2 HTTP/2.0" 200 13615 "-" "Mozilla/5.0 AppleWebKit/537.36 (KHTML, like Gecko; compatible; bingbot/2.0; +http://www.bing.com/bingbot.htm) Chrome/116.0.1938.76 Safari/537.36"
157.55.39.0 - - [11/Mar/2025:04:51:19 +0100] "GET /wp-content/themes/busiprof-pro/css/font-awesome/fonts/fontawesome-webfont.woff2?v=4.7.0 HTTP/2.0" 404 2749 "-" "Mozilla/5.0 AppleWebKit/537.36 (KHTML, like Gecko; compatible; bingbot/2.0; +http://www.bing.com/bingbot.htm) Chrome/116.0.1938.76 Safari/537.36"
157.55.39.0 - - [11/Mar/2025:04:51:19 +0100] "GET /wp-content/themes/busiprof-pro/css/font-awesome/fonts/fontawesome-webfont.woff?v=4.7.0 HTTP/2.0" 404 2747 "-" "Mozilla/5.0 AppleWebKit/537.36 (KHTML, like Gecko; compatible; bingbot/2.0; +http://www.bing.com/bingbot.htm) Chrome/116.0.1938.76 Safari/537.36"
157.55.39.0 - - [11/Mar/2025:04:51:20 +0100] "GET /wp-content/themes/busiprof-pro/css/font-awesome/webfonts/fa-regular-400.ttf HTTP/2.0" 200 26882 "-" "Mozilla/5.0 AppleWebKit/537.36 (KHTML, like Gecko; compatible; bingbot/2.0; +http://www.bing.com/bingbot.htm) Chrome/116.0.1938.76 Safari/537.36"
157.55.39.0 - - [11/Mar/2025:04:51:20 +0100] "GET /wp-content/themes/busiprof-pro/css/font-awesome/webfonts/fa-regular-400.woff2 HTTP/2.0" 200 25475 "-" "Mozilla/5.0 AppleWebKit/537.36 (KHTML, like Gecko; compatible; bingbot/2.0; +http://www.bing.com/bingbot.htm) Chrome/116.0.1938.76 Safari/537.36"
52.167.144.0 - - [11/Mar/2025:04:51:20 +0100] "GET /wp-content/plugins/ml-slider/assets/metaslider/script.min.js HTTP/2.0" 200 396 "-" "Mozilla/5.0 AppleWebKit/537.36 (KHTML, like Gecko; compatible; bingbot/2.0; +http://www.bing.com/bingbot.htm) Chrome/116.0.1938.76 Safari/537.36"
52.167.144.0 - - [11/Mar/2025:04:51:20 +0100] "GET /wp-content/plugins/ml-slider/assets/easing/jQuery.easing.min.js HTTP/2.0" 200 1767 "-" "Mozilla/5.0 AppleWebKit/537.36 (KHTML, like Gecko; compatible; bingbot/2.0; +http://www.bing.com/bingbot.htm) Chrome/116.0.1938.76 Safari/537.36"
157.55.39.0 - - [11/Mar/2025:04:51:20 +0100] "GET /wp-content/uploads/2023/10/bodenverlegung-1900.webp HTTP/2.0" 200 60366 "-" "Mozilla/5.0 AppleWebKit/537.36 (KHTML, like Gecko; compatible; bingbot/2.0; +http://www.bing.com/bingbot.htm) Chrome/116.0.1938.76 Safari/537.36"
157.55.39.0 - - [11/Mar/2025:04:51:21 +0100] "GET /wp-content/uploads/einbruchschutz-1280-300x200-1.webp HTTP/2.0" 200 8292 "-" "Mozilla/5.0 AppleWebKit/537.36 (KHTML, like Gecko; compatible; bingbot/2.0; +http://www.bing.com/bingbot.htm) Chrome/116.0.1938.76 Safari/537.36"
40.77.167.0 - - [11/Mar/2025:04:51:28 +0100] "GET /wp-content/cache/autoptimize/autoptimize_single_4dd028d8d2ffd9691a4e8ed23fc9e3a5.php?ver=1718269816&cached=1 HTTP/2.0" 200 1220 "-" "Mozilla/5.0 AppleWebKit/537.36 (KHTML, like Gecko; compatible; bingbot/2.0; +http://www.bing.com/bingbot.htm) Chrome/116.0.1938.76 Safari/537.36"
40.77.167.0 - - [11/Mar/2025:04:51:28 +0100] "GET /wp-content/plugins/ml-slider/assets/sliders/flexslider/jquery.flexslider.min.js HTTP/2.0" 200 6723 "-" "Mozilla/5.0 AppleWebKit/537.36 (KHTML, like Gecko; compatible; bingbot/2.0; +http://www.bing.com/bingbot.htm) Chrome/116.0.1938.76 Safari/537.36"
43.159.128.0 - - [11/Mar/2025:04:51:38 +0100] "GET / HTTP/1.0" 400 362 "-" "-"
54.36.149.0 - - [11/Mar/2025:04:53:41 +0100] "GET /contao/vendor/spomky-labs/?C=N;O=D HTTP/2.0" 200 411 "-" "Mozilla/5.0 (compatible; AhrefsBot/7.0; +http://ahrefs.com/robot/)"
124.220.134.0 - - [11/Mar/2025:04:55:59 +0100] "GET /.env HTTP/1.1" 404 2539 "-" "Mozilla/5.0 (iPhone; CPU iPhone OS 17_5_1 like Mac OS X) AppleWebKit/605.1.15 (KHTML, like Gecko) Version/17.4.1 Mobile/15E148 Safari/604.1"
124.220.134.0 - - [11/Mar/2025:04:55:59 +0100] "GET /version HTTP/1.1" 404 2545 "-" "Mozilla/5.0 (iPhone; CPU iPhone OS 17_5_1 like Mac OS X) AppleWebKit/605.1.15 (KHTML, like Gecko) Version/17.4.1 Mobile/15E148 Safari/604.1"
124.220.134.0 - - [11/Mar/2025:04:56:02 +0100] "GET /stats HTTP/2.0" 404 2545 "-" "Mozilla/5.0 (iPhone; CPU iPhone OS 17_5_1 like Mac OS X) AppleWebKit/605.1.15 (KHTML, like Gecko) Version/17.4.1 Mobile/15E148 Safari/604.1"
143.244.38.0 - - [11/Mar/2025:04:57:11 +0100] "GET / HTTP/1.1" 301 236 "-" "Mozilla/5.0 (compatible; InternetMeasurement/1.0; +https://internet-measurement.com/)"
185.247.137.0 - - [11/Mar/2025:04:57:11 +0100] "GET / HTTP/1.1" 301 - "http://cdn.gebaeudetechnik.nrw" "Mozilla/5.0 (compatible; InternetMeasurement/1.0; +https://internet-measurement.com/)"
185.247.137.0 - - [11/Mar/2025:04:57:12 +0100] "GET / HTTP/1.1" 200 55562 "https://gebaeudetechnik.nrw/" "Mozilla/5.0 (compatible; InternetMeasurement/1.0; +https://internet-measurement.com/)"
2a01:238:43f8:5f00:: - - [11/Mar/2025:04:57:11 +0100] "POST /wp-cron.php?doing_wp_cron=1741665431.6272819042205810546875 HTTP/1.1" 200 - "-" "JGnc2ig8Jw3L"
87.236.176.0 - - [11/Mar/2025:04:57:13 +0100] "GET /wp-content/uploads/2023/10/cropped-favicon-32x32.png HTTP/2.0" 200 1903 "-" "Mozilla/5.0 (compatible; InternetMeasurement/1.0; +https://internet-measurement.com/)"
87.236.176.0 - - [11/Mar/2025:04:57:13 +0100] "GET /wp-content/uploads/2023/10/cropped-favicon-270x270.png HTTP/2.0" 200 3741 "-" "Mozilla/5.0 (compatible; InternetMeasurement/1.0; +https://internet-measurement.com/)"
87.236.176.0 - - [11/Mar/2025:04:57:13 +0100] "GET /wp-content/uploads/2023/10/cropped-favicon-180x180.png HTTP/2.0" 200 3807 "-" "Mozilla/5.0 (compatible; InternetMeasurement/1.0; +https://internet-measurement.com/)"
87.236.176.0 - - [11/Mar/2025:04:57:13 +0100] "GET /wp-content/uploads/2023/10/cropped-favicon-192x192.png HTTP/2.0" 200 4191 "-" "Mozilla/5.0 (compatible; InternetMeasurement/1.0; +https://internet-measurement.com/)"
185.247.137.0 - - [11/Mar/2025:04:57:13 +0100] "GET /favicon.ico HTTP/2.0" 200 - "-" "Mozilla/5.0 (compatible; InternetMeasurement/1.0; +https://internet-measurement.com/)"
185.247.137.0 - - [11/Mar/2025:04:57:13 +0100] "GET /wp-content/uploads/2023/10/cropped-favicon-32x32.png HTTP/2.0" 200 1903 "https://www.gebaeudetechnik.nrw/favicon.ico" "Mozilla/5.0 (compatible; InternetMeasurement/1.0; +https://internet-measurement.com/)"
87.236.176.0 - - [11/Mar/2025:04:57:13 +0100] "GET /favicon.ico HTTP/2.0" 200 - "-" "Mozilla/5.0 (compatible; InternetMeasurement/1.0; +https://internet-measurement.com/)"
87.236.176.0 - - [11/Mar/2025:04:57:14 +0100] "GET /wp-content/uploads/2023/10/cropped-favicon-32x32.png HTTP/2.0" 200 1903 "https://gebaeudetechnik.nrw/favicon.ico" "Mozilla/5.0 (compatible; InternetMeasurement/1.0; +https://internet-measurement.com/)"
2a01:238:43f8:5f00:: - - [11/Mar/2025:04:57:13 +0100] "POST /wp-cron.php?doing_wp_cron=1741665433.4933440685272216796875 HTTP/1.1" 200 - "-" "mYdf9ph5WPRQ"
18.189.21.0 - - [11/Mar/2025:04:57:24 +0100] "GET / HTTP/1.1" 200 732 "-" "Mozilla/5.0 (Macintosh; Intel Mac OS X 10_15_7) Chrome/126.0.0.0 Safari/537.36"
18.204.42.0 - - [11/Mar/2025:04:57:43 +0100] "GET / HTTP/1.1" 301 229 "-" "Mozilla/5.0 (Windows NT 10.0; Win64; x64) AppleWebKit/537.36 (KHTML, like Gecko) Chrome/100.0.4896.75 Safari/537.36"
18.207.100.0 - - [11/Mar/2025:04:57:43 +0100] "GET / HTTP/2.0" 200 55581 "-" "Mozilla/5.0 (Windows NT 10.0; Win64; x64) AppleWebKit/537.36 (KHTML, like Gecko) Chrome/100.0.4896.75 Safari/537.36"
3.95.255.0 - - [11/Mar/2025:04:57:44 +0100] "GET / HTTP/2.0" 200 55581 "-" "Mozilla/5.0 (Windows NT 10.0; Win64; x64) AppleWebKit/537.36 (KHTML, like Gecko) Chrome/100.0.4896.75 Safari/537.36"
170.106.11.0 - - [11/Mar/2025:04:57:45 +0100] "GET / HTTP/1.1" 301 229 "-" "Mozilla/5.0 (iPhone; CPU iPhone OS 13_2_3 like Mac OS X) AppleWebKit/605.1.15 (KHTML, like Gecko) Version/13.0.3 Mobile/15E148 Safari/604.1"
170.106.11.0 - - [11/Mar/2025:04:57:46 +0100] "GET / HTTP/1.1" 200 55584 "http://gdb-bonn.com" "Mozilla/5.0 (iPhone; CPU iPhone OS 13_2_3 like Mac OS X) AppleWebKit/605.1.15 (KHTML, like Gecko) Version/13.0.3 Mobile/15E148 Safari/604.1"
18.189.21.0 - - [11/Mar/2025:04:59:15 +0100] "\n" 400 226 "-" "-"
72.49.49.0 - - [11/Mar/2025:04:59:24 +0100] "GET /reports/usage_202403.html HTTP/1.0" 200 92683 "https://xn--krken14-bn4c.com" "Mozilla/5.0 (Windows NT 10.0; Win64; x64) AppleWebKit/537.36 (KHTML, like Gecko) Chrome/129.0.0.0 Safari/537.36"
18.189.21.0 - - [11/Mar/2025:05:00:24 +0100] "\x16\x03\x01" 400 226 "-" "-"
185.125.230.0 - - [11/Mar/2025:05:00:51 +0100] "GET /reports/usage_202402.html HTTP/1.0" 200 91181 "https://betsafe-1.com/" "Mozilla/5.0 (Windows NT 6.3; Win64; x64) AppleWebKit/537.36 (KHTML, like Gecko) Chrome/103.0.0.0 Safari/537.36"
54.36.209.0 - - [11/Mar/2025:05:00:52 +0100] "GET /reports/usage_202403.html HTTP/1.0" 200 92683 "https://xn--kran-xva5q.com" "Mozilla/5.0 (Windows NT 10.0; Win64; x64) AppleWebKit/537.36 (KHTML, like Gecko) Chrome/131.0.0.0 Safari/537.36 Avast/131.0.0.0"
185.125.230.0 - - [11/Mar/2025:05:00:54 +0100] "GET /reports/usage_202402.html HTTP/1.0" 200 91181 "https://betsafe-1.com/" "Mozilla/5.0 (Windows NT 6.3; Win64; x64) AppleWebKit/537.36 (KHTML, like Gecko) Chrome/103.0.5060.114 Safari/537.36"
185.125.230.0 - - [11/Mar/2025:05:00:56 +0100] "GET /reports/usage_202402.html HTTP/1.0" 200 91181 "https://betsafe-1.com/" "Mozilla/5.0 (Windows NT 6.3) AppleWebKit/537.36 (KHTML, like Gecko) Chrome/103.0.0.0 Safari/537.36"
2a01:4f8:222:2d87:: - - [11/Mar/2025:05:01:31 +0100] "POST /xmlrpc.php HTTP/2.0" 403 2580 "https://gdb-bonn.com" "Mozilla/5.0 (Windows NT 10.0; Win64; x64) AppleWebKit/537.36 (KHTML, like Gecko) Chrome/126.0.0.0 Safari/537.36"
18.189.21.0 - - [11/Mar/2025:05:02:49 +0100] "SSH-2.0-Go" 400 226 "-" "-"
5.255.231.0 - - [11/Mar/2025:05:07:00 +0100] "GET /robots.txt HTTP/1.1" 200 223 "-" "Mozilla/5.0 (compatible; YandexBot/3.0; +http://yandex.com/bots)"
40.77.189.0 - - [11/Mar/2025:05:07:00 +0100] "GET /wp-content/uploads/brandschutz-rauchwarnmelder.jpg.webp HTTP/2.0" 200 1998 "-" "Mozilla/5.0 AppleWebKit/537.36 (KHTML, like Gecko; compatible; bingbot/2.0; +http://www.bing.com/bingbot.htm) Chrome/100.0.4896.127 Safari/537.36"
40.77.189.0 - - [11/Mar/2025:05:07:01 +0100] "GET /wp-content/uploads/Abmessung-Spikes-edelstahl.jpg.webp HTTP/2.0" 200 4636 "-" "Mozilla/5.0 AppleWebKit/537.36 (KHTML, like Gecko; compatible; bingbot/2.0; +http://www.bing.com/bingbot.htm) Chrome/100.0.4896.127 Safari/537.36"
40.77.189.0 - - [11/Mar/2025:05:07:01 +0100] "GET /wp-content/uploads/cleaning-48889-300x200-1.webp HTTP/2.0" 200 6202 "-" "Mozilla/5.0 AppleWebKit/537.36 (KHTML, like Gecko; compatible; bingbot/2.0; +http://www.bing.com/bingbot.htm) Chrome/100.0.4896.127 Safari/537.36"
95.108.213.0 - - [11/Mar/2025:05:07:01 +0100] "GET /montage-vorgefertigter-elemente/favicon/favicon-64.png HTTP/1.1" 200 48509 "-" "Mozilla/5.0 (compatible; YandexFavicons/1.0; +http://yandex.com/bots)"
2a01:238:43f8:5f00:: - - [11/Mar/2025:05:07:01 +0100] "POST /wp-cron.php?doing_wp_cron=1741666021.1504518985748291015625 HTTP/1.1" 200 - "-" "wl6SqLl2Eys3"
208.65.90.0 - - [11/Mar/2025:05:08:08 +0100] "GET /reports/usage_202403.html HTTP/1.0" 200 92683 "https://xn--ra-ypa.com" "Mozilla/5.0 (Windows NT 10.0; Win64; x64) AppleWebKit/537.36 (KHTML, like Gecko) Chrome/131.0.0.0 Safari/537.36"
72.195.34.0 - - [11/Mar/2025:05:08:45 +0100] "GET /reports/usage_202403.html HTTP/1.0" 200 92683 "https://xn--kr-lbb.com" "Mozilla/5.0 (Windows NT 10.0; Win64; x64) AppleWebKit/537.36 (KHTML, like Gecko) Chrome/131.0.0.0 Safari/537.36"
66.249.66.0 - - [11/Mar/2025:05:09:14 +0100] "GET /contao/vendor/contao/core-bundle/src/Resources/contao/languages/sl/tl_opt_in_related.xlf HTTP/1.1" 200 245 "-" "Mozilla/5.0 (Linux; Android 6.0.1; Nexus 5X Build/MMB29P) AppleWebKit/537.36 (KHTML, like Gecko) Chrome/133.0.6943.53 Mobile Safari/537.36 (compatible; Googlebot/2.1; +http://www.google.com/bot.html)"
72.195.34.0 - - [11/Mar/2025:05:09:24 +0100] "GET /reports/usage_202403.html HTTP/1.0" 200 92683 "https://xn--kr9-onb.com" "Mozilla/5.0 (Windows NT 10.0; Win64; x64) AppleWebKit/537.36 (KHTML, like Gecko) Chrome/130.0.0.0 Safari/537.36 CCleaner/130.0.0.0"
185.125.230.0 - - [11/Mar/2025:05:11:44 +0100] "GET /reports/usage_202402.html HTTP/1.0" 200 91181 "https://betsafe-1.com/" "Mozilla/5.0 (Windows NT 6.1) AppleWebKit/537.36 (KHTML, like Gecko) Chrome/103.0.5060.114 Safari/537.36"
185.125.230.0 - - [11/Mar/2025:05:11:47 +0100] "GET /reports/usage_202402.html HTTP/1.0" 200 91181 "https://betsafe-1.com/" "Mozilla/5.0 (Windows NT 6.1; Win64; x64) AppleWebKit/537.36 (KHTML, like Gecko) Chrome/103.0.0.0 Safari/537.36"
185.125.230.0 - - [11/Mar/2025:05:11:49 +0100] "GET /reports/usage_202402.html HTTP/1.0" 200 91181 "https://betsafe-1.com/" "Mozilla/5.0 (Windows NT 10.0; Win64; x64) AppleWebKit/537.36 (KHTML, like Gecko) Chrome/103.0.5060.53 Safari/537.36"
184.178.172.0 - - [11/Mar/2025:05:16:18 +0100] "GET /reports/usage_202403.html HTTP/1.0" 200 92683 "https://xn--ra-ypa.com" "Mozilla/5.0 (Windows NT 10.0; Win64; x64) AppleWebKit/537.36 (KHTML, like Gecko) Chrome/130.0.0.0 Safari/537.36 CCleaner/130.0.0.0"
54.36.148.0 - - [11/Mar/2025:05:16:38 +0100] "GET /contao/vendor/spomky-labs/otphp/?C=D;O=A HTTP/2.0" 200 540 "-" "Mozilla/5.0 (compatible; AhrefsBot/7.0; +http://ahrefs.com/robot/)"
72.49.49.0 - - [11/Mar/2025:05:16:41 +0100] "GET /reports/usage_202403.html HTTP/1.0" 200 92683 "https://xn--krakn-m0a.cc" "Mozilla/5.0 (Windows NT 10.0; Win64; x64) AppleWebKit/537.36 (KHTML, like Gecko) Chrome/130.0.0.0 Safari/537.36 CCleaner/130.0.0.0"
72.49.49.0 - - [11/Mar/2025:05:17:29 +0100] "GET /reports/usage_202403.html HTTP/1.0" 200 92683 "https://xn--kr13-6na.com" "Mozilla/5.0 (Windows NT 10.0; Win64; x64) AppleWebKit/537.36 (KHTML, like Gecko) Chrome/130.0.0.0 Safari/537.36"
193.32.162.0 - - [11/Mar/2025:05:18:35 +0100] "GET /.env HTTP/1.1" 404 2539 "-" "Mozilla/5.0 (Macintosh; Intel Mac OS X 10.15; rv:77.0) Gecko/20100101 Firefox/77.0"
193.32.162.0 - - [11/Mar/2025:05:18:35 +0100] "GET /wp-content/ HTTP/1.1" 404 2553 "-" "Mozilla/5.0 (Macintosh; Intel Mac OS X 10.15; rv:77.0) Gecko/20100101 Firefox/77.0"
45.148.10.0 - - [11/Mar/2025:05:19:08 +0100] "\x16\x03\x01" 400 226 "-" "-"
45.148.10.0 - - [11/Mar/2025:05:19:08 +0100] "GET / HTTP/1.1" 400 226 "-" "-"
45.148.10.0 - - [11/Mar/2025:05:19:08 +0100] "GET / HTTP/1.1" 200 3510 "-" "l9tcpid/v1.1.0"
45.148.10.0 - - [11/Mar/2025:05:19:08 +0100] "GET /media/.git/config HTTP/1.1" 404 2565 "-" "l9explore/1.2.2"
45.148.10.0 - - [11/Mar/2025:05:19:08 +0100] "GET /.env.bak HTTP/1.1" 404 2547 "-" "l9explore/1.2.2"
45.148.10.0 - - [11/Mar/2025:05:19:08 +0100] "GET /.env.local HTTP/1.1" 404 2551 "-" "l9explore/1.2.2"
45.148.10.0 - - [11/Mar/2025:05:19:08 +0100] "GET /api/.git/config HTTP/1.1" 404 2561 "-" "l9explore/1.2.2"
45.148.10.0 - - [11/Mar/2025:05:19:08 +0100] "GET /build/.env HTTP/1.1" 404 2551 "-" "l9explore/1.2.2"
45.148.10.0 - - [11/Mar/2025:05:19:08 +0100] "GET /config/.env HTTP/1.1" 404 2553 "-" "l9explore/1.2.2"
45.148.10.0 - - [11/Mar/2025:05:19:08 +0100] "GET /files/.git/config HTTP/1.1" 404 2565 "-" "l9explore/1.2.2"
45.148.10.0 - - [11/Mar/2025:05:19:08 +0100] "GET /www/.git/config HTTP/1.1" 404 2561 "-" "l9explore/1.2.2"
45.148.10.0 - - [11/Mar/2025:05:19:08 +0100] "GET /.env HTTP/1.1" 404 2539 "-" "l9explore/1.2.2"
45.148.10.0 - - [11/Mar/2025:05:19:08 +0100] "GET /.env.dev HTTP/1.1" 404 2547 "-" "l9explore/1.2.2"
45.148.10.0 - - [11/Mar/2025:05:19:08 +0100] "GET /prod/.env HTTP/1.1" 404 2549 "-" "l9explore/1.2.2"
45.148.10.0 - - [11/Mar/2025:05:19:08 +0100] "GET /core/.git/config HTTP/1.1" 404 2563 "-" "l9explore/1.2.2"
45.148.10.0 - - [11/Mar/2025:05:19:09 +0100] "GET /admin/.git/config HTTP/1.1" 404 2565 "-" "l9explore/1.2.2"
45.148.10.0 - - [11/Mar/2025:05:19:09 +0100] "GET /api/.env HTTP/1.1" 404 2547 "-" "l9explore/1.2.2"
45.148.10.0 - - [11/Mar/2025:05:19:09 +0100] "GET /assets../.git/config HTTP/1.1" 404 2571 "-" "l9explore/1.2.2"
45.148.10.0 - - [11/Mar/2025:05:19:09 +0100] "GET /.env.default HTTP/1.1" 404 2555 "-" "l9explore/1.2.2"
45.148.10.0 - - [11/Mar/2025:05:19:09 +0100] "GET /.env.production.local HTTP/1.1" 404 2573 "-" "l9explore/1.2.2"
45.148.10.0 - - [11/Mar/2025:05:19:09 +0100] "GET /app/.git/config HTTP/1.1" 404 2561 "-" "l9explore/1.2.2"
45.148.10.0 - - [11/Mar/2025:05:19:09 +0100] "GET /data/.git/config HTTP/1.1" 404 2563 "-" "l9explore/1.2.2"
45.148.10.0 - - [11/Mar/2025:05:19:09 +0100] "GET /project/.git/config HTTP/1.1" 404 2569 "-" "l9explore/1.2.2"
45.148.10.0 - - [11/Mar/2025:05:19:09 +0100] "GET /src/.git/config HTTP/1.1" 404 2561 "-" "l9explore/1.2.2"
45.148.10.0 - - [11/Mar/2025:05:19:09 +0100] "GET /.aws/credentials HTTP/1.1" 404 2563 "-" "l9explore/1.2.2"
45.148.10.0 - - [11/Mar/2025:05:19:09 +0100] "GET /.env.stage HTTP/1.1" 404 2551 "-" "l9explore/1.2.2"
45.148.10.0 - - [11/Mar/2025:05:19:09 +0100] "GET /.git/config HTTP/1.1" 404 2553 "-" "l9explore/1.2.2"
45.148.10.0 - - [11/Mar/2025:05:19:09 +0100] "GET /.env.preprod HTTP/1.1" 404 2555 "-" "l9explore/1.2.2"
45.148.10.0 - - [11/Mar/2025:05:19:09 +0100] "GET /static../.git/config HTTP/1.1" 404 2571 "-" "l9explore/1.2.2"
45.148.10.0 - - [11/Mar/2025:05:19:09 +0100] "GET /docker-compose.prod.yml HTTP/1.1" 404 2577 "-" "l9explore/1.2.2"
45.148.10.0 - - [11/Mar/2025:05:19:09 +0100] "GET /.env.ci HTTP/1.1" 404 2545 "-" "l9explore/1.2.2"
45.148.10.0 - - [11/Mar/2025:05:19:09 +0100] "GET /.env.config HTTP/1.1" 404 2553 "-" "l9explore/1.2.2"
45.148.10.0 - - [11/Mar/2025:05:19:09 +0100] "GET /.env.backup HTTP/1.1" 404 2553 "-" "l9explore/1.2.2"
45.148.10.0 - - [11/Mar/2025:05:19:09 +0100] "GET /public/.git/config HTTP/1.1" 404 2567 "-" "l9explore/1.2.2"
45.148.10.0 - - [11/Mar/2025:05:19:09 +0100] "GET /.env.development.local HTTP/1.1" 404 2575 "-" "l9explore/1.2.2"
45.148.10.0 - - [11/Mar/2025:05:19:09 +0100] "GET /settings/.env HTTP/1.1" 404 2557 "-" "l9explore/1.2.2"
45.148.10.0 - - [11/Mar/2025:05:19:10 +0100] "GET /.env.template HTTP/1.1" 404 2557 "-" "l9explore/1.2.2"
45.148.10.0 - - [11/Mar/2025:05:19:10 +0100] "GET /cms/.git/config HTTP/1.1" 404 2561 "-" "l9explore/1.2.2"
45.148.10.0 - - [11/Mar/2025:05:19:10 +0100] "GET /server/.git/config HTTP/1.1" 404 2567 "-" "l9explore/1.2.2"
45.148.10.0 - - [11/Mar/2025:05:19:10 +0100] "GET /dev/.git/config HTTP/1.1" 404 2561 "-" "l9explore/1.2.2"
45.148.10.0 - - [11/Mar/2025:05:19:10 +0100] "GET /.env.dev.local HTTP/1.1" 404 2559 "-" "l9explore/1.2.2"
45.148.10.0 - - [11/Mar/2025:05:19:10 +0100] "GET /.env.sandbox HTTP/1.1" 404 2555 "-" "l9explore/1.2.2"
45.148.10.0 - - [11/Mar/2025:05:19:10 +0100] "GET /configuration/.env HTTP/1.1" 404 2567 "-" "l9explore/1.2.2"
45.148.10.0 - - [11/Mar/2025:05:19:10 +0100] "GET /.env.live HTTP/1.1" 404 2549 "-" "l9explore/1.2.2"
45.148.10.0 - - [11/Mar/2025:05:19:10 +0100] "GET /.env.uat HTTP/1.1" 404 2547 "-" "l9explore/1.2.2"
45.148.10.0 - - [11/Mar/2025:05:19:10 +0100] "GET /media../.git/config HTTP/1.1" 404 2569 "-" "l9explore/1.2.2"
45.148.10.0 - - [11/Mar/2025:05:19:10 +0100] "GET /.env.production HTTP/1.1" 404 2561 "-" "l9explore/1.2.2"
45.148.10.0 - - [11/Mar/2025:05:19:10 +0100] "GET /.env.save HTTP/1.1" 404 2549 "-" "l9explore/1.2.2"
45.148.10.0 - - [11/Mar/2025:05:19:10 +0100] "GET /.env.testing HTTP/1.1" 404 2555 "-" "l9explore/1.2.2"
45.148.10.0 - - [11/Mar/2025:05:19:10 +0100] "GET /.env.secret HTTP/1.1" 404 2553 "-" "l9explore/1.2.2"
45.148.10.0 - - [11/Mar/2025:05:19:10 +0100] "GET /config/.git/config HTTP/1.1" 404 2567 "-" "l9explore/1.2.2"
45.148.10.0 - - [11/Mar/2025:05:19:10 +0100] "GET /.env.staging.local HTTP/1.1" 404 2567 "-" "l9explore/1.2.2"
45.148.10.0 - - [11/Mar/2025:05:19:10 +0100] "GET /config.json HTTP/1.1" 404 2553 "-" "l9explore/1.2.2"
45.148.10.0 - - [11/Mar/2025:05:19:10 +0100] "GET /.env.dist HTTP/1.1" 404 2549 "-" "l9explore/1.2.2"
45.148.10.0 - - [11/Mar/2025:05:19:10 +0100] "GET /.env_sample HTTP/1.1" 404 2553 "-" "l9explore/1.2.2"
45.148.10.0 - - [11/Mar/2025:05:19:10 +0100] "GET /backup/.git/config HTTP/1.1" 404 2567 "-" "l9explore/1.2.2"
45.148.10.0 - - [11/Mar/2025:05:19:10 +0100] "GET /.env.prod HTTP/1.1" 404 2549 "-" "l9explore/1.2.2"
45.148.10.0 - - [11/Mar/2025:05:19:11 +0100] "GET /.env.test HTTP/1.1" 404 2549 "-" "l9explore/1.2.2"
89.248.168.0 - - [11/Mar/2025:05:20:16 +0100] "GET / HTTP/1.0" 400 362 "-" "-"
89.248.168.0 - - [11/Mar/2025:05:20:16 +0100] "GET /favicon.ico HTTP/1.1" 404 2553 "-" "Mozilla/5.0 zgrab/0.x"
89.248.168.0 - - [11/Mar/2025:05:20:16 +0100] "GET / HTTP/1.1" 200 730 "-" "Mozilla/5.0 zgrab/0.x"
89.248.168.0 - - [11/Mar/2025:05:20:16 +0100] "GET / HTTP/1.1" 200 730 "-" "Mozilla/5.0 zgrab/0.x"
185.125.230.0 - - [11/Mar/2025:05:22:59 +0100] "GET /reports/usage_202402.html HTTP/1.0" 200 91181 "https://betsafe-1.com/" "Mozilla/5.0 (Windows NT 10.0; Win64; x64) AppleWebKit/537.36 (KHTML, like Gecko) Chrome/103.0.0.0 Safari/537.36 OpenWave/97.4.2043.44"
185.125.230.0 - - [11/Mar/2025:05:23:01 +0100] "GET /reports/usage_202402.html HTTP/1.0" 200 91181 "https://betsafe-1.com/" "Mozilla/5.0 (Windows NT 10.0; Win64; x64) AppleWebKit/537.36 (KHTML, like Gecko) Chrome/103.0.5060.66 Safari/537.36"
185.125.230.0 - - [11/Mar/2025:05:23:04 +0100] "GET /reports/usage_202402.html HTTP/1.0" 200 91181 "https://betsafe-1.com/" "Mozilla/5.0 (Windows NT 6.1; Win64; x64) AppleWebKit/537.36 (KHTML, like Gecko) Chrome/103.0.0.0 Safari/537.36"
208.65.90.0 - - [11/Mar/2025:05:24:25 +0100] "GET /reports/usage_202403.html HTTP/1.0" 200 92683 "https://xn--krakn-m0a.cc" "Mozilla/5.0 (Windows NT 10.0; Win64; x64) AppleWebKit/537.36 (KHTML, like Gecko) Chrome/130.0.0.0 Safari/537.36 CCleaner/130.0.0.0"
72.49.49.0 - - [11/Mar/2025:05:24:54 +0100] "GET /reports/usage_202403.html HTTP/1.0" 200 92683 "https://xn--krken12-bn4c.com" "Mozilla/5.0 (Windows NT 10.0; Win64; x64) AppleWebKit/537.36 (KHTML, like Gecko) Chrome/131.0.0.0 Safari/537.36"
72.49.49.0 - - [11/Mar/2025:05:25:32 +0100] "GET /reports/usage_202403.html HTTP/1.0" 200 92683 "https://xn--kr7-onb.com" "Mozilla/5.0 (Windows NT 10.0; Win64; x64) AppleWebKit/537.36 (KHTML, like Gecko) Chrome/129.0.0.0 Safari/537.36"
54.36.148.0 - - [11/Mar/2025:05:27:40 +0100] "GET /robots.txt HTTP/2.0" 404 2555 "-" "Mozilla/5.0 (compatible; AhrefsBot/7.0; +http://ahrefs.com/robot/)"
54.36.148.0 - - [11/Mar/2025:05:27:41 +0100] "GET /contao/vendor/spomky-labs/otphp/?C=M;O=A HTTP/2.0" 200 538 "-" "Mozilla/5.0 (compatible; AhrefsBot/7.0; +http://ahrefs.com/robot/)"
207.46.13.0 - - [11/Mar/2025:05:31:36 +0100] "GET /kontakt/ HTTP/2.0" 200 - "-" "Mozilla/5.0 AppleWebKit/537.36 (KHTML, like Gecko; compatible; bingbot/2.0; +http://www.bing.com/bingbot.htm) Chrome/116.0.1938.76 Safari/537.36"
2a01:238:43f8:5f00:: - - [11/Mar/2025:05:31:36 +0100] "POST /wp-cron.php?doing_wp_cron=1741667496.3720269203186035156250 HTTP/1.1" 200 - "-" "yUm9pTPQbIQV"
216.244.66.0 - - [11/Mar/2025:05:31:55 +0100] "GET /robots.txt HTTP/1.1" 404 2551 "-" "Mozilla/5.0 (compatible; DotBot/1.2; +https://opensiteexplorer.org/dotbot; help@moz.com)"
152.32.213.0 - - [11/Mar/2025:05:32:10 +0100] "GET / HTTP/1.1" 200 3510 "-" "curl/7.29.0"
152.32.213.0 - - [11/Mar/2025:05:32:11 +0100] "\x16\x03\x01" 400 226 "-" "-"
152.32.213.0 - - [11/Mar/2025:05:32:12 +0100] "t3 12.1.2\n" 400 226 "-" "-"
152.32.215.0 - - [11/Mar/2025:05:32:29 +0100] "GET / HTTP/1.1" 200 730 "-" "Mozilla/5.0 (X11; Linux x86_64) AppleWebKit/534.39 (KHTML, like Gecko) Chrome/86.0.1706 Safari/537.36"
152.32.215.0 - - [11/Mar/2025:05:32:29 +0100] "GET /favicon.ico HTTP/1.1" 404 2553 "-" "Go-http-client/1.1"
152.32.215.0 - - [11/Mar/2025:05:32:29 +0100] "GET /robots.txt HTTP/1.1" 404 2551 "-" "Go-http-client/1.1"
152.32.215.0 - - [11/Mar/2025:05:32:29 +0100] "GET /sitemap.xml HTTP/1.1" 404 2553 "-" "Go-http-client/1.1"
72.49.49.0 - - [11/Mar/2025:05:33:06 +0100] "GET /reports/usage_202403.html HTTP/1.0" 200 92683 "https://xn--v14-7ua.com" "Mozilla/5.0 (Windows NT 10.0; Win64; x64) AppleWebKit/537.36 (KHTML, like Gecko) Chrome/129.0.0.0 Safari/537.36"
72.49.49.0 - - [11/Mar/2025:05:33:47 +0100] "GET /reports/usage_202403.html HTTP/1.0" 200 92683 "https://xn--krken15-bn4c.com" "Mozilla/5.0 (Windows NT 10.0; Win64; x64) AppleWebKit/537.36 (KHTML, like Gecko) Chrome/129.0.0.0 Safari/537.36"
208.65.90.0 - - [11/Mar/2025:05:34:03 +0100] "GET /reports/usage_202403.html HTTP/1.0" 200 92683 "https://xn--kr-lbb.com" "Mozilla/5.0 (Windows NT 10.0; Win64; x64) AppleWebKit/537.36 (KHTML, like Gecko) Chrome/131.0.0.0 Safari/537.36 Avast/131.0.0.0"
185.125.230.0 - - [11/Mar/2025:05:34:08 +0100] "GET /reports/usage_202402.html HTTP/1.0" 200 91181 "https://betsafe-1.com/" "Mozilla/5.0 (Windows NT 6.2; Win64; x64) AppleWebKit/537.36 (KHTML, like Gecko) Chrome/103.0.0.0 Safari/537.36"
185.125.230.0 - - [11/Mar/2025:05:34:10 +0100] "GET /reports/usage_202402.html HTTP/1.0" 200 91181 "https://betsafe-1.com/" "Mozilla/5.0 (Windows NT 6.1; Win64; x64) AppleWebKit/537.36 (KHTML, like Gecko) Chrome/103.0.0.0 Safari/537.36"
185.125.230.0 - - [11/Mar/2025:05:34:12 +0100] "GET /reports/usage_202402.html HTTP/1.0" 200 91181 "https://betsafe-1.com/" "Mozilla/5.0 (Windows NT 6.3; WOW64) AppleWebKit/537.36 (KHTML, like Gecko) Chrome/103.0.0.0 Safari/537.36"
54.36.149.0 - - [11/Mar/2025:05:39:20 +0100] "GET /contao/vendor/spomky-labs/otphp/?C=S;O=A HTTP/2.0" 200 540 "-" "Mozilla/5.0 (compatible; AhrefsBot/7.0; +http://ahrefs.com/robot/)"
208.65.90.0 - - [11/Mar/2025:05:42:07 +0100] "GET /reports/usage_202403.html HTTP/1.0" 200 92683 "https://xn--rakn-f0a1446b.com" "Mozilla/5.0 (Windows NT 10.0; Win64; x64) AppleWebKit/537.36 (KHTML, like Gecko) Chrome/131.0.0.0 Safari/537.36 Avast/131.0.0.0"
208.102.51.0 - - [11/Mar/2025:05:42:24 +0100] "GET /reports/usage_202403.html HTTP/1.0" 200 92683 "https://xn--kran-xva5q.com" "Mozilla/5.0 (Windows NT 10.0; Win64; x64) AppleWebKit/537.36 (KHTML, like Gecko) Chrome/131.0.0.0 Safari/537.36"
208.65.90.0 - - [11/Mar/2025:05:43:00 +0100] "GET /reports/usage_202403.html HTTP/1.0" 200 92683 "https://xn--kr-nia.com" "Mozilla/5.0 (Windows NT 10.0; Win64; x64) AppleWebKit/537.36 (KHTML, like Gecko) Chrome/131.0.0.0 Safari/537.36 Avast/131.0.0.0"
185.125.230.0 - - [11/Mar/2025:05:45:09 +0100] "GET /reports/usage_202402.html HTTP/1.0" 200 91181 "https://betsafe-1.com/" "Mozilla/5.0 (Windows NT 10.0; Win64; x64) AppleWebKit/537.36 (KHTML, like Gecko) Chrome/103.0.5060.114 Safari/537.36"
185.125.230.0 - - [11/Mar/2025:05:45:11 +0100] "GET /reports/usage_202402.html HTTP/1.0" 200 91181 "https://betsafe-1.com/" "Mozilla/5.0 (Windows NT 10.0; Win64; x64) AppleWebKit/537.36 (KHTML, like Gecko) Chrome/103.0.0.0 Safari/537.36 OpenWave/97.4.2043.44"
185.125.230.0 - - [11/Mar/2025:05:45:13 +0100] "GET /reports/usage_202402.html HTTP/1.0" 200 91181 "https://betsafe-1.com/" "Mozilla/5.0 (Windows NT 6.1; WOW64) AppleWebKit/537.36 (KHTML, like Gecko) Chrome/103.0.0.0 Safari/537.36"
143.244.168.0 - - [11/Mar/2025:05:48:59 +0100] "GET / HTTP/1.1" 500 - "-" "-"
143.244.168.0 - - [11/Mar/2025:05:49:00 +0100] "GET / HTTP/1.1" 500 - "-" "Mozilla/5.0 (Linux; Android 6.0; HTC One M9 Build/MRA087309) AppleWebKit/537.36 (KHTML, like Gecko) Chrome/52.0.1370.98 Mobile Safari/537.3"
2a01:238:43f8:5f00:: - - [11/Mar/2025:05:48:59 +0100] "POST /wp-cron.php?doing_wp_cron=1741668539.6777880191802978515625 HTTP/1.1" 200 - "-" "Rv7pzZePP2lR"
143.244.168.0 - - [11/Mar/2025:05:49:02 +0100] "GET /actuator/env HTTP/1.1" 200 48524 "-" "Go-http-client/1.1"
143.244.168.0 - - [11/Mar/2025:05:49:02 +0100] "GET /server HTTP/1.1" 200 48524 "-" "Go-http-client/1.1"
143.244.168.0 - - [11/Mar/2025:05:49:03 +0100] "GET /.vscode/sftp.json HTTP/1.1" 200 48524 "-" "Go-http-client/1.1"
143.244.168.0 - - [11/Mar/2025:05:49:03 +0100] "GET /about HTTP/1.1" 200 48524 "-" "Go-http-client/1.1"
143.244.168.0 - - [11/Mar/2025:05:49:03 +0100] "GET /debug/default/view?panel=config HTTP/1.1" 200 48524 "-" "Go-http-client/1.1"
143.244.168.0 - - [11/Mar/2025:05:49:04 +0100] "GET /v2/_catalog HTTP/1.1" 200 48524 "-" "Go-http-client/1.1"
143.244.168.0 - - [11/Mar/2025:05:49:04 +0100] "GET /ecp/Current/exporttool/microsoft.exchange.ediscovery.exporttool.application HTTP/1.1" 200 48524 "-" "Go-http-client/1.1"
143.244.168.0 - - [11/Mar/2025:05:49:05 +0100] "GET /server-status HTTP/1.1" 403 2409 "-" "Go-http-client/1.1"
143.244.168.0 - - [11/Mar/2025:05:49:05 +0100] "GET /login.action HTTP/1.1" 200 48524 "-" "Go-http-client/1.1"
143.244.168.0 - - [11/Mar/2025:05:49:05 +0100] "GET /_all_dbs HTTP/1.1" 200 48524 "-" "Mozilla/5.0 (l9scan/2.0.5333e2031323e2936313e21383; +https://leakix.net)"
143.244.168.0 - - [11/Mar/2025:05:49:06 +0100] "GET /.DS_Store HTTP/1.1" 403 2409 "-" "Go-http-client/1.1"
143.244.168.0 - - [11/Mar/2025:05:49:06 +0100] "GET /.env HTTP/1.1" 403 2409 "-" "Go-http-client/1.1"
143.244.168.0 - - [11/Mar/2025:05:49:07 +0100] "GET /.git/config HTTP/1.1" 200 48524 "-" "Go-http-client/1.1"
143.244.168.0 - - [11/Mar/2025:05:49:07 +0100] "GET /s/5333e2031323e2936313e21383/_/;/META-INF/maven/com.atlassian.jira/jira-webapp-dist/pom.properties HTTP/1.1" 200 48524 "-" "Go-http-client/1.1"
143.244.168.0 - - [11/Mar/2025:05:49:07 +0100] "GET /config.json HTTP/1.1" 200 48524 "-" "Go-http-client/1.1"
143.244.168.0 - - [11/Mar/2025:05:49:08 +0100] "GET /telescope/requests HTTP/1.1" 200 48524 "-" "Go-http-client/1.1"
143.244.168.0 - - [11/Mar/2025:05:49:09 +0100] "GET /info.php HTTP/1.1" 200 26800 "-" "Go-http-client/1.1"
143.244.168.0 - - [11/Mar/2025:05:49:10 +0100] "GET /?rest_route=/wp/v2/users/ HTTP/1.1" 200 215 "-" "Go-http-client/1.1"
54.36.148.0 - - [11/Mar/2025:05:50:03 +0100] "GET /contao/vendor/toflar/?C=M;O=A HTTP/2.0" 200 431 "-" "Mozilla/5.0 (compatible; AhrefsBot/7.0; +http://ahrefs.com/robot/)"
162.55.81.0 - - [11/Mar/2025:05:50:30 +0100] "GET / HTTP/1.1" 503 4469 "-" "Mozilla/5.0 (iPhone; CPU iPhone OS 16_2 like Mac OS X) AppleWebKit/605.1.15 (KHTML, like Gecko) Version/16.2 Mobile/15E148 Safari/604."
72.195.34.0 - - [11/Mar/2025:05:51:18 +0100] "GET /reports/usage_202403.html HTTP/1.0" 200 92683 "https://xn--kr-lbb.com" "Mozilla/5.0 (Windows NT 10.0; Win64; x64) AppleWebKit/537.36 (KHTML, like Gecko) Chrome/131.0.0.0 Safari/537.36"
184.178.172.0 - - [11/Mar/2025:05:51:39 +0100] "GET /reports/usage_202403.html HTTP/1.0" 200 92683 "https://xn--kr7-onb.com" "Mozilla/5.0 (Windows NT 10.0; Win64; x64) AppleWebKit/537.36 (KHTML, like Gecko) Chrome/130.0.0.0 Safari/537.36"
2620:121:5044:40:: - - [11/Mar/2025:05:52:03 +0100] "GET / HTTP/1.1" 503 1828 "-" "Snap URL Preview Service; bot; snapchat; https://developers.snap.com/robots"
2620:121:5044:41:: - - [11/Mar/2025:05:52:06 +0100] "GET / HTTP/1.1" 503 1828 "-" "Snap URL Preview Service; bot; snapchat; https://developers.snap.com/robots"
208.102.51.0 - - [11/Mar/2025:05:52:17 +0100] "GET /reports/usage_202403.html HTTP/1.0" 200 92683 "https://xn--krken9-xc8b.com" "Mozilla/5.0 (Windows NT 10.0; Win64; x64) AppleWebKit/537.36 (KHTML, like Gecko) Chrome/130.0.0.0 Safari/537.36 CCleaner/130.0.0.0"
185.125.230.0 - - [11/Mar/2025:05:56:25 +0100] "GET /reports/usage_202402.html HTTP/1.0" 200 91181 "https://betsafe-1.com/" "Mozilla/5.0 (Windows NT 6.3) AppleWebKit/537.36 (KHTML, like Gecko) Chrome/103.0.0.0 Safari/537.36"
185.125.230.0 - - [11/Mar/2025:05:56:27 +0100] "GET /reports/usage_202402.html HTTP/1.0" 200 91181 "https://betsafe-1.com/" "Mozilla/5.0 (Windows NT 6.1; Win64; x64) AppleWebKit/537.36 (KHTML, like Gecko) Chrome/103.0.5060.66 Safari/537.36"
185.125.230.0 - - [11/Mar/2025:05:56:29 +0100] "GET /reports/usage_202402.html HTTP/1.0" 200 91181 "https://betsafe-1.com/" "Mozilla/5.0 (Windows NT 10.0; Win64; x64) AppleWebKit/537.36 (KHTML, like Gecko) Chrome/103.0.5060.66 Safari/537.36"
54.36.148.0 - - [11/Mar/2025:06:00:41 +0100] "GET /contao/vendor/toflar/?C=D;O=A HTTP/2.0" 200 431 "-" "Mozilla/5.0 (compatible; AhrefsBot/7.0; +http://ahrefs.com/robot/)"
184.178.172.0 - - [11/Mar/2025:06:01:09 +0100] "GET /reports/usage_202403.html HTTP/1.0" 200 92683 "https://xn--kr13-6na.com" "Mozilla/5.0 (Windows NT 10.0; Win64; x64) AppleWebKit/537.36 (KHTML, like Gecko) Chrome/130.0.0.0 Safari/537.36"
72.49.49.0 - - [11/Mar/2025:06:01:22 +0100] "GET /reports/usage_202403.html HTTP/1.0" 200 92683 "https://xn--kr9-onb.com" "Mozilla/5.0 (Windows NT 10.0; Win64; x64) AppleWebKit/537.36 (KHTML, like Gecko) Chrome/130.0.0.0 Safari/537.36 CCleaner/130.0.0.0"
