52.167.144.0 - - [10/Mar/2025:20:28:21 +0100] "GET /wp-content/cache/autoptimize/autoptimize_single_6b74ece0913f1478cfb295c6623baf98.php HTTP/2.0" 200 2348 "-" "Mozilla/5.0 AppleWebKit/537.36 (KHTML, like Gecko; compatible; bingbot/2.0; +http://www.bing.com/bingbot.htm) Chrome/116.0.1938.76 Safari/537.36"
52.167.144.0 - - [10/Mar/2025:20:28:21 +0100] "GET /wp-content/cache/autoptimize/autoptimize_single_b6aeb905a718d7249651175caef87dde.php HTTP/2.0" 200 5879 "-" "Mozilla/5.0 AppleWebKit/537.36 (KHTML, like Gecko; compatible; bingbot/2.0; +http://www.bing.com/bingbot.htm) Chrome/116.0.1938.76 Safari/537.36"
52.167.144.0 - - [10/Mar/2025:20:28:22 +0100] "GET /wp-content/cache/autoptimize/autoptimize_single_b8192274dbb166adb439a1f6c0c13bdc.php HTTP/2.0" 200 1342 "-" "Mozilla/5.0 AppleWebKit/537.36 (KHTML, like Gecko; compatible; bingbot/2.0; +http://www.bing.com/bingbot.htm) Chrome/116.0.1938.76 Safari/537.36"
52.167.144.0 - - [10/Mar/2025:20:28:22 +0100] "GET /wp-content/cache/autoptimize/autoptimize_single_bc25a68866d292ef47bb832eb3532d86.php HTTP/2.0" 200 187025 "-" "Mozilla/5.0 AppleWebKit/537.36 (KHTML, like Gecko; compatible; bingbot/2.0; +http://www.bing.com/bingbot.htm) Chrome/116.0.1938.76 Safari/537.36"
52.167.144.0 - - [10/Mar/2025:20:28:23 +0100] "GET /wp-content/cache/autoptimize/autoptimize_single_d73c5b630ef6af658a3991f886f17eba.php HTTP/2.0" 200 710 "-" "Mozilla/5.0 AppleWebKit/537.36 (KHTML, like Gecko; compatible; bingbot/2.0; +http://www.bing.com/bingbot.htm) Chrome/116.0.1938.76 Safari/537.36"
52.167.144.0 - - [10/Mar/2025:20:28:23 +0100] "GET /wp-content/cache/autoptimize/autoptimize_single_d780cf740f6d55dc8e0182ae7dbaa51c.php HTTP/2.0" 200 198951 "-" "Mozilla/5.0 AppleWebKit/537.36 (KHTML, like Gecko; compatible; bingbot/2.0; +http://www.bing.com/bingbot.htm) Chrome/116.0.1938.76 Safari/537.36"
52.167.144.0 - - [10/Mar/2025:20:28:23 +0100] "GET /wp-content/cache/autoptimize/autoptimize_single_fc47214ab3f32d5ad24c21856dfce3dd.php HTTP/2.0" 200 1533 "-" "Mozilla/5.0 AppleWebKit/537.36 (KHTML, like Gecko; compatible; bingbot/2.0; +http://www.bing.com/bingbot.htm) Chrome/116.0.1938.76 Safari/537.36"
72.49.49.0 - - [10/Mar/2025:20:28:20 +0100] "GET /reports/usage_202403.html HTTP/1.0" 200 92683 "https://xn--v14-7ua.com" "Mozilla/5.0 (Windows NT 10.0; Win64; x64) AppleWebKit/537.36 (KHTML, like Gecko) Chrome/130.0.0.0 Safari/537.36 CCleaner/130.0.0.0"
208.102.51.0 - - [10/Mar/2025:20:28:42 +0100] "GET /reports/usage_202403.html HTTP/1.0" 200 92683 "https://xn--v14-7ua.com" "Mozilla/5.0 (Windows NT 10.0; Win64; x64) AppleWebKit/537.36 (KHTML, like Gecko) Chrome/131.0.0.0 Safari/537.36"
72.49.49.0 - - [10/Mar/2025:20:28:59 +0100] "GET /reports/usage_202403.html HTTP/1.0" 200 92683 "https://xn--krken9-xoc.com" "Mozilla/5.0 (Windows NT 10.0; Win64; x64) AppleWebKit/537.36 (KHTML, like Gecko) Chrome/131.0.0.0 Safari/537.36 Avast/131.0.0.0"
103.147.118.0 - - [10/Mar/2025:20:30:59 +0100] "GET / HTTP/1.1" 200 3510 "-" "Mozilla/5.0 (Windows NT 10.0; WOW64) AppleWebKit/537.36 (KHTML, like Gecko) Chrome/52.0.2743.116 Safari/537.36"
208.65.90.0 - - [10/Mar/2025:20:34:20 +0100] "GET /reports/usage_202403.html HTTP/1.0" 200 92683 "https://xn--kr-ela.com" "Mozilla/5.0 (Windows NT 10.0; Win64; x64) AppleWebKit/537.36 (KHTML, like Gecko) Chrome/131.0.0.0 Safari/537.36 Avast/131.0.0.0"
67.201.39.0 - - [10/Mar/2025:20:34:36 +0100] "GET /reports/usage_202403.html HTTP/1.0" 200 92683 "https://xn--krakn-9za.cc" "Mozilla/5.0 (Windows NT 10.0; Win64; x64) AppleWebKit/537.36 (KHTML, like Gecko) Chrome/131.0.0.0 Safari/537.36"
208.65.90.0 - - [10/Mar/2025:20:34:56 +0100] "GET /reports/usage_202403.html HTTP/1.0" 200 92683 "https://xn--v14-7ua.com" "Mozilla/5.0 (Windows NT 10.0; Win64; x64) AppleWebKit/537.36 (KHTML, like Gecko) Chrome/131.0.0.0 Safari/537.36 Avast/131.0.0.0"
185.125.230.0 - - [10/Mar/2025:20:39:52 +0100] "GET /reports/usage_202402.html HTTP/1.0" 200 91181 "https://betsafe-1.com/" "Mozilla/5.0 (Windows NT 10.0) AppleWebKit/537.36 (KHTML, like Gecko) Chrome/103.0.0.0 Safari/537.36"
185.125.230.0 - - [10/Mar/2025:20:39:55 +0100] "GET /reports/usage_202402.html HTTP/1.0" 200 91181 "https://betsafe-1.com/" "Mozilla/5.0 (Windows NT 10.0; WOW64) AppleWebKit/537.36 (KHTML, like Gecko) Chrome/103.0.0.0 Safari/537.36"
185.125.230.0 - - [10/Mar/2025:20:39:58 +0100] "GET /reports/usage_202402.html HTTP/1.0" 200 91181 "https://betsafe-1.com/" "Mozilla/5.0 (Windows NT 6.1; WOW64) AppleWebKit/537.36 (KHTML, like Gecko) Chrome/103.0.0.0 Safari/537.36"
207.46.13.0 - - [10/Mar/2025:20:41:24 +0100] "GET /robots.txt HTTP/2.0" 200 162 "-" "Mozilla/5.0 AppleWebKit/537.36 (KHTML, like Gecko; compatible; bingbot/2.0; +http://www.bing.com/bingbot.htm) Chrome/116.0.1938.76 Safari/537.36"
72.49.49.0 - - [10/Mar/2025:20:42:31 +0100] "GET /reports/usage_202403.html HTTP/1.0" 200 92683 "https://xn--kr-nia.com" "Mozilla/5.0 (Windows NT 10.0; Win64; x64) AppleWebKit/537.36 (KHTML, like Gecko) Chrome/130.0.0.0 Safari/537.36"
72.49.49.0 - - [10/Mar/2025:20:43:00 +0100] "GET /reports/usage_202403.html HTTP/1.0" 200 92683 "https://xn--kr11-rzb.com" "Mozilla/5.0 (Windows NT 10.0; Win64; x64) AppleWebKit/537.36 (KHTML, like Gecko) Chrome/130.0.0.0 Safari/537.36"
208.102.51.0 - - [10/Mar/2025:20:43:43 +0100] "GET /reports/usage_202403.html HTTP/1.0" 200 92683 "https://xn--ra-ypa.com" "Mozilla/5.0 (Windows NT 10.0; Win64; x64) AppleWebKit/537.36 (KHTML, like Gecko) Chrome/130.0.0.0 Safari/537.36 CCleaner/130.0.0.0"
40.77.189.0 - - [10/Mar/2025:20:43:44 +0100] "GET /wp-content/uploads/wir-machen-das_bunt.svg HTTP/2.0" 200 12846 "https://www.gebaeudetechnik.nrw/definition-unterhaltsreinigung/" "Mozilla/5.0 AppleWebKit/537.36 (KHTML, like Gecko; compatible; bingbot/2.0; +http://www.bing.com/bingbot.htm) Chrome/112.0.0.0 Safari/537.36"
40.77.189.0 - - [10/Mar/2025:20:43:44 +0100] "GET /wp-content/uploads/2023/06/twitter-icon.png.webp HTTP/2.0" 200 2116 "https://www.gebaeudetechnik.nrw/definition-unterhaltsreinigung/" "Mozilla/5.0 AppleWebKit/537.36 (KHTML, like Gecko; compatible; bingbot/2.0; +http://www.bing.com/bingbot.htm) Chrome/112.0.0.0 Safari/537.36"
40.77.189.0 - - [10/Mar/2025:20:43:44 +0100] "GET /wp-content/uploads/2023/06/facebook-icon.png.webp HTTP/2.0" 200 1882 "https://www.gebaeudetechnik.nrw/definition-unterhaltsreinigung/" "Mozilla/5.0 AppleWebKit/537.36 (KHTML, like Gecko; compatible; bingbot/2.0; +http://www.bing.com/bingbot.htm) Chrome/112.0.0.0 Safari/537.36"
40.77.189.0 - - [10/Mar/2025:20:43:45 +0100] "GET /wp-content/plugins/osm/js/polyfill/v2/polyfill.min.js?features=requestAnimationFrame%2CElement.prototype.classList%2CURL&ver=6.5.5 HTTP/2.0" 200 779 "https://www.gebaeudetechnik.nrw/definition-unterhaltsreinigung/" "Mozilla/5.0 AppleWebKit/537.36 (KHTML, like Gecko; compatible; bingbot/2.0; +http://www.bing.com/bingbot.htm) Chrome/112.0.0.0 Safari/537.36"
40.77.189.0 - - [10/Mar/2025:20:43:45 +0100] "GET /wp-content/fonts/droid-serif/tDbK2oqRg1oM3QBjjcaDkOr4nAfcHg.woff2 HTTP/2.0" 200 20475 "https://gebaeudetechnik.b-cdn.net/" "Mozilla/5.0 AppleWebKit/537.36 (KHTML, like Gecko; compatible; bingbot/2.0; +http://www.bing.com/bingbot.htm) Chrome/112.0.0.0 Safari/537.36"
40.77.189.0 - - [10/Mar/2025:20:43:45 +0100] "GET /wp-content/plugins/borlabs-cookie/assets/images/borlabs-cookie-icon-black.svg HTTP/2.0" 200 4190 "https://www.gebaeudetechnik.nrw/definition-unterhaltsreinigung/" "Mozilla/5.0 AppleWebKit/537.36 (KHTML, like Gecko; compatible; bingbot/2.0; +http://www.bing.com/bingbot.htm) Chrome/112.0.0.0 Safari/537.36"
40.77.189.0 - - [10/Mar/2025:20:43:45 +0100] "GET /wp-content/fonts/montserrat/JTUSjIg1_i6t8kCHKm459Wlhyw.woff2 HTTP/2.0" 200 30951 "https://gebaeudetechnik.b-cdn.net/" "Mozilla/5.0 AppleWebKit/537.36 (KHTML, like Gecko; compatible; bingbot/2.0; +http://www.bing.com/bingbot.htm) Chrome/112.0.0.0 Safari/537.36"
40.77.189.0 - - [10/Mar/2025:20:43:45 +0100] "GET /wp-content/fonts/droid-sans/SlGWmQWMvZQIdix7AFxXmMh3eDs1Zw.woff2 HTTP/2.0" 200 22399 "https://gebaeudetechnik.b-cdn.net/" "Mozilla/5.0 AppleWebKit/537.36 (KHTML, like Gecko; compatible; bingbot/2.0; +http://www.bing.com/bingbot.htm) Chrome/112.0.0.0 Safari/537.36"
40.77.189.0 - - [10/Mar/2025:20:43:46 +0100] "GET /wp-content/fonts/droid-sans/SlGVmQWMvZQIdix7AFxXkHNSbQ.woff2 HTTP/2.0" 200 21247 "https://gebaeudetechnik.b-cdn.net/" "Mozilla/5.0 AppleWebKit/537.36 (KHTML, like Gecko; compatible; bingbot/2.0; +http://www.bing.com/bingbot.htm) Chrome/112.0.0.0 Safari/537.36"
204.188.228.0 - - [10/Mar/2025:20:45:52 +0100] "\x16\x03\x01" 400 226 "-" "-"
204.188.228.0 - - [10/Mar/2025:20:45:52 +0100] "\x16\x03\x01" 400 226 "-" "-"
204.188.228.0 - - [10/Mar/2025:20:45:52 +0100] "GET / HTTP/1.1" 200 728 "-" "Mozilla/5.0 (Windows NT 10.0; Win64; x64) AppleWebKit/537.36 (KHTML, like Gecko) Chrome/108.0.0.0 Safari/537.36"
204.188.228.0 - - [10/Mar/2025:20:45:52 +0100] "GET /form.html HTTP/1.1" 404 2549 "-" "curl/8.1.2"
204.188.228.0 - - [10/Mar/2025:20:45:52 +0100] "GET /upl.php HTTP/1.1" 404 2545 "-" "Mozilla/5.0"
204.188.228.0 - - [10/Mar/2025:20:45:53 +0100] "GET /t4 HTTP/1.1" 404 2535 "-" "Mozilla/5.0"
204.188.228.0 - - [10/Mar/2025:20:45:53 +0100] "GET /geoip/ HTTP/1.1" 404 2543 "-" "Mozilla/5.0 (Windows NT 10.0; Win64; x64) AppleWebKit/537.36 (KHTML, like Gecko) Chrome/108.0.0.0 Safari/537.36"
204.188.228.0 - - [10/Mar/2025:20:45:53 +0100] "GET /favicon.ico HTTP/1.1" 404 2553 "-" "Mozilla/5.0 (Windows NT 10.0; Win64; x64) AppleWebKit/537.36 (KHTML, like Gecko) Chrome/108.0.0.0 Safari/537.36"
204.188.228.0 - - [10/Mar/2025:20:45:53 +0100] "GET /1.php HTTP/1.1" 404 2541 "-" "Mozilla/5.0 (Windows NT 10.0; Win64; x64) AppleWebKit/537.36 (KHTML, like Gecko) Chrome/108.0.0.0 Safari/537.36"
204.188.228.0 - - [10/Mar/2025:20:45:54 +0100] "GET /systembc/password.php HTTP/1.1" 404 2573 "-" "Mozilla/5.0 (Windows NT 10.0; Win64; x64) AppleWebKit/537.36 (KHTML, like Gecko) Chrome/108.0.0.0 Safari/537.36"
204.188.228.0 - - [10/Mar/2025:20:45:54 +0100] "GET /password.php HTTP/1.1" 404 2555 "-" "Mozilla/5.0 (Windows NT 10.0; Win64; x64) AppleWebKit/537.36 (KHTML, like Gecko) Chrome/108.0.0.0 Safari/537.36"
208.102.51.0 - - [10/Mar/2025:20:50:07 +0100] "GET /reports/usage_202403.html HTTP/1.0" 200 92683 "https://xn--krken14-bn4c.com" "Mozilla/5.0 (Windows NT 10.0; Win64; x64) AppleWebKit/537.36 (KHTML, like Gecko) Chrome/130.0.0.0 Safari/537.36 CCleaner/130.0.0.0"
72.49.49.0 - - [10/Mar/2025:20:50:37 +0100] "GET /reports/usage_202403.html HTTP/1.0" 200 92683 "https://xn--kr2-onb.com" "Mozilla/5.0 (Windows NT 10.0; Win64; x64) AppleWebKit/537.36 (KHTML, like Gecko) Chrome/130.0.0.0 Safari/537.36 CCleaner/130.0.0.0"
49.51.233.0 - - [10/Mar/2025:20:50:52 +0100] "GET / HTTP/1.1" 301 240 "-" "Mozilla/5.0 (iPhone; CPU iPhone OS 13_2_3 like Mac OS X) AppleWebKit/605.1.15 (KHTML, like Gecko) Version/13.0.3 Mobile/15E148 Safari/604.1"
2a01:238:43f8:5f00:: - - [10/Mar/2025:20:50:54 +0100] "POST /wp-cron.php?doing_wp_cron=1741636254.4678080081939697265625 HTTP/1.1" 200 - "-" "DlF42gU57S2C"
49.51.233.0 - - [10/Mar/2025:20:50:54 +0100] "GET / HTTP/1.1" 200 55565 "http://www.gebaeudetechnik.nrw" "Mozilla/5.0 (iPhone; CPU iPhone OS 13_2_3 like Mac OS X) AppleWebKit/605.1.15 (KHTML, like Gecko) Version/13.0.3 Mobile/15E148 Safari/604.1"
72.49.49.0 - - [10/Mar/2025:20:51:22 +0100] "GET /reports/usage_202403.html HTTP/1.0" 200 92683 "https://xn--kran-xva5q.com" "Mozilla/5.0 (Windows NT 10.0; Win64; x64) AppleWebKit/537.36 (KHTML, like Gecko) Chrome/130.0.0.0 Safari/537.36"
185.125.230.0 - - [10/Mar/2025:20:53:09 +0100] "GET /reports/usage_202402.html HTTP/1.0" 200 91181 "https://betsafe-1.com/" "Mozilla/5.0 (Windows NT 6.3; Win64; x64) AppleWebKit/537.36 (KHTML, like Gecko) Chrome/103.0.5060.114 Safari/537.36"
185.125.230.0 - - [10/Mar/2025:20:53:13 +0100] "GET /reports/usage_202402.html HTTP/1.0" 200 91181 "https://betsafe-1.com/" "Mozilla/5.0 (Windows NT 10.0; Win64; x64) AppleWebKit/537.36 (KHTML, like Gecko) Chrome/103.0.5060.66 Safari/537.36"
185.125.230.0 - - [10/Mar/2025:20:53:16 +0100] "GET /reports/usage_202402.html HTTP/1.0" 200 91181 "https://betsafe-1.com/" "Mozilla/5.0 (Windows NT 6.2; Win64; x64) AppleWebKit/537.36 (KHTML, like Gecko) Chrome/103.0.0.0 Safari/537.36"
2a01:4f8:271:19ce:: - - [10/Mar/2025:20:55:59 +0100] "POST /xmlrpc.php HTTP/1.1" 403 2407 "-" "Mozilla/5.0 (X11; Fedora; Linux x86_64; rv:94.0) Gecko/20100101 Firefox/95.0"
54.36.149.0 - - [10/Mar/2025:20:56:33 +0100] "GET /contao/vendor/webignition/robots-txt-file/composer.lock HTTP/2.0" 200 7102 "-" "Mozilla/5.0 (compatible; AhrefsBot/7.0; +http://ahrefs.com/robot/)"
2a05:d01c:b43:8a10:: - - [10/Mar/2025:20:58:45 +0100] "GET / HTTP/1.1" 200 731 "-" "'Mozilla/5.0 (compatible; GenomeCrawlerd/1.0; https://www.nokia.com/genomecrawler)'"
72.49.49.0 - - [10/Mar/2025:20:58:42 +0100] "GET /reports/usage_202403.html HTTP/1.0" 200 92683 "https://xn--krken12-bn4c.com" "Mozilla/5.0 (Windows NT 10.0; Win64; x64) AppleWebKit/537.36 (KHTML, like Gecko) Chrome/130.0.0.0 Safari/537.36"
72.49.49.0 - - [10/Mar/2025:20:59:21 +0100] "GET /reports/usage_202403.html HTTP/1.0" 200 92683 "https://xn--kr-ela.com" "Mozilla/5.0 (Windows NT 10.0; Win64; x64) AppleWebKit/537.36 (KHTML, like Gecko) Chrome/131.0.0.0 Safari/537.36 Avast/131.0.0.0"
38.246.69.0 - - [10/Mar/2025:21:00:18 +0100] "GET /config/index HTTP/1.1" 404 2555 "-" "Go-http-client/1.1"
2a01:238:43f8:5f00:: - - [10/Mar/2025:21:06:15 +0100] "POST /wp-cron.php?doing_wp_cron=1741637175.0938189029693603515625 HTTP/1.1" 200 - "-" "PQN5jjfQALcN"
223.109.252.0 - - [10/Mar/2025:21:06:14 +0100] "GET / HTTP/1.1" 200 55581 "-" "Sogou web spider/4.0(+http://www.sogou.com/docs/help/webmasters.htm#07)"
185.125.230.0 - - [10/Mar/2025:21:06:32 +0100] "GET /reports/usage_202402.html HTTP/1.0" 200 91181 "https://betsafe-1.com/" "Mozilla/5.0 (Windows NT 6.3; WOW64) AppleWebKit/537.36 (KHTML, like Gecko) Chrome/103.0.0.0 Safari/537.36"
185.125.230.0 - - [10/Mar/2025:21:06:35 +0100] "GET /reports/usage_202402.html HTTP/1.0" 200 91181 "https://betsafe-1.com/" "Mozilla/5.0 (Windows NT 6.3; WOW64) AppleWebKit/537.36 (KHTML, like Gecko) Chrome/103.0.5060.114 Safari/537.36"
185.125.230.0 - - [10/Mar/2025:21:06:38 +0100] "GET /reports/usage_202402.html HTTP/1.0" 200 91181 "https://betsafe-1.com/" "Mozilla/5.0 (Windows NT 10.0; Win64; x64) AppleWebKit/537.36 (KHTML, like Gecko) Chrome/103.0.5060.134 Safari/537.36"
54.36.148.0 - - [10/Mar/2025:21:06:49 +0100] "GET /contao/vendor/webignition/robots-txt-file/phpstan.neon HTTP/2.0" 200 237 "-" "Mozilla/5.0 (compatible; AhrefsBot/7.0; +http://ahrefs.com/robot/)"
72.195.34.0 - - [10/Mar/2025:21:07:06 +0100] "GET /reports/usage_202403.html HTTP/1.0" 200 92683 "https://xn--krken9-xoc.com" "Mozilla/5.0 (Windows NT 10.0; Win64; x64) AppleWebKit/537.36 (KHTML, like Gecko) Chrome/131.0.0.0 Safari/537.36"
208.102.51.0 - - [10/Mar/2025:21:07:16 +0100] "GET /reports/usage_202403.html HTTP/1.0" 200 92683 "https://xn--krken12-bn4c.com" "Mozilla/5.0 (Windows NT 10.0; Win64; x64) AppleWebKit/537.36 (KHTML, like Gecko) Chrome/131.0.0.0 Safari/537.36 Avast/131.0.0.0"
2a05:d01c:b43:8a10:: - - [10/Mar/2025:21:07:40 +0100] "GET /manage/account/login HTTP/1.1" 404 2679 "-" "'Mozilla/5.0 (compatible; GenomeCrawlerd/1.0; https://www.nokia.com/genomecrawler)'"
208.102.51.0 - - [10/Mar/2025:21:07:55 +0100] "GET /reports/usage_202403.html HTTP/1.0" 200 92683 "https://xn--ra-ypa.com" "Mozilla/5.0 (Windows NT 10.0; Win64; x64) AppleWebKit/537.36 (KHTML, like Gecko) Chrome/131.0.0.0 Safari/537.36 Avast/131.0.0.0"
2a05:d01c:b43:8a10:: - - [10/Mar/2025:21:12:11 +0100] "GET /manage/account/login HTTP/1.1" 404 2679 "-" "'Mozilla/5.0 (compatible; GenomeCrawlerd/1.0; https://www.nokia.com/genomecrawler)'"
72.49.49.0 - - [10/Mar/2025:21:15:05 +0100] "GET /reports/usage_202403.html HTTP/1.0" 200 92683 "https://xn--kr-ela.com" "Mozilla/5.0 (Windows NT 10.0; Win64; x64) AppleWebKit/537.36 (KHTML, like Gecko) Chrome/131.0.0.0 Safari/537.36 Avast/131.0.0.0"
192.42.116.0 - - [10/Mar/2025:21:15:15 +0100] "POST /?na=s HTTP/2.0" 200 2267 "-" "Mozilla/5.0 (Windows NT 10.0; WOW64; rv:48.0) Gecko/20100101 Firefox/48.0"
208.102.51.0 - - [10/Mar/2025:21:15:27 +0100] "GET /reports/usage_202403.html HTTP/1.0" 200 92683 "https://xn--krakn-m0a.cc" "Mozilla/5.0 (Windows NT 10.0; Win64; x64) AppleWebKit/537.36 (KHTML, like Gecko) Chrome/129.0.0.0 Safari/537.36"
208.65.90.0 - - [10/Mar/2025:21:15:47 +0100] "GET /reports/usage_202403.html HTTP/1.0" 200 92683 "https://xn--krken7-xoc.com" "Mozilla/5.0 (Windows NT 10.0; Win64; x64) AppleWebKit/537.36 (KHTML, like Gecko) Chrome/129.0.0.0 Safari/537.36"
2a05:d01c:b43:8a10:: - - [10/Mar/2025:21:16:38 +0100] "GET /admin/index.html HTTP/1.1" 404 2671 "-" "'Mozilla/5.0 (compatible; GenomeCrawlerd/1.0; https://www.nokia.com/genomecrawler)'"
54.36.148.0 - - [10/Mar/2025:21:17:23 +0100] "GET /contao/vendor/webignition/robots-txt-file/phpunit.xml.dist HTTP/2.0" 200 392 "-" "Mozilla/5.0 (compatible; AhrefsBot/7.0; +http://ahrefs.com/robot/)"
185.125.230.0 - - [10/Mar/2025:21:19:51 +0100] "GET /reports/usage_202402.html HTTP/1.0" 200 91181 "https://betsafe-1.com/" "Mozilla/5.0 (Windows NT 6.1; WOW64) AppleWebKit/537.36 (KHTML, like Gecko) Chrome/103.0.0.0 Safari/537.36"
185.125.230.0 - - [10/Mar/2025:21:19:54 +0100] "GET /reports/usage_202402.html HTTP/1.0" 200 91181 "https://betsafe-1.com/" "Mozilla/5.0 (Windows NT 6.3; Win64; x64) AppleWebKit/537.36 (KHTML, like Gecko) Chrome/103.0.5060.53 Safari/537.36"
185.125.230.0 - - [10/Mar/2025:21:19:57 +0100] "GET /reports/usage_202402.html HTTP/1.0" 200 91181 "https://betsafe-1.com/" "Mozilla/5.0 (Windows NT 10.0; Win64; x64) AppleWebKit/537.36 (KHTML, like Gecko) Chrome/103.0.5060.66 Safari/537.36"
2a05:d01c:b43:8a10:: - - [10/Mar/2025:21:21:10 +0100] "GET /admin/index.html HTTP/1.1" 404 2671 "-" "'Mozilla/5.0 (compatible; GenomeCrawlerd/1.0; https://www.nokia.com/genomecrawler)'"
2a01:238:43f8:5f00:: - - [10/Mar/2025:21:22:36 +0100] "POST /wp-cron.php?doing_wp_cron=1741638156.9161450862884521484375 HTTP/1.1" 200 - "-" "8lhPZPKnTngs"
180.102.110.0 - - [10/Mar/2025:21:22:36 +0100] "GET / HTTP/1.1" 200 55579 "-" "Sogou web spider/4.0(+http://www.sogou.com/docs/help/webmasters.htm#07)"
72.49.49.0 - - [10/Mar/2025:21:22:51 +0100] "GET /reports/usage_202403.html HTTP/1.0" 200 92683 "https://xn--kr-lbb.com" "Mozilla/5.0 (Windows NT 10.0; Win64; x64) AppleWebKit/537.36 (KHTML, like Gecko) Chrome/130.0.0.0 Safari/537.36 CCleaner/130.0.0.0"
43.135.133.0 - - [10/Mar/2025:21:25:04 +0100] "GET / HTTP/1.0" 400 362 "-" "-"
87.250.224.0 - - [10/Mar/2025:21:25:04 +0100] "GET /robots.txt HTTP/1.1" 200 223 "-" "Mozilla/5.0 (compatible; YandexBot/3.0; +http://yandex.com/bots)"
2a01:238:43f8:5f00:: - - [10/Mar/2025:21:25:05 +0100] "POST /wp-cron.php?doing_wp_cron=1741638305.3865520954132080078125 HTTP/1.1" 200 - "-" "OZCeDW4ZqF7p"
5.255.231.0 - - [10/Mar/2025:21:25:05 +0100] "GET /unterhaltsreinigung/favicon/favicon-76.png HTTP/1.1" 200 48509 "-" "Mozilla/5.0 (compatible; YandexFavicons/1.0; +http://yandex.com/bots)"
2a05:d01c:b43:8a10:: - - [10/Mar/2025:21:25:44 +0100] "GET /index.html HTTP/1.1" 404 2659 "-" "'Mozilla/5.0 (compatible; GenomeCrawlerd/1.0; https://www.nokia.com/genomecrawler)'"
2a01:238:43f8:5f00:: - - [10/Mar/2025:21:25:55 +0100] "POST /wp-cron.php?doing_wp_cron=1741638355.7769279479980468750000 HTTP/1.1" 200 - "-" "VKLhQ7A3EDzy"
66.249.66.0 - - [10/Mar/2025:21:25:55 +0100] "GET /anmeldung-geschafft/gebaeudetechnik.nrw HTTP/1.1" 200 48509 "-" "Googlebot-Image/1.0"
5.181.3.0 - - [10/Mar/2025:21:28:32 +0100] "GET /reports/usage_202402.html HTTP/1.0" 200 91181 "https://seattlexlimo.com/woodinville-limo-wine-tasting-tour/" "Mozilla/5.0 (Windows NT 10.0; Win64; x64) AppleWebKit/537.36 (KHTML, like Gecko) Chrome/130.0.0.0 Safari/537.36 CCleaner/130.0.0.0"
5.181.3.0 - - [10/Mar/2025:21:28:47 +0100] "GET /reports/usage_202402.html HTTP/1.0" 200 91181 "https://bellevue-towncar.com/seattle-executive-van-service-corporate-travel-airport/" "Mozilla/5.0 (Windows NT 10.0; Win64; x64) AppleWebKit/537.36 (KHTML, like Gecko) Chrome/130.0.0.0 Safari/537.36"
5.181.3.0 - - [10/Mar/2025:21:28:53 +0100] "GET /reports/usage_202402.html HTTP/1.0" 200 91181 "https://bdlxlimo.com/transportation-for-large-scale-movements/" "Mozilla/5.0 (Windows NT 10.0; Win64; x64) AppleWebKit/537.36 (KHTML, like Gecko) Chrome/131.0.0.0 Safari/537.36"
185.228.132.0 - - [10/Mar/2025:21:29:01 +0100] "GET /reports/usage_202402.html HTTP/1.0" 200 91181 "https://seattle-towncar.com/seattle-limo-global-chauffeur-service/" "Mozilla/5.0 (Windows NT 10.0; Win64; x64) AppleWebKit/537.36 (KHTML, like Gecko) Chrome/130.0.0.0 Safari/537.36 CCleaner/130.0.0.0"
208.65.90.0 - - [10/Mar/2025:21:29:58 +0100] "GET /reports/usage_202403.html HTTP/1.0" 200 92683 "https://xn--krken7-xoc.com" "Mozilla/5.0 (Windows NT 10.0; Win64; x64) AppleWebKit/537.36 (KHTML, like Gecko) Chrome/130.0.0.0 Safari/537.36"
208.65.90.0 - - [10/Mar/2025:21:30:05 +0100] "GET /reports/usage_202403.html HTTP/1.0" 200 92683 "https://xn--kr7-onb.com" "Mozilla/5.0 (Windows NT 10.0; Win64; x64) AppleWebKit/537.36 (KHTML, like Gecko) Chrome/130.0.0.0 Safari/537.36 CCleaner/130.0.0.0"
208.65.90.0 - - [10/Mar/2025:21:30:09 +0100] "GET /reports/usage_202403.html HTTP/1.0" 200 92683 "https://xn--rakn-f0a1446b.com" "Mozilla/5.0 (Windows NT 10.0; Win64; x64) AppleWebKit/537.36 (KHTML, like Gecko) Chrome/131.0.0.0 Safari/537.36"
2a05:d01c:b43:8a10:: - - [10/Mar/2025:21:30:12 +0100] "GET /index.html HTTP/1.1" 404 2659 "-" "'Mozilla/5.0 (compatible; GenomeCrawlerd/1.0; https://www.nokia.com/genomecrawler)'"
185.125.230.0 - - [10/Mar/2025:21:32:49 +0100] "GET /reports/usage_202402.html HTTP/1.0" 200 91181 "https://betsafe-1.com/" "Mozilla/5.0 (Windows NT 6.3; WOW64) AppleWebKit/537.36 (KHTML, like Gecko) Chrome/103.0.0.0 Safari/537.36"
185.125.230.0 - - [10/Mar/2025:21:32:52 +0100] "GET /reports/usage_202402.html HTTP/1.0" 200 91181 "https://betsafe-1.com/" "Mozilla/5.0 (Windows NT 6.3; Win64; x64) AppleWebKit/537.36 (KHTML, like Gecko) Chrome/103.0.5060.66 Safari/537.36"
185.125.230.0 - - [10/Mar/2025:21:33:01 +0100] "GET /reports/usage_202402.html HTTP/1.0" 200 91181 "https://betsafe-1.com/" "Mozilla/5.0 (Windows NT 6.3) AppleWebKit/537.36 (KHTML, like Gecko) Chrome/103.0.0.0 Safari/537.36"
121.229.156.0 - - [10/Mar/2025:21:33:40 +0100] "GET / HTTP/1.1" 301 229 "-" "Sogou web spider/4.0(+http://www.sogou.com/docs/help/webmasters.htm#07)"
2a01:238:43f8:5f00:: - - [10/Mar/2025:21:33:41 +0100] "POST /wp-cron.php?doing_wp_cron=1741638821.6074860095977783203125 HTTP/1.1" 200 - "-" "W90fMM9l8TKP"
121.229.156.0 - - [10/Mar/2025:21:33:41 +0100] "GET / HTTP/1.1" 200 55581 "-" "Sogou web spider/4.0(+http://www.sogou.com/docs/help/webmasters.htm#07)"
43.135.185.0 - - [10/Mar/2025:21:34:18 +0100] "GET / HTTP/1.1" 301 229 "-" "Mozilla/5.0 (iPhone; CPU iPhone OS 13_2_3 like Mac OS X) AppleWebKit/605.1.15 (KHTML, like Gecko) Version/13.0.3 Mobile/15E148 Safari/604.1"
43.135.185.0 - - [10/Mar/2025:21:34:20 +0100] "GET / HTTP/1.1" 200 55584 "http://gdb-bonn.com" "Mozilla/5.0 (iPhone; CPU iPhone OS 13_2_3 like Mac OS X) AppleWebKit/605.1.15 (KHTML, like Gecko) Version/13.0.3 Mobile/15E148 Safari/604.1"
124.220.161.0 - - [10/Mar/2025:21:34:23 +0100] "GET / HTTP/1.1" 503 1828 "-" "Mozilla/5.0 (Linux; Android 10; LIO-AN00 Build/HUAWEILIO-AN00; wv) MicroMessenger Weixin QQ AppleWebKit/537.36 (KHTML, like Gecko) Version/4.0 Chrome/78.0.3904.62 XWEB/2692 MMWEBSDK/200901 Mobile Safari/537.36"
124.220.161.0 - - [10/Mar/2025:21:34:40 +0100] "GET / HTTP/1.1" 503 1828 "-" "Mozilla/5.0 (Linux; Android 10; LIO-AN00 Build/HUAWEILIO-AN00; wv) MicroMessenger Weixin QQ AppleWebKit/537.36 (KHTML, like Gecko) Version/4.0 Chrome/78.0.3904.62 XWEB/2692 MMWEBSDK/200901 Mobile Safari/537.36"
2a05:d01c:b43:8a10:: - - [10/Mar/2025:21:34:42 +0100] "GET /+CSCOE+/logon.html HTTP/1.1" 404 2675 "-" "'Mozilla/5.0 (compatible; GenomeCrawlerd/1.0; https://www.nokia.com/genomecrawler)'"
54.36.149.0 - - [10/Mar/2025:21:38:09 +0100] "GET /contao/vendor/webignition/robots-txt-file/tests/ HTTP/2.0" 200 495 "-" "Mozilla/5.0 (compatible; AhrefsBot/7.0; +http://ahrefs.com/robot/)"
72.49.49.0 - - [10/Mar/2025:21:38:55 +0100] "GET /reports/usage_202403.html HTTP/1.0" 200 92683 "https://xn--ra-ypa.com" "Mozilla/5.0 (Windows NT 10.0; Win64; x64) AppleWebKit/537.36 (KHTML, like Gecko) Chrome/129.0.0.0 Safari/537.36"
2a05:d01c:b43:8a10:: - - [10/Mar/2025:21:39:07 +0100] "GET /+CSCOE+/logon.html HTTP/1.1" 404 2675 "-" "'Mozilla/5.0 (compatible; GenomeCrawlerd/1.0; https://www.nokia.com/genomecrawler)'"
124.220.161.0 - - [10/Mar/2025:21:41:42 +0100] "GET / HTTP/1.1" 503 1828 "-" "Mozilla/5.0 (Linux; Android 10; LIO-AN00 Build/HUAWEILIO-AN00; wv) MicroMessenger Weixin QQ AppleWebKit/537.36 (KHTML, like Gecko) Version/4.0 Chrome/78.0.3904.62 XWEB/2692 MMWEBSDK/200901 Mobile Safari/537.36"
2a05:d01c:b43:8a10:: - - [10/Mar/2025:21:41:45 +0100] "GET /cgi-bin/login.cgi HTTP/1.1" 404 2673 "-" "'Mozilla/5.0 (compatible; GenomeCrawlerd/1.0; https://www.nokia.com/genomecrawler)'"
2a01:238:43f8:5f00:: - - [10/Mar/2025:21:41:52 +0100] "POST /wp-cron.php?doing_wp_cron=1741639312.5158629417419433593750 HTTP/1.1" 200 - "-" "KsUFGDlcNkjP"
42.92.121.0 - - [10/Mar/2025:21:41:52 +0100] "GET /sites/favicon.ico HTTP/1.1" 200 48524 "-" "Mozilla/5.067805899 Mozilla/5.0 (Windows NT 6.1; WOW64) AppleWebKit/537.36 (KHTML, like Gecko) Chrome/63.0.3239.132 Safari/537.36"
42.92.121.0 - - [10/Mar/2025:21:41:57 +0100] "GET /sites/favicon.png HTTP/1.1" 200 48524 "-" "Mozilla/4.049897920 Mozilla/4.0 (compatible; MSIE 6.0; Windows NT 5.1; SV1; .NET CLR 2.0.50727; .NET CLR 3.0.04506.648; .NET CLR 3.5.21022; .NET CLR 3.0.4506.2152; .NET CLR 3.5.30729)"
121.29.178.0 - - [10/Mar/2025:21:42:00 +0100] "GET / HTTP/1.1" 200 55584 "-" "Mozilla/5.081397758 Mozilla/5.0 (compatible; MSIE 10.0; Windows NT 6.1; WOW64; Trident/6.0)"
2a05:d01c:b43:8a10:: - - [10/Mar/2025:21:44:10 +0100] "GET /cgi-bin/login.cgi HTTP/1.1" 404 2673 "-" "'Mozilla/5.0 (compatible; GenomeCrawlerd/1.0; https://www.nokia.com/genomecrawler)'"
195.184.76.0 - - [10/Mar/2025:21:44:47 +0100] "GET / HTTP/1.1" 200 3510 "-" "Mozilla/5.0 (X11; Ubuntu; Linux x86_64; rv:130.0) Gecko/20100101 Firefox/130.0"
185.125.230.0 - - [10/Mar/2025:21:45:21 +0100] "GET /reports/usage_202402.html HTTP/1.0" 200 91181 "https://betsafe-1.com/" "Mozilla/5.0 (Windows NT 10.0) AppleWebKit/537.36 (KHTML, like Gecko) Chrome/103.0.0.0 Safari/537.36"
185.125.230.0 - - [10/Mar/2025:21:45:23 +0100] "GET /reports/usage_202402.html HTTP/1.0" 200 91181 "https://betsafe-1.com/" "Mozilla/5.0 (Windows NT 6.3; WOW64) AppleWebKit/537.36 (KHTML, like Gecko) Chrome/103.0.5060.114 Safari/537.36"
185.125.230.0 - - [10/Mar/2025:21:45:26 +0100] "GET /reports/usage_202402.html HTTP/1.0" 200 91181 "https://betsafe-1.com/" "Mozilla/5.0 (Windows NT 6.2; Win64; x64) AppleWebKit/537.36 (KHTML, like Gecko) Chrome/103.0.0.0 Safari/537.36"
72.195.34.0 - - [10/Mar/2025:21:46:21 +0100] "GET /reports/usage_202403.html HTTP/1.0" 200 92683 "https://xn--kr12-rzb.com" "Mozilla/5.0 (Windows NT 10.0; Win64; x64) AppleWebKit/537.36 (KHTML, like Gecko) Chrome/131.0.0.0 Safari/537.36 Avast/131.0.0.0"
2a05:d01c:b43:8a10:: - - [10/Mar/2025:21:46:28 +0100] "GET /login.htm HTTP/1.1" 404 2657 "-" "'Mozilla/5.0 (compatible; GenomeCrawlerd/1.0; https://www.nokia.com/genomecrawler)'"
208.102.51.0 - - [10/Mar/2025:21:47:05 +0100] "GET /reports/usage_202403.html HTTP/1.0" 200 92683 "https://xn--kr2-onb.com" "Mozilla/5.0 (Windows NT 10.0; Win64; x64) AppleWebKit/537.36 (KHTML, like Gecko) Chrome/131.0.0.0 Safari/537.36"
2a05:d01c:b43:8a10:: - - [10/Mar/2025:21:48:46 +0100] "GET /login.htm HTTP/1.1" 404 2657 "-" "'Mozilla/5.0 (compatible; GenomeCrawlerd/1.0; https://www.nokia.com/genomecrawler)'"
54.36.148.0 - - [10/Mar/2025:21:49:29 +0100] "GET /cgi-bin/?C=S;O=D HTTP/2.0" 200 348 "-" "Mozilla/5.0 (compatible; AhrefsBot/7.0; +http://ahrefs.com/robot/)"
2a05:d01c:b43:8a10:: - - [10/Mar/2025:21:51:06 +0100] "GET /login.html HTTP/1.1" 404 2659 "-" "'Mozilla/5.0 (compatible; GenomeCrawlerd/1.0; https://www.nokia.com/genomecrawler)'"
2a01:238:43f8:5f00:: - - [10/Mar/2025:21:51:43 +0100] "POST /wp-cron.php?doing_wp_cron=1741639903.4320778846740722656250 HTTP/1.1" 200 - "-" "dDYnlssYkhnB"
89.246.241.0 - - [10/Mar/2025:21:51:43 +0100] "GET / HTTP/1.1" 200 55564 "-" "Mozilla/5.0 (Windows NT 10.0; Win64; x64; rv:133.0) Gecko/20100101 Firefox/133.0"
89.246.241.0 - - [10/Mar/2025:21:51:54 +0100] "GET /wp-content/uploads/brandschutz-rauchwarnmelder.jpg.webp HTTP/1.1" 200 1998 "-" "Mozilla/5.0 (Windows NT 10.0; Win64; x64; rv:133.0) Gecko/20100101 Firefox/133.0"
89.246.241.0 - - [10/Mar/2025:21:51:59 +0100] "GET /wp-content/uploads/Abmessung-Spikes-edelstahl.jpg.webp HTTP/1.1" 200 4636 "-" "Mozilla/5.0 (Windows NT 10.0; Win64; x64; rv:133.0) Gecko/20100101 Firefox/133.0"
89.246.241.0 - - [10/Mar/2025:21:52:04 +0100] "GET /wp-content/uploads/cleaning-48889-300x200-1.webp HTTP/1.1" 200 6202 "-" "Mozilla/5.0 (Windows NT 10.0; Win64; x64; rv:133.0) Gecko/20100101 Firefox/133.0"
89.246.241.0 - - [10/Mar/2025:21:52:09 +0100] "GET /wp-content/uploads/einbruchschutz-1280-300x200-1.webp HTTP/1.1" 200 8292 "-" "Mozilla/5.0 (Windows NT 10.0; Win64; x64; rv:133.0) Gecko/20100101 Firefox/133.0"
2a05:d01c:b43:8a10:: - - [10/Mar/2025:21:53:23 +0100] "GET /login.html HTTP/1.1" 404 2659 "-" "'Mozilla/5.0 (compatible; GenomeCrawlerd/1.0; https://www.nokia.com/genomecrawler)'"
208.65.90.0 - - [10/Mar/2025:21:53:24 +0100] "GET /reports/usage_202403.html HTTP/1.0" 200 92683 "https://xn--rakn-f0a1446b.com" "Mozilla/5.0 (Windows NT 10.0; Win64; x64) AppleWebKit/537.36 (KHTML, like Gecko) Chrome/131.0.0.0 Safari/537.36"
72.49.49.0 - - [10/Mar/2025:21:53:45 +0100] "GET /reports/usage_202403.html HTTP/1.0" 200 92683 "https://xn--kr-ela.com" "Mozilla/5.0 (Windows NT 10.0; Win64; x64) AppleWebKit/537.36 (KHTML, like Gecko) Chrome/130.0.0.0 Safari/537.36 CCleaner/130.0.0.0"
208.65.90.0 - - [10/Mar/2025:21:54:04 +0100] "GET /reports/usage_202403.html HTTP/1.0" 200 92683 "https://xn--krakn-m0a.cc" "Mozilla/5.0 (Windows NT 10.0; Win64; x64) AppleWebKit/537.36 (KHTML, like Gecko) Chrome/130.0.0.0 Safari/537.36"
195.184.76.0 - - [10/Mar/2025:21:54:08 +0100] "GET /favicon.ico HTTP/1.1" 404 2557 "-" "Mozilla/5.0 (X11; Ubuntu; Linux x86_64; rv:130.0) Gecko/20100101 Firefox/130.0"
2a05:d01c:b43:8a10:: - - [10/Mar/2025:21:55:43 +0100] "GET /login.jsp HTTP/1.1" 404 2657 "-" "'Mozilla/5.0 (compatible; GenomeCrawlerd/1.0; https://www.nokia.com/genomecrawler)'"
185.125.230.0 - - [10/Mar/2025:21:57:39 +0100] "GET /reports/usage_202402.html HTTP/1.0" 200 91181 "https://betsafe-1.com/" "Mozilla/5.0 (Windows NT 10.0; WOW64) AppleWebKit/537.36 (KHTML, like Gecko) Chrome/103.0.0.0 Safari/537.36"
185.125.230.0 - - [10/Mar/2025:21:57:42 +0100] "GET /reports/usage_202402.html HTTP/1.0" 200 91181 "https://betsafe-1.com/" "Mozilla/5.0 (Windows NT 6.3; Win64; x64) AppleWebKit/537.36 (KHTML, like Gecko) Chrome/103.0.5060.53 Safari/537.36"
185.125.230.0 - - [10/Mar/2025:21:57:46 +0100] "GET /reports/usage_202402.html HTTP/1.0" 200 91181 "https://betsafe-1.com/" "Mozilla/5.0 (Windows NT 6.3; Win64; x64) AppleWebKit/537.36 (KHTML, like Gecko) Chrome/103.0.5060.53 Safari/537.36"
2a05:d01c:b43:8a10:: - - [10/Mar/2025:21:58:02 +0100] "GET /login.jsp HTTP/1.1" 404 2657 "-" "'Mozilla/5.0 (compatible; GenomeCrawlerd/1.0; https://www.nokia.com/genomecrawler)'"
154.81.156.0 - - [10/Mar/2025:21:58:24 +0100] "GET / HTTP/1.1" 200 730 "-" "Mozilla/5.0 (Windows NT 10.0; Win64; x64) AppleWebKit/537.36 (KHTML, like Gecko) Chrome/90.0.4430.85 Safari/537.36 Edg/90.0.818.46"
2a05:d01c:b43:8a10:: - - [10/Mar/2025:22:00:38 +0100] "GET /login HTTP/1.1" 404 2649 "-" "'Mozilla/5.0 (compatible; GenomeCrawlerd/1.0; https://www.nokia.com/genomecrawler)'"
72.49.49.0 - - [10/Mar/2025:22:01:33 +0100] "GET /reports/usage_202403.html HTTP/1.0" 200 92683 "https://xn--kr2-onb.com" "Mozilla/5.0 (Windows NT 10.0; Win64; x64) AppleWebKit/537.36 (KHTML, like Gecko) Chrome/130.0.0.0 Safari/537.36"
54.36.148.0 - - [10/Mar/2025:22:02:05 +0100] "GET /contao/vendor/oyejorge/?C=M;O=A HTTP/2.0" 200 414 "-" "Mozilla/5.0 (compatible; AhrefsBot/7.0; +http://ahrefs.com/robot/)"
72.195.34.0 - - [10/Mar/2025:22:02:15 +0100] "GET /reports/usage_202403.html HTTP/1.0" 200 92683 "https://xn--krken10-bn4c.com" "Mozilla/5.0 (Windows NT 10.0; Win64; x64) AppleWebKit/537.36 (KHTML, like Gecko) Chrome/130.0.0.0 Safari/537.36 CCleaner/130.0.0.0"
184.178.172.0 - - [10/Mar/2025:22:02:48 +0100] "GET /reports/usage_202403.html HTTP/1.0" 200 92683 "https://xn--kran-xva5q.com" "Mozilla/5.0 (Windows NT 10.0; Win64; x64) AppleWebKit/537.36 (KHTML, like Gecko) Chrome/130.0.0.0 Safari/537.36 CCleaner/130.0.0.0"
2a05:d01c:b43:8a10:: - - [10/Mar/2025:22:04:36 +0100] "GET /login HTTP/1.1" 404 2649 "-" "'Mozilla/5.0 (compatible; GenomeCrawlerd/1.0; https://www.nokia.com/genomecrawler)'"
102.39.3.0 - - [10/Mar/2025:22:05:38 +0100] "GET /wp-login.php HTTP/1.1" 301 241 "http://gdb-bonn.com/wp-login.php" "Mozilla/5.0 (Windows NT 10.0; Win64; x64) AppleWebKit/537.36 (KHTML, like Gecko) Chrome/86.0.4240.198 Safari/537.36"
102.39.3.0 - - [10/Mar/2025:22:05:43 +0100] "GET /wp-login.php HTTP/1.1" 404 48524 "https://gdb-bonn.com/wp-login.php" "Mozilla/5.0 (Windows NT 10.0; Win64; x64) AppleWebKit/537.36 (KHTML, like Gecko) Chrome/86.0.4240.198 Safari/537.36"
102.39.3.0 - - [10/Mar/2025:22:06:00 +0100] "GET /administrator/ HTTP/1.1" 301 243 "http://gdb-bonn.com/administrator/" "Mozilla/5.0 (Windows NT 10.0; Win64; x64) AppleWebKit/537.36 (KHTML, like Gecko) Chrome/86.0.4240.198 Safari/537.36"
2a01:238:43f8:5f00:: - - [10/Mar/2025:22:06:05 +0100] "POST /wp-cron.php?doing_wp_cron=1741640765.6871550083160400390625 HTTP/1.1" 200 - "-" "h7UMVMfbiAIk"
102.39.3.0 - - [10/Mar/2025:22:06:05 +0100] "GET /administrator/ HTTP/1.1" 200 48524 "https://gdb-bonn.com/administrator/" "Mozilla/5.0 (Windows NT 10.0; Win64; x64) AppleWebKit/537.36 (KHTML, like Gecko) Chrome/86.0.4240.198 Safari/537.36"
68.178.145.0 - - [10/Mar/2025:22:08:01 +0100] "GET / HTTP/1.1" 301 229 "-" "Mozilla/5.0 (Macintosh; Intel Mac OS X 10_15_7) AppleWebKit/537.36 (KHTML, like Gecko) Chrome/113.0.5672.93 Safari/537.36"
2a01:238:43f8:5f00:: - - [10/Mar/2025:22:08:02 +0100] "POST /wp-cron.php?doing_wp_cron=1741640882.7062718868255615234375 HTTP/1.1" 200 - "-" "n7TXdBMUwMhz"
68.178.145.0 - - [10/Mar/2025:22:08:02 +0100] "GET / HTTP/2.0" 200 55579 "http://gdb-bonn.com" "Mozilla/5.0 (Macintosh; Intel Mac OS X 10_15_7) AppleWebKit/537.36 (KHTML, like Gecko) Chrome/113.0.5672.93 Safari/537.36"
68.178.145.0 - - [10/Mar/2025:22:08:04 +0100] "GET /index.php?rest_route=/wp/v2/users HTTP/2.0" 200 215 "https://gdb-bonn.com" "Mozilla/5.0 (Macintosh; Intel Mac OS X 14_6) AppleWebKit/605.1.15 (KHTML, like Gecko) Version/17.5 Safari/605.1.15"
2a05:d01c:b43:8a10:: - - [10/Mar/2025:22:08:24 +0100] "GET /doc/index.html HTTP/1.1" 404 2667 "-" "'Mozilla/5.0 (compatible; GenomeCrawlerd/1.0; https://www.nokia.com/genomecrawler)'"
72.49.49.0 - - [10/Mar/2025:22:09:27 +0100] "GET /reports/usage_202403.html HTTP/1.0" 200 92683 "https://xn--krken7-xoc.com" "Mozilla/5.0 (Windows NT 10.0; Win64; x64) AppleWebKit/537.36 (KHTML, like Gecko) Chrome/131.0.0.0 Safari/537.36"
185.125.230.0 - - [10/Mar/2025:22:09:40 +0100] "GET /reports/usage_202402.html HTTP/1.0" 200 91181 "https://betsafe-1.com/" "Mozilla/5.0 (Windows NT 6.2; Win64; x64) AppleWebKit/537.36 (KHTML, like Gecko) Chrome/103.0.0.0 Safari/537.36"
185.125.230.0 - - [10/Mar/2025:22:09:43 +0100] "GET /reports/usage_202402.html HTTP/1.0" 200 91181 "https://betsafe-1.com/" "Mozilla/5.0 (Windows NT 10.0; Win64; x64) AppleWebKit/537.36 (KHTML, like Gecko) Chrome/103.0.0.0 Safari/537.36 Herring/95.1.8810.11"
208.65.90.0 - - [10/Mar/2025:22:09:44 +0100] "GET /reports/usage_202403.html HTTP/1.0" 200 92683 "https://xn--krken15-bn4c.com" "Mozilla/5.0 (Windows NT 10.0; Win64; x64) AppleWebKit/537.36 (KHTML, like Gecko) Chrome/130.0.0.0 Safari/537.36 CCleaner/130.0.0.0"
185.125.230.0 - - [10/Mar/2025:22:09:47 +0100] "GET /reports/usage_202402.html HTTP/1.0" 200 91181 "https://betsafe-1.com/" "Mozilla/5.0 (Windows NT 6.1; WOW64) AppleWebKit/537.36 (KHTML, like Gecko) Chrome/103.0.0.0 Safari/537.36"
208.102.51.0 - - [10/Mar/2025:22:10:21 +0100] "GET /reports/usage_202403.html HTTP/1.0" 200 92683 "https://xn--kr2-onb.com" "Mozilla/5.0 (Windows NT 10.0; Win64; x64) AppleWebKit/537.36 (KHTML, like Gecko) Chrome/130.0.0.0 Safari/537.36 CCleaner/130.0.0.0"
2a05:d01c:b43:8a10:: - - [10/Mar/2025:22:12:26 +0100] "GET /doc/index.html HTTP/1.1" 404 2667 "-" "'Mozilla/5.0 (compatible; GenomeCrawlerd/1.0; https://www.nokia.com/genomecrawler)'"
216.244.66.0 - - [10/Mar/2025:22:14:14 +0100] "GET /robots.txt HTTP/1.1" 404 2551 "-" "Mozilla/5.0 (compatible; DotBot/1.2; +https://opensiteexplorer.org/dotbot; help@moz.com)"
2a05:d01c:b43:8a10:: - - [10/Mar/2025:22:16:21 +0100] "GET /remote/login HTTP/1.1" 404 2663 "-" "'Mozilla/5.0 (compatible; GenomeCrawlerd/1.0; https://www.nokia.com/genomecrawler)'"
208.102.51.0 - - [10/Mar/2025:22:17:07 +0100] "GET /reports/usage_202403.html HTTP/1.0" 200 92683 "https://xn--krken9-xoc.com" "Mozilla/5.0 (Windows NT 10.0; Win64; x64) AppleWebKit/537.36 (KHTML, like Gecko) Chrome/131.0.0.0 Safari/537.36"
67.201.58.0 - - [10/Mar/2025:22:17:36 +0100] "GET /reports/usage_202403.html HTTP/1.0" 200 92683 "https://xn--krken14-bn4c.com" "Mozilla/5.0 (Windows NT 10.0; Win64; x64) AppleWebKit/537.36 (KHTML, like Gecko) Chrome/130.0.0.0 Safari/537.36 CCleaner/130.0.0.0"
208.102.51.0 - - [10/Mar/2025:22:18:20 +0100] "GET /reports/usage_202403.html HTTP/1.0" 200 92683 "https://xn--kran-xva5q.com" "Mozilla/5.0 (Windows NT 10.0; Win64; x64) AppleWebKit/537.36 (KHTML, like Gecko) Chrome/130.0.0.0 Safari/537.36"
169.150.247.0 - - [10/Mar/2025:22:18:36 +0100] "GET /wp-content/plugins/easy-social-icons/css/font-awesome/css/v4-shims.min.css HTTP/1.1" 301 310 "-" "Mozilla/5.0 (Linux; Android 10; K) AppleWebKit/537.36 (KHTML, like Gecko) Chrome/134.0.0.0 Mobile Safari/537.36"
169.150.247.0 - - [10/Mar/2025:22:18:36 +0100] "GET /wp-content/cache/autoptimize/autoptimize_single_06b3ed89f3c425c7ab4c3ffbb90ebe86.php HTTP/1.1" 301 320 "-" "Mozilla/5.0 (Linux; Android 10; K) AppleWebKit/537.36 (KHTML, like Gecko) Chrome/134.0.0.0 Mobile Safari/537.36"
169.150.247.0 - - [10/Mar/2025:22:18:36 +0100] "GET /wp-content/cache/autoptimize/autoptimize_single_0931d311c22b874b0ed3b28d5ff48ca5.php HTTP/1.1" 301 320 "-" "Mozilla/5.0 (Linux; Android 10; K) AppleWebKit/537.36 (KHTML, like Gecko) Chrome/134.0.0.0 Mobile Safari/537.36"
2a01:238:43f8:5f00:: - - [10/Mar/2025:22:18:36 +0100] "POST /wp-cron.php?doing_wp_cron=1741641516.2531259059906005859375 HTTP/1.1" 200 - "-" "NrBo5FZsKm7Q"
2a02:3100:86d4:1500:: - - [10/Mar/2025:22:18:36 +0100] "GET /definition-unterhaltsreinigung/ HTTP/2.0" 200 51596 "https://www.bing.com/" "Mozilla/5.0 (Linux; Android 10; K) AppleWebKit/537.36 (KHTML, like Gecko) Chrome/134.0.0.0 Mobile Safari/537.36"
2a02:3100:86d4:1500:: - - [10/Mar/2025:22:18:36 +0100] "GET /wp-content/uploads/wir-machen-das_bunt.svg HTTP/2.0" 200 12846 "https://www.gebaeudetechnik.nrw/definition-unterhaltsreinigung/" "Mozilla/5.0 (Linux; Android 10; K) AppleWebKit/537.36 (KHTML, like Gecko) Chrome/134.0.0.0 Mobile Safari/537.36"
2a02:3100:86d4:1500:: - - [10/Mar/2025:22:18:36 +0100] "GET /wp-content/uploads/2018/11/unterhaltsreinigung-mop-280.jpg HTTP/2.0" 404 2948 "https://www.gebaeudetechnik.nrw/definition-unterhaltsreinigung/" "Mozilla/5.0 (Linux; Android 10; K) AppleWebKit/537.36 (KHTML, like Gecko) Chrome/134.0.0.0 Mobile Safari/537.36"
169.150.247.0 - - [10/Mar/2025:22:18:37 +0100] "GET /wp-content/themes/busiprof-pro/css/font-awesome/fonts/fontawesome-webfont.woff2?v=4.7.0 HTTP/1.1" 404 2924 "https://www.gebaeudetechnik.nrw/" "Mozilla/5.0 (Linux; Android 10; K) AppleWebKit/537.36 (KHTML, like Gecko) Chrome/134.0.0.0 Mobile Safari/537.36"
2a02:3100:86d4:1500:: - - [10/Mar/2025:22:18:37 +0100] "GET /wp-content/uploads/2018/11/unterhaltsreinigung-maschineneinsatz-150x150.jpg HTTP/2.0" 404 2982 "https://www.gebaeudetechnik.nrw/definition-unterhaltsreinigung/" "Mozilla/5.0 (Linux; Android 10; K) AppleWebKit/537.36 (KHTML, like Gecko) Chrome/134.0.0.0 Mobile Safari/537.36"
2a02:3100:86d4:1500:: - - [10/Mar/2025:22:18:37 +0100] "GET /wp-content/uploads/2021/05/logo-neu1.png HTTP/2.0" 404 2912 "https://www.gebaeudetechnik.nrw/definition-unterhaltsreinigung/" "Mozilla/5.0 (Linux; Android 10; K) AppleWebKit/537.36 (KHTML, like Gecko) Chrome/134.0.0.0 Mobile Safari/537.36"
2a02:3100:86d4:1500:: - - [10/Mar/2025:22:18:37 +0100] "GET /wp-content/uploads/2023/06/twitter-icon.png.webp HTTP/2.0" 200 2116 "https://www.gebaeudetechnik.nrw/definition-unterhaltsreinigung/" "Mozilla/5.0 (Linux; Android 10; K) AppleWebKit/537.36 (KHTML, like Gecko) Chrome/134.0.0.0 Mobile Safari/537.36"
2a02:3100:86d4:1500:: - - [10/Mar/2025:22:18:37 +0100] "GET /wp-content/uploads/2023/06/facebook-icon.png.webp HTTP/2.0" 200 1882 "https://www.gebaeudetechnik.nrw/definition-unterhaltsreinigung/" "Mozilla/5.0 (Linux; Android 10; K) AppleWebKit/537.36 (KHTML, like Gecko) Chrome/134.0.0.0 Mobile Safari/537.36"
169.150.247.0 - - [10/Mar/2025:22:18:37 +0100] "GET /wp-includes/js/jquery/jquery.min.js HTTP/1.1" 301 271 "https://www.gebaeudetechnik.nrw/" "Mozilla/5.0 (Linux; Android 10; K) AppleWebKit/537.36 (KHTML, like Gecko) Chrome/134.0.0.0 Mobile Safari/537.36"
169.150.247.0 - - [10/Mar/2025:22:18:37 +0100] "GET /wp-content/cache/autoptimize/autoptimize_single_bc25a68866d292ef47bb832eb3532d86.php HTTP/1.1" 301 320 "https://www.gebaeudetechnik.nrw/" "Mozilla/5.0 (Linux; Android 10; K) AppleWebKit/537.36 (KHTML, like Gecko) Chrome/134.0.0.0 Mobile Safari/537.36"
169.150.247.0 - - [10/Mar/2025:22:18:37 +0100] "GET /wp-content/cache/autoptimize/autoptimize_single_7e63c2dfb2c6011146bc171f6b46f564.php HTTP/1.1" 301 320 "https://www.gebaeudetechnik.nrw/" "Mozilla/5.0 (Linux; Android 10; K) AppleWebKit/537.36 (KHTML, like Gecko) Chrome/134.0.0.0 Mobile Safari/537.36"
169.150.247.0 - - [10/Mar/2025:22:18:37 +0100] "GET /wp-includes/js/jquery/jquery-migrate.min.js HTTP/1.1" 301 279 "https://www.gebaeudetechnik.nrw/" "Mozilla/5.0 (Linux; Android 10; K) AppleWebKit/537.36 (KHTML, like Gecko) Chrome/134.0.0.0 Mobile Safari/537.36"
169.150.247.0 - - [10/Mar/2025:22:18:37 +0100] "GET /wp-content/cache/autoptimize/autoptimize_single_1716f5d361462488e2f68f75653a5290.php HTTP/1.1" 301 320 "https://www.gebaeudetechnik.nrw/" "Mozilla/5.0 (Linux; Android 10; K) AppleWebKit/537.36 (KHTML, like Gecko) Chrome/134.0.0.0 Mobile Safari/537.36"
169.150.247.0 - - [10/Mar/2025:22:18:37 +0100] "GET /wp-includes/js/jquery/ui/sortable.min.js HTTP/1.1" 301 276 "https://www.gebaeudetechnik.nrw/" "Mozilla/5.0 (Linux; Android 10; K) AppleWebKit/537.36 (KHTML, like Gecko) Chrome/134.0.0.0 Mobile Safari/537.36"
169.150.247.0 - - [10/Mar/2025:22:18:37 +0100] "GET /wp-content/cache/autoptimize/autoptimize_single_597d5a628786f3031396519ec07d0599.php HTTP/1.1" 301 320 "https://www.gebaeudetechnik.nrw/" "Mozilla/5.0 (Linux; Android 10; K) AppleWebKit/537.36 (KHTML, like Gecko) Chrome/134.0.0.0 Mobile Safari/537.36"
169.150.247.0 - - [10/Mar/2025:22:18:37 +0100] "GET /wp-content/cache/autoptimize/autoptimize_single_334e3d08493eba0c7ffbeec7fafdd8be.php HTTP/1.1" 301 320 "https://www.gebaeudetechnik.nrw/" "Mozilla/5.0 (Linux; Android 10; K) AppleWebKit/537.36 (KHTML, like Gecko) Chrome/134.0.0.0 Mobile Safari/537.36"
169.150.247.0 - - [10/Mar/2025:22:18:37 +0100] "GET /wp-includes/js/jquery/ui/mouse.min.js HTTP/1.1" 301 273 "https://www.gebaeudetechnik.nrw/" "Mozilla/5.0 (Linux; Android 10; K) AppleWebKit/537.36 (KHTML, like Gecko) Chrome/134.0.0.0 Mobile Safari/537.36"
169.150.247.0 - - [10/Mar/2025:22:18:37 +0100] "GET /wp-content/cache/autoptimize/autoptimize_single_fc47214ab3f32d5ad24c21856dfce3dd.php HTTP/1.1" 301 320 "https://www.gebaeudetechnik.nrw/" "Mozilla/5.0 (Linux; Android 10; K) AppleWebKit/537.36 (KHTML, like Gecko) Chrome/134.0.0.0 Mobile Safari/537.36"
169.150.247.0 - - [10/Mar/2025:22:18:37 +0100] "GET /wp-includes/js/jquery/ui/core.min.js HTTP/1.1" 301 272 "https://www.gebaeudetechnik.nrw/" "Mozilla/5.0 (Linux; Android 10; K) AppleWebKit/537.36 (KHTML, like Gecko) Chrome/134.0.0.0 Mobile Safari/537.36"
169.150.247.0 - - [10/Mar/2025:22:18:37 +0100] "GET /wp-content/cache/autoptimize/autoptimize_single_b4713df0b78aa1688c57628e4f1cab0c.php HTTP/1.1" 301 320 "https://www.gebaeudetechnik.nrw/" "Mozilla/5.0 (Linux; Android 10; K) AppleWebKit/537.36 (KHTML, like Gecko) Chrome/134.0.0.0 Mobile Safari/537.36"
169.150.247.0 - - [10/Mar/2025:22:18:37 +0100] "GET /wp-content/cache/autoptimize/autoptimize_single_6b74ece0913f1478cfb295c6623baf98.php HTTP/1.1" 301 320 "https://www.gebaeudetechnik.nrw/" "Mozilla/5.0 (Linux; Android 10; K) AppleWebKit/537.36 (KHTML, like Gecko) Chrome/134.0.0.0 Mobile Safari/537.36"
169.150.247.0 - - [10/Mar/2025:22:18:37 +0100] "GET /wp-content/cache/autoptimize/autoptimize_single_0ebea01f110cd0ec92c68815ee0aad47.php?ver=1718269816&cached=1 HTTP/1.1" 301 348 "https://www.gebaeudetechnik.nrw/" "Mozilla/5.0 (Linux; Android 10; K) AppleWebKit/537.36 (KHTML, like Gecko) Chrome/134.0.0.0 Mobile Safari/537.36"
169.150.247.0 - - [10/Mar/2025:22:18:37 +0100] "GET /wp-content/cache/autoptimize/autoptimize_single_851f8dba812d4762ed4e16c5baf25cd6.php HTTP/1.1" 301 320 "https://www.gebaeudetechnik.nrw/" "Mozilla/5.0 (Linux; Android 10; K) AppleWebKit/537.36 (KHTML, like Gecko) Chrome/134.0.0.0 Mobile Safari/537.36"
169.150.247.0 - - [10/Mar/2025:22:18:37 +0100] "GET /wp-content/cache/autoptimize/autoptimize_single_dd7b7706d324569a9f45e5e440a12a6a.php HTTP/1.1" 301 320 "https://www.gebaeudetechnik.nrw/" "Mozilla/5.0 (Linux; Android 10; K) AppleWebKit/537.36 (KHTML, like Gecko) Chrome/134.0.0.0 Mobile Safari/537.36"
169.150.247.0 - - [10/Mar/2025:22:18:37 +0100] "GET /wp-content/cache/autoptimize/autoptimize_single_32be890c5913ca45460595124c12e18e.php HTTP/1.1" 301 320 "https://www.gebaeudetechnik.nrw/" "Mozilla/5.0 (Linux; Android 10; K) AppleWebKit/537.36 (KHTML, like Gecko) Chrome/134.0.0.0 Mobile Safari/537.36"
169.150.247.0 - - [10/Mar/2025:22:18:37 +0100] "GET /wp-content/cache/autoptimize/autoptimize_single_ce13632a2a809cc3c876650223b774a0.php HTTP/1.1" 301 320 "https://www.gebaeudetechnik.nrw/" "Mozilla/5.0 (Linux; Android 10; K) AppleWebKit/537.36 (KHTML, like Gecko) Chrome/134.0.0.0 Mobile Safari/537.36"
169.150.247.0 - - [10/Mar/2025:22:18:37 +0100] "GET /wp-content/cache/autoptimize/autoptimize_single_617d3d8b8b517ddacc312957902814dd.php HTTP/1.1" 301 320 "https://www.gebaeudetechnik.nrw/" "Mozilla/5.0 (Linux; Android 10; K) AppleWebKit/537.36 (KHTML, like Gecko) Chrome/134.0.0.0 Mobile Safari/537.36"
169.150.247.0 - - [10/Mar/2025:22:18:37 +0100] "GET /wp-content/cache/autoptimize/autoptimize_single_14ed89e278d4cd61a551fcc2a47a12cf.php HTTP/1.1" 301 320 "https://www.gebaeudetechnik.nrw/" "Mozilla/5.0 (Linux; Android 10; K) AppleWebKit/537.36 (KHTML, like Gecko) Chrome/134.0.0.0 Mobile Safari/537.36"
169.150.247.0 - - [10/Mar/2025:22:18:37 +0100] "GET /wp-content/cache/autoptimize/autoptimize_single_19e0aab77a65149633ba58f2dfeb7ebb.php HTTP/1.1" 301 320 "https://www.gebaeudetechnik.nrw/" "Mozilla/5.0 (Linux; Android 10; K) AppleWebKit/537.36 (KHTML, like Gecko) Chrome/134.0.0.0 Mobile Safari/537.36"
169.150.247.0 - - [10/Mar/2025:22:18:37 +0100] "GET /wp-content/cache/autoptimize/autoptimize_single_97ff155d262ee4d794053e99e87ee321.php?ver=1718269816&cached=1 HTTP/1.1" 301 348 "https://www.gebaeudetechnik.nrw/" "Mozilla/5.0 (Linux; Android 10; K) AppleWebKit/537.36 (KHTML, like Gecko) Chrome/134.0.0.0 Mobile Safari/537.36"
169.150.247.0 - - [10/Mar/2025:22:18:37 +0100] "GET /wp-content/cache/autoptimize/autoptimize_single_3d5bf56970b9d69bc623794ceffae744.php HTTP/1.1" 301 320 "https://www.gebaeudetechnik.nrw/" "Mozilla/5.0 (Linux; Android 10; K) AppleWebKit/537.36 (KHTML, like Gecko) Chrome/134.0.0.0 Mobile Safari/537.36"
169.150.247.0 - - [10/Mar/2025:22:18:37 +0100] "GET /wp-content/cache/autoptimize/autoptimize_single_b6aeb905a718d7249651175caef87dde.php HTTP/1.1" 301 320 "https://www.gebaeudetechnik.nrw/" "Mozilla/5.0 (Linux; Android 10; K) AppleWebKit/537.36 (KHTML, like Gecko) Chrome/134.0.0.0 Mobile Safari/537.36"
169.150.247.0 - - [10/Mar/2025:22:18:37 +0100] "GET /wp-content/cache/autoptimize/autoptimize_single_d73c5b630ef6af658a3991f886f17eba.php HTTP/1.1" 301 320 "https://www.gebaeudetechnik.nrw/" "Mozilla/5.0 (Linux; Android 10; K) AppleWebKit/537.36 (KHTML, like Gecko) Chrome/134.0.0.0 Mobile Safari/537.36"
169.150.247.0 - - [10/Mar/2025:22:18:37 +0100] "GET /wp-content/cache/autoptimize/autoptimize_single_fb5d24687889dd4144fa32e7161bd627.php HTTP/1.1" 301 320 "https://www.gebaeudetechnik.nrw/" "Mozilla/5.0 (Linux; Android 10; K) AppleWebKit/537.36 (KHTML, like Gecko) Chrome/134.0.0.0 Mobile Safari/537.36"
169.150.247.0 - - [10/Mar/2025:22:18:37 +0100] "GET /wp-content/cache/autoptimize/autoptimize_single_44695661794093c8bcec24e46354ea4d.php?ver=1718269816&cached=1 HTTP/1.1" 301 348 "https://www.gebaeudetechnik.nrw/" "Mozilla/5.0 (Linux; Android 10; K) AppleWebKit/537.36 (KHTML, like Gecko) Chrome/134.0.0.0 Mobile Safari/537.36"
169.150.247.0 - - [10/Mar/2025:22:18:37 +0100] "GET /wp-content/cache/autoptimize/autoptimize_single_0d8a9fff3ec3feb8387b9a8683853f8b.php?ver=1718269816&cached=1 HTTP/1.1" 301 348 "https://www.gebaeudetechnik.nrw/" "Mozilla/5.0 (Linux; Android 10; K) AppleWebKit/537.36 (KHTML, like Gecko) Chrome/134.0.0.0 Mobile Safari/537.36"
169.150.247.0 - - [10/Mar/2025:22:18:37 +0100] "GET /wp-content/plugins/easy-social-icons/css/font-awesome/css/v4-shims.min.css HTTP/1.1" 301 310 "https://www.gebaeudetechnik.nrw/" "Mozilla/5.0 (Linux; Android 10; K) AppleWebKit/537.36 (KHTML, like Gecko) Chrome/134.0.0.0 Mobile Safari/537.36"
