74.80.208.0 - - [10/Mar/2025:05:55:37 +0100] "GET /bueroreinigung/favicon/favicon-72.png HTTP/2.0" 200 48509 "-" "Mozilla/5.0 (compatible; ImagesiftBot; +imagesift.com)"
2a01:238:43f8:5f00:: - - [10/Mar/2025:05:55:49 +0100] "POST /wp-cron.php?doing_wp_cron=1741582549.6473050117492675781250 HTTP/1.1" 200 - "-" "oEzBdAZzOoKW"
74.80.208.0 - - [10/Mar/2025:05:55:49 +0100] "GET /unterhaltsreinigung/favicon/favicon-72.png HTTP/2.0" 200 48509 "-" "Mozilla/5.0 (compatible; ImagesiftBot; +imagesift.com)"
195.178.110.0 - - [10/Mar/2025:05:55:56 +0100] "GET /app/config/.env HTTP/1.1" 404 2545 "-" "Mozilla/5.0"
59.126.80.0 - - [10/Mar/2025:05:55:57 +0100] "GET / HTTP/1.0" 200 3510 "-" "curl/7.88.1"
74.80.208.0 - - [10/Mar/2025:05:56:01 +0100] "GET /vogel-taubenabwehr/favicon/favicon-60.png HTTP/2.0" 200 48509 "-" "Mozilla/5.0 (compatible; ImagesiftBot; +imagesift.com)"
74.80.208.0 - - [10/Mar/2025:05:56:07 +0100] "GET /category/allgemein/favicon/favicon-76.png HTTP/2.0" 200 48509 "-" "Mozilla/5.0 (compatible; ImagesiftBot; +imagesift.com)"
2a01:238:43f8:5f00:: - - [10/Mar/2025:05:56:43 +0100] "POST /wp-cron.php?doing_wp_cron=1741582603.4129459857940673828125 HTTP/1.1" 200 - "-" "69Oj8KAPXjXf"
74.80.208.0 - - [10/Mar/2025:05:56:43 +0100] "GET /unterhaltsreinigung/favicon/favicon-60.png HTTP/2.0" 200 48509 "-" "Mozilla/5.0 (compatible; ImagesiftBot; +imagesift.com)"
74.80.208.0 - - [10/Mar/2025:05:56:59 +0100] "GET /unterhaltsreinigung/favicon/favicon-152.png HTTP/2.0" 200 48509 "-" "Mozilla/5.0 (compatible; ImagesiftBot; +imagesift.com)"
208.65.90.0 - - [10/Mar/2025:05:57:28 +0100] "GET /reports/usage_202403.html HTTP/1.0" 200 92683 "https://xn--krken10-bn4c.com" "Mozilla/5.0 (Windows NT 10.0; Win64; x64) AppleWebKit/537.36 (KHTML, like Gecko) Chrome/129.0.0.0 Safari/537.36"
2a01:238:43f8:5f00:: - - [10/Mar/2025:05:57:45 +0100] "POST /wp-cron.php?doing_wp_cron=1741582665.0733439922332763671875 HTTP/1.1" 200 - "-" "xuAZru9G1qCF"
74.80.208.0 - - [10/Mar/2025:05:57:45 +0100] "GET /hausmeisterservice/favicon/favicon-57.png HTTP/2.0" 200 48509 "-" "Mozilla/5.0 (compatible; ImagesiftBot; +imagesift.com)"
195.20.241.0 - - [10/Mar/2025:05:59:21 +0100] "POST /xmlrpc.php HTTP/1.1" 403 2576 "http://gdb-bonn.com" "Mozilla/5.0 (Windows NT 10.0; Win64; x64) AppleWebKit/537.36 (KHTML, like Gecko) Chrome/112.0.5615.138 Safari/537.36 Edg/112.0.1722.68"
2a01:238:43f8:5f00:: - - [10/Mar/2025:05:59:56 +0100] "POST /wp-cron.php?doing_wp_cron=1741582796.2502350807189941406250 HTTP/1.1" 200 - "-" "N7SiGnc0lreR"
74.80.208.0 - - [10/Mar/2025:05:59:56 +0100] "GET /wassermelder/favicon/favicon-72.png HTTP/2.0" 200 48509 "-" "Mozilla/5.0 (compatible; ImagesiftBot; +imagesift.com)"
2a01:238:43f8:5f00:: - - [10/Mar/2025:06:00:41 +0100] "POST /wp-cron.php?doing_wp_cron=1741582841.1534099578857421875000 HTTP/1.1" 200 - "-" "6JyUpboBnrS0"
74.80.208.0 - - [10/Mar/2025:06:00:41 +0100] "GET /brandschutz/favicon/favicon-72.png HTTP/2.0" 200 48509 "-" "Mozilla/5.0 (compatible; ImagesiftBot; +imagesift.com)"
74.80.208.0 - - [10/Mar/2025:06:00:43 +0100] "GET /kontaktformular/allgemeine-geschaeftsbedingungen/favicon/favicon-60.png HTTP/2.0" 200 48509 "-" "Mozilla/5.0 (compatible; ImagesiftBot; +imagesift.com)"
2a01:238:43f8:5f00:: - - [10/Mar/2025:06:01:17 +0100] "POST /wp-cron.php?doing_wp_cron=1741582877.8817009925842285156250 HTTP/1.1" 200 - "-" "eCFJP9jthZMt"
74.80.208.0 - - [10/Mar/2025:06:01:17 +0100] "GET /danke-fuer-ihre-eintragung/favicon/favicon-76.png HTTP/2.0" 200 48509 "-" "Mozilla/5.0 (compatible; ImagesiftBot; +imagesift.com)"
74.80.208.0 - - [10/Mar/2025:06:01:43 +0100] "GET /prjekte/vogel-taubenabwehrprojekt/favicon/favicon-120.png HTTP/2.0" 200 48509 "-" "Mozilla/5.0 (compatible; ImagesiftBot; +imagesift.com)"
2a01:238:43f8:5f00:: - - [10/Mar/2025:06:03:38 +0100] "POST /wp-cron.php?doing_wp_cron=1741583018.5366699695587158203125 HTTP/1.1" 200 - "-" "j6YkxzaINWOs"
74.80.208.0 - - [10/Mar/2025:06:03:38 +0100] "GET /sicherheitstechnik/favicon/favicon-60.png HTTP/2.0" 200 48509 "-" "Mozilla/5.0 (compatible; ImagesiftBot; +imagesift.com)"
74.80.208.0 - - [10/Mar/2025:06:04:02 +0100] "GET /bueroreinigung/favicon/favicon-120.png HTTP/2.0" 200 48509 "-" "Mozilla/5.0 (compatible; ImagesiftBot; +imagesift.com)"
74.80.208.0 - - [10/Mar/2025:06:04:09 +0100] "GET /objektwartung/favicon/favicon-152.png HTTP/2.0" 200 48509 "-" "Mozilla/5.0 (compatible; ImagesiftBot; +imagesift.com)"
103.151.122.0 - - [10/Mar/2025:06:04:31 +0100] "GET /.env HTTP/1.1" 404 2539 "-" "Mozilla/5.0 (X11; Linux x86_64) AppleWebKit/537.36 (KHTML, like Gecko) Chrome/81.0.4044.129 Safari/537.36"
103.151.122.0 - - [10/Mar/2025:06:04:32 +0100] "POST / HTTP/1.1" 404 2531 "-" "Mozilla/5.0 (X11; Linux x86_64) AppleWebKit/537.36 (KHTML, like Gecko) Chrome/81.0.4044.129 Safari/537.36"
72.49.49.0 - - [10/Mar/2025:06:04:35 +0100] "GET /reports/usage_202403.html HTTP/1.0" 200 92683 "https://xn--krken15-bn4c.com" "Mozilla/5.0 (Windows NT 10.0; Win64; x64) AppleWebKit/537.36 (KHTML, like Gecko) Chrome/130.0.0.0 Safari/537.36 CCleaner/130.0.0.0"
17.241.219.0 - - [10/Mar/2025:06:05:01 +0100] "GET /robots.txt HTTP/1.1" 301 243 "-" "Mozilla/5.0 (Macintosh; Intel Mac OS X 10_15_7) AppleWebKit/605.1.15 (KHTML, like Gecko) Version/17.4 Safari/605.1.15 (Applebot/0.1; +http://www.apple.com/go/applebot)"
17.241.219.0 - - [10/Mar/2025:06:05:02 +0100] "GET /robots.txt HTTP/1.1" 200 162 "-" "Mozilla/5.0 (Macintosh; Intel Mac OS X 10_15_7) AppleWebKit/605.1.15 (KHTML, like Gecko) Version/17.4 Safari/605.1.15 (Applebot/0.1; +http://www.apple.com/go/applebot)"
17.241.219.0 - - [10/Mar/2025:06:05:02 +0100] "GET / HTTP/1.1" 301 233 "-" "Mozilla/5.0 (Macintosh; Intel Mac OS X 10_15_7) AppleWebKit/605.1.15 (KHTML, like Gecko) Version/17.4 Safari/605.1.15 (Applebot/0.1; +http://www.apple.com/go/applebot)"
2a01:238:43f8:5f00:: - - [10/Mar/2025:06:05:02 +0100] "POST /wp-cron.php?doing_wp_cron=1741583102.6959729194641113281250 HTTP/1.1" 200 - "-" "A7CPfyJCuCnC"
17.241.219.0 - - [10/Mar/2025:06:05:02 +0100] "GET / HTTP/1.1" 200 55579 "-" "Mozilla/5.0 (Macintosh; Intel Mac OS X 10_15_7) AppleWebKit/605.1.15 (KHTML, like Gecko) Version/17.4 Safari/605.1.15 (Applebot/0.1; +http://www.apple.com/go/applebot)"
208.102.51.0 - - [10/Mar/2025:06:05:05 +0100] "GET /reports/usage_202403.html HTTP/1.0" 200 92683 "https://xn--rakn-f0a1446b.com" "Mozilla/5.0 (Windows NT 10.0; Win64; x64) AppleWebKit/537.36 (KHTML, like Gecko) Chrome/130.0.0.0 Safari/537.36 CCleaner/130.0.0.0"
72.49.49.0 - - [10/Mar/2025:06:05:58 +0100] "GET /reports/usage_202403.html HTTP/1.0" 200 92683 "https://xn--ra-ypa.com" "Mozilla/5.0 (Windows NT 10.0; Win64; x64) AppleWebKit/537.36 (KHTML, like Gecko) Chrome/131.0.0.0 Safari/537.36 Avast/131.0.0.0"
2a01:238:43f8:5f00:: - - [10/Mar/2025:06:06:39 +0100] "POST /wp-cron.php?doing_wp_cron=1741583199.4772880077362060546875 HTTP/1.1" 200 - "-" "Z7s7zWYX9Iwh"
74.80.208.0 - - [10/Mar/2025:06:06:39 +0100] "GET /impressum/favicon/favicon-120.png HTTP/2.0" 200 48509 "-" "Mozilla/5.0 (compatible; ImagesiftBot; +imagesift.com)"
169.150.247.0 - - [10/Mar/2025:06:06:49 +0100] "GET /robots.txt HTTP/1.1" 301 246 "-" "Mozilla/5.0 (Macintosh; Intel Mac OS X 10_15_7) AppleWebKit/605.1.15 (KHTML, like Gecko) Version/17.4 Safari/605.1.15 (Applebot/0.1; +http://www.apple.com/go/applebot)"
169.150.247.0 - - [10/Mar/2025:06:06:49 +0100] "GET /robots.txt HTTP/1.1" 301 246 "-" "Mozilla/5.0 (Macintosh; Intel Mac OS X 10_15_7) AppleWebKit/605.1.15 (KHTML, like Gecko) Version/17.4 Safari/605.1.15 (Applebot/0.1; +http://www.apple.com/go/applebot)"
169.150.247.0 - - [10/Mar/2025:06:06:49 +0100] "GET /wp-includes/js/jquery/ui/mouse.min.js HTTP/1.1" 301 273 "https://www.gdb-bonn.com/" "Mozilla/5.0 (Macintosh; Intel Mac OS X 10_15_7) AppleWebKit/605.1.15 (KHTML, like Gecko) Version/17.4 Safari/605.1.15 (Applebot/0.1; +http://www.apple.com/go/applebot)"
169.150.247.0 - - [10/Mar/2025:06:06:50 +0100] "GET /wp-content/plugins/easy-social-icons/css/font-awesome/css/v4-shims.min.css HTTP/1.1" 301 310 "https://www.gdb-bonn.com/" "Mozilla/5.0 (Macintosh; Intel Mac OS X 10_15_7) AppleWebKit/605.1.15 (KHTML, like Gecko) Version/17.4 Safari/605.1.15 (Applebot/0.1; +http://www.apple.com/go/applebot)"
17.241.227.0 - - [10/Mar/2025:06:06:50 +0100] "GET /wp-includes/js/jquery/ui/mouse.min.js HTTP/1.1" 200 1085 "https://www.gdb-bonn.com/" "Mozilla/5.0 (Macintosh; Intel Mac OS X 10_15_7) AppleWebKit/605.1.15 (KHTML, like Gecko) Version/17.4 Safari/605.1.15 (Applebot/0.1; +http://www.apple.com/go/applebot)"
169.150.247.0 - - [10/Mar/2025:06:06:51 +0100] "GET /wp-includes/js/jquery/ui/core.min.js HTTP/1.1" 301 272 "https://www.gdb-bonn.com/" "Mozilla/5.0 (Macintosh; Intel Mac OS X 10_15_7) AppleWebKit/605.1.15 (KHTML, like Gecko) Version/17.4 Safari/605.1.15 (Applebot/0.1; +http://www.apple.com/go/applebot)"
169.150.247.0 - - [10/Mar/2025:06:06:51 +0100] "GET /wp-includes/js/jquery/ui/sortable.min.js HTTP/1.1" 301 276 "https://www.gdb-bonn.com/" "Mozilla/5.0 (Macintosh; Intel Mac OS X 10_15_7) AppleWebKit/605.1.15 (KHTML, like Gecko) Version/17.4 Safari/605.1.15 (Applebot/0.1; +http://www.apple.com/go/applebot)"
17.241.219.0 - - [10/Mar/2025:06:06:51 +0100] "GET /wp-content/plugins/easy-social-icons/css/font-awesome/css/v4-shims.min.css HTTP/1.1" 200 4080 "https://www.gdb-bonn.com/" "Mozilla/5.0 (Macintosh; Intel Mac OS X 10_15_7) AppleWebKit/605.1.15 (KHTML, like Gecko) Version/17.4 Safari/605.1.15 (Applebot/0.1; +http://www.apple.com/go/applebot)"
169.150.247.0 - - [10/Mar/2025:06:06:51 +0100] "GET /wp-includes/js/jquery/jquery-migrate.min.js HTTP/1.1" 301 279 "https://www.gdb-bonn.com/" "Mozilla/5.0 (Macintosh; Intel Mac OS X 10_15_7) AppleWebKit/605.1.15 (KHTML, like Gecko) Version/17.4 Safari/605.1.15 (Applebot/0.1; +http://www.apple.com/go/applebot)"
17.241.227.0 - - [10/Mar/2025:06:06:51 +0100] "GET /wp-includes/js/jquery/ui/sortable.min.js HTTP/1.1" 200 6565 "https://www.gdb-bonn.com/" "Mozilla/5.0 (Macintosh; Intel Mac OS X 10_15_7) AppleWebKit/605.1.15 (KHTML, like Gecko) Version/17.4 Safari/605.1.15 (Applebot/0.1; +http://www.apple.com/go/applebot)"
17.241.219.0 - - [10/Mar/2025:06:06:52 +0100] "GET /wp-includes/js/jquery/ui/core.min.js HTTP/1.1" 200 7099 "https://www.gdb-bonn.com/" "Mozilla/5.0 (Macintosh; Intel Mac OS X 10_15_7) AppleWebKit/605.1.15 (KHTML, like Gecko) Version/17.4 Safari/605.1.15 (Applebot/0.1; +http://www.apple.com/go/applebot)"
169.150.247.0 - - [10/Mar/2025:06:06:52 +0100] "GET /wp-content/cache/autoptimize/autoptimize_single_597d5a628786f3031396519ec07d0599.php HTTP/1.1" 301 320 "https://www.gdb-bonn.com/" "Mozilla/5.0 (Macintosh; Intel Mac OS X 10_15_7) AppleWebKit/605.1.15 (KHTML, like Gecko) Version/17.4 Safari/605.1.15 (Applebot/0.1; +http://www.apple.com/go/applebot)"
169.150.247.0 - - [10/Mar/2025:06:06:52 +0100] "GET /wp-content/cache/autoptimize/autoptimize_single_7e63c2dfb2c6011146bc171f6b46f564.php HTTP/1.1" 301 320 "https://www.gdb-bonn.com/" "Mozilla/5.0 (Macintosh; Intel Mac OS X 10_15_7) AppleWebKit/605.1.15 (KHTML, like Gecko) Version/17.4 Safari/605.1.15 (Applebot/0.1; +http://www.apple.com/go/applebot)"
169.150.247.0 - - [10/Mar/2025:06:06:52 +0100] "GET /wp-content/cache/autoptimize/autoptimize_single_bc25a68866d292ef47bb832eb3532d86.php HTTP/1.1" 301 320 "https://www.gdb-bonn.com/" "Mozilla/5.0 (Macintosh; Intel Mac OS X 10_15_7) AppleWebKit/605.1.15 (KHTML, like Gecko) Version/17.4 Safari/605.1.15 (Applebot/0.1; +http://www.apple.com/go/applebot)"
169.150.247.0 - - [10/Mar/2025:06:06:52 +0100] "GET /wp-content/cache/autoptimize/autoptimize_single_1716f5d361462488e2f68f75653a5290.php HTTP/1.1" 301 320 "https://www.gdb-bonn.com/" "Mozilla/5.0 (Macintosh; Intel Mac OS X 10_15_7) AppleWebKit/605.1.15 (KHTML, like Gecko) Version/17.4 Safari/605.1.15 (Applebot/0.1; +http://www.apple.com/go/applebot)"
17.241.227.0 - - [10/Mar/2025:06:06:52 +0100] "GET /wp-content/cache/autoptimize/autoptimize_single_597d5a628786f3031396519ec07d0599.php HTTP/1.1" 200 676 "https://www.gdb-bonn.com/" "Mozilla/5.0 (Macintosh; Intel Mac OS X 10_15_7) AppleWebKit/605.1.15 (KHTML, like Gecko) Version/17.4 Safari/605.1.15 (Applebot/0.1; +http://www.apple.com/go/applebot)"
17.241.75.0 - - [10/Mar/2025:06:06:53 +0100] "GET /wp-includes/js/jquery/jquery-migrate.min.js HTTP/1.1" 200 4872 "https://www.gdb-bonn.com/" "Mozilla/5.0 (Macintosh; Intel Mac OS X 10_15_7) AppleWebKit/605.1.15 (KHTML, like Gecko) Version/17.4 Safari/605.1.15 (Applebot/0.1; +http://www.apple.com/go/applebot)"
169.150.247.0 - - [10/Mar/2025:06:06:53 +0100] "GET /wp-content/cache/autoptimize/autoptimize_single_334e3d08493eba0c7ffbeec7fafdd8be.php HTTP/1.1" 301 320 "https://www.gdb-bonn.com/" "Mozilla/5.0 (Macintosh; Intel Mac OS X 10_15_7) AppleWebKit/605.1.15 (KHTML, like Gecko) Version/17.4 Safari/605.1.15 (Applebot/0.1; +http://www.apple.com/go/applebot)"
17.241.219.0 - - [10/Mar/2025:06:06:53 +0100] "GET /wp-content/cache/autoptimize/autoptimize_single_1716f5d361462488e2f68f75653a5290.php HTTP/1.1" 200 1342 "https://www.gdb-bonn.com/" "Mozilla/5.0 (Macintosh; Intel Mac OS X 10_15_7) AppleWebKit/605.1.15 (KHTML, like Gecko) Version/17.4 Safari/605.1.15 (Applebot/0.1; +http://www.apple.com/go/applebot)"
169.150.247.0 - - [10/Mar/2025:06:06:53 +0100] "GET /wp-content/cache/autoptimize/autoptimize_single_6b74ece0913f1478cfb295c6623baf98.php HTTP/1.1" 301 320 "https://www.gdb-bonn.com/" "Mozilla/5.0 (Macintosh; Intel Mac OS X 10_15_7) AppleWebKit/605.1.15 (KHTML, like Gecko) Version/17.4 Safari/605.1.15 (Applebot/0.1; +http://www.apple.com/go/applebot)"
169.150.247.0 - - [10/Mar/2025:06:06:53 +0100] "GET /wp-content/cache/autoptimize/autoptimize_single_ce13632a2a809cc3c876650223b774a0.php HTTP/1.1" 301 320 "https://www.gdb-bonn.com/" "Mozilla/5.0 (Macintosh; Intel Mac OS X 10_15_7) AppleWebKit/605.1.15 (KHTML, like Gecko) Version/17.4 Safari/605.1.15 (Applebot/0.1; +http://www.apple.com/go/applebot)"
17.241.75.0 - - [10/Mar/2025:06:06:54 +0100] "GET /wp-content/cache/autoptimize/autoptimize_single_bc25a68866d292ef47bb832eb3532d86.php HTTP/1.1" 200 187025 "https://www.gdb-bonn.com/" "Mozilla/5.0 (Macintosh; Intel Mac OS X 10_15_7) AppleWebKit/605.1.15 (KHTML, like Gecko) Version/17.4 Safari/605.1.15 (Applebot/0.1; +http://www.apple.com/go/applebot)"
17.241.227.0 - - [10/Mar/2025:06:06:54 +0100] "GET /wp-content/cache/autoptimize/autoptimize_single_334e3d08493eba0c7ffbeec7fafdd8be.php HTTP/1.1" 200 698 "https://www.gdb-bonn.com/" "Mozilla/5.0 (Macintosh; Intel Mac OS X 10_15_7) AppleWebKit/605.1.15 (KHTML, like Gecko) Version/17.4 Safari/605.1.15 (Applebot/0.1; +http://www.apple.com/go/applebot)"
17.241.227.0 - - [10/Mar/2025:06:06:55 +0100] "GET /wp-content/cache/autoptimize/autoptimize_single_7e63c2dfb2c6011146bc171f6b46f564.php HTTP/1.1" 200 164 "https://www.gdb-bonn.com/" "Mozilla/5.0 (Macintosh; Intel Mac OS X 10_15_7) AppleWebKit/605.1.15 (KHTML, like Gecko) Version/17.4 Safari/605.1.15 (Applebot/0.1; +http://www.apple.com/go/applebot)"
17.241.219.0 - - [10/Mar/2025:06:06:55 +0100] "GET /wp-content/cache/autoptimize/autoptimize_single_6b74ece0913f1478cfb295c6623baf98.php HTTP/1.1" 200 2348 "https://www.gdb-bonn.com/" "Mozilla/5.0 (Macintosh; Intel Mac OS X 10_15_7) AppleWebKit/605.1.15 (KHTML, like Gecko) Version/17.4 Safari/605.1.15 (Applebot/0.1; +http://www.apple.com/go/applebot)"
169.150.247.0 - - [10/Mar/2025:06:06:55 +0100] "GET /wp-content/cache/autoptimize/autoptimize_single_617d3d8b8b517ddacc312957902814dd.php HTTP/1.1" 301 320 "https://www.gdb-bonn.com/" "Mozilla/5.0 (Macintosh; Intel Mac OS X 10_15_7) AppleWebKit/605.1.15 (KHTML, like Gecko) Version/17.4 Safari/605.1.15 (Applebot/0.1; +http://www.apple.com/go/applebot)"
169.150.247.0 - - [10/Mar/2025:06:06:56 +0100] "GET /wp-content/cache/autoptimize/autoptimize_single_d780cf740f6d55dc8e0182ae7dbaa51c.php HTTP/1.1" 301 320 "https://www.gdb-bonn.com/" "Mozilla/5.0 (Macintosh; Intel Mac OS X 10_15_7) AppleWebKit/605.1.15 (KHTML, like Gecko) Version/17.4 Safari/605.1.15 (Applebot/0.1; +http://www.apple.com/go/applebot)"
169.150.247.0 - - [10/Mar/2025:06:06:56 +0100] "GET /wp-content/cache/autoptimize/autoptimize_single_3d5bf56970b9d69bc623794ceffae744.php HTTP/1.1" 301 320 "https://www.gdb-bonn.com/" "Mozilla/5.0 (Macintosh; Intel Mac OS X 10_15_7) AppleWebKit/605.1.15 (KHTML, like Gecko) Version/17.4 Safari/605.1.15 (Applebot/0.1; +http://www.apple.com/go/applebot)"
17.241.227.0 - - [10/Mar/2025:06:06:56 +0100] "GET /wp-content/cache/autoptimize/autoptimize_single_ce13632a2a809cc3c876650223b774a0.php HTTP/1.1" 200 1645 "https://www.gdb-bonn.com/" "Mozilla/5.0 (Macintosh; Intel Mac OS X 10_15_7) AppleWebKit/605.1.15 (KHTML, like Gecko) Version/17.4 Safari/605.1.15 (Applebot/0.1; +http://www.apple.com/go/applebot)"
169.150.247.0 - - [10/Mar/2025:06:06:56 +0100] "GET /wp-content/cache/autoptimize/autoptimize_single_fc47214ab3f32d5ad24c21856dfce3dd.php HTTP/1.1" 301 320 "https://www.gdb-bonn.com/" "Mozilla/5.0 (Macintosh; Intel Mac OS X 10_15_7) AppleWebKit/605.1.15 (KHTML, like Gecko) Version/17.4 Safari/605.1.15 (Applebot/0.1; +http://www.apple.com/go/applebot)"
169.150.247.0 - - [10/Mar/2025:06:06:56 +0100] "GET /wp-content/cache/autoptimize/autoptimize_single_851f8dba812d4762ed4e16c5baf25cd6.php HTTP/1.1" 301 320 "https://www.gdb-bonn.com/" "Mozilla/5.0 (Macintosh; Intel Mac OS X 10_15_7) AppleWebKit/605.1.15 (KHTML, like Gecko) Version/17.4 Safari/605.1.15 (Applebot/0.1; +http://www.apple.com/go/applebot)"
17.241.227.0 - - [10/Mar/2025:06:06:57 +0100] "GET /wp-content/cache/autoptimize/autoptimize_single_617d3d8b8b517ddacc312957902814dd.php HTTP/1.1" 200 2847 "https://www.gdb-bonn.com/" "Mozilla/5.0 (Macintosh; Intel Mac OS X 10_15_7) AppleWebKit/605.1.15 (KHTML, like Gecko) Version/17.4 Safari/605.1.15 (Applebot/0.1; +http://www.apple.com/go/applebot)"
17.241.219.0 - - [10/Mar/2025:06:06:57 +0100] "GET /wp-content/cache/autoptimize/autoptimize_single_d780cf740f6d55dc8e0182ae7dbaa51c.php HTTP/1.1" 200 198951 "https://www.gdb-bonn.com/" "Mozilla/5.0 (Macintosh; Intel Mac OS X 10_15_7) AppleWebKit/605.1.15 (KHTML, like Gecko) Version/17.4 Safari/605.1.15 (Applebot/0.1; +http://www.apple.com/go/applebot)"
17.241.75.0 - - [10/Mar/2025:06:06:58 +0100] "GET /wp-content/cache/autoptimize/autoptimize_single_3d5bf56970b9d69bc623794ceffae744.php HTTP/1.1" 200 2546 "https://www.gdb-bonn.com/" "Mozilla/5.0 (Macintosh; Intel Mac OS X 10_15_7) AppleWebKit/605.1.15 (KHTML, like Gecko) Version/17.4 Safari/605.1.15 (Applebot/0.1; +http://www.apple.com/go/applebot)"
17.241.227.0 - - [10/Mar/2025:06:06:58 +0100] "GET /wp-content/cache/autoptimize/autoptimize_single_851f8dba812d4762ed4e16c5baf25cd6.php HTTP/1.1" 200 3183 "https://www.gdb-bonn.com/" "Mozilla/5.0 (Macintosh; Intel Mac OS X 10_15_7) AppleWebKit/605.1.15 (KHTML, like Gecko) Version/17.4 Safari/605.1.15 (Applebot/0.1; +http://www.apple.com/go/applebot)"
17.241.227.0 - - [10/Mar/2025:06:06:58 +0100] "GET /wp-content/cache/autoptimize/autoptimize_single_fc47214ab3f32d5ad24c21856dfce3dd.php HTTP/1.1" 200 1533 "https://www.gdb-bonn.com/" "Mozilla/5.0 (Macintosh; Intel Mac OS X 10_15_7) AppleWebKit/605.1.15 (KHTML, like Gecko) Version/17.4 Safari/605.1.15 (Applebot/0.1; +http://www.apple.com/go/applebot)"
169.150.247.0 - - [10/Mar/2025:06:06:59 +0100] "GET /wp-content/cache/autoptimize/autoptimize_single_dd7b7706d324569a9f45e5e440a12a6a.php HTTP/1.1" 301 320 "https://www.gdb-bonn.com/" "Mozilla/5.0 (Macintosh; Intel Mac OS X 10_15_7) AppleWebKit/605.1.15 (KHTML, like Gecko) Version/17.4 Safari/605.1.15 (Applebot/0.1; +http://www.apple.com/go/applebot)"
169.150.247.0 - - [10/Mar/2025:06:06:59 +0100] "GET /wp-content/cache/autoptimize/autoptimize_single_19e0aab77a65149633ba58f2dfeb7ebb.php HTTP/1.1" 301 320 "https://www.gdb-bonn.com/" "Mozilla/5.0 (Macintosh; Intel Mac OS X 10_15_7) AppleWebKit/605.1.15 (KHTML, like Gecko) Version/17.4 Safari/605.1.15 (Applebot/0.1; +http://www.apple.com/go/applebot)"
169.150.247.0 - - [10/Mar/2025:06:06:59 +0100] "GET /wp-content/themes/busiprof-pro/js/themename.js HTTP/1.1" 404 2828 "https://www.gdb-bonn.com/" "Mozilla/5.0 (Macintosh; Intel Mac OS X 10_15_7) AppleWebKit/605.1.15 (KHTML, like Gecko) Version/17.4 Safari/605.1.15 (Applebot/0.1; +http://www.apple.com/go/applebot)"
169.150.247.0 - - [10/Mar/2025:06:06:59 +0100] "GET /wp-content/cache/autoptimize/autoptimize_single_1ad2e4f6ceb51a868c6bd7a3e0bc4fab.php HTTP/1.1" 301 320 "https://www.gdb-bonn.com/" "Mozilla/5.0 (Macintosh; Intel Mac OS X 10_15_7) AppleWebKit/605.1.15 (KHTML, like Gecko) Version/17.4 Safari/605.1.15 (Applebot/0.1; +http://www.apple.com/go/applebot)"
17.241.227.0 - - [10/Mar/2025:06:06:59 +0100] "GET /wp-content/cache/autoptimize/autoptimize_single_dd7b7706d324569a9f45e5e440a12a6a.php HTTP/1.1" 200 1710 "https://www.gdb-bonn.com/" "Mozilla/5.0 (Macintosh; Intel Mac OS X 10_15_7) AppleWebKit/605.1.15 (KHTML, like Gecko) Version/17.4 Safari/605.1.15 (Applebot/0.1; +http://www.apple.com/go/applebot)"
17.241.75.0 - - [10/Mar/2025:06:07:00 +0100] "GET /wp-content/cache/autoptimize/autoptimize_single_19e0aab77a65149633ba58f2dfeb7ebb.php HTTP/1.1" 200 7198 "https://www.gdb-bonn.com/" "Mozilla/5.0 (Macintosh; Intel Mac OS X 10_15_7) AppleWebKit/605.1.15 (KHTML, like Gecko) Version/17.4 Safari/605.1.15 (Applebot/0.1; +http://www.apple.com/go/applebot)"
169.150.247.0 - - [10/Mar/2025:06:07:00 +0100] "GET /wp-content/cache/autoptimize/autoptimize_single_1dd257818e0bfaa6f8a82f141eeb54ff.php HTTP/1.1" 301 320 "https://www.gdb-bonn.com/" "Mozilla/5.0 (Macintosh; Intel Mac OS X 10_15_7) AppleWebKit/605.1.15 (KHTML, like Gecko) Version/17.4 Safari/605.1.15 (Applebot/0.1; +http://www.apple.com/go/applebot)"
169.150.247.0 - - [10/Mar/2025:06:07:00 +0100] "GET /wp-includes/js/jquery/jquery.min.js HTTP/1.1" 301 271 "https://www.gdb-bonn.com/" "Mozilla/5.0 (Macintosh; Intel Mac OS X 10_15_7) AppleWebKit/605.1.15 (KHTML, like Gecko) Version/17.4 Safari/605.1.15 (Applebot/0.1; +http://www.apple.com/go/applebot)"
169.150.247.0 - - [10/Mar/2025:06:07:00 +0100] "GET /wp-content/plugins/ml-slider/assets/metaslider/script.min.js HTTP/1.1" 301 296 "https://www.gdb-bonn.com/" "Mozilla/5.0 (Macintosh; Intel Mac OS X 10_15_7) AppleWebKit/605.1.15 (KHTML, like Gecko) Version/17.4 Safari/605.1.15 (Applebot/0.1; +http://www.apple.com/go/applebot)"
17.241.219.0 - - [10/Mar/2025:06:07:00 +0100] "GET /wp-content/cache/autoptimize/autoptimize_single_1ad2e4f6ceb51a868c6bd7a3e0bc4fab.php HTTP/1.1" 200 1526 "https://www.gdb-bonn.com/" "Mozilla/5.0 (Macintosh; Intel Mac OS X 10_15_7) AppleWebKit/605.1.15 (KHTML, like Gecko) Version/17.4 Safari/605.1.15 (Applebot/0.1; +http://www.apple.com/go/applebot)"
169.150.247.0 - - [10/Mar/2025:06:07:01 +0100] "GET /wp-content/plugins/ml-slider/assets/sliders/flexslider/jquery.flexslider.min.js HTTP/1.1" 301 315 "https://www.gdb-bonn.com/" "Mozilla/5.0 (Macintosh; Intel Mac OS X 10_15_7) AppleWebKit/605.1.15 (KHTML, like Gecko) Version/17.4 Safari/605.1.15 (Applebot/0.1; +http://www.apple.com/go/applebot)"
17.241.227.0 - - [10/Mar/2025:06:07:01 +0100] "GET /wp-content/cache/autoptimize/autoptimize_single_1dd257818e0bfaa6f8a82f141eeb54ff.php HTTP/1.1" 200 1156 "https://www.gdb-bonn.com/" "Mozilla/5.0 (Macintosh; Intel Mac OS X 10_15_7) AppleWebKit/605.1.15 (KHTML, like Gecko) Version/17.4 Safari/605.1.15 (Applebot/0.1; +http://www.apple.com/go/applebot)"
54.36.148.0 - - [10/Mar/2025:06:07:01 +0100] "GET /contao/vendor/composer/autoload_files.php HTTP/2.0" 200 - "-" "Mozilla/5.0 (compatible; AhrefsBot/7.0; +http://ahrefs.com/robot/)"
17.241.75.0 - - [10/Mar/2025:06:07:01 +0100] "GET /wp-content/plugins/ml-slider/assets/metaslider/script.min.js HTTP/1.1" 200 396 "https://www.gdb-bonn.com/" "Mozilla/5.0 (Macintosh; Intel Mac OS X 10_15_7) AppleWebKit/605.1.15 (KHTML, like Gecko) Version/17.4 Safari/605.1.15 (Applebot/0.1; +http://www.apple.com/go/applebot)"
169.150.247.0 - - [10/Mar/2025:06:07:01 +0100] "GET /wp-content/plugins/ml-slider/assets/easing/jQuery.easing.min.js HTTP/1.1" 301 299 "https://www.gdb-bonn.com/" "Mozilla/5.0 (Macintosh; Intel Mac OS X 10_15_7) AppleWebKit/605.1.15 (KHTML, like Gecko) Version/17.4 Safari/605.1.15 (Applebot/0.1; +http://www.apple.com/go/applebot)"
17.241.219.0 - - [10/Mar/2025:06:07:01 +0100] "GET /wp-includes/js/jquery/jquery.min.js HTTP/1.1" 200 30368 "https://www.gdb-bonn.com/" "Mozilla/5.0 (Macintosh; Intel Mac OS X 10_15_7) AppleWebKit/605.1.15 (KHTML, like Gecko) Version/17.4 Safari/605.1.15 (Applebot/0.1; +http://www.apple.com/go/applebot)"
17.241.75.0 - - [10/Mar/2025:06:07:03 +0100] "GET /wp-content/plugins/ml-slider/assets/sliders/flexslider/jquery.flexslider.min.js HTTP/1.1" 200 6723 "https://www.gdb-bonn.com/" "Mozilla/5.0 (Macintosh; Intel Mac OS X 10_15_7) AppleWebKit/605.1.15 (KHTML, like Gecko) Version/17.4 Safari/605.1.15 (Applebot/0.1; +http://www.apple.com/go/applebot)"
17.241.219.0 - - [10/Mar/2025:06:07:03 +0100] "GET /wp-content/plugins/ml-slider/assets/easing/jQuery.easing.min.js HTTP/1.1" 200 1767 "https://www.gdb-bonn.com/" "Mozilla/5.0 (Macintosh; Intel Mac OS X 10_15_7) AppleWebKit/605.1.15 (KHTML, like Gecko) Version/17.4 Safari/605.1.15 (Applebot/0.1; +http://www.apple.com/go/applebot)"
74.80.208.0 - - [10/Mar/2025:06:07:03 +0100] "GET /vogel-taubenabwehr/favicon/favicon-144.png HTTP/2.0" 200 48509 "-" "Mozilla/5.0 (compatible; ImagesiftBot; +imagesift.com)"
169.150.247.0 - - [10/Mar/2025:06:07:04 +0100] "GET /wp-content/cache/autoptimize/autoptimize_single_06b3ed89f3c425c7ab4c3ffbb90ebe86.php HTTP/1.1" 301 320 "https://www.gdb-bonn.com/" "Mozilla/5.0 (Macintosh; Intel Mac OS X 10_15_7) AppleWebKit/605.1.15 (KHTML, like Gecko) Version/17.4 Safari/605.1.15 (Applebot/0.1; +http://www.apple.com/go/applebot)"
17.241.219.0 - - [10/Mar/2025:06:07:04 +0100] "GET /wp-content/cache/autoptimize/autoptimize_single_06b3ed89f3c425c7ab4c3ffbb90ebe86.php HTTP/1.1" 200 1522 "https://www.gdb-bonn.com/" "Mozilla/5.0 (Macintosh; Intel Mac OS X 10_15_7) AppleWebKit/605.1.15 (KHTML, like Gecko) Version/17.4 Safari/605.1.15 (Applebot/0.1; +http://www.apple.com/go/applebot)"
169.150.247.0 - - [10/Mar/2025:06:07:04 +0100] "GET /wp-content/cache/autoptimize/autoptimize_single_0931d311c22b874b0ed3b28d5ff48ca5.php HTTP/1.1" 301 320 "https://www.gdb-bonn.com/" "Mozilla/5.0 (Macintosh; Intel Mac OS X 10_15_7) AppleWebKit/605.1.15 (KHTML, like Gecko) Version/17.4 Safari/605.1.15 (Applebot/0.1; +http://www.apple.com/go/applebot)"
17.241.219.0 - - [10/Mar/2025:06:07:05 +0100] "GET /wp-content/cache/autoptimize/autoptimize_single_0931d311c22b874b0ed3b28d5ff48ca5.php HTTP/1.1" 200 2413 "https://www.gdb-bonn.com/" "Mozilla/5.0 (Macintosh; Intel Mac OS X 10_15_7) AppleWebKit/605.1.15 (KHTML, like Gecko) Version/17.4 Safari/605.1.15 (Applebot/0.1; +http://www.apple.com/go/applebot)"
169.150.247.0 - - [10/Mar/2025:06:07:05 +0100] "GET /wp-content/cache/autoptimize/autoptimize_single_b4713df0b78aa1688c57628e4f1cab0c.php HTTP/1.1" 301 320 "https://www.gdb-bonn.com/" "Mozilla/5.0 (Macintosh; Intel Mac OS X 10_15_7) AppleWebKit/605.1.15 (KHTML, like Gecko) Version/17.4 Safari/605.1.15 (Applebot/0.1; +http://www.apple.com/go/applebot)"
169.150.247.0 - - [10/Mar/2025:06:07:05 +0100] "GET /wp-includes/css/dist/block-library/style.min.css HTTP/1.1" 301 284 "https://www.gdb-bonn.com/" "Mozilla/5.0 (Macintosh; Intel Mac OS X 10_15_7) AppleWebKit/605.1.15 (KHTML, like Gecko) Version/17.4 Safari/605.1.15 (Applebot/0.1; +http://www.apple.com/go/applebot)"
17.241.75.0 - - [10/Mar/2025:06:07:06 +0100] "GET /wp-includes/css/dist/block-library/style.min.css HTTP/1.1" 200 14991 "https://www.gdb-bonn.com/" "Mozilla/5.0 (Macintosh; Intel Mac OS X 10_15_7) AppleWebKit/605.1.15 (KHTML, like Gecko) Version/17.4 Safari/605.1.15 (Applebot/0.1; +http://www.apple.com/go/applebot)"
17.241.75.0 - - [10/Mar/2025:06:07:06 +0100] "GET /wp-content/cache/autoptimize/autoptimize_single_b4713df0b78aa1688c57628e4f1cab0c.php HTTP/1.1" 200 5045 "https://www.gdb-bonn.com/" "Mozilla/5.0 (Macintosh; Intel Mac OS X 10_15_7) AppleWebKit/605.1.15 (KHTML, like Gecko) Version/17.4 Safari/605.1.15 (Applebot/0.1; +http://www.apple.com/go/applebot)"
169.150.247.0 - - [10/Mar/2025:06:07:06 +0100] "GET /wp-content/cache/autoptimize/autoptimize_single_14ed89e278d4cd61a551fcc2a47a12cf.php HTTP/1.1" 301 320 "https://www.gdb-bonn.com/" "Mozilla/5.0 (Macintosh; Intel Mac OS X 10_15_7) AppleWebKit/605.1.15 (KHTML, like Gecko) Version/17.4 Safari/605.1.15 (Applebot/0.1; +http://www.apple.com/go/applebot)"
17.241.227.0 - - [10/Mar/2025:06:07:07 +0100] "GET /wp-content/plugins/osm/js/polyfill/v2/polyfill.min.js?features=requestAnimationFrame%2CElement.prototype.classList%2CURL&ver=6.5.5 HTTP/1.1" 200 779 "https://www.gdb-bonn.com/" "Mozilla/5.0 (Macintosh; Intel Mac OS X 10_15_7) AppleWebKit/605.1.15 (KHTML, like Gecko) Version/17.4 Safari/605.1.15 (Applebot/0.1; +http://www.apple.com/go/applebot)"
17.241.219.0 - - [10/Mar/2025:06:07:07 +0100] "GET /wp-content/cache/autoptimize/autoptimize_single_14ed89e278d4cd61a551fcc2a47a12cf.php HTTP/1.1" 200 686 "https://www.gdb-bonn.com/" "Mozilla/5.0 (Macintosh; Intel Mac OS X 10_15_7) AppleWebKit/605.1.15 (KHTML, like Gecko) Version/17.4 Safari/605.1.15 (Applebot/0.1; +http://www.apple.com/go/applebot)"
169.150.247.0 - - [10/Mar/2025:06:07:08 +0100] "GET /wp-content/cache/autoptimize/autoptimize_single_d73c5b630ef6af658a3991f886f17eba.php HTTP/1.1" 301 320 "https://www.gdb-bonn.com/" "Mozilla/5.0 (Macintosh; Intel Mac OS X 10_15_7) AppleWebKit/605.1.15 (KHTML, like Gecko) Version/17.4 Safari/605.1.15 (Applebot/0.1; +http://www.apple.com/go/applebot)"
17.241.75.0 - - [10/Mar/2025:06:07:08 +0100] "GET /wp-content/cache/autoptimize/autoptimize_single_d73c5b630ef6af658a3991f886f17eba.php HTTP/1.1" 200 710 "https://www.gdb-bonn.com/" "Mozilla/5.0 (Macintosh; Intel Mac OS X 10_15_7) AppleWebKit/605.1.15 (KHTML, like Gecko) Version/17.4 Safari/605.1.15 (Applebot/0.1; +http://www.apple.com/go/applebot)"
169.150.247.0 - - [10/Mar/2025:06:07:09 +0100] "GET /wp-content/cache/autoptimize/autoptimize_single_2a34dbc716a5013a0b987ac81ad3e30f.php HTTP/1.1" 301 320 "https://www.gdb-bonn.com/" "Mozilla/5.0 (Macintosh; Intel Mac OS X 10_15_7) AppleWebKit/605.1.15 (KHTML, like Gecko) Version/17.4 Safari/605.1.15 (Applebot/0.1; +http://www.apple.com/go/applebot)"
169.150.247.0 - - [10/Mar/2025:06:07:09 +0100] "GET /wp-content/cache/autoptimize/autoptimize_single_44695661794093c8bcec24e46354ea4d.php?ver=1718269816&cached=1 HTTP/1.1" 301 348 "https://www.gdb-bonn.com/" "Mozilla/5.0 (Macintosh; Intel Mac OS X 10_15_7) AppleWebKit/605.1.15 (KHTML, like Gecko) Version/17.4 Safari/605.1.15 (Applebot/0.1; +http://www.apple.com/go/applebot)"
169.150.247.0 - - [10/Mar/2025:06:07:09 +0100] "GET /wp-content/cache/autoptimize/autoptimize_single_2b34beb6e10a768bf505b76375371f1e.php HTTP/1.1" 301 320 "https://www.gdb-bonn.com/" "Mozilla/5.0 (Macintosh; Intel Mac OS X 10_15_7) AppleWebKit/605.1.15 (KHTML, like Gecko) Version/17.4 Safari/605.1.15 (Applebot/0.1; +http://www.apple.com/go/applebot)"
169.150.247.0 - - [10/Mar/2025:06:07:09 +0100] "GET /wp-content/cache/autoptimize/autoptimize_single_97ff155d262ee4d794053e99e87ee321.php?ver=1718269816&cached=1 HTTP/1.1" 301 348 "https://www.gdb-bonn.com/" "Mozilla/5.0 (Macintosh; Intel Mac OS X 10_15_7) AppleWebKit/605.1.15 (KHTML, like Gecko) Version/17.4 Safari/605.1.15 (Applebot/0.1; +http://www.apple.com/go/applebot)"
17.241.219.0 - - [10/Mar/2025:06:07:09 +0100] "GET /wp-content/cache/autoptimize/autoptimize_single_2a34dbc716a5013a0b987ac81ad3e30f.php HTTP/1.1" 200 1935 "https://www.gdb-bonn.com/" "Mozilla/5.0 (Macintosh; Intel Mac OS X 10_15_7) AppleWebKit/605.1.15 (KHTML, like Gecko) Version/17.4 Safari/605.1.15 (Applebot/0.1; +http://www.apple.com/go/applebot)"
169.150.247.0 - - [10/Mar/2025:06:07:09 +0100] "GET /wp-content/themes/busiprof-pro/print.css HTTP/1.1" 404 2816 "https://www.gdb-bonn.com/" "Mozilla/5.0 (Macintosh; Intel Mac OS X 10_15_7) AppleWebKit/605.1.15 (KHTML, like Gecko) Version/17.4 Safari/605.1.15 (Applebot/0.1; +http://www.apple.com/go/applebot)"
169.150.247.0 - - [10/Mar/2025:06:07:10 +0100] "GET /wp-content/cache/autoptimize/autoptimize_single_0d8a9fff3ec3feb8387b9a8683853f8b.php?ver=1718269816&cached=1 HTTP/1.1" 301 348 "https://www.gdb-bonn.com/" "Mozilla/5.0 (Macintosh; Intel Mac OS X 10_15_7) AppleWebKit/605.1.15 (KHTML, like Gecko) Version/17.4 Safari/605.1.15 (Applebot/0.1; +http://www.apple.com/go/applebot)"
169.150.247.0 - - [10/Mar/2025:06:07:10 +0100] "GET /wp-content/cache/autoptimize/autoptimize_single_32be890c5913ca45460595124c12e18e.php HTTP/1.1" 301 320 "https://www.gdb-bonn.com/" "Mozilla/5.0 (Macintosh; Intel Mac OS X 10_15_7) AppleWebKit/605.1.15 (KHTML, like Gecko) Version/17.4 Safari/605.1.15 (Applebot/0.1; +http://www.apple.com/go/applebot)"
17.241.219.0 - - [10/Mar/2025:06:07:10 +0100] "GET /wp-content/cache/autoptimize/autoptimize_single_2b34beb6e10a768bf505b76375371f1e.php HTTP/1.1" 200 14795 "https://www.gdb-bonn.com/" "Mozilla/5.0 (Macintosh; Intel Mac OS X 10_15_7) AppleWebKit/605.1.15 (KHTML, like Gecko) Version/17.4 Safari/605.1.15 (Applebot/0.1; +http://www.apple.com/go/applebot)"
17.241.219.0 - - [10/Mar/2025:06:07:10 +0100] "GET /wp-content/cache/autoptimize/autoptimize_single_44695661794093c8bcec24e46354ea4d.php?cached=1&ver=1718269816 HTTP/1.1" 200 1876 "https://www.gdb-bonn.com/" "Mozilla/5.0 (Macintosh; Intel Mac OS X 10_15_7) AppleWebKit/605.1.15 (KHTML, like Gecko) Version/17.4 Safari/605.1.15 (Applebot/0.1; +http://www.apple.com/go/applebot)"
169.150.247.0 - - [10/Mar/2025:06:07:11 +0100] "GET /wp-content/cache/autoptimize/autoptimize_single_0ebea01f110cd0ec92c68815ee0aad47.php?ver=1718269816&cached=1 HTTP/1.1" 301 348 "https://www.gdb-bonn.com/" "Mozilla/5.0 (Macintosh; Intel Mac OS X 10_15_7) AppleWebKit/605.1.15 (KHTML, like Gecko) Version/17.4 Safari/605.1.15 (Applebot/0.1; +http://www.apple.com/go/applebot)"
17.241.227.0 - - [10/Mar/2025:06:07:11 +0100] "GET /wp-content/cache/autoptimize/autoptimize_single_97ff155d262ee4d794053e99e87ee321.php?cached=1&ver=1718269816 HTTP/1.1" 200 2051 "https://www.gdb-bonn.com/" "Mozilla/5.0 (Macintosh; Intel Mac OS X 10_15_7) AppleWebKit/605.1.15 (KHTML, like Gecko) Version/17.4 Safari/605.1.15 (Applebot/0.1; +http://www.apple.com/go/applebot)"
17.241.227.0 - - [10/Mar/2025:06:07:11 +0100] "GET /wp-content/cache/autoptimize/autoptimize_single_0d8a9fff3ec3feb8387b9a8683853f8b.php?cached=1&ver=1718269816 HTTP/1.1" 200 19794 "https://www.gdb-bonn.com/" "Mozilla/5.0 (Macintosh; Intel Mac OS X 10_15_7) AppleWebKit/605.1.15 (KHTML, like Gecko) Version/17.4 Safari/605.1.15 (Applebot/0.1; +http://www.apple.com/go/applebot)"
169.150.247.0 - - [10/Mar/2025:06:07:12 +0100] "GET /wp-content/cache/autoptimize/autoptimize_single_fb5d24687889dd4144fa32e7161bd627.php HTTP/1.1" 301 320 "https://www.gdb-bonn.com/" "Mozilla/5.0 (Macintosh; Intel Mac OS X 10_15_7) AppleWebKit/605.1.15 (KHTML, like Gecko) Version/17.4 Safari/605.1.15 (Applebot/0.1; +http://www.apple.com/go/applebot)"
17.241.219.0 - - [10/Mar/2025:06:07:12 +0100] "GET /wp-content/cache/autoptimize/autoptimize_single_32be890c5913ca45460595124c12e18e.php HTTP/1.1" 200 3675 "https://www.gdb-bonn.com/" "Mozilla/5.0 (Macintosh; Intel Mac OS X 10_15_7) AppleWebKit/605.1.15 (KHTML, like Gecko) Version/17.4 Safari/605.1.15 (Applebot/0.1; +http://www.apple.com/go/applebot)"
17.241.219.0 - - [10/Mar/2025:06:07:12 +0100] "GET /wp-content/cache/autoptimize/autoptimize_single_0ebea01f110cd0ec92c68815ee0aad47.php?cached=1&ver=1718269816 HTTP/1.1" 200 1357 "https://www.gdb-bonn.com/" "Mozilla/5.0 (Macintosh; Intel Mac OS X 10_15_7) AppleWebKit/605.1.15 (KHTML, like Gecko) Version/17.4 Safari/605.1.15 (Applebot/0.1; +http://www.apple.com/go/applebot)"
169.150.247.0 - - [10/Mar/2025:06:07:12 +0100] "GET /wp-content/cache/autoptimize/autoptimize_single_c1244387c1a757b0a2bd442e344e420e.php HTTP/1.1" 301 320 "https://www.gdb-bonn.com/" "Mozilla/5.0 (Macintosh; Intel Mac OS X 10_15_7) AppleWebKit/605.1.15 (KHTML, like Gecko) Version/17.4 Safari/605.1.15 (Applebot/0.1; +http://www.apple.com/go/applebot)"
169.150.247.0 - - [10/Mar/2025:06:07:12 +0100] "GET /wp-content/cache/autoptimize/autoptimize_single_b6aeb905a718d7249651175caef87dde.php HTTP/1.1" 301 320 "https://www.gdb-bonn.com/" "Mozilla/5.0 (Macintosh; Intel Mac OS X 10_15_7) AppleWebKit/605.1.15 (KHTML, like Gecko) Version/17.4 Safari/605.1.15 (Applebot/0.1; +http://www.apple.com/go/applebot)"
169.150.247.0 - - [10/Mar/2025:06:07:12 +0100] "GET /wp-content/cache/autoptimize/autoptimize_single_4dd028d8d2ffd9691a4e8ed23fc9e3a5.php?ver=1718269816&cached=1 HTTP/1.1" 301 348 "https://www.gdb-bonn.com/" "Mozilla/5.0 (Macintosh; Intel Mac OS X 10_15_7) AppleWebKit/605.1.15 (KHTML, like Gecko) Version/17.4 Safari/605.1.15 (Applebot/0.1; +http://www.apple.com/go/applebot)"
169.150.247.0 - - [10/Mar/2025:06:07:12 +0100] "GET /wp-content/cache/autoptimize/autoptimize_single_b8192274dbb166adb439a1f6c0c13bdc.php HTTP/1.1" 301 320 "https://www.gdb-bonn.com/" "Mozilla/5.0 (Macintosh; Intel Mac OS X 10_15_7) AppleWebKit/605.1.15 (KHTML, like Gecko) Version/17.4 Safari/605.1.15 (Applebot/0.1; +http://www.apple.com/go/applebot)"
17.241.219.0 - - [10/Mar/2025:06:07:12 +0100] "GET /wp-content/cache/autoptimize/autoptimize_single_fb5d24687889dd4144fa32e7161bd627.php HTTP/1.1" 200 970 "https://www.gdb-bonn.com/" "Mozilla/5.0 (Macintosh; Intel Mac OS X 10_15_7) AppleWebKit/605.1.15 (KHTML, like Gecko) Version/17.4 Safari/605.1.15 (Applebot/0.1; +http://www.apple.com/go/applebot)"
169.150.247.0 - - [10/Mar/2025:06:07:13 +0100] "GET /wp-content/cache/autoptimize/autoptimize_single_7617c83d87bea3af727261b8ab9f28e3.php HTTP/1.1" 301 320 "https://www.gdb-bonn.com/" "Mozilla/5.0 (Macintosh; Intel Mac OS X 10_15_7) AppleWebKit/605.1.15 (KHTML, like Gecko) Version/17.4 Safari/605.1.15 (Applebot/0.1; +http://www.apple.com/go/applebot)"
17.241.227.0 - - [10/Mar/2025:06:07:13 +0100] "GET /wp-content/cache/autoptimize/autoptimize_single_b6aeb905a718d7249651175caef87dde.php HTTP/1.1" 200 5879 "https://www.gdb-bonn.com/" "Mozilla/5.0 (Macintosh; Intel Mac OS X 10_15_7) AppleWebKit/605.1.15 (KHTML, like Gecko) Version/17.4 Safari/605.1.15 (Applebot/0.1; +http://www.apple.com/go/applebot)"
17.241.219.0 - - [10/Mar/2025:06:07:14 +0100] "GET /wp-content/cache/autoptimize/autoptimize_single_4dd028d8d2ffd9691a4e8ed23fc9e3a5.php?cached=1&ver=1718269816 HTTP/1.1" 200 1220 "https://www.gdb-bonn.com/" "Mozilla/5.0 (Macintosh; Intel Mac OS X 10_15_7) AppleWebKit/605.1.15 (KHTML, like Gecko) Version/17.4 Safari/605.1.15 (Applebot/0.1; +http://www.apple.com/go/applebot)"
17.241.75.0 - - [10/Mar/2025:06:07:14 +0100] "GET /wp-content/cache/autoptimize/autoptimize_single_c1244387c1a757b0a2bd442e344e420e.php HTTP/1.1" 200 793 "https://www.gdb-bonn.com/" "Mozilla/5.0 (Macintosh; Intel Mac OS X 10_15_7) AppleWebKit/605.1.15 (KHTML, like Gecko) Version/17.4 Safari/605.1.15 (Applebot/0.1; +http://www.apple.com/go/applebot)"
17.241.227.0 - - [10/Mar/2025:06:07:14 +0100] "GET /wp-content/cache/autoptimize/autoptimize_single_7617c83d87bea3af727261b8ab9f28e3.php HTTP/1.1" 200 2432 "https://www.gdb-bonn.com/" "Mozilla/5.0 (Macintosh; Intel Mac OS X 10_15_7) AppleWebKit/605.1.15 (KHTML, like Gecko) Version/17.4 Safari/605.1.15 (Applebot/0.1; +http://www.apple.com/go/applebot)"
17.241.227.0 - - [10/Mar/2025:06:07:15 +0100] "GET /wp-content/cache/autoptimize/autoptimize_single_b8192274dbb166adb439a1f6c0c13bdc.php HTTP/1.1" 200 1342 "https://www.gdb-bonn.com/" "Mozilla/5.0 (Macintosh; Intel Mac OS X 10_15_7) AppleWebKit/605.1.15 (KHTML, like Gecko) Version/17.4 Safari/605.1.15 (Applebot/0.1; +http://www.apple.com/go/applebot)"
2a01:238:43f8:5f00:: - - [10/Mar/2025:06:07:16 +0100] "POST /wp-cron.php?doing_wp_cron=1741583236.6529290676116943359375 HTTP/1.1" 200 - "-" "5QoXsxhFmeYo"
74.80.208.0 - - [10/Mar/2025:06:07:16 +0100] "GET /malerarbeit/favicon/favicon-76.png HTTP/2.0" 200 48509 "-" "Mozilla/5.0 (compatible; ImagesiftBot; +imagesift.com)"
2a01:238:43f8:5f00:: - - [10/Mar/2025:06:08:36 +0100] "POST /wp-cron.php?doing_wp_cron=1741583316.0566990375518798828125 HTTP/1.1" 200 - "-" "OrI84nu7tnSr"
74.80.208.0 - - [10/Mar/2025:06:08:35 +0100] "GET /prjekte/einbruchschutz/favicon/favicon-180.png HTTP/2.0" 200 48509 "-" "Mozilla/5.0 (compatible; ImagesiftBot; +imagesift.com)"
2a01:238:43f8:5f00:: - - [10/Mar/2025:06:09:12 +0100] "POST /wp-cron.php?doing_wp_cron=1741583352.4107859134674072265625 HTTP/1.1" 200 - "-" "v4nEm0jpxhZv"
74.80.208.0 - - [10/Mar/2025:06:09:12 +0100] "GET /vogel-taubenabwehr/favicon/favicon-120.png HTTP/2.0" 200 48509 "-" "Mozilla/5.0 (compatible; ImagesiftBot; +imagesift.com)"
74.80.208.0 - - [10/Mar/2025:06:10:08 +0100] "GET /bueroreinigung/favicon/favicon-114.png HTTP/2.0" 200 48509 "-" "Mozilla/5.0 (compatible; ImagesiftBot; +imagesift.com)"
5.255.231.0 - - [10/Mar/2025:06:11:29 +0100] "GET /robots.txt HTTP/1.1" 200 223 "-" "Mozilla/5.0 (compatible; YandexBot/3.0; +http://yandex.com/bots)"
2a01:238:43f8:5f00:: - - [10/Mar/2025:06:11:30 +0100] "POST /wp-cron.php?doing_wp_cron=1741583490.0703959465026855468750 HTTP/1.1" 200 - "-" "xuAXeo84m4lO"
5.255.231.0 - - [10/Mar/2025:06:11:30 +0100] "GET /definition-unterhaltsreinigung/favicon/favicon-114.png HTTP/1.1" 200 48509 "-" "Mozilla/5.0 (compatible; YandexFavicons/1.0; +http://yandex.com/bots)"
74.80.208.0 - - [10/Mar/2025:06:12:00 +0100] "GET /impressum/favicon/favicon-60.png HTTP/2.0" 200 48509 "-" "Mozilla/5.0 (compatible; ImagesiftBot; +imagesift.com)"
185.228.132.0 - - [10/Mar/2025:06:12:44 +0100] "GET /reports/usage_202402.html HTTP/1.0" 200 91181 "https://seattle-towncar.com/travel-to-portland-premium-vehicles/" "Mozilla/5.0 (Windows NT 10.0; Win64; x64) AppleWebKit/537.36 (KHTML, like Gecko) Chrome/130.0.0.0 Safari/537.36"
208.102.51.0 - - [10/Mar/2025:06:14:06 +0100] "GET /reports/usage_202403.html HTTP/1.0" 200 92683 "https://xn--kran-xva5q.com" "Mozilla/5.0 (Windows NT 10.0; Win64; x64) AppleWebKit/537.36 (KHTML, like Gecko) Chrome/129.0.0.0 Safari/537.36"
2a01:238:43f8:5f00:: - - [10/Mar/2025:06:14:17 +0100] "POST /wp-cron.php?doing_wp_cron=1741583657.8755040168762207031250 HTTP/1.1" 200 - "-" "AHw4vZNTpGXM"
74.80.208.0 - - [10/Mar/2025:06:14:17 +0100] "GET /kontaktformular/allgemeine-geschaeftsbedingungen/favicon/favicon-114.png HTTP/2.0" 200 48509 "-" "Mozilla/5.0 (compatible; ImagesiftBot; +imagesift.com)"
2001:b90:a:14:: - - [10/Mar/2025:06:14:44 +0100] "POST /xmlrpc.php HTTP/1.1" 403 2407 "-" "Mozilla/5.0 (X11; Fedora; Linux x86_64; rv:94.0) Gecko/20100101 Firefox/95.0"
208.102.51.0 - - [10/Mar/2025:06:14:31 +0100] "GET /reports/usage_202403.html HTTP/1.0" 200 92683 "https://xn--krken15-bn4c.com" "Mozilla/5.0 (Windows NT 10.0; Win64; x64) AppleWebKit/537.36 (KHTML, like Gecko) Chrome/129.0.0.0 Safari/537.36"
2a01:238:43f8:5f00:: - - [10/Mar/2025:06:15:30 +0100] "POST /wp-cron.php?doing_wp_cron=1741583730.9180600643157958984375 HTTP/1.1" 200 - "-" "APmgvsgE8v8T"
74.80.208.0 - - [10/Mar/2025:06:15:30 +0100] "GET /sicherheitstechnik/favicon/favicon-144.png HTTP/2.0" 200 48509 "-" "Mozilla/5.0 (compatible; ImagesiftBot; +imagesift.com)"
72.49.49.0 - - [10/Mar/2025:06:15:49 +0100] "GET /reports/usage_202403.html HTTP/1.0" 200 92683 "https://xn--krakn-m0a.cc" "Mozilla/5.0 (Windows NT 10.0; Win64; x64) AppleWebKit/537.36 (KHTML, like Gecko) Chrome/131.0.0.0 Safari/537.36"
2a01:238:43f8:5f00:: - - [10/Mar/2025:06:17:14 +0100] "POST /wp-cron.php?doing_wp_cron=1741583834.4389040470123291015625 HTTP/1.1" 200 - "-" "6AYyneO76hfb"
74.80.208.0 - - [10/Mar/2025:06:17:14 +0100] "GET /bodenverlegung/favicon/favicon-60.png HTTP/2.0" 200 48509 "-" "Mozilla/5.0 (compatible; ImagesiftBot; +imagesift.com)"
74.80.208.0 - - [10/Mar/2025:06:17:23 +0100] "GET /sicherheitstechnik/favicon/favicon-120.png HTTP/2.0" 200 48509 "-" "Mozilla/5.0 (compatible; ImagesiftBot; +imagesift.com)"
74.80.208.0 - - [10/Mar/2025:06:17:37 +0100] "GET /prjekte/objektwartung-in-immobilien-durch-den-objektservice/favicon/favicon-120.png HTTP/2.0" 200 48509 "-" "Mozilla/5.0 (compatible; ImagesiftBot; +imagesift.com)"
74.80.208.0 - - [10/Mar/2025:06:17:56 +0100] "GET /definition-unterhaltsreinigung/favicon/favicon-72.png HTTP/2.0" 200 48509 "-" "Mozilla/5.0 (compatible; ImagesiftBot; +imagesift.com)"
2a01:238:43f8:5f00:: - - [10/Mar/2025:06:18:32 +0100] "POST /wp-cron.php?doing_wp_cron=1741583912.3702321052551269531250 HTTP/1.1" 200 - "-" "044piiJ1uqTG"
74.80.208.0 - - [10/Mar/2025:06:18:32 +0100] "GET /danke-fuer-ihre-eintragung/favicon/favicon-180.png HTTP/2.0" 200 48509 "-" "Mozilla/5.0 (compatible; ImagesiftBot; +imagesift.com)"
178.62.20.0 - - [10/Mar/2025:06:19:13 +0100] "\x16\x03\x01" 400 226 "-" "-"
178.62.20.0 - - [10/Mar/2025:06:19:13 +0100] "\x16\x03\x01" 400 226 "-" "-"
178.62.20.0 - - [10/Mar/2025:06:19:14 +0100] "GET / HTTP/1.1" 200 728 "-" "Mozilla/5.0 (Windows NT 10.0; Win64; x64) AppleWebKit/537.36 (KHTML, like Gecko) Chrome/108.0.0.0 Safari/537.36"
178.62.20.0 - - [10/Mar/2025:06:19:14 +0100] "GET /form.html HTTP/1.1" 404 2549 "-" "curl/8.1.2"
178.62.20.0 - - [10/Mar/2025:06:19:14 +0100] "GET /upl.php HTTP/1.1" 404 2545 "-" "Mozilla/5.0"
178.62.20.0 - - [10/Mar/2025:06:19:14 +0100] "GET /t4 HTTP/1.1" 404 2535 "-" "Mozilla/5.0"
178.62.20.0 - - [10/Mar/2025:06:19:14 +0100] "GET /geoip/ HTTP/1.1" 404 2543 "-" "Mozilla/5.0 (Windows NT 10.0; Win64; x64) AppleWebKit/537.36 (KHTML, like Gecko) Chrome/108.0.0.0 Safari/537.36"
178.62.20.0 - - [10/Mar/2025:06:19:14 +0100] "GET /favicon.ico HTTP/1.1" 404 2553 "-" "Mozilla/5.0 (Windows NT 10.0; Win64; x64) AppleWebKit/537.36 (KHTML, like Gecko) Chrome/108.0.0.0 Safari/537.36"
178.62.20.0 - - [10/Mar/2025:06:19:14 +0100] "GET /1.php HTTP/1.1" 404 2541 "-" "Mozilla/5.0 (Windows NT 10.0; Win64; x64) AppleWebKit/537.36 (KHTML, like Gecko) Chrome/108.0.0.0 Safari/537.36"
178.62.20.0 - - [10/Mar/2025:06:19:14 +0100] "GET /systembc/password.php HTTP/1.1" 404 2573 "-" "Mozilla/5.0 (Windows NT 10.0; Win64; x64) AppleWebKit/537.36 (KHTML, like Gecko) Chrome/108.0.0.0 Safari/537.36"
178.62.20.0 - - [10/Mar/2025:06:19:14 +0100] "GET /password.php HTTP/1.1" 404 2555 "-" "Mozilla/5.0 (Windows NT 10.0; Win64; x64) AppleWebKit/537.36 (KHTML, like Gecko) Chrome/108.0.0.0 Safari/537.36"
2a01:238:43f8:5f00:: - - [10/Mar/2025:06:19:15 +0100] "POST /wp-cron.php?doing_wp_cron=1741583955.5236060619354248046875 HTTP/1.1" 200 - "-" "LStx5Qn6N8WA"
74.80.208.0 - - [10/Mar/2025:06:19:15 +0100] "GET /newsletter/favicon/favicon-180.png HTTP/2.0" 200 48509 "-" "Mozilla/5.0 (compatible; ImagesiftBot; +imagesift.com)"
74.80.208.0 - - [10/Mar/2025:06:19:22 +0100] "GET /wassermelder/favicon/favicon-60.png HTTP/2.0" 200 48509 "-" "Mozilla/5.0 (compatible; ImagesiftBot; +imagesift.com)"
54.36.149.0 - - [10/Mar/2025:06:19:41 +0100] "GET /contao/vendor/oyejorge/?C=D;O=A HTTP/2.0" 200 414 "-" "Mozilla/5.0 (compatible; AhrefsBot/7.0; +http://ahrefs.com/robot/)"
2a01:238:43f8:5f00:: - - [10/Mar/2025:06:21:51 +0100] "POST /wp-cron.php?doing_wp_cron=1741584110.9319360256195068359375 HTTP/1.1" 200 - "-" "Pkvlr8KDs7zi"
74.80.208.0 - - [10/Mar/2025:06:21:50 +0100] "GET /newsletter/favicon/favicon-60.png HTTP/2.0" 200 48509 "-" "Mozilla/5.0 (compatible; ImagesiftBot; +imagesift.com)"
2a01:238:43f8:5f00:: - - [10/Mar/2025:06:22:38 +0100] "POST /wp-cron.php?doing_wp_cron=1741584158.2514879703521728515625 HTTP/1.1" 200 - "-" "gMCtWGYsadm5"
74.80.208.0 - - [10/Mar/2025:06:22:38 +0100] "GET /einbruchschutz/favicon/favicon-57.png HTTP/2.0" 200 48509 "-" "Mozilla/5.0 (compatible; ImagesiftBot; +imagesift.com)"
72.49.49.0 - - [10/Mar/2025:06:23:01 +0100] "GET /reports/usage_202403.html HTTP/1.0" 200 92683 "https://xn--krken9-xoc.com" "Mozilla/5.0 (Windows NT 10.0; Win64; x64) AppleWebKit/537.36 (KHTML, like Gecko) Chrome/130.0.0.0 Safari/537.36 CCleaner/130.0.0.0"
2a01:238:43f8:5f00:: - - [10/Mar/2025:06:23:20 +0100] "POST /wp-cron.php?doing_wp_cron=1741584200.1589519977569580078125 HTTP/1.1" 200 - "-" "GmJm0H1SfH2W"
74.80.208.0 - - [10/Mar/2025:06:23:20 +0100] "GET /prjekte/objektwartung-in-immobilien-durch-den-objektservice/favicon/favicon-76.png HTTP/2.0" 200 48509 "-" "Mozilla/5.0 (compatible; ImagesiftBot; +imagesift.com)"
208.65.90.0 - - [10/Mar/2025:06:24:36 +0100] "GET /reports/usage_202403.html HTTP/1.0" 200 92683 "https://xn--krakn-m0a.cc" "Mozilla/5.0 (Windows NT 10.0; Win64; x64) AppleWebKit/537.36 (KHTML, like Gecko) Chrome/129.0.0.0 Safari/537.36"
198.235.24.0 - - [10/Mar/2025:06:25:52 +0100] "GET / HTTP/1.0" 404 - "-" "Expanse, a Palo Alto Networks company, searches across the global IPv4 space multiple times per day to identify customers' presences on the Internet. If you would like to be excluded from our scans, please send IP addresses/domains to: scaninfo@paloaltonetworks.com"
2a01:238:43f8:5f00:: - - [10/Mar/2025:06:26:09 +0100] "POST /wp-cron.php?doing_wp_cron=1741584369.4156019687652587890625 HTTP/1.1" 200 - "-" "eDcbP7ReXVYH"
74.80.208.0 - - [10/Mar/2025:06:26:09 +0100] "GET /category/allgemein/favicon/favicon-114.png HTTP/2.0" 200 48509 "-" "Mozilla/5.0 (compatible; ImagesiftBot; +imagesift.com)"
17.241.219.0 - - [10/Mar/2025:06:26:21 +0100] "GET /robots.txt HTTP/1.1" 200 162 "-" "Mozilla/5.0 (Macintosh; Intel Mac OS X 10_15_7) AppleWebKit/605.1.15 (KHTML, like Gecko) Version/17.4 Safari/605.1.15 (Applebot/0.1; +http://www.apple.com/go/applebot)"
2a01:238:43f8:5f00:: - - [10/Mar/2025:06:26:22 +0100] "POST /wp-cron.php?doing_wp_cron=1741584382.2776069641113281250000 HTTP/1.1" 200 - "-" "0MloTP5qTXlh"
17.241.219.0 - - [10/Mar/2025:06:26:22 +0100] "GET / HTTP/1.1" 301 - "-" "Mozilla/5.0 (Macintosh; Intel Mac OS X 10_15_7) AppleWebKit/605.1.15 (KHTML, like Gecko) Version/17.4 Safari/605.1.15 (Applebot/0.1; +http://www.apple.com/go/applebot)"
17.241.219.0 - - [10/Mar/2025:06:26:23 +0100] "GET / HTTP/1.1" 200 55563 "-" "Mozilla/5.0 (Macintosh; Intel Mac OS X 10_15_7) AppleWebKit/605.1.15 (KHTML, like Gecko) Version/17.4 Safari/605.1.15 (Applebot/0.1; +http://www.apple.com/go/applebot)"
