66.249.66.0 - - [10/Mar/2025:16:28:00 +0100] "GET /wp-content/cache/autoptimize/autoptimize_single_1ad2e4f6ceb51a868c6bd7a3e0bc4fab.php HTTP/1.1" 200 1526 "https://www.gebaeudetechnik.nrw/" "Mozilla/5.0 (Linux; Android 6.0.1; Nexus 5X Build/MMB29P) AppleWebKit/537.36 (KHTML, like Gecko) Chrome/133.0.6943.141 Mobile Safari/537.36 (compatible; Googlebot/2.1; +http://www.google.com/bot.html)"
66.249.66.0 - - [10/Mar/2025:16:28:01 +0100] "GET /wp-content/cache/autoptimize/autoptimize_single_dd7b7706d324569a9f45e5e440a12a6a.php HTTP/1.1" 200 1710 "https://www.gebaeudetechnik.nrw/" "Mozilla/5.0 (Linux; Android 6.0.1; Nexus 5X Build/MMB29P) AppleWebKit/537.36 (KHTML, like Gecko) Chrome/133.0.6943.141 Mobile Safari/537.36 (compatible; Googlebot/2.1; +http://www.google.com/bot.html)"
208.102.51.0 - - [10/Mar/2025:16:28:39 +0100] "GET /reports/usage_202403.html HTTP/1.0" 200 92683 "https://xn--kr-ela.com" "Mozilla/5.0 (Windows NT 10.0; Win64; x64) AppleWebKit/537.36 (KHTML, like Gecko) Chrome/131.0.0.0 Safari/537.36"
66.249.66.0 - - [10/Mar/2025:16:29:27 +0100] "GET /contao/vendor/symfony/var-dumper/Caster/EnumStub.php HTTP/1.1" 500 - "-" "Mozilla/5.0 (Linux; Android 6.0.1; Nexus 5X Build/MMB29P) AppleWebKit/537.36 (KHTML, like Gecko) Chrome/133.0.6943.53 Mobile Safari/537.36 (compatible; Googlebot/2.1; +http://www.google.com/bot.html)"
72.49.49.0 - - [10/Mar/2025:16:29:46 +0100] "GET /reports/usage_202403.html HTTP/1.0" 200 92683 "https://xn--kran-xva5q.com" "Mozilla/5.0 (Windows NT 10.0; Win64; x64) AppleWebKit/537.36 (KHTML, like Gecko) Chrome/131.0.0.0 Safari/537.36 Avast/131.0.0.0"
103.139.45.0 - - [10/Mar/2025:16:30:07 +0100] "GET /.env HTTP/1.1" 404 2539 "-" "Mozilla/5.0 (X11; Linux x86_64) AppleWebKit/537.36 (KHTML, like Gecko) Chrome/81.0.4044.129 Safari/537.36"
103.139.45.0 - - [10/Mar/2025:16:30:08 +0100] "POST / HTTP/1.1" 404 2531 "-" "Mozilla/5.0 (X11; Linux x86_64) AppleWebKit/537.36 (KHTML, like Gecko) Chrome/81.0.4044.129 Safari/537.36"
66.249.66.0 - - [10/Mar/2025:16:31:29 +0100] "GET /contao/vendor/symfony/security-http/Firewall/X509AuthenticationListener.php HTTP/1.1" 500 - "-" "Mozilla/5.0 (Linux; Android 6.0.1; Nexus 5X Build/MMB29P) AppleWebKit/537.36 (KHTML, like Gecko) Chrome/133.0.6943.53 Mobile Safari/537.36 (compatible; Googlebot/2.1; +http://www.google.com/bot.html)"
208.65.90.0 - - [10/Mar/2025:16:36:50 +0100] "GET /reports/usage_202403.html HTTP/1.0" 200 92683 "https://xn--kr7-onb.com" "Mozilla/5.0 (Windows NT 10.0; Win64; x64) AppleWebKit/537.36 (KHTML, like Gecko) Chrome/130.0.0.0 Safari/537.36"
54.36.148.0 - - [10/Mar/2025:16:37:14 +0100] "GET /contao/vendor/webmozart/assert/CHANGELOG.md HTTP/2.0" 200 1966 "-" "Mozilla/5.0 (compatible; AhrefsBot/7.0; +http://ahrefs.com/robot/)"
208.65.90.0 - - [10/Mar/2025:16:37:27 +0100] "GET /reports/usage_202403.html HTTP/1.0" 200 92683 "https://xn--krken9-xoc.com" "Mozilla/5.0 (Windows NT 10.0; Win64; x64) AppleWebKit/537.36 (KHTML, like Gecko) Chrome/130.0.0.0 Safari/537.36"
47.128.56.0 - - [10/Mar/2025:16:39:11 +0100] "GET /robots.txt HTTP/1.1" 200 162 "-" "Mozilla/5.0 (Linux; Android 5.0) AppleWebKit/537.36 (KHTML, like Gecko) Mobile Safari/537.36 (compatible; Bytespider; spider-feedback@bytedance.com)"
2.58.56.0 - - [10/Mar/2025:16:40:24 +0100] "GET /.env HTTP/1.1" 404 2539 "-" "Mozilla/5.0 (Macintosh; Intel Mac OS X 10.15; rv:77.0) Gecko/20100101 Firefox/77.0"
2a01:238:43f8:5f00:: - - [10/Mar/2025:16:40:51 +0100] "POST /wp-cron.php?doing_wp_cron=1741621250.9725909233093261718750 HTTP/1.1" 200 - "-" "nmkCTxroGvk0"
139.59.143.0 - - [10/Mar/2025:16:40:50 +0100] "GET / HTTP/1.1" 301 - "-" "-"
139.59.143.0 - - [10/Mar/2025:16:40:51 +0100] "GET / HTTP/1.1" 301 - "-" "Mozilla/5.0 (Linux; Android 6.0; HTC One M9 Build/MRA087309) AppleWebKit/537.36 (KHTML, like Gecko) Chrome/52.0.1370.98 Mobile Safari/537.3"
139.59.143.0 - - [10/Mar/2025:16:40:52 +0100] "GET /actuator/env HTTP/1.1" 200 - "-" "Go-http-client/1.1"
139.59.143.0 - - [10/Mar/2025:16:40:52 +0100] "GET /server HTTP/1.1" 200 - "-" "Go-http-client/1.1"
139.59.143.0 - - [10/Mar/2025:16:40:52 +0100] "GET /.vscode/sftp.json HTTP/1.1" 200 - "-" "Go-http-client/1.1"
139.59.143.0 - - [10/Mar/2025:16:40:52 +0100] "GET /about HTTP/1.1" 200 - "-" "Go-http-client/1.1"
139.59.143.0 - - [10/Mar/2025:16:40:52 +0100] "GET /debug/default/view?panel=config HTTP/1.1" 200 - "-" "Go-http-client/1.1"
139.59.143.0 - - [10/Mar/2025:16:40:52 +0100] "GET /v2/_catalog HTTP/1.1" 200 - "-" "Go-http-client/1.1"
139.59.143.0 - - [10/Mar/2025:16:40:53 +0100] "GET /ecp/Current/exporttool/microsoft.exchange.ediscovery.exporttool.application HTTP/1.1" 200 - "-" "Go-http-client/1.1"
139.59.143.0 - - [10/Mar/2025:16:40:53 +0100] "GET /server-status HTTP/1.1" 403 2423 "-" "Go-http-client/1.1"
139.59.143.0 - - [10/Mar/2025:16:40:53 +0100] "GET /login.action HTTP/1.1" 200 - "-" "Go-http-client/1.1"
139.59.143.0 - - [10/Mar/2025:16:40:53 +0100] "GET /_all_dbs HTTP/1.1" 200 - "-" "Mozilla/5.0 (l9scan/2.0.5333e2031323e2936313e21383; +https://leakix.net)"
139.59.143.0 - - [10/Mar/2025:16:40:53 +0100] "GET /.DS_Store HTTP/1.1" 403 2423 "-" "Go-http-client/1.1"
139.59.143.0 - - [10/Mar/2025:16:40:53 +0100] "GET /.env HTTP/1.1" 403 2423 "-" "Go-http-client/1.1"
139.59.143.0 - - [10/Mar/2025:16:40:53 +0100] "GET /.git/config HTTP/1.1" 200 - "-" "Go-http-client/1.1"
139.59.143.0 - - [10/Mar/2025:16:40:53 +0100] "GET /s/5333e2031323e2936313e21383/_/;/META-INF/maven/com.atlassian.jira/jira-webapp-dist/pom.properties HTTP/1.1" 200 - "-" "Go-http-client/1.1"
139.59.143.0 - - [10/Mar/2025:16:40:54 +0100] "GET /config.json HTTP/1.1" 200 - "-" "Go-http-client/1.1"
139.59.143.0 - - [10/Mar/2025:16:40:54 +0100] "GET /telescope/requests HTTP/1.1" 200 - "-" "Go-http-client/1.1"
139.59.143.0 - - [10/Mar/2025:16:40:54 +0100] "GET /info.php HTTP/1.1" 200 26900 "-" "Go-http-client/1.1"
139.59.143.0 - - [10/Mar/2025:16:40:54 +0100] "GET /?rest_route=/wp/v2/users/ HTTP/1.1" 200 215 "-" "Go-http-client/1.1"
154.81.156.0 - - [10/Mar/2025:16:41:48 +0100] "GET / HTTP/1.1" 200 728 "-" "Mozilla/5.0 (Windows NT 10.0; Win64; x64) AppleWebKit/537.36 (KHTML, like Gecko) Chrome/90.0.4430.85 Safari/537.36 Edg/90.0.818.46"
2a01:238:43f8:5f00:: - - [10/Mar/2025:16:43:13 +0100] "POST /wp-cron.php?doing_wp_cron=1741621393.5831789970397949218750 HTTP/1.1" 200 - "-" "3wJE3wU7TcVh"
47.128.38.0 - - [10/Mar/2025:16:43:13 +0100] "GET /objektwartung/ HTTP/2.0" 200 50643 "-" "Mozilla/5.0 (compatible; Bytespider; spider-feedback@bytedance.com) AppleWebKit/537.36 (KHTML, like Gecko) Chrome/70.0.0.0 Safari/537.36"
47.128.38.0 - - [10/Mar/2025:16:43:15 +0100] "GET /wp-content/uploads/wartung-elektrik.webp HTTP/2.0" 206 500 "https://www.gebaeudetechnik.nrw/objektwartung/" "Mozilla/5.0 (compatible; Bytespider; spider-feedback@bytedance.com) AppleWebKit/537.36 (KHTML, like Gecko) Chrome/70.0.0.0 Safari/537.36"
47.128.38.0 - - [10/Mar/2025:16:43:15 +0100] "GET /wp-content/uploads/objektwartung-wohnanlage1140.jpg.webp HTTP/2.0" 206 500 "https://www.gebaeudetechnik.nrw/objektwartung/" "Mozilla/5.0 (compatible; Bytespider; spider-feedback@bytedance.com) AppleWebKit/537.36 (KHTML, like Gecko) Chrome/70.0.0.0 Safari/537.36"
169.150.247.0 - - [10/Mar/2025:16:43:15 +0100] "GET /wp-includes/css/dist/block-library/style.min.css HTTP/1.1" 301 284 "https://www.gebaeudetechnik.nrw/" "Mozilla/5.0 (compatible; Bytespider; spider-feedback@bytedance.com) AppleWebKit/537.36 (KHTML, like Gecko) Chrome/70.0.0.0 Safari/537.36"
169.150.247.0 - - [10/Mar/2025:16:43:15 +0100] "GET /wp-content/cache/autoptimize/autoptimize_single_b8192274dbb166adb439a1f6c0c13bdc.php HTTP/1.1" 301 320 "https://www.gebaeudetechnik.nrw/" "Mozilla/5.0 (compatible; Bytespider; spider-feedback@bytedance.com) AppleWebKit/537.36 (KHTML, like Gecko) Chrome/70.0.0.0 Safari/537.36"
169.150.247.0 - - [10/Mar/2025:16:43:15 +0100] "GET /wp-content/plugins/easy-social-icons/css/font-awesome/css/v4-shims.min.css HTTP/1.1" 301 310 "https://www.gebaeudetechnik.nrw/" "Mozilla/5.0 (compatible; Bytespider; spider-feedback@bytedance.com) AppleWebKit/537.36 (KHTML, like Gecko) Chrome/70.0.0.0 Safari/537.36"
169.150.247.0 - - [10/Mar/2025:16:43:15 +0100] "GET /wp-content/cache/autoptimize/autoptimize_single_0931d311c22b874b0ed3b28d5ff48ca5.php HTTP/1.1" 301 320 "https://www.gebaeudetechnik.nrw/" "Mozilla/5.0 (compatible; Bytespider; spider-feedback@bytedance.com) AppleWebKit/537.36 (KHTML, like Gecko) Chrome/70.0.0.0 Safari/537.36"
169.150.247.0 - - [10/Mar/2025:16:43:15 +0100] "GET /wp-content/cache/autoptimize/autoptimize_single_06b3ed89f3c425c7ab4c3ffbb90ebe86.php HTTP/1.1" 301 320 "https://www.gebaeudetechnik.nrw/" "Mozilla/5.0 (compatible; Bytespider; spider-feedback@bytedance.com) AppleWebKit/537.36 (KHTML, like Gecko) Chrome/70.0.0.0 Safari/537.36"
169.150.247.0 - - [10/Mar/2025:16:43:16 +0100] "GET /wp-content/cache/autoptimize/autoptimize_single_14ed89e278d4cd61a551fcc2a47a12cf.php HTTP/1.1" 301 320 "https://www.gebaeudetechnik.nrw/" "Mozilla/5.0 (compatible; Bytespider; spider-feedback@bytedance.com) AppleWebKit/537.36 (KHTML, like Gecko) Chrome/70.0.0.0 Safari/537.36"
47.128.38.0 - - [10/Mar/2025:16:43:16 +0100] "GET /wp-content/uploads/2023/06/twitter-icon.png.webp HTTP/2.0" 206 500 "https://www.gebaeudetechnik.nrw/objektwartung/" "Mozilla/5.0 (compatible; Bytespider; spider-feedback@bytedance.com) AppleWebKit/537.36 (KHTML, like Gecko) Chrome/70.0.0.0 Safari/537.36"
169.150.247.0 - - [10/Mar/2025:16:43:16 +0100] "GET /wp-content/cache/autoptimize/autoptimize_single_d73c5b630ef6af658a3991f886f17eba.php HTTP/1.1" 301 320 "https://www.gebaeudetechnik.nrw/" "Mozilla/5.0 (compatible; Bytespider; spider-feedback@bytedance.com) AppleWebKit/537.36 (KHTML, like Gecko) Chrome/70.0.0.0 Safari/537.36"
169.150.247.0 - - [10/Mar/2025:16:43:16 +0100] "GET /wp-content/cache/autoptimize/autoptimize_single_2a34dbc716a5013a0b987ac81ad3e30f.php HTTP/1.1" 301 320 "https://www.gebaeudetechnik.nrw/" "Mozilla/5.0 (compatible; Bytespider; spider-feedback@bytedance.com) AppleWebKit/537.36 (KHTML, like Gecko) Chrome/70.0.0.0 Safari/537.36"
169.150.247.0 - - [10/Mar/2025:16:43:16 +0100] "GET /wp-content/cache/autoptimize/autoptimize_single_44695661794093c8bcec24e46354ea4d.php?ver=1718269816&cached=1 HTTP/1.1" 301 348 "https://www.gebaeudetechnik.nrw/" "Mozilla/5.0 (compatible; Bytespider; spider-feedback@bytedance.com) AppleWebKit/537.36 (KHTML, like Gecko) Chrome/70.0.0.0 Safari/537.36"
47.128.38.0 - - [10/Mar/2025:16:43:16 +0100] "GET /wp-content/uploads/2023/06/facebook-icon.png.webp HTTP/2.0" 206 500 "https://www.gebaeudetechnik.nrw/objektwartung/" "Mozilla/5.0 (compatible; Bytespider; spider-feedback@bytedance.com) AppleWebKit/537.36 (KHTML, like Gecko) Chrome/70.0.0.0 Safari/537.36"
47.128.38.0 - - [10/Mar/2025:16:43:16 +0100] "GET /wp-content/plugins/borlabs-cookie/assets/images/borlabs-cookie-icon-dynamic.svg HTTP/2.0" 206 500 "https://www.gebaeudetechnik.nrw/objektwartung/" "Mozilla/5.0 (compatible; Bytespider; spider-feedback@bytedance.com) AppleWebKit/537.36 (KHTML, like Gecko) Chrome/70.0.0.0 Safari/537.36"
47.128.38.0 - - [10/Mar/2025:16:43:16 +0100] "GET /wp-content/uploads/2021/05/logo-neu1.png HTTP/2.0" 404 2878 "https://www.gebaeudetechnik.nrw/objektwartung/" "Mozilla/5.0 (compatible; Bytespider; spider-feedback@bytedance.com) AppleWebKit/537.36 (KHTML, like Gecko) Chrome/70.0.0.0 Safari/537.36"
169.150.247.0 - - [10/Mar/2025:16:43:16 +0100] "GET /wp-content/themes/busiprof-pro/print.css HTTP/1.1" 404 2830 "https://www.gebaeudetechnik.nrw/" "Mozilla/5.0 (compatible; Bytespider; spider-feedback@bytedance.com) AppleWebKit/537.36 (KHTML, like Gecko) Chrome/70.0.0.0 Safari/537.36"
169.150.247.0 - - [10/Mar/2025:16:43:16 +0100] "GET /wp-content/cache/autoptimize/autoptimize_single_97ff155d262ee4d794053e99e87ee321.php?ver=1718269816&cached=1 HTTP/1.1" 301 348 "https://www.gebaeudetechnik.nrw/" "Mozilla/5.0 (compatible; Bytespider; spider-feedback@bytedance.com) AppleWebKit/537.36 (KHTML, like Gecko) Chrome/70.0.0.0 Safari/537.36"
169.150.247.0 - - [10/Mar/2025:16:43:16 +0100] "GET /wp-content/cache/autoptimize/autoptimize_single_32be890c5913ca45460595124c12e18e.php HTTP/1.1" 301 320 "https://www.gebaeudetechnik.nrw/" "Mozilla/5.0 (compatible; Bytespider; spider-feedback@bytedance.com) AppleWebKit/537.36 (KHTML, like Gecko) Chrome/70.0.0.0 Safari/537.36"
169.150.247.0 - - [10/Mar/2025:16:43:16 +0100] "GET /wp-content/cache/autoptimize/autoptimize_single_2b34beb6e10a768bf505b76375371f1e.php HTTP/1.1" 301 320 "https://www.gebaeudetechnik.nrw/" "Mozilla/5.0 (compatible; Bytespider; spider-feedback@bytedance.com) AppleWebKit/537.36 (KHTML, like Gecko) Chrome/70.0.0.0 Safari/537.36"
169.150.247.0 - - [10/Mar/2025:16:43:17 +0100] "GET /wp-content/cache/autoptimize/autoptimize_single_c1244387c1a757b0a2bd442e344e420e.php HTTP/1.1" 301 320 "https://www.gebaeudetechnik.nrw/" "Mozilla/5.0 (compatible; Bytespider; spider-feedback@bytedance.com) AppleWebKit/537.36 (KHTML, like Gecko) Chrome/70.0.0.0 Safari/537.36"
169.150.247.0 - - [10/Mar/2025:16:43:17 +0100] "GET /wp-content/cache/autoptimize/autoptimize_single_fb5d24687889dd4144fa32e7161bd627.php HTTP/1.1" 301 320 "https://www.gebaeudetechnik.nrw/" "Mozilla/5.0 (compatible; Bytespider; spider-feedback@bytedance.com) AppleWebKit/537.36 (KHTML, like Gecko) Chrome/70.0.0.0 Safari/537.36"
169.150.247.0 - - [10/Mar/2025:16:43:17 +0100] "GET /wp-content/cache/autoptimize/autoptimize_single_0d8a9fff3ec3feb8387b9a8683853f8b.php?ver=1718269816&cached=1 HTTP/1.1" 301 348 "https://www.gebaeudetechnik.nrw/" "Mozilla/5.0 (compatible; Bytespider; spider-feedback@bytedance.com) AppleWebKit/537.36 (KHTML, like Gecko) Chrome/70.0.0.0 Safari/537.36"
169.150.247.0 - - [10/Mar/2025:16:43:17 +0100] "GET /wp-content/cache/autoptimize/autoptimize_single_0ebea01f110cd0ec92c68815ee0aad47.php?ver=1718269816&cached=1 HTTP/1.1" 301 348 "https://www.gebaeudetechnik.nrw/" "Mozilla/5.0 (compatible; Bytespider; spider-feedback@bytedance.com) AppleWebKit/537.36 (KHTML, like Gecko) Chrome/70.0.0.0 Safari/537.36"
169.150.247.0 - - [10/Mar/2025:16:43:17 +0100] "GET /wp-content/cache/autoptimize/autoptimize_single_b6aeb905a718d7249651175caef87dde.php HTTP/1.1" 301 320 "https://www.gebaeudetechnik.nrw/" "Mozilla/5.0 (compatible; Bytespider; spider-feedback@bytedance.com) AppleWebKit/537.36 (KHTML, like Gecko) Chrome/70.0.0.0 Safari/537.36"
72.49.49.0 - - [10/Mar/2025:16:44:09 +0100] "GET /reports/usage_202403.html HTTP/1.0" 200 92683 "https://xn--krken7-xoc.com" "Mozilla/5.0 (Windows NT 10.0; Win64; x64) AppleWebKit/537.36 (KHTML, like Gecko) Chrome/130.0.0.0 Safari/537.36"
5.181.3.0 - - [10/Mar/2025:16:44:40 +0100] "GET /reports/usage_202402.html HTTP/1.0" 200 91181 "https://www.seattlestowncar.com" "Mozilla/5.0 (Windows NT 10.0; Win64; x64) AppleWebKit/537.36 (KHTML, like Gecko) Chrome/130.0.0.0 Safari/537.36"
208.102.51.0 - - [10/Mar/2025:16:45:04 +0100] "GET /reports/usage_202403.html HTTP/1.0" 200 92683 "https://xn--krken15-bn4c.com" "Mozilla/5.0 (Windows NT 10.0; Win64; x64) AppleWebKit/537.36 (KHTML, like Gecko) Chrome/129.0.0.0 Safari/537.36"
208.102.51.0 - - [10/Mar/2025:16:46:22 +0100] "GET /reports/usage_202403.html HTTP/1.0" 200 92683 "https://xn--kr-lbb.com" "Mozilla/5.0 (Windows NT 10.0; Win64; x64) AppleWebKit/537.36 (KHTML, like Gecko) Chrome/129.0.0.0 Safari/537.36"
169.150.247.0 - - [10/Mar/2025:16:46:28 +0100] "GET /robots.txt HTTP/1.1" 301 246 "-" "Mozilla/5.0 (Linux; Android 5.0) AppleWebKit/537.36 (KHTML, like Gecko) Mobile Safari/537.36 (compatible; Bytespider; spider-feedback@bytedance.com)"
47.128.22.0 - - [10/Mar/2025:16:46:32 +0100] "GET /robots.txt HTTP/1.1" 200 162 "-" "Mozilla/5.0 (Linux; Android 5.0) AppleWebKit/537.36 (KHTML, like Gecko) Mobile Safari/537.36 (compatible; Bytespider; spider-feedback@bytedance.com)"
47.128.40.0 - - [10/Mar/2025:16:47:14 +0100] "GET /robots.txt HTTP/1.1" 200 162 "-" "Mozilla/5.0 (Linux; Android 5.0) AppleWebKit/537.36 (KHTML, like Gecko) Mobile Safari/537.36 (compatible; Bytespider; spider-feedback@bytedance.com)"
54.36.149.0 - - [10/Mar/2025:16:49:22 +0100] "GET /contao/vendor/webmozart/assert/LICENSE HTTP/2.0" 200 659 "-" "Mozilla/5.0 (compatible; AhrefsBot/7.0; +http://ahrefs.com/robot/)"
208.102.51.0 - - [10/Mar/2025:16:51:54 +0100] "GET /reports/usage_202403.html HTTP/1.0" 200 92683 "https://xn--kr-lbb.com" "Mozilla/5.0 (Windows NT 10.0; Win64; x64) AppleWebKit/537.36 (KHTML, like Gecko) Chrome/131.0.0.0 Safari/537.36"
72.195.34.0 - - [10/Mar/2025:16:52:12 +0100] "GET /reports/usage_202403.html HTTP/1.0" 200 92683 "https://xn--ra-ypa.com" "Mozilla/5.0 (Windows NT 10.0; Win64; x64) AppleWebKit/537.36 (KHTML, like Gecko) Chrome/129.0.0.0 Safari/537.36"
208.102.51.0 - - [10/Mar/2025:16:52:32 +0100] "GET /reports/usage_202403.html HTTP/1.0" 200 92683 "https://xn--krken7-xoc.com" "Mozilla/5.0 (Windows NT 10.0; Win64; x64) AppleWebKit/537.36 (KHTML, like Gecko) Chrome/130.0.0.0 Safari/537.36"
169.150.247.0 - - [10/Mar/2025:16:56:31 +0100] "GET /wp-content/cache/autoptimize/autoptimize_single_1ad2e4f6ceb51a868c6bd7a3e0bc4fab.php HTTP/1.1" 301 320 "https://gdb-bonn.com/" "Mozilla/5.0 (iPhone; CPU iPhone OS 10_3 like Mac OS X) AppleWebKit/602.1.50 (KHTML, like Gecko) CriOS/56.0.2924.75 Mobile/14E5239e YisouSpider/5.0 Safari/602.1"
169.150.247.0 - - [10/Mar/2025:16:56:31 +0100] "GET /wp-includes/js/jquery/ui/mouse.min.js HTTP/1.1" 301 273 "https://gdb-bonn.com/" "Mozilla/5.0 (iPhone; CPU iPhone OS 10_3 like Mac OS X) AppleWebKit/602.1.50 (KHTML, like Gecko) CriOS/56.0.2924.75 Mobile/14E5239e YisouSpider/5.0 Safari/602.1"
169.150.247.0 - - [10/Mar/2025:16:56:31 +0100] "GET /wp-content/cache/autoptimize/autoptimize_single_d780cf740f6d55dc8e0182ae7dbaa51c.php HTTP/1.1" 301 320 "https://gdb-bonn.com/" "Mozilla/5.0 (iPhone; CPU iPhone OS 10_3 like Mac OS X) AppleWebKit/602.1.50 (KHTML, like Gecko) CriOS/56.0.2924.75 Mobile/14E5239e YisouSpider/5.0 Safari/602.1"
169.150.247.0 - - [10/Mar/2025:16:56:31 +0100] "GET /wp-includes/js/jquery/jquery.min.js HTTP/1.1" 301 271 "https://gdb-bonn.com/" "Mozilla/5.0 (iPhone; CPU iPhone OS 10_3 like Mac OS X) AppleWebKit/602.1.50 (KHTML, like Gecko) CriOS/56.0.2924.75 Mobile/14E5239e YisouSpider/5.0 Safari/602.1"
169.150.247.0 - - [10/Mar/2025:16:56:31 +0100] "GET /wp-content/themes/busiprof-pro/css/font-awesome/fonts/fontawesome-webfont.woff2?v=4.7.0 HTTP/1.1" 404 2902 "https://gdb-bonn.com/" "Mozilla/5.0 (iPhone; CPU iPhone OS 10_3 like Mac OS X) AppleWebKit/602.1.50 (KHTML, like Gecko) CriOS/56.0.2924.75 Mobile/14E5239e YisouSpider/5.0 Safari/602.1"
169.150.247.0 - - [10/Mar/2025:16:56:32 +0100] "GET /wp-content/cache/autoptimize/autoptimize_single_597d5a628786f3031396519ec07d0599.php HTTP/1.1" 301 320 "https://gdb-bonn.com/" "Mozilla/5.0 (iPhone; CPU iPhone OS 10_3 like Mac OS X) AppleWebKit/602.1.50 (KHTML, like Gecko) CriOS/56.0.2924.75 Mobile/14E5239e YisouSpider/5.0 Safari/602.1"
106.8.138.0 - - [10/Mar/2025:16:56:32 +0100] "GET /wp-content/cache/autoptimize/autoptimize_single_1ad2e4f6ceb51a868c6bd7a3e0bc4fab.php HTTP/2.0" 200 1526 "https://gdb-bonn.com/" "Mozilla/5.0 (iPhone; CPU iPhone OS 16_3 like Mac OS X) AppleWebKit/605.1.15 (KHTML, like Gecko) Version/16.2 Mobile/15E148 YisouSpider/5.0 Safari/604.1"
106.8.138.0 - - [10/Mar/2025:16:56:32 +0100] "GET /wp-includes/js/jquery/ui/mouse.min.js HTTP/2.0" 200 1085 "https://gdb-bonn.com/" "Mozilla/5.0 (iPhone; CPU iPhone OS 16_3 like Mac OS X) AppleWebKit/605.1.15 (KHTML, like Gecko) Version/16.2 Mobile/15E148 YisouSpider/5.0 Safari/604.1"
106.8.131.0 - - [10/Mar/2025:16:56:33 +0100] "GET /wp-content/themes/busiprof-pro/css/font-awesome/fonts/fontawesome-webfont.woff2?v=4.7.0 HTTP/1.1" 404 2922 "https://gdb-bonn.com/" "Mozilla/5.0 (iPhone; CPU iPhone OS 10_3 like Mac OS X) AppleWebKit/602.1.50 (KHTML, like Gecko) CriOS/56.0.2924.75 Mobile/14E5239e YisouSpider/5.0 Safari/602.1"
106.8.138.0 - - [10/Mar/2025:16:56:36 +0100] "GET /wp-content/themes/busiprof-pro/css/font-awesome/fonts/fontawesome-webfont.woff?v=4.7.0 HTTP/1.1" 404 2920 "https://gdb-bonn.com/" "Mozilla/5.0 (iPhone; CPU iPhone OS 10_3 like Mac OS X) AppleWebKit/602.1.50 (KHTML, like Gecko) CriOS/56.0.2924.75 Mobile/14E5239e YisouSpider/5.0 Safari/602.1"
106.8.139.0 - - [10/Mar/2025:16:56:40 +0100] "GET /wp-content/themes/busiprof-pro/css/font-awesome/fonts/fontawesome-webfont.ttf?v=4.7.0 HTTP/1.1" 404 2918 "https://gdb-bonn.com/" "Mozilla/5.0 (iPhone; CPU iPhone OS 10_3 like Mac OS X) AppleWebKit/602.1.50 (KHTML, like Gecko) CriOS/56.0.2924.75 Mobile/14E5239e YisouSpider/5.0 Safari/602.1"
106.8.138.0 - - [10/Mar/2025:16:56:32 +0100] "GET /wp-includes/js/jquery/jquery.min.js HTTP/2.0" 200 30368 "https://gdb-bonn.com/" "Mozilla/5.0 (iPhone; CPU iPhone OS 16_3 like Mac OS X) AppleWebKit/605.1.15 (KHTML, like Gecko) Version/16.2 Mobile/15E148 YisouSpider/5.0 Safari/604.1"
106.8.138.0 - - [10/Mar/2025:16:56:32 +0100] "GET /wp-content/cache/autoptimize/autoptimize_single_d780cf740f6d55dc8e0182ae7dbaa51c.php HTTP/2.0" 200 198951 "https://gdb-bonn.com/" "Mozilla/5.0 (iPhone; CPU iPhone OS 16_3 like Mac OS X) AppleWebKit/605.1.15 (KHTML, like Gecko) Version/16.2 Mobile/15E148 YisouSpider/5.0 Safari/604.1"
106.8.138.0 - - [10/Mar/2025:16:56:49 +0100] "GET /wp-content/cache/autoptimize/autoptimize_single_597d5a628786f3031396519ec07d0599.php HTTP/2.0" 200 676 "https://gdb-bonn.com/" "Mozilla/5.0 (iPhone; CPU iPhone OS 16_3 like Mac OS X) AppleWebKit/605.1.15 (KHTML, like Gecko) Version/16.2 Mobile/15E148 YisouSpider/5.0 Safari/604.1"
43.135.142.0 - - [10/Mar/2025:16:58:21 +0100] "GET / HTTP/1.1" 301 233 "-" "Mozilla/5.0 (iPhone; CPU iPhone OS 13_2_3 like Mac OS X) AppleWebKit/605.1.15 (KHTML, like Gecko) Version/13.0.3 Mobile/15E148 Safari/604.1"
2a01:238:43f8:5f00:: - - [10/Mar/2025:16:58:23 +0100] "POST /wp-cron.php?doing_wp_cron=1741622303.3932890892028808593750 HTTP/1.1" 200 - "-" "EagsaMdaA88K"
43.135.142.0 - - [10/Mar/2025:16:58:23 +0100] "GET / HTTP/1.1" 200 55588 "http://www.gdb-bonn.com" "Mozilla/5.0 (iPhone; CPU iPhone OS 13_2_3 like Mac OS X) AppleWebKit/605.1.15 (KHTML, like Gecko) Version/13.0.3 Mobile/15E148 Safari/604.1"
5.181.3.0 - - [10/Mar/2025:16:58:27 +0100] "GET /reports/usage_202402.html HTTP/1.0" 200 91181 "https://www.seattlestowncar.com" "Mozilla/5.0 (Windows NT 10.0; Win64; x64) AppleWebKit/537.36 (KHTML, like Gecko) Chrome/131.0.0.0 Safari/537.36"
72.49.49.0 - - [10/Mar/2025:17:00:04 +0100] "GET /reports/usage_202403.html HTTP/1.0" 200 92683 "https://xn--krken9-xc8b.com" "Mozilla/5.0 (Windows NT 10.0; Win64; x64) AppleWebKit/537.36 (KHTML, like Gecko) Chrome/130.0.0.0 Safari/537.36"
72.49.49.0 - - [10/Mar/2025:17:00:30 +0100] "GET /reports/usage_202403.html HTTP/1.0" 200 92683 "https://xn--kr-ela.com" "Mozilla/5.0 (Windows NT 10.0; Win64; x64) AppleWebKit/537.36 (KHTML, like Gecko) Chrome/130.0.0.0 Safari/537.36 CCleaner/130.0.0.0"
54.36.149.0 - - [10/Mar/2025:17:01:51 +0100] "GET /contao/vendor/webmozart/assert/composer.json HTTP/2.0" 200 403 "-" "Mozilla/5.0 (compatible; AhrefsBot/7.0; +http://ahrefs.com/robot/)"
169.150.247.0 - - [10/Mar/2025:17:04:03 +0100] "GET /.git/config HTTP/1.1" 301 247 "-" "Mozilla/5.0 (X11; Linux x86_64) AppleWebKit/537.36 (KHTML, like Gecko) Chrome/69.0.3497.92 Safari/537.36"
59.126.47.0 - - [10/Mar/2025:17:06:42 +0100] "GET / HTTP/1.0" 200 3510 "-" "curl/7.88.1"
208.65.90.0 - - [10/Mar/2025:17:07:40 +0100] "GET /reports/usage_202403.html HTTP/1.0" 200 92683 "https://xn--krken14-bn4c.com" "Mozilla/5.0 (Windows NT 10.0; Win64; x64) AppleWebKit/537.36 (KHTML, like Gecko) Chrome/131.0.0.0 Safari/537.36"
184.178.172.0 - - [10/Mar/2025:17:08:06 +0100] "GET /reports/usage_202403.html HTTP/1.0" 200 92683 "https://xn--kran-xva5q.com" "Mozilla/5.0 (Windows NT 10.0; Win64; x64) AppleWebKit/537.36 (KHTML, like Gecko) Chrome/130.0.0.0 Safari/537.36 CCleaner/130.0.0.0"
66.249.66.0 - - [10/Mar/2025:17:12:31 +0100] "GET /robots.txt HTTP/1.1" 404 2599 "-" "Mozilla/5.0 (compatible; Googlebot/2.1; +http://www.google.com/bot.html)"
66.249.66.0 - - [10/Mar/2025:17:12:31 +0100] "GET /contao/vendor/symfony/security-http/Controller/ HTTP/1.1" 200 447 "-" "Mozilla/5.0 (Linux; Android 6.0.1; Nexus 5X Build/MMB29P) AppleWebKit/537.36 (KHTML, like Gecko) Chrome/133.0.6943.53 Mobile Safari/537.36 (compatible; Googlebot/2.1; +http://www.google.com/bot.html)"
2a01:238:43f8:5f00:: - - [10/Mar/2025:17:13:37 +0100] "POST /wp-cron.php?doing_wp_cron=1741623217.1720690727233886718750 HTTP/1.1" 200 - "-" "fWrNlNrtF9tr"
54.174.58.0 - - [10/Mar/2025:17:13:37 +0100] "GET / HTTP/1.1" 301 - "-" "Mozilla/5.0 (compatible; HubSpot Crawler; HubSpot Domain check; +https://www.hubspot.com)"
54.174.58.0 - - [10/Mar/2025:17:13:37 +0100] "GET / HTTP/1.1" 200 55567 "-" "Mozilla/5.0 (compatible; HubSpot Crawler; HubSpot Domain check; +https://www.hubspot.com)"
54.36.149.0 - - [10/Mar/2025:17:14:42 +0100] "GET /contao/vendor/webmozart/assert/psalm.xml HTTP/2.0" 200 243 "-" "Mozilla/5.0 (compatible; AhrefsBot/7.0; +http://ahrefs.com/robot/)"
72.49.49.0 - - [10/Mar/2025:17:15:48 +0100] "GET /reports/usage_202403.html HTTP/1.0" 200 92683 "https://xn--kran-xva5q.com" "Mozilla/5.0 (Windows NT 10.0; Win64; x64) AppleWebKit/537.36 (KHTML, like Gecko) Chrome/131.0.0.0 Safari/537.36 Avast/131.0.0.0"
208.65.90.0 - - [10/Mar/2025:17:16:14 +0100] "GET /reports/usage_202403.html HTTP/1.0" 200 92683 "https://xn--kr11-rzb.com" "Mozilla/5.0 (Windows NT 10.0; Win64; x64) AppleWebKit/537.36 (KHTML, like Gecko) Chrome/130.0.0.0 Safari/537.36"
72.195.34.0 - - [10/Mar/2025:17:17:00 +0100] "GET /reports/usage_202403.html HTTP/1.0" 200 92683 "https://xn--kran-xva5q.com" "Mozilla/5.0 (Windows NT 10.0; Win64; x64) AppleWebKit/537.36 (KHTML, like Gecko) Chrome/131.0.0.0 Safari/537.36 Avast/131.0.0.0"
2a01:238:43f8:5f00:: - - [10/Mar/2025:17:17:57 +0100] "POST /wp-cron.php?doing_wp_cron=1741623477.5006520748138427734375 HTTP/1.1" 200 - "-" "doad98Q3Uy2E"
188.34.163.0 - - [10/Mar/2025:17:17:57 +0100] "GET / HTTP/1.1" 200 317803 "-" "Mozilla/5.0 (Macintosh; Intel Mac OS X 10_15_7) AppleWebKit/537.36 (KHTML, like Gecko) Chrome/108.0.0.0 Safari/537.36"
20.169.105.0 - - [10/Mar/2025:17:20:43 +0100] "MGLNDD_81.169.210.35_80\n" 400 226 "-" "-"
66.249.66.0 - - [10/Mar/2025:17:21:34 +0100] "GET /contao/vendor/contao/news-bundle/src/Resources/contao/templates/ HTTP/1.1" 200 450 "-" "Mozilla/5.0 (Linux; Android 6.0.1; Nexus 5X Build/MMB29P) AppleWebKit/537.36 (KHTML, like Gecko) Chrome/133.0.6943.53 Mobile Safari/537.36 (compatible; Googlebot/2.1; +http://www.google.com/bot.html)"
72.49.49.0 - - [10/Mar/2025:17:23:56 +0100] "GET /reports/usage_202403.html HTTP/1.0" 200 92683 "https://xn--kr12-rzb.com" "Mozilla/5.0 (Windows NT 10.0; Win64; x64) AppleWebKit/537.36 (KHTML, like Gecko) Chrome/130.0.0.0 Safari/537.36 CCleaner/130.0.0.0"
72.195.34.0 - - [10/Mar/2025:17:24:21 +0100] "GET /reports/usage_202403.html HTTP/1.0" 200 92683 "https://xn--kr11-rzb.com" "Mozilla/5.0 (Windows NT 10.0; Win64; x64) AppleWebKit/537.36 (KHTML, like Gecko) Chrome/130.0.0.0 Safari/537.36"
208.65.90.0 - - [10/Mar/2025:17:24:28 +0100] "GET /reports/usage_202403.html HTTP/1.0" 200 92683 "https://xn--kr-kla.com" "Mozilla/5.0 (Windows NT 10.0; Win64; x64) AppleWebKit/537.36 (KHTML, like Gecko) Chrome/131.0.0.0 Safari/537.36 Avast/131.0.0.0"
51.222.253.0 - - [10/Mar/2025:17:26:44 +0100] "GET /robots.txt HTTP/2.0" 404 2555 "-" "Mozilla/5.0 (compatible; AhrefsBot/7.0; +http://ahrefs.com/robot/)"
54.36.148.0 - - [10/Mar/2025:17:26:45 +0100] "GET /contao/vendor/webmozart/assert/src/ HTTP/2.0" 200 449 "-" "Mozilla/5.0 (compatible; AhrefsBot/7.0; +http://ahrefs.com/robot/)"
169.150.247.0 - - [10/Mar/2025:17:26:45 +0100] "GET /robots.txt HTTP/1.1" 301 246 "-" "Mozilla/5.0 (Macintosh; Intel Mac OS X 10_15_7) AppleWebKit/537.36 (KHTML, like Gecko) Chrome/131.0.0.0 Safari/537.36; compatible; OAI-SearchBot/1.0; +https://openai.com/searchbot"
51.8.102.0 - - [10/Mar/2025:17:26:46 +0100] "GET /robots.txt HTTP/2.0" 200 162 "-" "Mozilla/5.0 (Macintosh; Intel Mac OS X 10_15_7) AppleWebKit/537.36 (KHTML, like Gecko) Chrome/131.0.0.0 Safari/537.36; compatible; OAI-SearchBot/1.0; +https://openai.com/searchbot"
87.236.176.0 - - [10/Mar/2025:17:28:27 +0100] "GET / HTTP/1.1" 503 1828 "-" "Mozilla/5.0 (compatible; InternetMeasurement/1.0; +https://internet-measurement.com/)"
208.65.90.0 - - [10/Mar/2025:17:31:24 +0100] "GET /reports/usage_202403.html HTTP/1.0" 200 92683 "https://xn--kr7-onb.com" "Mozilla/5.0 (Windows NT 10.0; Win64; x64) AppleWebKit/537.36 (KHTML, like Gecko) Chrome/130.0.0.0 Safari/537.36"
208.65.90.0 - - [10/Mar/2025:17:31:30 +0100] "GET /reports/usage_202403.html HTTP/1.0" 200 92683 "https://xn--kr-lbb.com" "Mozilla/5.0 (Windows NT 10.0; Win64; x64) AppleWebKit/537.36 (KHTML, like Gecko) Chrome/131.0.0.0 Safari/537.36"
208.102.51.0 - - [10/Mar/2025:17:31:42 +0100] "GET /reports/usage_202403.html HTTP/1.0" 200 92683 "https://xn--kr7-onb.com" "Mozilla/5.0 (Windows NT 10.0; Win64; x64) AppleWebKit/537.36 (KHTML, like Gecko) Chrome/129.0.0.0 Safari/537.36"
2a01:238:43f8:5f00:: - - [10/Mar/2025:17:31:59 +0100] "POST /wp-cron.php?doing_wp_cron=1741624319.3766939640045166015625 HTTP/1.1" 200 - "-" "IOI168YWWOnD"
51.8.102.0 - - [10/Mar/2025:17:31:59 +0100] "GET /definition-unterhaltsreinigung/ HTTP/2.0" 200 51596 "-" "Mozilla/5.0 (Macintosh; Intel Mac OS X 10_15_7) AppleWebKit/537.36 (KHTML, like Gecko) Chrome/131.0.0.0 Safari/537.36; compatible; OAI-SearchBot/1.0; +https://openai.com/searchbot"
92.204.40.0 - - [10/Mar/2025:17:32:37 +0100] "GET /robots.txt HTTP/1.1" 301 239 "-" "Apache-HttpClient/4.5.14 (Java/11.0.11)"
92.204.40.0 - - [10/Mar/2025:17:32:37 +0100] "GET /robots.txt HTTP/1.1" 200 162 "-" "Apache-HttpClient/4.5.14 (Java/11.0.11)"
2a01:238:43f8:5f00:: - - [10/Mar/2025:17:32:37 +0100] "POST /wp-cron.php?doing_wp_cron=1741624357.6921041011810302734375 HTTP/1.1" 200 - "-" "wyletsnGp4Kk"
92.204.40.0 - - [10/Mar/2025:17:32:37 +0100] "GET /sitemap_index.xml HTTP/2.0" 200 354 "-" "Mozilla/5.0 (Macintosh; Intel Mac OS X 10_15_7; rv:132.0) Gecko/20100101 Firefox/132.0"
92.204.40.0 - - [10/Mar/2025:17:32:39 +0100] "GET /page-sitemap.xml HTTP/2.0" 200 1576 "-" "Mozilla/5.0 (Macintosh; Intel Mac OS X 10_15_7; rv:132.0) Gecko/20100101 Firefox/132.0"
92.204.40.0 - - [10/Mar/2025:17:32:41 +0100] "GET /project_categories-sitemap.xml HTTP/2.0" 200 384 "-" "Mozilla/5.0 (Macintosh; Intel Mac OS X 10_15_7; rv:132.0) Gecko/20100101 Firefox/132.0"
92.204.40.0 - - [10/Mar/2025:17:32:43 +0100] "GET /busiprof_project-sitemap.xml HTTP/2.0" 200 572 "-" "Mozilla/5.0 (Macintosh; Intel Mac OS X 10_15_7; rv:132.0) Gecko/20100101 Firefox/132.0"
92.204.40.0 - - [10/Mar/2025:17:32:45 +0100] "GET /post-sitemap.xml HTTP/2.0" 200 491 "-" "Mozilla/5.0 (Macintosh; Intel Mac OS X 10_15_7; rv:132.0) Gecko/20100101 Firefox/132.0"
92.204.40.0 - - [10/Mar/2025:17:32:47 +0100] "GET / HTTP/1.1" 301 229 "-" "Mozilla/5.0 (Macintosh; Intel Mac OS X 10_15_7; rv:132.0) Gecko/20100101 Firefox/132.0"
92.204.40.0 - - [10/Mar/2025:17:32:49 +0100] "GET / HTTP/2.0" 200 55581 "-" "Mozilla/5.0 (Macintosh; Intel Mac OS X 10_15_7; rv:132.0) Gecko/20100101 Firefox/132.0"
40.77.167.0 - - [10/Mar/2025:17:32:50 +0100] "GET /robots.txt HTTP/2.0" 200 162 "-" "Mozilla/5.0 AppleWebKit/537.36 (KHTML, like Gecko; compatible; bingbot/2.0; +http://www.bing.com/bingbot.htm) Chrome/116.0.1938.76 Safari/537.36"
92.204.40.0 - - [10/Mar/2025:17:32:51 +0100] "GET / HTTP/2.0" 200 55567 "-" "Mozilla/5.0 (Macintosh; Intel Mac OS X 10_15_7; rv:132.0) Gecko/20100101 Firefox/132.0"
92.204.40.0 - - [10/Mar/2025:17:32:53 +0100] "GET /wassermelder/ HTTP/2.0" 200 50657 "-" "Mozilla/5.0 (Macintosh; Intel Mac OS X 10_15_7; rv:132.0) Gecko/20100101 Firefox/132.0"
92.204.40.0 - - [10/Mar/2025:17:32:55 +0100] "GET /unterhaltsreinigung/ HTTP/2.0" 200 51754 "-" "Mozilla/5.0 (Macintosh; Intel Mac OS X 10_15_7; rv:132.0) Gecko/20100101 Firefox/132.0"
92.204.40.0 - - [10/Mar/2025:17:32:57 +0100] "GET /vogel-taubenabwehr/ HTTP/2.0" 200 52499 "-" "Mozilla/5.0 (Macintosh; Intel Mac OS X 10_15_7; rv:132.0) Gecko/20100101 Firefox/132.0"
92.204.40.0 - - [10/Mar/2025:17:32:59 +0100] "GET /trockenbauarbeiten/ HTTP/2.0" 200 52189 "-" "Mozilla/5.0 (Macintosh; Intel Mac OS X 10_15_7; rv:132.0) Gecko/20100101 Firefox/132.0"
92.204.40.0 - - [10/Mar/2025:17:33:01 +0100] "GET /brandschutz/ HTTP/2.0" 200 52672 "-" "Mozilla/5.0 (Macintosh; Intel Mac OS X 10_15_7; rv:132.0) Gecko/20100101 Firefox/132.0"
92.204.40.0 - - [10/Mar/2025:17:33:03 +0100] "GET /bodenverlegung/ HTTP/2.0" 200 51669 "-" "Mozilla/5.0 (Macintosh; Intel Mac OS X 10_15_7; rv:132.0) Gecko/20100101 Firefox/132.0"
92.204.40.0 - - [10/Mar/2025:17:33:05 +0100] "GET /co2-warnmelder/ HTTP/2.0" 200 50700 "-" "Mozilla/5.0 (Macintosh; Intel Mac OS X 10_15_7; rv:132.0) Gecko/20100101 Firefox/132.0"
92.204.40.0 - - [10/Mar/2025:17:33:07 +0100] "GET /bueroreinigung/ HTTP/2.0" 200 50427 "-" "Mozilla/5.0 (Macintosh; Intel Mac OS X 10_15_7; rv:132.0) Gecko/20100101 Firefox/132.0"
92.204.40.0 - - [10/Mar/2025:17:33:09 +0100] "GET /datenschutzverordnung/ HTTP/2.0" 200 63709 "-" "Mozilla/5.0 (Macintosh; Intel Mac OS X 10_15_7; rv:132.0) Gecko/20100101 Firefox/132.0"
92.204.40.0 - - [10/Mar/2025:17:33:10 +0100] "GET /wp-content/uploads/brandschutz-befestigungspads.webp HTTP/2.0" 200 6614 "-" "Mozilla/5.0 (Macintosh; Intel Mac OS X 10_15_7; rv:132.0) Gecko/20100101 Firefox/132.0"
92.204.40.0 - - [10/Mar/2025:17:33:10 +0100] "GET /wp-content/uploads/vogelabwehr-taubenabwehr-spikes-edelstahl-langeseite.webp HTTP/2.0" 200 5210 "-" "Mozilla/5.0 (Macintosh; Intel Mac OS X 10_15_7; rv:132.0) Gecko/20100101 Firefox/132.0"
92.204.40.0 - - [10/Mar/2025:17:33:10 +0100] "GET /wp-content/uploads/vogelabwehr-ecke280x158.webp HTTP/2.0" 200 4392 "-" "Mozilla/5.0 (Macintosh; Intel Mac OS X 10_15_7; rv:132.0) Gecko/20100101 Firefox/132.0"
92.204.40.0 - - [10/Mar/2025:17:33:10 +0100] "GET /wp-content/uploads/brandschutz-headerbild-1-768x202.jpg.webp HTTP/2.0" 200 7484 "-" "Mozilla/5.0 (Macintosh; Intel Mac OS X 10_15_7; rv:132.0) Gecko/20100101 Firefox/132.0"
92.204.40.0 - - [10/Mar/2025:17:33:10 +0100] "GET /wp-content/uploads/2023/06/wasserschaden-melder.webp HTTP/2.0" 200 9236 "-" "Mozilla/5.0 (Macintosh; Intel Mac OS X 10_15_7; rv:132.0) Gecko/20100101 Firefox/132.0"
92.204.40.0 - - [10/Mar/2025:17:33:10 +0100] "GET /wp-content/uploads/2023/06/facebook-icon.png.webp HTTP/2.0" 200 1882 "-" "Mozilla/5.0 (Macintosh; Intel Mac OS X 10_15_7; rv:132.0) Gecko/20100101 Firefox/132.0"
92.204.40.0 - - [10/Mar/2025:17:33:10 +0100] "GET /wp-content/uploads/hw2-klein-e1621447358845.webp HTTP/2.0" 200 4224 "-" "Mozilla/5.0 (Macintosh; Intel Mac OS X 10_15_7; rv:132.0) Gecko/20100101 Firefox/132.0"
92.204.40.0 - - [10/Mar/2025:17:33:10 +0100] "GET /wp-content/uploads/Abmessung-Spikes-edelstahl.jpg.webp HTTP/2.0" 200 4636 "-" "Mozilla/5.0 (Macintosh; Intel Mac OS X 10_15_7; rv:132.0) Gecko/20100101 Firefox/132.0"
92.204.40.0 - - [10/Mar/2025:17:33:10 +0100] "GET /wp-content/uploads/2023/06/twitter-icon.png.webp HTTP/2.0" 200 2116 "-" "Mozilla/5.0 (Macintosh; Intel Mac OS X 10_15_7; rv:132.0) Gecko/20100101 Firefox/132.0"
92.204.40.0 - - [10/Mar/2025:17:33:10 +0100] "GET /wp-content/uploads/brandschutz-rauchwarnmelder.jpg.webp HTTP/2.0" 200 1998 "-" "Mozilla/5.0 (Macintosh; Intel Mac OS X 10_15_7; rv:132.0) Gecko/20100101 Firefox/132.0"
92.204.40.0 - - [10/Mar/2025:17:33:11 +0100] "GET /wp-content/uploads/unterhaltsreinigung-1.jpg.webp HTTP/2.0" 200 15240 "-" "Mozilla/5.0 (Macintosh; Intel Mac OS X 10_15_7; rv:132.0) Gecko/20100101 Firefox/132.0"
92.204.40.0 - - [10/Mar/2025:17:33:11 +0100] "GET /wp-content/uploads/vogel-taubenabwehr-1-768x202.jpg.webp HTTP/2.0" 200 52358 "-" "Mozilla/5.0 (Macintosh; Intel Mac OS X 10_15_7; rv:132.0) Gecko/20100101 Firefox/132.0"
92.204.40.0 - - [10/Mar/2025:17:33:11 +0100] "GET /wp-content/uploads/vogel-taubenabwehr300x200.webp HTTP/2.0" 200 4772 "-" "Mozilla/5.0 (Macintosh; Intel Mac OS X 10_15_7; rv:132.0) Gecko/20100101 Firefox/132.0"
92.204.40.0 - - [10/Mar/2025:17:33:11 +0100] "GET /wp-content/uploads/beech-1532147-750x300.jpg.webp HTTP/2.0" 200 6174 "-" "Mozilla/5.0 (Macintosh; Intel Mac OS X 10_15_7; rv:132.0) Gecko/20100101 Firefox/132.0"
92.204.40.0 - - [10/Mar/2025:17:33:11 +0100] "GET /wp-content/uploads/datenschutzverordnung-600x158.jpg.webp HTTP/2.0" 200 20042 "-" "Mozilla/5.0 (Macintosh; Intel Mac OS X 10_15_7; rv:132.0) Gecko/20100101 Firefox/132.0"
92.204.40.0 - - [10/Mar/2025:17:33:11 +0100] "GET /wp-content/uploads/cleaning-48889-300x200-1.webp HTTP/2.0" 200 6202 "-" "Mozilla/5.0 (Macintosh; Intel Mac OS X 10_15_7; rv:132.0) Gecko/20100101 Firefox/132.0"
92.204.40.0 - - [10/Mar/2025:17:33:11 +0100] "GET /wp-content/uploads/2023/10/bodenverlegung-1900.webp HTTP/2.0" 200 60366 "-" "Mozilla/5.0 (Macintosh; Intel Mac OS X 10_15_7; rv:132.0) Gecko/20100101 Firefox/132.0"
92.204.40.0 - - [10/Mar/2025:17:33:11 +0100] "GET /wp-content/uploads/2023/06/facebook-icon.png HTTP/2.0" 200 1217 "-" "Mozilla/5.0 (Macintosh; Intel Mac OS X 10_15_7; rv:132.0) Gecko/20100101 Firefox/132.0"
92.204.40.0 - - [10/Mar/2025:17:33:11 +0100] "GET /wp-content/uploads/2023/10/montageservice-1900-2.webp HTTP/2.0" 200 114180 "-" "Mozilla/5.0 (Macintosh; Intel Mac OS X 10_15_7; rv:132.0) Gecko/20100101 Firefox/132.0"
92.204.40.0 - - [10/Mar/2025:17:33:11 +0100] "GET /wp-content/uploads/solar-buerste-300x200.jpg.webp HTTP/2.0" 200 13862 "-" "Mozilla/5.0 (Macintosh; Intel Mac OS X 10_15_7; rv:132.0) Gecko/20100101 Firefox/132.0"
92.204.40.0 - - [10/Mar/2025:17:33:12 +0100] "GET /wp-content/uploads/2023/10/gebaeudetechnik-startbildheader.webp HTTP/2.0" 200 59248 "-" "Mozilla/5.0 (Macintosh; Intel Mac OS X 10_15_7; rv:132.0) Gecko/20100101 Firefox/132.0"
92.204.40.0 - - [10/Mar/2025:17:33:12 +0100] "GET /wp-content/uploads/trockenbauplan_1140.jpg.webp HTTP/2.0" 200 34564 "-" "Mozilla/5.0 (Macintosh; Intel Mac OS X 10_15_7; rv:132.0) Gecko/20100101 Firefox/132.0"
92.204.40.0 - - [10/Mar/2025:17:33:12 +0100] "GET /wp-content/uploads/2023/06/Wassermelder-ABUS-300x300.jpg.webp HTTP/2.0" 200 778 "-" "Mozilla/5.0 (Macintosh; Intel Mac OS X 10_15_7; rv:132.0) Gecko/20100101 Firefox/132.0"
92.204.40.0 - - [10/Mar/2025:17:33:12 +0100] "GET /wp-content/uploads/2021/05/logo-neu1.png HTTP/2.0" 404 2655 "-" "Mozilla/5.0 (Macintosh; Intel Mac OS X 10_15_7; rv:132.0) Gecko/20100101 Firefox/132.0"
92.204.40.0 - - [10/Mar/2025:17:33:12 +0100] "GET /wp-content/uploads/bodenleger1.jpg.webp HTTP/2.0" 200 24436 "-" "Mozilla/5.0 (Macintosh; Intel Mac OS X 10_15_7; rv:132.0) Gecko/20100101 Firefox/132.0"
92.204.40.0 - - [10/Mar/2025:17:33:12 +0100] "GET /wp-content/uploads/stairs-2203730-scaled-1.webp HTTP/2.0" 200 8082 "-" "Mozilla/5.0 (Macintosh; Intel Mac OS X 10_15_7; rv:132.0) Gecko/20100101 Firefox/132.0"
92.204.40.0 - - [10/Mar/2025:17:33:12 +0100] "GET /wp-content/uploads/flooring-2664418-448x300.jpg.webp HTTP/2.0" 200 4504 "-" "Mozilla/5.0 (Macintosh; Intel Mac OS X 10_15_7; rv:132.0) Gecko/20100101 Firefox/132.0"
92.204.40.0 - - [10/Mar/2025:17:33:12 +0100] "GET /wp-content/uploads/hekatron-vertriebs-co-warnmelder-co-wm-1er-1-300x178.png-1.webp HTTP/2.0" 200 3338 "-" "Mozilla/5.0 (Macintosh; Intel Mac OS X 10_15_7; rv:132.0) Gecko/20100101 Firefox/132.0"
92.204.40.0 - - [10/Mar/2025:17:33:12 +0100] "GET /wp-content/uploads/electric-1080584-scaled-e1685995462719.webp HTTP/2.0" 200 15326 "-" "Mozilla/5.0 (Macintosh; Intel Mac OS X 10_15_7; rv:132.0) Gecko/20100101 Firefox/132.0"
92.204.40.0 - - [10/Mar/2025:17:33:12 +0100] "GET /wp-content/uploads/flooring-2664414-448x300.jpg.webp HTTP/2.0" 200 3670 "-" "Mozilla/5.0 (Macintosh; Intel Mac OS X 10_15_7; rv:132.0) Gecko/20100101 Firefox/132.0"
92.204.40.0 - - [10/Mar/2025:17:33:12 +0100] "GET /wp-content/uploads/2023/10/objektservice-wohnanlage.webp HTTP/2.0" 200 115242 "-" "Mozilla/5.0 (Macintosh; Intel Mac OS X 10_15_7; rv:132.0) Gecko/20100101 Firefox/132.0"
92.204.40.0 - - [10/Mar/2025:17:33:12 +0100] "GET /wp-content/uploads/staircase-802032-300x200.jpg-1.webp HTTP/2.0" 200 9366 "-" "Mozilla/5.0 (Macintosh; Intel Mac OS X 10_15_7; rv:132.0) Gecko/20100101 Firefox/132.0"
92.204.40.0 - - [10/Mar/2025:17:33:13 +0100] "GET /wp-content/uploads/floor-2249863-533x300.jpg.webp HTTP/2.0" 200 3682 "-" "Mozilla/5.0 (Macintosh; Intel Mac OS X 10_15_7; rv:132.0) Gecko/20100101 Firefox/132.0"
92.204.40.0 - - [10/Mar/2025:17:33:13 +0100] "GET /wp-content/uploads/CLEAN.jpg.webp HTTP/2.0" 200 37522 "-" "Mozilla/5.0 (Macintosh; Intel Mac OS X 10_15_7; rv:132.0) Gecko/20100101 Firefox/132.0"
92.204.40.0 - - [10/Mar/2025:17:33:13 +0100] "GET /wp-content/uploads/2023/06/twitter-icon.png HTTP/2.0" 200 1520 "-" "Mozilla/5.0 (Macintosh; Intel Mac OS X 10_15_7; rv:132.0) Gecko/20100101 Firefox/132.0"
92.204.40.0 - - [10/Mar/2025:17:33:13 +0100] "GET /wp-content/uploads/co2-4767388_1920.jpg.webp HTTP/2.0" 200 16004 "-" "Mozilla/5.0 (Macintosh; Intel Mac OS X 10_15_7; rv:132.0) Gecko/20100101 Firefox/132.0"
92.204.40.0 - - [10/Mar/2025:17:33:13 +0100] "GET /wp-content/uploads/einbruchschutz-1280-300x200-1.webp HTTP/2.0" 200 8292 "-" "Mozilla/5.0 (Macintosh; Intel Mac OS X 10_15_7; rv:132.0) Gecko/20100101 Firefox/132.0"
92.204.40.0 - - [10/Mar/2025:17:33:13 +0100] "GET /wp-content/uploads/micro-fiber-cloth-2716115-300x148.jpg.webp HTTP/2.0" 200 2966 "-" "Mozilla/5.0 (Macintosh; Intel Mac OS X 10_15_7; rv:132.0) Gecko/20100101 Firefox/132.0"
92.204.40.0 - - [10/Mar/2025:17:33:13 +0100] "GET /wp-content/uploads/wir-machen-das_bunt.svg HTTP/2.0" 200 12846 "-" "Mozilla/5.0 (Macintosh; Intel Mac OS X 10_15_7; rv:132.0) Gecko/20100101 Firefox/132.0"
92.204.40.0 - - [10/Mar/2025:17:33:14 +0100] "GET /definition-unterhaltsreinigung/ HTTP/2.0" 200 51571 "-" "Mozilla/5.0 (Macintosh; Intel Mac OS X 10_15_7; rv:132.0) Gecko/20100101 Firefox/132.0"
92.204.40.0 - - [10/Mar/2025:17:33:14 +0100] "GET /wp-content/uploads/2018/11/unterhaltsreinigung-mop-280.jpg HTTP/2.0" 404 2691 "-" "Mozilla/5.0 (Macintosh; Intel Mac OS X 10_15_7; rv:132.0) Gecko/20100101 Firefox/132.0"
92.204.40.0 - - [10/Mar/2025:17:33:14 +0100] "GET /wp-content/uploads/2018/11/unterhaltsreinigung-maschineneinsatz-150x150.jpg HTTP/2.0" 404 2725 "-" "Mozilla/5.0 (Macintosh; Intel Mac OS X 10_15_7; rv:132.0) Gecko/20100101 Firefox/132.0"
2a01:238:43f8:5f00:: - - [10/Mar/2025:17:33:16 +0100] "POST /wp-cron.php?doing_wp_cron=1741624396.8735220432281494140625 HTTP/1.1" 200 - "-" "KR2VIUv7z5gK"
92.204.40.0 - - [10/Mar/2025:17:33:16 +0100] "GET /einbruchschutz/ HTTP/2.0" 200 53706 "-" "Mozilla/5.0 (Macintosh; Intel Mac OS X 10_15_7; rv:132.0) Gecko/20100101 Firefox/132.0"
92.204.40.0 - - [10/Mar/2025:17:33:17 +0100] "GET /wp-content/uploads/kamera-sicherheitstechnik-ueberwachung_hochmast280x158.webp HTTP/2.0" 200 2252 "-" "Mozilla/5.0 (Macintosh; Intel Mac OS X 10_15_7; rv:132.0) Gecko/20100101 Firefox/132.0"
92.204.40.0 - - [10/Mar/2025:17:33:17 +0100] "GET /wp-content/uploads/panzerriegel-weiss280x158.webp HTTP/2.0" 200 3104 "-" "Mozilla/5.0 (Macintosh; Intel Mac OS X 10_15_7; rv:132.0) Gecko/20100101 Firefox/132.0"
92.204.40.0 - - [10/Mar/2025:17:33:17 +0100] "GET /wp-content/uploads/videoueberwachung-sicherheitstechnik_wand280x158.jpg.webp HTTP/2.0" 200 9330 "-" "Mozilla/5.0 (Macintosh; Intel Mac OS X 10_15_7; rv:132.0) Gecko/20100101 Firefox/132.0"
92.204.40.0 - - [10/Mar/2025:17:33:17 +0100] "GET /wp-content/uploads/haus-einbruchsicherung280x158.jpg.webp HTTP/2.0" 200 3528 "-" "Mozilla/5.0 (Macintosh; Intel Mac OS X 10_15_7; rv:132.0) Gecko/20100101 Firefox/132.0"
92.204.40.0 - - [10/Mar/2025:17:33:17 +0100] "GET /wp-content/uploads/mechanischer-einbruchschutz280x158.jpg.webp HTTP/2.0" 200 2884 "-" "Mozilla/5.0 (Macintosh; Intel Mac OS X 10_15_7; rv:132.0) Gecko/20100101 Firefox/132.0"
92.204.40.0 - - [10/Mar/2025:17:33:17 +0100] "GET /wp-content/uploads/sicherheitstechnik-haus-einbruchschutz280x158.jpg.webp HTTP/2.0" 200 7808 "-" "Mozilla/5.0 (Macintosh; Intel Mac OS X 10_15_7; rv:132.0) Gecko/20100101 Firefox/132.0"
92.204.40.0 - - [10/Mar/2025:17:33:17 +0100] "GET /wp-content/uploads/smart-home-sicherheitstechnik280x158.webp HTTP/2.0" 200 7786 "-" "Mozilla/5.0 (Macintosh; Intel Mac OS X 10_15_7; rv:132.0) Gecko/20100101 Firefox/132.0"
92.204.40.0 - - [10/Mar/2025:17:33:17 +0100] "GET /wp-content/uploads/kamera-sicherheitstechnik280x158.webp HTTP/2.0" 200 15130 "-" "Mozilla/5.0 (Macintosh; Intel Mac OS X 10_15_7; rv:132.0) Gecko/20100101 Firefox/132.0"
92.204.40.0 - - [10/Mar/2025:17:33:17 +0100] "GET /wp-content/uploads/einbruchschutz-600x158.jpg.webp HTTP/2.0" 200 28898 "-" "Mozilla/5.0 (Macintosh; Intel Mac OS X 10_15_7; rv:132.0) Gecko/20100101 Firefox/132.0"
92.204.40.0 - - [10/Mar/2025:17:33:17 +0100] "GET /wp-content/uploads/einbruchschutz-1280-300x200-1-1.webp HTTP/2.0" 200 8714 "-" "Mozilla/5.0 (Macintosh; Intel Mac OS X 10_15_7; rv:132.0) Gecko/20100101 Firefox/132.0"
92.204.40.0 - - [10/Mar/2025:17:33:19 +0100] "GET /hausmeisterservice/ HTTP/2.0" 200 51252 "-" "Mozilla/5.0 (Macintosh; Intel Mac OS X 10_15_7; rv:132.0) Gecko/20100101 Firefox/132.0"
92.204.40.0 - - [10/Mar/2025:17:33:19 +0100] "GET /wp-content/uploads/sweeping-3405224-300x200.jpg.webp HTTP/2.0" 200 5704 "-" "Mozilla/5.0 (Macintosh; Intel Mac OS X 10_15_7; rv:132.0) Gecko/20100101 Firefox/132.0"
92.204.40.0 - - [10/Mar/2025:17:33:19 +0100] "GET /wp-content/uploads/hausmeisterservice-facility-1140x300.jpg.webp HTTP/2.0" 200 58804 "-" "Mozilla/5.0 (Macintosh; Intel Mac OS X 10_15_7; rv:132.0) Gecko/20100101 Firefox/132.0"
92.204.40.0 - - [10/Mar/2025:17:33:21 +0100] "GET /kontaktformular/ HTTP/2.0" 200 54846 "-" "Mozilla/5.0 (Macintosh; Intel Mac OS X 10_15_7; rv:132.0) Gecko/20100101 Firefox/132.0"
92.204.40.0 - - [10/Mar/2025:17:33:22 +0100] "GET /wp-content/uploads/kontaktformularseite.webp HTTP/2.0" 200 9492 "-" "Mozilla/5.0 (Macintosh; Intel Mac OS X 10_15_7; rv:132.0) Gecko/20100101 Firefox/132.0"
92.204.40.0 - - [10/Mar/2025:17:33:23 +0100] "GET /malerarbeit/ HTTP/2.0" 200 51726 "-" "Mozilla/5.0 (Macintosh; Intel Mac OS X 10_15_7; rv:132.0) Gecko/20100101 Firefox/132.0"
92.204.40.0 - - [10/Mar/2025:17:33:24 +0100] "GET /wp-content/uploads/farbenauswahl-1140.jpg.webp HTTP/2.0" 200 30784 "-" "Mozilla/5.0 (Macintosh; Intel Mac OS X 10_15_7; rv:132.0) Gecko/20100101 Firefox/132.0"
92.204.40.0 - - [10/Mar/2025:17:33:24 +0100] "GET /wp-content/uploads/farbrolle.jpg.webp HTTP/2.0" 200 5826 "-" "Mozilla/5.0 (Macintosh; Intel Mac OS X 10_15_7; rv:132.0) Gecko/20100101 Firefox/132.0"
92.204.40.0 - - [10/Mar/2025:17:33:24 +0100] "GET /wp-content/uploads/print-1850481_1920-300x200.jpg.webp HTTP/2.0" 200 7662 "-" "Mozilla/5.0 (Macintosh; Intel Mac OS X 10_15_7; rv:132.0) Gecko/20100101 Firefox/132.0"
92.204.40.0 - - [10/Mar/2025:17:33:26 +0100] "GET /kontaktformular/allgemeine-geschaeftsbedingungen/ HTTP/2.0" 200 53008 "-" "Mozilla/5.0 (Macintosh; Intel Mac OS X 10_15_7; rv:132.0) Gecko/20100101 Firefox/132.0"
92.204.40.0 - - [10/Mar/2025:17:33:26 +0100] "GET /wp-content/uploads/allgemeine-geschaeftsbedingungen-768x201.jpg.webp HTTP/2.0" 200 10720 "-" "Mozilla/5.0 (Macintosh; Intel Mac OS X 10_15_7; rv:132.0) Gecko/20100101 Firefox/132.0"
5.181.3.0 - - [10/Mar/2025:17:33:27 +0100] "GET /reports/usage_202402.html HTTP/1.0" 200 91181 "https://seattlexlimo.com/chauffeur-service-in-seattle/" "Mozilla/5.0 (Windows NT 10.0; Win64; x64) AppleWebKit/537.36 (KHTML, like Gecko) Chrome/131.0.0.0 Safari/537.36"
92.204.40.0 - - [10/Mar/2025:17:33:28 +0100] "GET /objektwartung/ HTTP/2.0" 200 50643 "-" "Mozilla/5.0 (Macintosh; Intel Mac OS X 10_15_7; rv:132.0) Gecko/20100101 Firefox/132.0"
92.204.40.0 - - [10/Mar/2025:17:33:28 +0100] "GET /wp-content/uploads/objektwartung-wohnanlage1140.jpg.webp HTTP/2.0" 200 58416 "-" "Mozilla/5.0 (Macintosh; Intel Mac OS X 10_15_7; rv:132.0) Gecko/20100101 Firefox/132.0"
92.204.40.0 - - [10/Mar/2025:17:33:28 +0100] "GET /wp-content/uploads/wartung-elektrik.webp HTTP/2.0" 200 10510 "-" "Mozilla/5.0 (Macintosh; Intel Mac OS X 10_15_7; rv:132.0) Gecko/20100101 Firefox/132.0"
92.204.40.0 - - [10/Mar/2025:17:33:30 +0100] "GET /sicherheitstechnik/ HTTP/2.0" 200 52272 "-" "Mozilla/5.0 (Macintosh; Intel Mac OS X 10_15_7; rv:132.0) Gecko/20100101 Firefox/132.0"
92.204.40.0 - - [10/Mar/2025:17:33:30 +0100] "GET /wp-content/uploads/sicherheitstechnik-beobachtet.jpg.webp HTTP/2.0" 200 44816 "-" "Mozilla/5.0 (Macintosh; Intel Mac OS X 10_15_7; rv:132.0) Gecko/20100101 Firefox/132.0"
92.204.40.0 - - [10/Mar/2025:17:33:30 +0100] "GET /wp-content/uploads/videoueberwachung-sicherheitstechnik280x158.jpg.webp HTTP/2.0" 200 9846 "-" "Mozilla/5.0 (Macintosh; Intel Mac OS X 10_15_7; rv:132.0) Gecko/20100101 Firefox/132.0"
92.204.40.0 - - [10/Mar/2025:17:33:32 +0100] "GET /montage-vorgefertigter-elemente/ HTTP/2.0" 200 51429 "-" "Mozilla/5.0 (Macintosh; Intel Mac OS X 10_15_7; rv:132.0) Gecko/20100101 Firefox/132.0"
92.204.40.0 - - [10/Mar/2025:17:33:32 +0100] "GET /wp-content/uploads/Montagebau1140_neu.jpg.webp HTTP/2.0" 200 36634 "-" "Mozilla/5.0 (Macintosh; Intel Mac OS X 10_15_7; rv:132.0) Gecko/20100101 Firefox/132.0"
92.204.40.0 - - [10/Mar/2025:17:33:33 +0100] "GET /wp-content/uploads/building-Metallbau_1920.jpg.webp HTTP/2.0" 200 12072 "-" "Mozilla/5.0 (Macintosh; Intel Mac OS X 10_15_7; rv:132.0) Gecko/20100101 Firefox/132.0"
92.204.40.0 - - [10/Mar/2025:17:33:33 +0100] "GET /wp-content/uploads/aussichtplattform_1920.jpg.webp HTTP/2.0" 200 12194 "-" "Mozilla/5.0 (Macintosh; Intel Mac OS X 10_15_7; rv:132.0) Gecko/20100101 Firefox/132.0"
92.204.40.0 - - [10/Mar/2025:17:33:34 +0100] "GET /impressum/ HTTP/2.0" 200 51002 "-" "Mozilla/5.0 (Macintosh; Intel Mac OS X 10_15_7; rv:132.0) Gecko/20100101 Firefox/132.0"
92.204.40.0 - - [10/Mar/2025:17:33:35 +0100] "GET /wp-content/uploads/impressum-gebaeudetechnik-600x158.jpg.webp HTTP/2.0" 200 12864 "-" "Mozilla/5.0 (Macintosh; Intel Mac OS X 10_15_7; rv:132.0) Gecko/20100101 Firefox/132.0"
