17.241.219.0 - - [10/Mar/2025:06:26:24 +0100] "GET /robots.txt HTTP/1.1" 200 162 "-" "Mozilla/5.0 (Macintosh; Intel Mac OS X 10_15_7) AppleWebKit/605.1.15 (KHTML, like Gecko) Version/17.4 Safari/605.1.15 (Applebot/0.1; +http://www.apple.com/go/applebot)"
17.241.219.0 - - [10/Mar/2025:06:26:24 +0100] "GET /robots.txt HTTP/1.1" 200 162 "-" "Mozilla/5.0 (Macintosh; Intel Mac OS X 10_15_7) AppleWebKit/605.1.15 (KHTML, like Gecko) Version/17.4 Safari/605.1.15 (Applebot/0.1; +http://www.apple.com/go/applebot)"
17.241.219.0 - - [10/Mar/2025:06:26:25 +0100] "GET /robots.txt HTTP/1.1" 200 162 "-" "Mozilla/5.0 (Macintosh; Intel Mac OS X 10_15_7) AppleWebKit/605.1.15 (KHTML, like Gecko) Version/17.4 Safari/605.1.15 (Applebot/0.1; +http://www.apple.com/go/applebot)"
17.241.219.0 - - [10/Mar/2025:06:26:25 +0100] "GET /robots.txt HTTP/1.1" 200 162 "-" "Mozilla/5.0 (Macintosh; Intel Mac OS X 10_15_7) AppleWebKit/605.1.15 (KHTML, like Gecko) Version/17.4 Safari/605.1.15 (Applebot/0.1; +http://www.apple.com/go/applebot)"
17.241.219.0 - - [10/Mar/2025:06:26:26 +0100] "GET /robots.txt HTTP/1.1" 200 162 "-" "Mozilla/5.0 (Macintosh; Intel Mac OS X 10_15_7) AppleWebKit/605.1.15 (KHTML, like Gecko) Version/17.4 Safari/605.1.15 (Applebot/0.1; +http://www.apple.com/go/applebot)"
17.241.219.0 - - [10/Mar/2025:06:26:26 +0100] "GET /robots.txt HTTP/1.1" 200 162 "-" "Mozilla/5.0 (Macintosh; Intel Mac OS X 10_15_7) AppleWebKit/605.1.15 (KHTML, like Gecko) Version/17.4 Safari/605.1.15 (Applebot/0.1; +http://www.apple.com/go/applebot)"
17.241.219.0 - - [10/Mar/2025:06:26:27 +0100] "GET /robots.txt HTTP/1.1" 200 162 "-" "Mozilla/5.0 (Macintosh; Intel Mac OS X 10_15_7) AppleWebKit/605.1.15 (KHTML, like Gecko) Version/17.4 Safari/605.1.15 (Applebot/0.1; +http://www.apple.com/go/applebot)"
17.241.227.0 - - [10/Mar/2025:06:26:29 +0100] "GET /robots.txt HTTP/1.1" 301 250 "-" "Mozilla/5.0 (Macintosh; Intel Mac OS X 10_15_7) AppleWebKit/605.1.15 (KHTML, like Gecko) Version/17.4 Safari/605.1.15 (Applebot/0.1; +http://www.apple.com/go/applebot)"
17.241.227.0 - - [10/Mar/2025:06:26:29 +0100] "GET / HTTP/1.1" 301 240 "-" "Mozilla/5.0 (Macintosh; Intel Mac OS X 10_15_7) AppleWebKit/605.1.15 (KHTML, like Gecko) Version/17.4 Safari/605.1.15 (Applebot/0.1; +http://www.apple.com/go/applebot)"
74.80.208.0 - - [10/Mar/2025:06:27:03 +0100] "GET /brandschutz/dienstleistungen/favicon/favicon-120.png HTTP/2.0" 200 48509 "-" "Mozilla/5.0 (compatible; ImagesiftBot; +imagesift.com)"
2a01:238:43f8:5f00:: - - [10/Mar/2025:06:27:57 +0100] "POST /wp-cron.php?doing_wp_cron=1741584477.4920959472656250000000 HTTP/1.1" 200 - "-" "wJlgvV5GUgqp"
74.80.208.0 - - [10/Mar/2025:06:27:57 +0100] "GET /category/allgemein/favicon/favicon-180.png HTTP/2.0" 200 48509 "-" "Mozilla/5.0 (compatible; ImagesiftBot; +imagesift.com)"
185.228.132.0 - - [10/Mar/2025:06:28:25 +0100] "GET /reports/usage_202402.html HTTP/1.0" 200 91181 "https://seattle-towncar.com/schedule-car-service-to-seatac-airport/" "Mozilla/5.0 (Windows NT 10.0; Win64; x64) AppleWebKit/537.36 (KHTML, like Gecko) Chrome/130.0.0.0 Safari/537.36"
2001:4860:7:210:: - - [10/Mar/2025:06:28:43 +0100] "GET /definition-unterhaltsreinigung/ HTTP/2.0" 200 51596 "https://www.google.com/" "Mozilla/5.0 (Windows NT 10.0; Win64; x64) AppleWebKit/537.36 (KHTML, like Gecko) Chrome/133.0.0.0 Safari/537.36"
2a01:238:43f8:5f00:: - - [10/Mar/2025:06:28:43 +0100] "POST /wp-cron.php?doing_wp_cron=1741584523.1900379657745361328125 HTTP/1.1" 200 - "-" "3eGC4UjUbhAf"
66.249.81.0 - - [10/Mar/2025:06:28:43 +0100] "GET /.well-known/traffic-advice HTTP/1.1" 200 48509 "-" "Chrome Privacy Preserving Prefetch Proxy"
74.80.208.0 - - [10/Mar/2025:06:29:09 +0100] "GET /wassermelder/favicon/favicon-144.png HTTP/2.0" 200 48509 "-" "Mozilla/5.0 (compatible; ImagesiftBot; +imagesift.com)"
167.86.68.0 - - [10/Mar/2025:06:30:25 +0100] "GET /ajax/xl2024.php HTTP/1.1" 301 255 "www.google.com" "Mozlila/5.0 (Linux; Android 7.0; SM-G892A Bulid/NRD90M; wv) AppleWebKit/537.36 (KHTML, like Gecko) Version/4.0 Chrome/60.0.3112.107 Moblie Safari/537.36"
2a01:238:43f8:5f00:: - - [10/Mar/2025:06:30:25 +0100] "POST /wp-cron.php?doing_wp_cron=1741584625.3327391147613525390625 HTTP/1.1" 200 - "-" "8iZU7BNJnKCl"
167.86.68.0 - - [10/Mar/2025:06:30:25 +0100] "GET /ajax/xl2024.php HTTP/1.1" 200 48509 "www.google.com" "Mozlila/5.0 (Linux; Android 7.0; SM-G892A Bulid/NRD90M; wv) AppleWebKit/537.36 (KHTML, like Gecko) Version/4.0 Chrome/60.0.3112.107 Moblie Safari/537.36"
167.86.68.0 - - [10/Mar/2025:06:30:25 +0100] "GET /assets/images/xl2024.php HTTP/1.1" 200 48509 "www.google.com" "Mozlila/5.0 (Linux; Android 7.0; SM-G892A Bulid/NRD90M; wv) AppleWebKit/537.36 (KHTML, like Gecko) Version/4.0 Chrome/60.0.3112.107 Moblie Safari/537.36"
167.86.68.0 - - [10/Mar/2025:06:30:26 +0100] "GET /ajax/xl2024.php HTTP/1.1" 301 255 "www.google.com" "Mozlila/5.0 (Linux; Android 7.0; SM-G892A Bulid/NRD90M; wv) AppleWebKit/537.36 (KHTML, like Gecko) Version/4.0 Chrome/60.0.3112.107 Moblie Safari/537.36"
167.86.68.0 - - [10/Mar/2025:06:30:26 +0100] "GET /ajax/xl2024.php HTTP/1.1" 200 48509 "www.google.com" "Mozlila/5.0 (Linux; Android 7.0; SM-G892A Bulid/NRD90M; wv) AppleWebKit/537.36 (KHTML, like Gecko) Version/4.0 Chrome/60.0.3112.107 Moblie Safari/537.36"
167.86.68.0 - - [10/Mar/2025:06:30:26 +0100] "GET /siteheads.php HTTP/1.1" 200 48509 "www.google.com" "Mozlila/5.0 (Linux; Android 7.0; SM-G892A Bulid/NRD90M; wv) AppleWebKit/537.36 (KHTML, like Gecko) Version/4.0 Chrome/60.0.3112.107 Moblie Safari/537.36"
167.86.68.0 - - [10/Mar/2025:06:30:27 +0100] "GET /bitrix/admin/htmleditor2/aipkey.php?test=hello HTTP/1.1" 200 48509 "www.google.com" "Mozlila/5.0 (Linux; Android 7.0; SM-G892A Bulid/NRD90M; wv) AppleWebKit/537.36 (KHTML, like Gecko) Version/4.0 Chrome/60.0.3112.107 Moblie Safari/537.36"
167.86.68.0 - - [10/Mar/2025:06:30:27 +0100] "GET /ajax/siteheads.php HTTP/1.1" 301 258 "www.google.com" "Mozlila/5.0 (Linux; Android 7.0; SM-G892A Bulid/NRD90M; wv) AppleWebKit/537.36 (KHTML, like Gecko) Version/4.0 Chrome/60.0.3112.107 Moblie Safari/537.36"
167.86.68.0 - - [10/Mar/2025:06:30:28 +0100] "GET /ajax/siteheads.php HTTP/1.1" 200 48509 "www.google.com" "Mozlila/5.0 (Linux; Android 7.0; SM-G892A Bulid/NRD90M; wv) AppleWebKit/537.36 (KHTML, like Gecko) Version/4.0 Chrome/60.0.3112.107 Moblie Safari/537.36"
167.86.68.0 - - [10/Mar/2025:06:30:28 +0100] "GET /assets/images/siteheads.php HTTP/1.1" 200 48509 "www.google.com" "Mozlila/5.0 (Linux; Android 7.0; SM-G892A Bulid/NRD90M; wv) AppleWebKit/537.36 (KHTML, like Gecko) Version/4.0 Chrome/60.0.3112.107 Moblie Safari/537.36"
167.86.68.0 - - [10/Mar/2025:06:30:28 +0100] "GET /wp.php HTTP/1.1" 200 48509 "www.google.com" "Mozlila/5.0 (Linux; Android 7.0; SM-G892A Bulid/NRD90M; wv) AppleWebKit/537.36 (KHTML, like Gecko) Version/4.0 Chrome/60.0.3112.107 Moblie Safari/537.36"
74.80.208.0 - - [10/Mar/2025:06:30:34 +0100] "GET /objektwartung/favicon/favicon-180.png HTTP/2.0" 200 48509 "-" "Mozilla/5.0 (compatible; ImagesiftBot; +imagesift.com)"
74.80.208.0 - - [10/Mar/2025:06:30:37 +0100] "GET /danke-fuer-ihre-eintragung/favicon/favicon-57.png HTTP/2.0" 200 48509 "-" "Mozilla/5.0 (compatible; ImagesiftBot; +imagesift.com)"
2a01:4f8:222:e53:: - - [10/Mar/2025:06:31:06 +0100] "POST /xmlrpc.php HTTP/1.1" 403 2604 "http://gebaeudetechnik.nrw" "Mozilla/5.0 (Macintosh; Intel Mac OS X 14.5) AppleWebKit/618.3.5 (KHTML, like Gecko) Version/17.4 Safari/618.3.5"
2a01:238:43f8:5f00:: - - [10/Mar/2025:06:31:40 +0100] "POST /wp-cron.php?doing_wp_cron=1741584700.7671229839324951171875 HTTP/1.1" 200 - "-" "z1LKHXLhUaGq"
74.80.208.0 - - [10/Mar/2025:06:31:40 +0100] "GET /category/allgemein/favicon/favicon-72.png HTTP/2.0" 200 48509 "-" "Mozilla/5.0 (compatible; ImagesiftBot; +imagesift.com)"
142.132.248.0 - - [10/Mar/2025:06:31:41 +0100] "GET / HTTP/1.1" 301 229 "-" "Mozilla/5.0 (Windows NT 10.0; Win64; x64) AppleWebKit/537.36 (KHTML, like Gecko) Chrome/131.0.0.0 Safari/537.36"
142.132.248.0 - - [10/Mar/2025:06:31:41 +0100] "GET / HTTP/1.1" 200 55581 "http://gdb-bonn.com/" "Mozilla/5.0 (Windows NT 10.0; Win64; x64) AppleWebKit/537.36 (KHTML, like Gecko) Chrome/131.0.0.0 Safari/537.36"
72.49.49.0 - - [10/Mar/2025:06:31:42 +0100] "GET /reports/usage_202403.html HTTP/1.0" 200 92683 "https://xn--kr-lbb.com" "Mozilla/5.0 (Windows NT 10.0; Win64; x64) AppleWebKit/537.36 (KHTML, like Gecko) Chrome/131.0.0.0 Safari/537.36"
204.188.228.0 - - [10/Mar/2025:06:31:48 +0100] "GET /.env HTTP/1.1" 404 2543 "-" "Mozilla/5.0 Keydrop"
204.188.228.0 - - [10/Mar/2025:06:31:49 +0100] "GET / HTTP/1.0" 400 362 "-" "-"
54.36.149.0 - - [10/Mar/2025:06:32:46 +0100] "GET /contao/vendor/composer/autoload_namespaces.php HTTP/2.0" 200 - "-" "Mozilla/5.0 (compatible; AhrefsBot/7.0; +http://ahrefs.com/robot/)"
184.178.172.0 - - [10/Mar/2025:06:33:15 +0100] "GET /reports/usage_202403.html HTTP/1.0" 200 92683 "https://xn--krken15-bn4c.com" "Mozilla/5.0 (Windows NT 10.0; Win64; x64) AppleWebKit/537.36 (KHTML, like Gecko) Chrome/131.0.0.0 Safari/537.36 Avast/131.0.0.0"
89.200.205.0 - - [10/Mar/2025:06:35:58 +0100] "GET /robots.txt HTTP/1.1" 301 243 "-" "Mozilla/5.0 (compatible; OpenindexSpider; +https://www.openindex.io/saas/about-our-spider/)"
89.200.205.0 - - [10/Mar/2025:06:35:58 +0100] "GET /robots.txt HTTP/1.1" 200 162 "-" "Mozilla/5.0 (compatible; OpenindexSpider; +https://www.openindex.io/saas/about-our-spider/)"
89.200.205.0 - - [10/Mar/2025:06:35:58 +0100] "GET / HTTP/1.1" 301 233 "-" "Mozilla/5.0 (compatible; OpenindexSpider; +https://www.openindex.io/saas/about-our-spider/)"
2a01:238:43f8:5f00:: - - [10/Mar/2025:06:36:04 +0100] "POST /wp-cron.php?doing_wp_cron=1741584963.9673728942871093750000 HTTP/1.1" 200 - "-" "Fkbq47GtuxXv"
74.80.208.0 - - [10/Mar/2025:06:36:03 +0100] "GET /prjekte/einbruchschutz/favicon/favicon-114.png HTTP/2.0" 200 48509 "-" "Mozilla/5.0 (compatible; ImagesiftBot; +imagesift.com)"
2a01:238:43f8:5f00:: - - [10/Mar/2025:06:36:14 +0100] "POST /wp-cron.php?doing_wp_cron=1741584974.0310859680175781250000 HTTP/1.1" 200 - "-" "BEaEatp33cJT"
74.80.208.0 - - [10/Mar/2025:06:36:13 +0100] "GET /impressum/favicon/favicon-57.png HTTP/2.0" 200 48509 "-" "Mozilla/5.0 (compatible; ImagesiftBot; +imagesift.com)"
164.90.171.0 - - [10/Mar/2025:06:37:36 +0100] "POST /xmlrpc.php HTTP/1.1" 403 2407 "-" "Mozilla/5.0 (X11; Fedora; Linux x86_64; rv:94.0) Gecko/20100101 Firefox/95.0"
2a01:238:43f8:5f00:: - - [10/Mar/2025:06:38:29 +0100] "POST /wp-cron.php?doing_wp_cron=1741585108.9772078990936279296875 HTTP/1.1" 200 - "-" "pRwmikF0oEkQ"
74.80.208.0 - - [10/Mar/2025:06:38:28 +0100] "GET /einbruchschutz/favicon/favicon-180.png HTTP/2.0" 200 48509 "-" "Mozilla/5.0 (compatible; ImagesiftBot; +imagesift.com)"
74.80.208.0 - - [10/Mar/2025:06:38:38 +0100] "GET /unterhaltsreinigung/favicon/favicon-144.png HTTP/2.0" 200 48509 "-" "Mozilla/5.0 (compatible; ImagesiftBot; +imagesift.com)"
74.80.208.0 - - [10/Mar/2025:06:38:56 +0100] "GET /prjekte/einbruchschutz/favicon/favicon-152.png HTTP/2.0" 200 48509 "-" "Mozilla/5.0 (compatible; ImagesiftBot; +imagesift.com)"
154.81.156.0 - - [10/Mar/2025:06:39:07 +0100] "GET / HTTP/1.1" 200 728 "-" "Mozilla/5.0 (Windows NT 10.0; Win64; x64) AppleWebKit/537.36 (KHTML, like Gecko) Chrome/90.0.4430.85 Safari/537.36 Edg/90.0.818.46"
196.251.85.0 - - [10/Mar/2025:06:39:16 +0100] "GET /login.rsp HTTP/1.1" 404 2549 "-" "Hello World"
51.8.102.0 - - [10/Mar/2025:06:39:42 +0100] "GET /robots.txt HTTP/2.0" 200 162 "-" "Mozilla/5.0 (Macintosh; Intel Mac OS X 10_15_7) AppleWebKit/537.36 (KHTML, like Gecko) Chrome/131.0.0.0 Safari/537.36; compatible; OAI-SearchBot/1.0; +https://openai.com/searchbot"
2a01:238:43f8:5f00:: - - [10/Mar/2025:06:39:53 +0100] "POST /wp-cron.php?doing_wp_cron=1741585193.8479340076446533203125 HTTP/1.1" 200 - "-" "KKAypD5e1pgT"
74.80.208.0 - - [10/Mar/2025:06:39:53 +0100] "GET /trockenbauarbeiten/favicon/favicon-60.png HTTP/2.0" 200 48509 "-" "Mozilla/5.0 (compatible; ImagesiftBot; +imagesift.com)"
72.195.34.0 - - [10/Mar/2025:06:41:30 +0100] "GET /reports/usage_202403.html HTTP/1.0" 200 92683 "https://xn--kr-ela.com" "Mozilla/5.0 (Windows NT 10.0; Win64; x64) AppleWebKit/537.36 (KHTML, like Gecko) Chrome/130.0.0.0 Safari/537.36"
204.76.203.0 - - [10/Mar/2025:06:44:17 +0100] "GET / HTTP/1.1" 200 728 "-" "Mozilla/5.0 (Windows NT 10.0; Win64; x64) AppleWebKit/537.36 (KHTML, like Gecko) Chrome/90.0.4430.85 Safari/537.36 Edg/90.0.818.46"
185.242.226.0 - - [10/Mar/2025:06:44:41 +0100] "GET / HTTP/1.1" 200 728 "-" "Mozilla/5.0 (Windows NT 10.0; Win64; x64) AppleWebKit/537.36 (KHTML, like Gecko) Chrome/88.0.4324.190 Safari/537.36"
172.86.70.0 - - [10/Mar/2025:06:45:54 +0100] "POST /API/convertCSVtoParquet.php HTTP/1.1" 404 2589 "-" "Mozilla/5.0 (Windows NT 10.0; rv:125.0) Gecko/20100101 Firefox/125.0"
2a01:238:43f8:5f00:: - - [10/Mar/2025:06:46:21 +0100] "POST /wp-cron.php?doing_wp_cron=1741585581.2744019031524658203125 HTTP/1.1" 200 - "-" "1Drb6dZnv0U5"
74.80.208.0 - - [10/Mar/2025:06:46:21 +0100] "GET /co2-warnmelder/favicon/favicon-57.png HTTP/2.0" 200 48509 "-" "Mozilla/5.0 (compatible; ImagesiftBot; +imagesift.com)"
2a01:238:43f8:5f00:: - - [10/Mar/2025:06:47:43 +0100] "POST /wp-cron.php?doing_wp_cron=1741585663.9068269729614257812500 HTTP/1.1" 200 - "-" "cMHEmVxrSXFi"
74.80.208.0 - - [10/Mar/2025:06:47:43 +0100] "GET /busiprof_team/the-boss/favicon/favicon-76.png HTTP/2.0" 200 48509 "-" "Mozilla/5.0 (compatible; ImagesiftBot; +imagesift.com)"
2a01:238:43f8:5f00:: - - [10/Mar/2025:06:48:33 +0100] "POST /wp-cron.php?doing_wp_cron=1741585713.8974881172180175781250 HTTP/1.1" 200 - "-" "Y2krBqsomRMX"
74.80.208.0 - - [10/Mar/2025:06:48:33 +0100] "GET /austragen/favicon/favicon-152.png HTTP/2.0" 200 48509 "-" "Mozilla/5.0 (compatible; ImagesiftBot; +imagesift.com)"
208.65.90.0 - - [10/Mar/2025:06:49:48 +0100] "GET /reports/usage_202403.html HTTP/1.0" 200 92683 "https://xn--kr2-onb.com" "Mozilla/5.0 (Windows NT 10.0; Win64; x64) AppleWebKit/537.36 (KHTML, like Gecko) Chrome/131.0.0.0 Safari/537.36"
184.178.172.0 - - [10/Mar/2025:06:50:21 +0100] "GET /reports/usage_202403.html HTTP/1.0" 200 92683 "https://xn--ra-ypa.com" "Mozilla/5.0 (Windows NT 10.0; Win64; x64) AppleWebKit/537.36 (KHTML, like Gecko) Chrome/129.0.0.0 Safari/537.36"
2a01:238:43f8:5f00:: - - [10/Mar/2025:06:50:26 +0100] "POST /wp-cron.php?doing_wp_cron=1741585826.8211250305175781250000 HTTP/1.1" 200 - "-" "5bF6RgVfqE55"
2602:fb54:63f:: - - [10/Mar/2025:06:50:26 +0100] "HEAD / HTTP/1.1" 200 - "https://gdb-bonn.com/" "Mozilla/5.0 (Windows NT 10.0; Win64; x64) AppleWebKit/537.36 (KHTML, like Gecko) Chrome/91.0.4472.124 Safari/537.36"
2602:fb54:63f:: - - [10/Mar/2025:06:50:28 +0100] "HEAD / HTTP/1.1" 301 - "https://gdb-bonn.com/" "Mozilla/5.0 (Windows NT 10.0; Win64; x64) AppleWebKit/537.36 (KHTML, like Gecko) Chrome/91.0.4472.124 Safari/537.36"
2602:fb54:63f:: - - [10/Mar/2025:06:50:29 +0100] "HEAD / HTTP/1.1" 200 - "https://gdb-bonn.com/" "Mozilla/5.0 (Windows NT 10.0; Win64; x64) AppleWebKit/537.36 (KHTML, like Gecko) Chrome/91.0.4472.124 Safari/537.36"
2602:fb54:63f:: - - [10/Mar/2025:06:50:30 +0100] "GET /adminfuns.php HTTP/1.1" 200 48524 "https://www.google.com/" "Mozilla/5.0 (Windows NT 10.0; Win64; x64) AppleWebKit/537.36 (KHTML, like Gecko) Chrome/91.0.4472.124 Safari/537.36"
2602:fb54:63f:: - - [10/Mar/2025:06:50:32 +0100] "GET /tempfuns.php HTTP/1.1" 200 48524 "https://www.google.com/" "Mozilla/5.0 (Windows NT 10.0; Win64; x64) AppleWebKit/537.36 (KHTML, like Gecko) Chrome/91.0.4472.124 Safari/537.36"
2602:fb54:63f:: - - [10/Mar/2025:06:50:33 +0100] "GET /thoms.php HTTP/1.1" 200 48524 "https://www.google.com/" "Mozilla/5.0 (Windows NT 10.0; Win64; x64) AppleWebKit/537.36 (KHTML, like Gecko) Chrome/91.0.4472.124 Safari/537.36"
2602:fb54:63f:: - - [10/Mar/2025:06:50:35 +0100] "GET /classfuns.php HTTP/1.1" 200 48524 "https://www.google.com/" "Mozilla/5.0 (Windows NT 10.0; Win64; x64) AppleWebKit/537.36 (KHTML, like Gecko) Chrome/91.0.4472.124 Safari/537.36"
72.49.49.0 - - [10/Mar/2025:06:50:42 +0100] "GET /reports/usage_202403.html HTTP/1.0" 200 92683 "https://xn--kr11-rzb.com" "Mozilla/5.0 (Windows NT 10.0; Win64; x64) AppleWebKit/537.36 (KHTML, like Gecko) Chrome/131.0.0.0 Safari/537.36 Avast/131.0.0.0"
2a01:238:43f8:5f00:: - - [10/Mar/2025:06:50:56 +0100] "POST /wp-cron.php?doing_wp_cron=1741585856.8400599956512451171875 HTTP/1.1" 200 - "-" "m1YOfr3GSJ88"
2602:fb54:63f:: - - [10/Mar/2025:06:50:56 +0100] "GET /classfuns.php HTTP/1.1" 200 48524 "https://www.google.com/" "Mozilla/5.0 (Windows NT 10.0; Win64; x64) AppleWebKit/537.36 (KHTML, like Gecko) Chrome/91.0.4472.124 Safari/537.36"
2602:fb54:63f:: - - [10/Mar/2025:06:50:58 +0100] "GET /userfuns.php HTTP/1.1" 200 48524 "https://www.google.com/" "Mozilla/5.0 (Windows NT 10.0; Win64; x64) AppleWebKit/537.36 (KHTML, like Gecko) Chrome/91.0.4472.124 Safari/537.36"
2602:fb54:63f:: - - [10/Mar/2025:06:51:08 +0100] "GET /termps.php HTTP/1.1" 200 48524 "https://www.google.com/" "Mozilla/5.0 (Windows NT 10.0; Win64; x64) AppleWebKit/537.36 (KHTML, like Gecko) Chrome/91.0.4472.124 Safari/537.36"
2a01:238:43f8:5f00:: - - [10/Mar/2025:06:51:49 +0100] "POST /wp-cron.php?doing_wp_cron=1741585909.6737360954284667968750 HTTP/1.1" 200 - "-" "zZqMriVpU0hU"
2602:fb54:63f:: - - [10/Mar/2025:06:51:49 +0100] "GET /inputs.php HTTP/1.1" 200 48524 "https://www.google.com/" "Mozilla/5.0 (Windows NT 10.0; Win64; x64) AppleWebKit/537.36 (KHTML, like Gecko) Chrome/91.0.4472.124 Safari/537.36"
2602:fb54:63f:: - - [10/Mar/2025:06:51:51 +0100] "GET /connects.php HTTP/1.1" 200 48524 "https://www.google.com/" "Mozilla/5.0 (Windows NT 10.0; Win64; x64) AppleWebKit/537.36 (KHTML, like Gecko) Chrome/91.0.4472.124 Safari/537.36"
2602:fb54:63f:: - - [10/Mar/2025:06:51:52 +0100] "GET /hplfuns.php HTTP/1.1" 200 48524 "https://www.google.com/" "Mozilla/5.0 (Windows NT 10.0; Win64; x64) AppleWebKit/537.36 (KHTML, like Gecko) Chrome/91.0.4472.124 Safari/537.36"
74.80.208.0 - - [10/Mar/2025:06:52:04 +0100] "GET /definition-unterhaltsreinigung/favicon/favicon-152.png HTTP/2.0" 200 48509 "-" "Mozilla/5.0 (compatible; ImagesiftBot; +imagesift.com)"
2602:fb54:63f:: - - [10/Mar/2025:06:52:06 +0100] "GET /filefuns.php HTTP/1.1" 200 48524 "https://www.google.com/" "Mozilla/5.0 (Windows NT 10.0; Win64; x64) AppleWebKit/537.36 (KHTML, like Gecko) Chrome/91.0.4472.124 Safari/537.36"
2602:fb54:63f:: - - [10/Mar/2025:06:52:11 +0100] "GET /wp-content/termps.php HTTP/1.1" 200 48524 "https://www.google.com/" "Mozilla/5.0 (Windows NT 10.0; Win64; x64) AppleWebKit/537.36 (KHTML, like Gecko) Chrome/91.0.4472.124 Safari/537.36"
2a01:238:43f8:5f00:: - - [10/Mar/2025:06:52:13 +0100] "POST /wp-cron.php?doing_wp_cron=1741585933.2533559799194335937500 HTTP/1.1" 200 - "-" "01moz9baGfEK"
2602:fb54:63f:: - - [10/Mar/2025:06:52:13 +0100] "GET /wp-admin/termps.php HTTP/1.1" 200 48524 "https://www.google.com/" "Mozilla/5.0 (Windows NT 10.0; Win64; x64) AppleWebKit/537.36 (KHTML, like Gecko) Chrome/91.0.4472.124 Safari/537.36"
74.80.208.0 - - [10/Mar/2025:06:52:13 +0100] "GET /trockenbauarbeiten/favicon/favicon-144.png HTTP/2.0" 200 48509 "-" "Mozilla/5.0 (compatible; ImagesiftBot; +imagesift.com)"
2602:fb54:63f:: - - [10/Mar/2025:06:52:34 +0100] "GET /wp-includes/termps.php HTTP/1.1" 403 2586 "https://www.google.com/" "Mozilla/5.0 (Windows NT 10.0; Win64; x64) AppleWebKit/537.36 (KHTML, like Gecko) Chrome/91.0.4472.124 Safari/537.36"
2a01:238:43f8:5f00:: - - [10/Mar/2025:06:54:08 +0100] "POST /wp-cron.php?doing_wp_cron=1741586048.1172130107879638671875 HTTP/1.1" 200 - "-" "H1g9Wo55zRfv"
74.80.208.0 - - [10/Mar/2025:06:54:08 +0100] "GET /trockenbauarbeiten/favicon/favicon-120.png HTTP/2.0" 200 48509 "-" "Mozilla/5.0 (compatible; ImagesiftBot; +imagesift.com)"
2a01:238:43f8:5f00:: - - [10/Mar/2025:06:56:09 +0100] "POST /wp-cron.php?doing_wp_cron=1741586169.4700510501861572265625 HTTP/1.1" 200 - "-" "NWJysJzeLiEn"
74.80.208.0 - - [10/Mar/2025:06:56:09 +0100] "GET /brandschutz/dienstleistungen/favicon/favicon-76.png HTTP/2.0" 200 48509 "-" "Mozilla/5.0 (compatible; ImagesiftBot; +imagesift.com)"
2a01:238:43f8:5f00:: - - [10/Mar/2025:06:56:20 +0100] "POST /wp-cron.php?doing_wp_cron=1741586180.6358630657196044921875 HTTP/1.1" 200 - "-" "GCZ3HoZaQ1Td"
74.80.208.0 - - [10/Mar/2025:06:56:20 +0100] "GET /prjekte/brandschutz/favicon/favicon-120.png HTTP/2.0" 200 48509 "-" "Mozilla/5.0 (compatible; ImagesiftBot; +imagesift.com)"
74.80.208.0 - - [10/Mar/2025:06:57:05 +0100] "GET /bodenverlegung/favicon/favicon-152.png HTTP/2.0" 200 48509 "-" "Mozilla/5.0 (compatible; ImagesiftBot; +imagesift.com)"
2a01:238:43f8:5f00:: - - [10/Mar/2025:06:57:28 +0100] "POST /wp-cron.php?doing_wp_cron=1741586248.0576360225677490234375 HTTP/1.1" 200 - "-" "TMw41aMVpUkn"
74.80.208.0 - - [10/Mar/2025:06:57:27 +0100] "GET /austragen/favicon/favicon-180.png HTTP/2.0" 200 48509 "-" "Mozilla/5.0 (compatible; ImagesiftBot; +imagesift.com)"
78.153.140.0 - - [10/Mar/2025:06:57:44 +0100] "\x16\x03\x01" 400 226 "-" "-"
78.153.140.0 - - [10/Mar/2025:06:57:44 +0100] "GET /.env HTTP/1.1" 404 2539 "-" "Mozilla/5.0 (Linux; U; Android 4.2.2; en-ca; SM-T110 Build/JDQ39) AppleWebKit/534.30 (KHTML, like Gecko) Version/4.0 Safari/534.30"
188.34.157.0 - - [10/Mar/2025:06:57:46 +0100] "GET / HTTP/2.0" 200 55579 "-" "page-preview-tool Mozilla/5.0 (Windows NT 10.0; Win64; x64) AppleWebKit/537.36 (KHTML, like Gecko) Chrome/80.0.3987.132 Safari/537.36"
169.150.247.0 - - [10/Mar/2025:06:57:47 +0100] "GET /wp-content/plugins/easy-social-icons/css/font-awesome/css/v4-shims.min.css HTTP/1.1" 301 310 "https://gdb-bonn.com/" "page-preview-tool Mozilla/5.0 (Windows NT 10.0; Win64; x64) AppleWebKit/537.36 (KHTML, like Gecko) Chrome/80.0.3987.132 Safari/537.36"
169.150.247.0 - - [10/Mar/2025:06:57:47 +0100] "GET /wp-includes/css/dist/block-library/style.min.css HTTP/1.1" 301 284 "https://gdb-bonn.com/" "page-preview-tool Mozilla/5.0 (Windows NT 10.0; Win64; x64) AppleWebKit/537.36 (KHTML, like Gecko) Chrome/80.0.3987.132 Safari/537.36"
169.150.247.0 - - [10/Mar/2025:06:57:47 +0100] "GET /wp-content/themes/busiprof-pro/print.css HTTP/1.1" 404 2808 "https://gdb-bonn.com/" "page-preview-tool Mozilla/5.0 (Windows NT 10.0; Win64; x64) AppleWebKit/537.36 (KHTML, like Gecko) Chrome/80.0.3987.132 Safari/537.36"
169.150.247.0 - - [10/Mar/2025:06:57:47 +0100] "GET /wp-includes/js/jquery/jquery.min.js HTTP/1.1" 301 271 "https://gdb-bonn.com/" "page-preview-tool Mozilla/5.0 (Windows NT 10.0; Win64; x64) AppleWebKit/537.36 (KHTML, like Gecko) Chrome/80.0.3987.132 Safari/537.36"
169.150.247.0 - - [10/Mar/2025:06:57:47 +0100] "GET /wp-includes/js/jquery/jquery-migrate.min.js HTTP/1.1" 301 279 "https://gdb-bonn.com/" "page-preview-tool Mozilla/5.0 (Windows NT 10.0; Win64; x64) AppleWebKit/537.36 (KHTML, like Gecko) Chrome/80.0.3987.132 Safari/537.36"
169.150.247.0 - - [10/Mar/2025:06:57:47 +0100] "GET /wp-includes/js/jquery/ui/core.min.js HTTP/1.1" 301 272 "https://gdb-bonn.com/" "page-preview-tool Mozilla/5.0 (Windows NT 10.0; Win64; x64) AppleWebKit/537.36 (KHTML, like Gecko) Chrome/80.0.3987.132 Safari/537.36"
169.150.247.0 - - [10/Mar/2025:06:57:47 +0100] "GET /wp-includes/js/jquery/ui/mouse.min.js HTTP/1.1" 301 273 "https://gdb-bonn.com/" "page-preview-tool Mozilla/5.0 (Windows NT 10.0; Win64; x64) AppleWebKit/537.36 (KHTML, like Gecko) Chrome/80.0.3987.132 Safari/537.36"
169.150.247.0 - - [10/Mar/2025:06:57:47 +0100] "GET /wp-includes/js/jquery/ui/sortable.min.js HTTP/1.1" 301 276 "https://gdb-bonn.com/" "page-preview-tool Mozilla/5.0 (Windows NT 10.0; Win64; x64) AppleWebKit/537.36 (KHTML, like Gecko) Chrome/80.0.3987.132 Safari/537.36"
169.150.247.0 - - [10/Mar/2025:06:57:47 +0100] "GET /wp-content/cache/autoptimize/autoptimize_single_d780cf740f6d55dc8e0182ae7dbaa51c.php HTTP/1.1" 301 320 "https://gdb-bonn.com/" "page-preview-tool Mozilla/5.0 (Windows NT 10.0; Win64; x64) AppleWebKit/537.36 (KHTML, like Gecko) Chrome/80.0.3987.132 Safari/537.36"
169.150.247.0 - - [10/Mar/2025:06:57:47 +0100] "GET /wp-content/cache/autoptimize/autoptimize_single_617d3d8b8b517ddacc312957902814dd.php HTTP/1.1" 301 320 "https://gdb-bonn.com/" "page-preview-tool Mozilla/5.0 (Windows NT 10.0; Win64; x64) AppleWebKit/537.36 (KHTML, like Gecko) Chrome/80.0.3987.132 Safari/537.36"
169.150.247.0 - - [10/Mar/2025:06:57:47 +0100] "GET /wp-content/cache/autoptimize/autoptimize_single_ce13632a2a809cc3c876650223b774a0.php HTTP/1.1" 301 320 "https://gdb-bonn.com/" "page-preview-tool Mozilla/5.0 (Windows NT 10.0; Win64; x64) AppleWebKit/537.36 (KHTML, like Gecko) Chrome/80.0.3987.132 Safari/537.36"
169.150.247.0 - - [10/Mar/2025:06:57:47 +0100] "GET /wp-content/cache/autoptimize/autoptimize_single_1716f5d361462488e2f68f75653a5290.php HTTP/1.1" 301 320 "https://gdb-bonn.com/" "page-preview-tool Mozilla/5.0 (Windows NT 10.0; Win64; x64) AppleWebKit/537.36 (KHTML, like Gecko) Chrome/80.0.3987.132 Safari/537.36"
169.150.247.0 - - [10/Mar/2025:06:57:47 +0100] "GET /wp-content/cache/autoptimize/autoptimize_single_1ad2e4f6ceb51a868c6bd7a3e0bc4fab.php HTTP/1.1" 301 320 "https://gdb-bonn.com/" "page-preview-tool Mozilla/5.0 (Windows NT 10.0; Win64; x64) AppleWebKit/537.36 (KHTML, like Gecko) Chrome/80.0.3987.132 Safari/537.36"
169.150.247.0 - - [10/Mar/2025:06:57:47 +0100] "GET /wp-content/cache/autoptimize/autoptimize_single_6b74ece0913f1478cfb295c6623baf98.php HTTP/1.1" 301 320 "https://gdb-bonn.com/" "page-preview-tool Mozilla/5.0 (Windows NT 10.0; Win64; x64) AppleWebKit/537.36 (KHTML, like Gecko) Chrome/80.0.3987.132 Safari/537.36"
188.34.157.0 - - [10/Mar/2025:06:57:47 +0100] "GET /wp-content/plugins/borlabs-cookie/assets/images/borlabs-cookie-icon-dynamic.svg HTTP/2.0" 200 4265 "https://gdb-bonn.com/" "page-preview-tool Mozilla/5.0 (Windows NT 10.0; Win64; x64) AppleWebKit/537.36 (KHTML, like Gecko) Chrome/80.0.3987.132 Safari/537.36"
169.150.247.0 - - [10/Mar/2025:06:57:47 +0100] "GET /wp-content/cache/autoptimize/autoptimize_single_b4713df0b78aa1688c57628e4f1cab0c.php HTTP/1.1" 301 320 "https://gdb-bonn.com/" "page-preview-tool Mozilla/5.0 (Windows NT 10.0; Win64; x64) AppleWebKit/537.36 (KHTML, like Gecko) Chrome/80.0.3987.132 Safari/537.36"
169.150.247.0 - - [10/Mar/2025:06:57:47 +0100] "GET /wp-content/cache/autoptimize/autoptimize_single_bc25a68866d292ef47bb832eb3532d86.php HTTP/1.1" 301 320 "https://gdb-bonn.com/" "page-preview-tool Mozilla/5.0 (Windows NT 10.0; Win64; x64) AppleWebKit/537.36 (KHTML, like Gecko) Chrome/80.0.3987.132 Safari/537.36"
169.150.247.0 - - [10/Mar/2025:06:57:47 +0100] "GET /wp-content/cache/autoptimize/autoptimize_single_3d5bf56970b9d69bc623794ceffae744.php HTTP/1.1" 301 320 "https://gdb-bonn.com/" "page-preview-tool Mozilla/5.0 (Windows NT 10.0; Win64; x64) AppleWebKit/537.36 (KHTML, like Gecko) Chrome/80.0.3987.132 Safari/537.36"
169.150.247.0 - - [10/Mar/2025:06:57:47 +0100] "GET /wp-content/cache/autoptimize/autoptimize_single_1dd257818e0bfaa6f8a82f141eeb54ff.php HTTP/1.1" 301 320 "https://gdb-bonn.com/" "page-preview-tool Mozilla/5.0 (Windows NT 10.0; Win64; x64) AppleWebKit/537.36 (KHTML, like Gecko) Chrome/80.0.3987.132 Safari/537.36"
169.150.247.0 - - [10/Mar/2025:06:57:47 +0100] "GET /wp-content/cache/autoptimize/autoptimize_single_597d5a628786f3031396519ec07d0599.php HTTP/1.1" 301 320 "https://gdb-bonn.com/" "page-preview-tool Mozilla/5.0 (Windows NT 10.0; Win64; x64) AppleWebKit/537.36 (KHTML, like Gecko) Chrome/80.0.3987.132 Safari/537.36"
169.150.247.0 - - [10/Mar/2025:06:57:47 +0100] "GET /wp-content/cache/autoptimize/autoptimize_single_fc47214ab3f32d5ad24c21856dfce3dd.php HTTP/1.1" 301 320 "https://gdb-bonn.com/" "page-preview-tool Mozilla/5.0 (Windows NT 10.0; Win64; x64) AppleWebKit/537.36 (KHTML, like Gecko) Chrome/80.0.3987.132 Safari/537.36"
169.150.247.0 - - [10/Mar/2025:06:57:47 +0100] "GET /wp-content/plugins/ml-slider/assets/metaslider/script.min.js HTTP/1.1" 301 296 "https://gdb-bonn.com/" "page-preview-tool Mozilla/5.0 (Windows NT 10.0; Win64; x64) AppleWebKit/537.36 (KHTML, like Gecko) Chrome/80.0.3987.132 Safari/537.36"
169.150.247.0 - - [10/Mar/2025:06:57:47 +0100] "GET /wp-content/cache/autoptimize/autoptimize_single_851f8dba812d4762ed4e16c5baf25cd6.php HTTP/1.1" 301 320 "https://gdb-bonn.com/" "page-preview-tool Mozilla/5.0 (Windows NT 10.0; Win64; x64) AppleWebKit/537.36 (KHTML, like Gecko) Chrome/80.0.3987.132 Safari/537.36"
188.34.157.0 - - [10/Mar/2025:06:57:47 +0100] "GET /wp-content/themes/busiprof-pro/css/font-awesome/fonts/fontawesome-webfont.woff2?v=4.7.0 HTTP/2.0" 404 2922 "https://gdb-bonn.com/" "page-preview-tool Mozilla/5.0 (Windows NT 10.0; Win64; x64) AppleWebKit/537.36 (KHTML, like Gecko) Chrome/80.0.3987.132 Safari/537.36"
169.150.247.0 - - [10/Mar/2025:06:57:47 +0100] "GET /wp-content/cache/autoptimize/autoptimize_single_334e3d08493eba0c7ffbeec7fafdd8be.php HTTP/1.1" 301 320 "https://gdb-bonn.com/" "page-preview-tool Mozilla/5.0 (Windows NT 10.0; Win64; x64) AppleWebKit/537.36 (KHTML, like Gecko) Chrome/80.0.3987.132 Safari/537.36"
169.150.247.0 - - [10/Mar/2025:06:57:47 +0100] "GET /wp-content/cache/autoptimize/autoptimize_single_dd7b7706d324569a9f45e5e440a12a6a.php HTTP/1.1" 301 320 "https://gdb-bonn.com/" "page-preview-tool Mozilla/5.0 (Windows NT 10.0; Win64; x64) AppleWebKit/537.36 (KHTML, like Gecko) Chrome/80.0.3987.132 Safari/537.36"
169.150.247.0 - - [10/Mar/2025:06:57:47 +0100] "GET /wp-content/cache/autoptimize/autoptimize_single_7e63c2dfb2c6011146bc171f6b46f564.php HTTP/1.1" 301 320 "https://gdb-bonn.com/" "page-preview-tool Mozilla/5.0 (Windows NT 10.0; Win64; x64) AppleWebKit/537.36 (KHTML, like Gecko) Chrome/80.0.3987.132 Safari/537.36"
169.150.247.0 - - [10/Mar/2025:06:57:47 +0100] "GET /wp-content/plugins/ml-slider/assets/easing/jQuery.easing.min.js HTTP/1.1" 301 299 "https://gdb-bonn.com/" "page-preview-tool Mozilla/5.0 (Windows NT 10.0; Win64; x64) AppleWebKit/537.36 (KHTML, like Gecko) Chrome/80.0.3987.132 Safari/537.36"
169.150.247.0 - - [10/Mar/2025:06:57:47 +0100] "GET /wp-content/plugins/ml-slider/assets/sliders/flexslider/jquery.flexslider.min.js HTTP/1.1" 301 315 "https://gdb-bonn.com/" "page-preview-tool Mozilla/5.0 (Windows NT 10.0; Win64; x64) AppleWebKit/537.36 (KHTML, like Gecko) Chrome/80.0.3987.132 Safari/537.36"
169.150.247.0 - - [10/Mar/2025:06:57:47 +0100] "GET /wp-content/cache/autoptimize/autoptimize_single_19e0aab77a65149633ba58f2dfeb7ebb.php HTTP/1.1" 301 320 "https://gdb-bonn.com/" "page-preview-tool Mozilla/5.0 (Windows NT 10.0; Win64; x64) AppleWebKit/537.36 (KHTML, like Gecko) Chrome/80.0.3987.132 Safari/537.36"
169.150.247.0 - - [10/Mar/2025:06:57:47 +0100] "GET /wp-content/themes/busiprof-pro/js/themename.js HTTP/1.1" 404 2820 "https://gdb-bonn.com/" "page-preview-tool Mozilla/5.0 (Windows NT 10.0; Win64; x64) AppleWebKit/537.36 (KHTML, like Gecko) Chrome/80.0.3987.132 Safari/537.36"
169.150.247.0 - - [10/Mar/2025:06:57:47 +0100] "GET /wp-content/themes/busiprof-pro/css/font-awesome/fonts/fontawesome-webfont.woff2?v=4.7.0 HTTP/1.1" 404 2902 "https://gdb-bonn.com/" "page-preview-tool Mozilla/5.0 (Windows NT 10.0; Win64; x64) AppleWebKit/537.36 (KHTML, like Gecko) Chrome/80.0.3987.132 Safari/537.36"
188.34.157.0 - - [10/Mar/2025:06:57:47 +0100] "GET /wp-includes/js/jquery/jquery-migrate.min.js HTTP/2.0" 200 4872 "https://gdb-bonn.com/" "page-preview-tool Mozilla/5.0 (Windows NT 10.0; Win64; x64) AppleWebKit/537.36 (KHTML, like Gecko) Chrome/80.0.3987.132 Safari/537.36"
188.34.157.0 - - [10/Mar/2025:06:57:47 +0100] "GET /wp-includes/js/jquery/ui/core.min.js HTTP/2.0" 200 7099 "https://gdb-bonn.com/" "page-preview-tool Mozilla/5.0 (Windows NT 10.0; Win64; x64) AppleWebKit/537.36 (KHTML, like Gecko) Chrome/80.0.3987.132 Safari/537.36"
188.34.157.0 - - [10/Mar/2025:06:57:47 +0100] "GET /wp-includes/js/jquery/ui/mouse.min.js HTTP/2.0" 200 1085 "https://gdb-bonn.com/" "page-preview-tool Mozilla/5.0 (Windows NT 10.0; Win64; x64) AppleWebKit/537.36 (KHTML, like Gecko) Chrome/80.0.3987.132 Safari/537.36"
188.34.157.0 - - [10/Mar/2025:06:57:47 +0100] "GET /wp-content/plugins/easy-social-icons/css/font-awesome/css/v4-shims.min.css HTTP/2.0" 200 4080 "https://gdb-bonn.com/" "page-preview-tool Mozilla/5.0 (Windows NT 10.0; Win64; x64) AppleWebKit/537.36 (KHTML, like Gecko) Chrome/80.0.3987.132 Safari/537.36"
188.34.157.0 - - [10/Mar/2025:06:57:47 +0100] "GET /wp-includes/css/dist/block-library/style.min.css HTTP/2.0" 200 14991 "https://gdb-bonn.com/" "page-preview-tool Mozilla/5.0 (Windows NT 10.0; Win64; x64) AppleWebKit/537.36 (KHTML, like Gecko) Chrome/80.0.3987.132 Safari/537.36"
188.34.157.0 - - [10/Mar/2025:06:57:47 +0100] "GET /wp-includes/js/jquery/jquery.min.js HTTP/2.0" 200 30368 "https://gdb-bonn.com/" "page-preview-tool Mozilla/5.0 (Windows NT 10.0; Win64; x64) AppleWebKit/537.36 (KHTML, like Gecko) Chrome/80.0.3987.132 Safari/537.36"
188.34.157.0 - - [10/Mar/2025:06:57:47 +0100] "GET /wp-content/themes/busiprof-pro/css/font-awesome/webfonts/fa-regular-400.woff2 HTTP/2.0" 200 25475 "https://gebaeudetechnik.b-cdn.net/" "page-preview-tool Mozilla/5.0 (Windows NT 10.0; Win64; x64) AppleWebKit/537.36 (KHTML, like Gecko) Chrome/80.0.3987.132 Safari/537.36"
188.34.157.0 - - [10/Mar/2025:06:57:47 +0100] "GET /wp-content/themes/busiprof-pro/css/font-awesome/webfonts/fa-solid-900.woff2 HTTP/2.0" 200 156539 "https://gebaeudetechnik.b-cdn.net/" "page-preview-tool Mozilla/5.0 (Windows NT 10.0; Win64; x64) AppleWebKit/537.36 (KHTML, like Gecko) Chrome/80.0.3987.132 Safari/537.36"
188.34.157.0 - - [10/Mar/2025:06:57:47 +0100] "GET /wp-content/themes/busiprof-pro/css/font-awesome/webfonts/fa-brands-400.woff2 HTTP/2.0" 200 117389 "https://gebaeudetechnik.b-cdn.net/" "page-preview-tool Mozilla/5.0 (Windows NT 10.0; Win64; x64) AppleWebKit/537.36 (KHTML, like Gecko) Chrome/80.0.3987.132 Safari/537.36"
188.34.157.0 - - [10/Mar/2025:06:57:47 +0100] "GET /wp-content/cache/autoptimize/autoptimize_single_ce13632a2a809cc3c876650223b774a0.php HTTP/2.0" 200 1645 "https://gdb-bonn.com/" "page-preview-tool Mozilla/5.0 (Windows NT 10.0; Win64; x64) AppleWebKit/537.36 (KHTML, like Gecko) Chrome/80.0.3987.132 Safari/537.36"
188.34.157.0 - - [10/Mar/2025:06:57:47 +0100] "GET /wp-includes/js/jquery/ui/sortable.min.js HTTP/2.0" 200 6565 "https://gdb-bonn.com/" "page-preview-tool Mozilla/5.0 (Windows NT 10.0; Win64; x64) AppleWebKit/537.36 (KHTML, like Gecko) Chrome/80.0.3987.132 Safari/537.36"
188.34.157.0 - - [10/Mar/2025:06:57:47 +0100] "GET /wp-content/themes/busiprof-pro/css/font-awesome/fonts/fontawesome-webfont.woff?v=4.7.0 HTTP/2.0" 404 2920 "https://gdb-bonn.com/" "page-preview-tool Mozilla/5.0 (Windows NT 10.0; Win64; x64) AppleWebKit/537.36 (KHTML, like Gecko) Chrome/80.0.3987.132 Safari/537.36"
188.34.157.0 - - [10/Mar/2025:06:57:47 +0100] "GET /wp-content/cache/autoptimize/autoptimize_single_617d3d8b8b517ddacc312957902814dd.php HTTP/2.0" 200 2847 "https://gdb-bonn.com/" "page-preview-tool Mozilla/5.0 (Windows NT 10.0; Win64; x64) AppleWebKit/537.36 (KHTML, like Gecko) Chrome/80.0.3987.132 Safari/537.36"
188.34.157.0 - - [10/Mar/2025:06:57:48 +0100] "GET /wp-content/cache/autoptimize/autoptimize_single_1716f5d361462488e2f68f75653a5290.php HTTP/2.0" 200 1342 "https://gdb-bonn.com/" "page-preview-tool Mozilla/5.0 (Windows NT 10.0; Win64; x64) AppleWebKit/537.36 (KHTML, like Gecko) Chrome/80.0.3987.132 Safari/537.36"
188.34.157.0 - - [10/Mar/2025:06:57:48 +0100] "GET /wp-content/cache/autoptimize/autoptimize_single_d780cf740f6d55dc8e0182ae7dbaa51c.php HTTP/2.0" 200 198951 "https://gdb-bonn.com/" "page-preview-tool Mozilla/5.0 (Windows NT 10.0; Win64; x64) AppleWebKit/537.36 (KHTML, like Gecko) Chrome/80.0.3987.132 Safari/537.36"
188.34.157.0 - - [10/Mar/2025:06:57:48 +0100] "GET /wp-content/cache/autoptimize/autoptimize_single_1ad2e4f6ceb51a868c6bd7a3e0bc4fab.php HTTP/2.0" 200 1526 "https://gdb-bonn.com/" "page-preview-tool Mozilla/5.0 (Windows NT 10.0; Win64; x64) AppleWebKit/537.36 (KHTML, like Gecko) Chrome/80.0.3987.132 Safari/537.36"
188.34.157.0 - - [10/Mar/2025:06:57:48 +0100] "GET /wp-content/cache/autoptimize/autoptimize_single_597d5a628786f3031396519ec07d0599.php HTTP/2.0" 200 676 "https://gdb-bonn.com/" "page-preview-tool Mozilla/5.0 (Windows NT 10.0; Win64; x64) AppleWebKit/537.36 (KHTML, like Gecko) Chrome/80.0.3987.132 Safari/537.36"
188.34.157.0 - - [10/Mar/2025:06:57:48 +0100] "GET /wp-content/cache/autoptimize/autoptimize_single_dd7b7706d324569a9f45e5e440a12a6a.php HTTP/2.0" 200 1710 "https://gdb-bonn.com/" "page-preview-tool Mozilla/5.0 (Windows NT 10.0; Win64; x64) AppleWebKit/537.36 (KHTML, like Gecko) Chrome/80.0.3987.132 Safari/537.36"
188.34.157.0 - - [10/Mar/2025:06:57:48 +0100] "GET /wp-content/plugins/ml-slider/assets/metaslider/script.min.js HTTP/2.0" 200 396 "https://gdb-bonn.com/" "page-preview-tool Mozilla/5.0 (Windows NT 10.0; Win64; x64) AppleWebKit/537.36 (KHTML, like Gecko) Chrome/80.0.3987.132 Safari/537.36"
188.34.157.0 - - [10/Mar/2025:06:57:48 +0100] "GET /wp-content/cache/autoptimize/autoptimize_single_7e63c2dfb2c6011146bc171f6b46f564.php HTTP/2.0" 200 164 "https://gdb-bonn.com/" "page-preview-tool Mozilla/5.0 (Windows NT 10.0; Win64; x64) AppleWebKit/537.36 (KHTML, like Gecko) Chrome/80.0.3987.132 Safari/537.36"
188.34.157.0 - - [10/Mar/2025:06:57:48 +0100] "GET /wp-content/cache/autoptimize/autoptimize_single_851f8dba812d4762ed4e16c5baf25cd6.php HTTP/2.0" 200 3183 "https://gdb-bonn.com/" "page-preview-tool Mozilla/5.0 (Windows NT 10.0; Win64; x64) AppleWebKit/537.36 (KHTML, like Gecko) Chrome/80.0.3987.132 Safari/537.36"
188.34.157.0 - - [10/Mar/2025:06:57:48 +0100] "GET /wp-content/cache/autoptimize/autoptimize_single_fc47214ab3f32d5ad24c21856dfce3dd.php HTTP/2.0" 200 1533 "https://gdb-bonn.com/" "page-preview-tool Mozilla/5.0 (Windows NT 10.0; Win64; x64) AppleWebKit/537.36 (KHTML, like Gecko) Chrome/80.0.3987.132 Safari/537.36"
188.34.157.0 - - [10/Mar/2025:06:57:48 +0100] "GET /wp-content/cache/autoptimize/autoptimize_single_334e3d08493eba0c7ffbeec7fafdd8be.php HTTP/2.0" 200 698 "https://gdb-bonn.com/" "page-preview-tool Mozilla/5.0 (Windows NT 10.0; Win64; x64) AppleWebKit/537.36 (KHTML, like Gecko) Chrome/80.0.3987.132 Safari/537.36"
188.34.157.0 - - [10/Mar/2025:06:57:48 +0100] "GET /wp-content/plugins/ml-slider/assets/easing/jQuery.easing.min.js HTTP/2.0" 200 1767 "https://gdb-bonn.com/" "page-preview-tool Mozilla/5.0 (Windows NT 10.0; Win64; x64) AppleWebKit/537.36 (KHTML, like Gecko) Chrome/80.0.3987.132 Safari/537.36"
188.34.157.0 - - [10/Mar/2025:06:57:48 +0100] "GET /wp-content/plugins/ml-slider/assets/sliders/flexslider/jquery.flexslider.min.js HTTP/2.0" 200 6723 "https://gdb-bonn.com/" "page-preview-tool Mozilla/5.0 (Windows NT 10.0; Win64; x64) AppleWebKit/537.36 (KHTML, like Gecko) Chrome/80.0.3987.132 Safari/537.36"
188.34.157.0 - - [10/Mar/2025:06:57:48 +0100] "GET /wp-content/cache/autoptimize/autoptimize_single_19e0aab77a65149633ba58f2dfeb7ebb.php HTTP/2.0" 200 7198 "https://gdb-bonn.com/" "page-preview-tool Mozilla/5.0 (Windows NT 10.0; Win64; x64) AppleWebKit/537.36 (KHTML, like Gecko) Chrome/80.0.3987.132 Safari/537.36"
188.34.157.0 - - [10/Mar/2025:06:57:48 +0100] "GET /wp-content/themes/busiprof-pro/css/font-awesome/fonts/fontawesome-webfont.ttf?v=4.7.0 HTTP/2.0" 404 2918 "https://gdb-bonn.com/" "page-preview-tool Mozilla/5.0 (Windows NT 10.0; Win64; x64) AppleWebKit/537.36 (KHTML, like Gecko) Chrome/80.0.3987.132 Safari/537.36"
188.34.157.0 - - [10/Mar/2025:06:57:48 +0100] "GET /wp-content/cache/autoptimize/autoptimize_single_b4713df0b78aa1688c57628e4f1cab0c.php HTTP/2.0" 200 5045 "https://gdb-bonn.com/" "page-preview-tool Mozilla/5.0 (Windows NT 10.0; Win64; x64) AppleWebKit/537.36 (KHTML, like Gecko) Chrome/80.0.3987.132 Safari/537.36"
188.34.157.0 - - [10/Mar/2025:06:57:48 +0100] "GET /wp-content/cache/autoptimize/autoptimize_single_3d5bf56970b9d69bc623794ceffae744.php HTTP/2.0" 200 2546 "https://gdb-bonn.com/" "page-preview-tool Mozilla/5.0 (Windows NT 10.0; Win64; x64) AppleWebKit/537.36 (KHTML, like Gecko) Chrome/80.0.3987.132 Safari/537.36"
188.34.157.0 - - [10/Mar/2025:06:57:48 +0100] "GET /wp-content/cache/autoptimize/autoptimize_single_6b74ece0913f1478cfb295c6623baf98.php HTTP/2.0" 200 2348 "https://gdb-bonn.com/" "page-preview-tool Mozilla/5.0 (Windows NT 10.0; Win64; x64) AppleWebKit/537.36 (KHTML, like Gecko) Chrome/80.0.3987.132 Safari/537.36"
188.34.157.0 - - [10/Mar/2025:06:57:48 +0100] "GET /wp-content/cache/autoptimize/autoptimize_single_bc25a68866d292ef47bb832eb3532d86.php HTTP/2.0" 200 187025 "https://gdb-bonn.com/" "page-preview-tool Mozilla/5.0 (Windows NT 10.0; Win64; x64) AppleWebKit/537.36 (KHTML, like Gecko) Chrome/80.0.3987.132 Safari/537.36"
188.34.157.0 - - [10/Mar/2025:06:57:48 +0100] "GET /wp-content/cache/autoptimize/autoptimize_single_1dd257818e0bfaa6f8a82f141eeb54ff.php HTTP/2.0" 200 1156 "https://gdb-bonn.com/" "page-preview-tool Mozilla/5.0 (Windows NT 10.0; Win64; x64) AppleWebKit/537.36 (KHTML, like Gecko) Chrome/80.0.3987.132 Safari/537.36"
188.34.157.0 - - [10/Mar/2025:06:58:00 +0100] "POST /wp-admin/admin-ajax.php HTTP/2.0" 200 36 "https://gdb-bonn.com/" "page-preview-tool Mozilla/5.0 (Windows NT 10.0; Win64; x64) AppleWebKit/537.36 (KHTML, like Gecko) Chrome/80.0.3987.132 Safari/537.36"
188.34.157.0 - - [10/Mar/2025:06:58:00 +0100] "POST /wp-admin/admin-ajax.php HTTP/2.0" 200 36 "https://gdb-bonn.com/" "page-preview-tool Mozilla/5.0 (Windows NT 10.0; Win64; x64) AppleWebKit/537.36 (KHTML, like Gecko) Chrome/80.0.3987.132 Safari/537.36"
188.34.157.0 - - [10/Mar/2025:06:58:00 +0100] "POST /wp-admin/admin-ajax.php HTTP/2.0" 200 36 "https://gdb-bonn.com/" "page-preview-tool Mozilla/5.0 (Windows NT 10.0; Win64; x64) AppleWebKit/537.36 (KHTML, like Gecko) Chrome/80.0.3987.132 Safari/537.36"
188.34.157.0 - - [10/Mar/2025:06:58:00 +0100] "POST /wp-admin/admin-ajax.php HTTP/2.0" 200 36 "https://gdb-bonn.com/" "page-preview-tool Mozilla/5.0 (Windows NT 10.0; Win64; x64) AppleWebKit/537.36 (KHTML, like Gecko) Chrome/80.0.3987.132 Safari/537.36"
188.34.157.0 - - [10/Mar/2025:06:58:00 +0100] "POST /wp-admin/admin-ajax.php HTTP/2.0" 200 36 "https://gdb-bonn.com/" "page-preview-tool Mozilla/5.0 (Windows NT 10.0; Win64; x64) AppleWebKit/537.36 (KHTML, like Gecko) Chrome/80.0.3987.132 Safari/537.36"
188.34.157.0 - - [10/Mar/2025:06:58:00 +0100] "GET / HTTP/2.0" 200 55579 "-" "page-preview-tool Mozilla/5.0 (Windows NT 10.0; Win64; x64) AppleWebKit/537.36 (KHTML, like Gecko) Chrome/80.0.3987.132 Safari/537.36"
169.150.247.0 - - [10/Mar/2025:06:58:02 +0100] "GET /wp-content/themes/busiprof-pro/css/font-awesome/fonts/fontawesome-webfont.woff2?v=4.7.0 HTTP/1.1" 404 2902 "https://gdb-bonn.com/" "page-preview-tool Mozilla/5.0 (Windows NT 10.0; Win64; x64) AppleWebKit/537.36 (KHTML, like Gecko) Chrome/80.0.3987.132 Safari/537.36"
169.150.247.0 - - [10/Mar/2025:06:58:02 +0100] "GET /wp-includes/js/jquery/jquery.min.js HTTP/1.1" 301 271 "https://gdb-bonn.com/" "page-preview-tool Mozilla/5.0 (Windows NT 10.0; Win64; x64) AppleWebKit/537.36 (KHTML, like Gecko) Chrome/80.0.3987.132 Safari/537.36"
169.150.247.0 - - [10/Mar/2025:06:58:02 +0100] "GET /wp-includes/js/jquery/ui/core.min.js HTTP/1.1" 301 272 "https://gdb-bonn.com/" "page-preview-tool Mozilla/5.0 (Windows NT 10.0; Win64; x64) AppleWebKit/537.36 (KHTML, like Gecko) Chrome/80.0.3987.132 Safari/537.36"
169.150.247.0 - - [10/Mar/2025:06:58:02 +0100] "GET /wp-includes/js/jquery/jquery-migrate.min.js HTTP/1.1" 301 279 "https://gdb-bonn.com/" "page-preview-tool Mozilla/5.0 (Windows NT 10.0; Win64; x64) AppleWebKit/537.36 (KHTML, like Gecko) Chrome/80.0.3987.132 Safari/537.36"
169.150.247.0 - - [10/Mar/2025:06:58:02 +0100] "GET /wp-content/cache/autoptimize/autoptimize_single_7e63c2dfb2c6011146bc171f6b46f564.php HTTP/1.1" 301 320 "https://gdb-bonn.com/" "page-preview-tool Mozilla/5.0 (Windows NT 10.0; Win64; x64) AppleWebKit/537.36 (KHTML, like Gecko) Chrome/80.0.3987.132 Safari/537.36"
169.150.247.0 - - [10/Mar/2025:06:58:02 +0100] "GET /wp-includes/js/jquery/ui/mouse.min.js HTTP/1.1" 301 273 "https://gdb-bonn.com/" "page-preview-tool Mozilla/5.0 (Windows NT 10.0; Win64; x64) AppleWebKit/537.36 (KHTML, like Gecko) Chrome/80.0.3987.132 Safari/537.36"
169.150.247.0 - - [10/Mar/2025:06:58:02 +0100] "GET /wp-includes/js/jquery/ui/sortable.min.js HTTP/1.1" 301 276 "https://gdb-bonn.com/" "page-preview-tool Mozilla/5.0 (Windows NT 10.0; Win64; x64) AppleWebKit/537.36 (KHTML, like Gecko) Chrome/80.0.3987.132 Safari/537.36"
169.150.247.0 - - [10/Mar/2025:06:58:02 +0100] "GET /wp-content/cache/autoptimize/autoptimize_single_597d5a628786f3031396519ec07d0599.php HTTP/1.1" 301 320 "https://gdb-bonn.com/" "page-preview-tool Mozilla/5.0 (Windows NT 10.0; Win64; x64) AppleWebKit/537.36 (KHTML, like Gecko) Chrome/80.0.3987.132 Safari/537.36"
169.150.247.0 - - [10/Mar/2025:06:58:02 +0100] "GET /wp-content/cache/autoptimize/autoptimize_single_ce13632a2a809cc3c876650223b774a0.php HTTP/1.1" 301 320 "https://gdb-bonn.com/" "page-preview-tool Mozilla/5.0 (Windows NT 10.0; Win64; x64) AppleWebKit/537.36 (KHTML, like Gecko) Chrome/80.0.3987.132 Safari/537.36"
169.150.247.0 - - [10/Mar/2025:06:58:02 +0100] "GET /wp-content/cache/autoptimize/autoptimize_single_1716f5d361462488e2f68f75653a5290.php HTTP/1.1" 301 320 "https://gdb-bonn.com/" "page-preview-tool Mozilla/5.0 (Windows NT 10.0; Win64; x64) AppleWebKit/537.36 (KHTML, like Gecko) Chrome/80.0.3987.132 Safari/537.36"
169.150.247.0 - - [10/Mar/2025:06:58:02 +0100] "GET /wp-content/cache/autoptimize/autoptimize_single_334e3d08493eba0c7ffbeec7fafdd8be.php HTTP/1.1" 301 320 "https://gdb-bonn.com/" "page-preview-tool Mozilla/5.0 (Windows NT 10.0; Win64; x64) AppleWebKit/537.36 (KHTML, like Gecko) Chrome/80.0.3987.132 Safari/537.36"
169.150.247.0 - - [10/Mar/2025:06:58:02 +0100] "GET /wp-content/cache/autoptimize/autoptimize_single_6b74ece0913f1478cfb295c6623baf98.php HTTP/1.1" 301 320 "https://gdb-bonn.com/" "page-preview-tool Mozilla/5.0 (Windows NT 10.0; Win64; x64) AppleWebKit/537.36 (KHTML, like Gecko) Chrome/80.0.3987.132 Safari/537.36"
169.150.247.0 - - [10/Mar/2025:06:58:02 +0100] "GET /wp-content/cache/autoptimize/autoptimize_single_d780cf740f6d55dc8e0182ae7dbaa51c.php HTTP/1.1" 301 320 "https://gdb-bonn.com/" "page-preview-tool Mozilla/5.0 (Windows NT 10.0; Win64; x64) AppleWebKit/537.36 (KHTML, like Gecko) Chrome/80.0.3987.132 Safari/537.36"
188.34.157.0 - - [10/Mar/2025:06:58:02 +0100] "GET /wp-content/plugins/borlabs-cookie/assets/images/borlabs-cookie-icon-dynamic.svg HTTP/2.0" 200 4265 "https://gdb-bonn.com/" "page-preview-tool Mozilla/5.0 (Windows NT 10.0; Win64; x64) AppleWebKit/537.36 (KHTML, like Gecko) Chrome/80.0.3987.132 Safari/537.36"
169.150.247.0 - - [10/Mar/2025:06:58:02 +0100] "GET /wp-content/cache/autoptimize/autoptimize_single_b4713df0b78aa1688c57628e4f1cab0c.php HTTP/1.1" 301 320 "https://gdb-bonn.com/" "page-preview-tool Mozilla/5.0 (Windows NT 10.0; Win64; x64) AppleWebKit/537.36 (KHTML, like Gecko) Chrome/80.0.3987.132 Safari/537.36"
169.150.247.0 - - [10/Mar/2025:06:58:02 +0100] "GET /wp-content/cache/autoptimize/autoptimize_single_617d3d8b8b517ddacc312957902814dd.php HTTP/1.1" 301 320 "https://gdb-bonn.com/" "page-preview-tool Mozilla/5.0 (Windows NT 10.0; Win64; x64) AppleWebKit/537.36 (KHTML, like Gecko) Chrome/80.0.3987.132 Safari/537.36"
169.150.247.0 - - [10/Mar/2025:06:58:02 +0100] "GET /wp-content/cache/autoptimize/autoptimize_single_bc25a68866d292ef47bb832eb3532d86.php HTTP/1.1" 301 320 "https://gdb-bonn.com/" "page-preview-tool Mozilla/5.0 (Windows NT 10.0; Win64; x64) AppleWebKit/537.36 (KHTML, like Gecko) Chrome/80.0.3987.132 Safari/537.36"
188.34.157.0 - - [10/Mar/2025:06:58:02 +0100] "GET /wp-content/themes/busiprof-pro/css/font-awesome/fonts/fontawesome-webfont.woff2?v=4.7.0 HTTP/2.0" 404 2922 "https://gdb-bonn.com/" "page-preview-tool Mozilla/5.0 (Windows NT 10.0; Win64; x64) AppleWebKit/537.36 (KHTML, like Gecko) Chrome/80.0.3987.132 Safari/537.36"
169.150.247.0 - - [10/Mar/2025:06:58:02 +0100] "GET /wp-content/cache/autoptimize/autoptimize_single_fc47214ab3f32d5ad24c21856dfce3dd.php HTTP/1.1" 301 320 "https://gdb-bonn.com/" "page-preview-tool Mozilla/5.0 (Windows NT 10.0; Win64; x64) AppleWebKit/537.36 (KHTML, like Gecko) Chrome/80.0.3987.132 Safari/537.36"
169.150.247.0 - - [10/Mar/2025:06:58:02 +0100] "GET /wp-content/cache/autoptimize/autoptimize_single_3d5bf56970b9d69bc623794ceffae744.php HTTP/1.1" 301 320 "https://gdb-bonn.com/" "page-preview-tool Mozilla/5.0 (Windows NT 10.0; Win64; x64) AppleWebKit/537.36 (KHTML, like Gecko) Chrome/80.0.3987.132 Safari/537.36"
169.150.247.0 - - [10/Mar/2025:06:58:02 +0100] "GET /wp-content/cache/autoptimize/autoptimize_single_851f8dba812d4762ed4e16c5baf25cd6.php HTTP/1.1" 301 320 "https://gdb-bonn.com/" "page-preview-tool Mozilla/5.0 (Windows NT 10.0; Win64; x64) AppleWebKit/537.36 (KHTML, like Gecko) Chrome/80.0.3987.132 Safari/537.36"
169.150.247.0 - - [10/Mar/2025:06:58:02 +0100] "GET /wp-content/plugins/ml-slider/assets/metaslider/script.min.js HTTP/1.1" 301 296 "https://gdb-bonn.com/" "page-preview-tool Mozilla/5.0 (Windows NT 10.0; Win64; x64) AppleWebKit/537.36 (KHTML, like Gecko) Chrome/80.0.3987.132 Safari/537.36"
169.150.247.0 - - [10/Mar/2025:06:58:02 +0100] "GET /wp-content/cache/autoptimize/autoptimize_single_dd7b7706d324569a9f45e5e440a12a6a.php HTTP/1.1" 301 320 "https://gdb-bonn.com/" "page-preview-tool Mozilla/5.0 (Windows NT 10.0; Win64; x64) AppleWebKit/537.36 (KHTML, like Gecko) Chrome/80.0.3987.132 Safari/537.36"
169.150.247.0 - - [10/Mar/2025:06:58:02 +0100] "GET /wp-content/cache/autoptimize/autoptimize_single_1ad2e4f6ceb51a868c6bd7a3e0bc4fab.php HTTP/1.1" 301 320 "https://gdb-bonn.com/" "page-preview-tool Mozilla/5.0 (Windows NT 10.0; Win64; x64) AppleWebKit/537.36 (KHTML, like Gecko) Chrome/80.0.3987.132 Safari/537.36"
