208.102.51.0 - - [10/Mar/2025:00:02:08 +0100] "GET /reports/usage_202403.html HTTP/1.0" 200 92683 "https://xn--krken15-bn4c.com" "Mozilla/5.0 (Windows NT 10.0; Win64; x64) AppleWebKit/537.36 (KHTML, like Gecko) Chrome/130.0.0.0 Safari/537.36 CCleaner/130.0.0.0"
68.71.245.0 - - [10/Mar/2025:00:02:21 +0100] "GET /reports/usage_202403.html HTTP/1.0" 200 92683 "https://xn--kr9-onb.com" "Mozilla/5.0 (Windows NT 10.0; Win64; x64) AppleWebKit/537.36 (KHTML, like Gecko) Chrome/131.0.0.0 Safari/537.36"
47.82.10.0 - - [10/Mar/2025:00:06:10 +0100] "GET / HTTP/1.1" 301 236 "http://gebaeudetechnik.nrw" "Mozilla/5.0 (Windows NT 10.0; Win64; x64) AppleWebKit/537.36 (KHTML, like Gecko) Chrome/114.0.0.0 Safari/537.36 Edg/114.0.1823.43"
2a01:238:43f8:5f00:: - - [10/Mar/2025:00:06:11 +0100] "POST /wp-cron.php?doing_wp_cron=1741561571.5022170543670654296875 HTTP/1.1" 200 - "-" "VOkT0oKhGu2J"
47.82.10.0 - - [10/Mar/2025:00:06:11 +0100] "GET / HTTP/1.1" 301 - "http://gebaeudetechnik.nrw" "Mozilla/5.0 (Windows NT 10.0; Win64; x64) AppleWebKit/537.36 (KHTML, like Gecko) Chrome/114.0.0.0 Safari/537.36 Edg/114.0.1823.43"
2a01:238:43f8:5f00:: - - [10/Mar/2025:00:06:13 +0100] "POST /wp-cron.php?doing_wp_cron=1741561573.2450189590454101562500 HTTP/1.1" 200 - "-" "QBfxSLgHFvmf"
47.82.10.0 - - [10/Mar/2025:00:06:13 +0100] "GET / HTTP/1.1" 200 55563 "http://gebaeudetechnik.nrw" "Mozilla/5.0 (Windows NT 10.0; Win64; x64) AppleWebKit/537.36 (KHTML, like Gecko) Chrome/114.0.0.0 Safari/537.36 Edg/114.0.1823.43"
208.65.90.0 - - [10/Mar/2025:00:08:06 +0100] "GET /reports/usage_202403.html HTTP/1.0" 200 92683 "https://xn--kr-lbb.com" "Mozilla/5.0 (Windows NT 10.0; Win64; x64) AppleWebKit/537.36 (KHTML, like Gecko) Chrome/129.0.0.0 Safari/537.36"
208.102.51.0 - - [10/Mar/2025:00:08:30 +0100] "GET /reports/usage_202403.html HTTP/1.0" 200 92683 "https://xn--kr-lbb.com" "Mozilla/5.0 (Windows NT 10.0; Win64; x64) AppleWebKit/537.36 (KHTML, like Gecko) Chrome/129.0.0.0 Safari/537.36"
192.42.116.0 - - [10/Mar/2025:00:09:20 +0100] "GET / HTTP/1.1" 301 229 "gdb-bonn.com" "Mozilla/5.0 (Windows NT 5.1; rv:14.0) Gecko/20100101 Firefox/14.0.1"
2a01:238:43f8:5f00:: - - [10/Mar/2025:00:09:20 +0100] "POST /wp-cron.php?doing_wp_cron=1741561760.6819729804992675781250 HTTP/1.1" 200 - "-" "IAseNINutm5h"
192.42.116.0 - - [10/Mar/2025:00:09:20 +0100] "GET / HTTP/2.0" 200 317803 "gdb-bonn.com" "Mozilla/5.0 (Windows NT 5.1; rv:14.0) Gecko/20100101 Firefox/14.0.1"
169.150.247.0 - - [10/Mar/2025:00:09:21 +0100] "GET /wp-content/cache/autoptimize/autoptimize_single_06b3ed89f3c425c7ab4c3ffbb90ebe86.php HTTP/1.1" 301 320 "http://gebaeudetechnik.b-cdn.net/wp-content/cache/autoptimize/autoptimize_single_06b3ed89f3c425c7ab4c3ffbb90ebe86.php" "Mozilla/5.0 (Windows NT 5.1; rv:14.0) Gecko/20100101 Firefox/14.0.1"
192.42.116.0 - - [10/Mar/2025:00:09:22 +0100] "GET /wp-content/cache/autoptimize/autoptimize_single_06b3ed89f3c425c7ab4c3ffbb90ebe86.php HTTP/2.0" 200 10550 "http://gebaeudetechnik.b-cdn.net/wp-content/cache/autoptimize/autoptimize_single_06b3ed89f3c425c7ab4c3ffbb90ebe86.php" "Mozilla/5.0 (Windows NT 5.1; rv:14.0) Gecko/20100101 Firefox/14.0.1"
169.150.247.0 - - [10/Mar/2025:00:09:23 +0100] "GET /wp-content/cache/autoptimize/autoptimize_single_0931d311c22b874b0ed3b28d5ff48ca5.php HTTP/1.1" 301 320 "http://gebaeudetechnik.b-cdn.net/wp-content/cache/autoptimize/autoptimize_single_0931d311c22b874b0ed3b28d5ff48ca5.php" "Mozilla/5.0 (Windows NT 5.1; rv:14.0) Gecko/20100101 Firefox/14.0.1"
192.42.116.0 - - [10/Mar/2025:00:09:23 +0100] "GET /wp-content/cache/autoptimize/autoptimize_single_0931d311c22b874b0ed3b28d5ff48ca5.php HTTP/2.0" 200 88514 "http://gebaeudetechnik.b-cdn.net/wp-content/cache/autoptimize/autoptimize_single_0931d311c22b874b0ed3b28d5ff48ca5.php" "Mozilla/5.0 (Windows NT 5.1; rv:14.0) Gecko/20100101 Firefox/14.0.1"
169.150.247.0 - - [10/Mar/2025:00:09:24 +0100] "GET /wp-content/cache/autoptimize/autoptimize_single_14ed89e278d4cd61a551fcc2a47a12cf.php HTTP/1.1" 301 320 "http://gebaeudetechnik.b-cdn.net/wp-content/cache/autoptimize/autoptimize_single_14ed89e278d4cd61a551fcc2a47a12cf.php" "Mozilla/5.0 (Windows NT 5.1; rv:14.0) Gecko/20100101 Firefox/14.0.1"
208.102.51.0 - - [10/Mar/2025:00:09:22 +0100] "GET /reports/usage_202403.html HTTP/1.0" 200 92683 "https://xn--krken9-xoc.com" "Mozilla/5.0 (Windows NT 10.0; Win64; x64) AppleWebKit/537.36 (KHTML, like Gecko) Chrome/130.0.0.0 Safari/537.36 CCleaner/130.0.0.0"
192.42.116.0 - - [10/Mar/2025:00:09:24 +0100] "GET /wp-content/cache/autoptimize/autoptimize_single_14ed89e278d4cd61a551fcc2a47a12cf.php HTTP/2.0" 200 2670 "http://gebaeudetechnik.b-cdn.net/wp-content/cache/autoptimize/autoptimize_single_14ed89e278d4cd61a551fcc2a47a12cf.php" "Mozilla/5.0 (Windows NT 5.1; rv:14.0) Gecko/20100101 Firefox/14.0.1"
169.150.247.0 - - [10/Mar/2025:00:09:25 +0100] "GET /wp-content/cache/autoptimize/autoptimize_single_2a34dbc716a5013a0b987ac81ad3e30f.php HTTP/1.1" 301 320 "http://gebaeudetechnik.b-cdn.net/wp-content/cache/autoptimize/autoptimize_single_2a34dbc716a5013a0b987ac81ad3e30f.php" "Mozilla/5.0 (Windows NT 5.1; rv:14.0) Gecko/20100101 Firefox/14.0.1"
192.42.116.0 - - [10/Mar/2025:00:09:25 +0100] "GET /wp-content/cache/autoptimize/autoptimize_single_2a34dbc716a5013a0b987ac81ad3e30f.php HTTP/2.0" 200 18284 "http://gebaeudetechnik.b-cdn.net/wp-content/cache/autoptimize/autoptimize_single_2a34dbc716a5013a0b987ac81ad3e30f.php" "Mozilla/5.0 (Windows NT 5.1; rv:14.0) Gecko/20100101 Firefox/14.0.1"
169.150.247.0 - - [10/Mar/2025:00:09:26 +0100] "GET /wp-content/cache/autoptimize/autoptimize_single_2b34beb6e10a768bf505b76375371f1e.php HTTP/1.1" 301 320 "http://gebaeudetechnik.b-cdn.net/wp-content/cache/autoptimize/autoptimize_single_2b34beb6e10a768bf505b76375371f1e.php" "Mozilla/5.0 (Windows NT 5.1; rv:14.0) Gecko/20100101 Firefox/14.0.1"
192.42.116.0 - - [10/Mar/2025:00:09:26 +0100] "GET /wp-content/cache/autoptimize/autoptimize_single_2b34beb6e10a768bf505b76375371f1e.php HTTP/2.0" 200 85962 "http://gebaeudetechnik.b-cdn.net/wp-content/cache/autoptimize/autoptimize_single_2b34beb6e10a768bf505b76375371f1e.php" "Mozilla/5.0 (Windows NT 5.1; rv:14.0) Gecko/20100101 Firefox/14.0.1"
169.150.247.0 - - [10/Mar/2025:00:09:27 +0100] "GET /wp-content/cache/autoptimize/autoptimize_single_32be890c5913ca45460595124c12e18e.php HTTP/1.1" 301 320 "http://gebaeudetechnik.b-cdn.net/wp-content/cache/autoptimize/autoptimize_single_32be890c5913ca45460595124c12e18e.php" "Mozilla/5.0 (Windows NT 5.1; rv:14.0) Gecko/20100101 Firefox/14.0.1"
185.220.101.0 - - [10/Mar/2025:00:09:27 +0100] "GET /wp-content/cache/autoptimize/autoptimize_single_32be890c5913ca45460595124c12e18e.php HTTP/2.0" 200 15994 "http://gebaeudetechnik.b-cdn.net/wp-content/cache/autoptimize/autoptimize_single_32be890c5913ca45460595124c12e18e.php" "Mozilla/5.0 (Windows NT 5.1; rv:14.0) Gecko/20100101 Firefox/14.0.1"
169.150.247.0 - - [10/Mar/2025:00:09:27 +0100] "GET /wp-content/cache/autoptimize/autoptimize_single_7617c83d87bea3af727261b8ab9f28e3.php HTTP/1.1" 301 320 "http://gebaeudetechnik.b-cdn.net/wp-content/cache/autoptimize/autoptimize_single_7617c83d87bea3af727261b8ab9f28e3.php" "Mozilla/5.0 (Windows NT 5.1; rv:14.0) Gecko/20100101 Firefox/14.0.1"
185.220.101.0 - - [10/Mar/2025:00:09:28 +0100] "GET /wp-content/cache/autoptimize/autoptimize_single_7617c83d87bea3af727261b8ab9f28e3.php HTTP/2.0" 200 9038 "http://gebaeudetechnik.b-cdn.net/wp-content/cache/autoptimize/autoptimize_single_7617c83d87bea3af727261b8ab9f28e3.php" "Mozilla/5.0 (Windows NT 5.1; rv:14.0) Gecko/20100101 Firefox/14.0.1"
169.150.247.0 - - [10/Mar/2025:00:09:28 +0100] "GET /wp-content/cache/autoptimize/autoptimize_single_b6aeb905a718d7249651175caef87dde.php HTTP/1.1" 301 320 "http://gebaeudetechnik.b-cdn.net/wp-content/cache/autoptimize/autoptimize_single_b6aeb905a718d7249651175caef87dde.php" "Mozilla/5.0 (Windows NT 5.1; rv:14.0) Gecko/20100101 Firefox/14.0.1"
185.220.101.0 - - [10/Mar/2025:00:09:29 +0100] "GET /wp-content/cache/autoptimize/autoptimize_single_b6aeb905a718d7249651175caef87dde.php HTTP/2.0" 200 37669 "http://gebaeudetechnik.b-cdn.net/wp-content/cache/autoptimize/autoptimize_single_b6aeb905a718d7249651175caef87dde.php" "Mozilla/5.0 (Windows NT 5.1; rv:14.0) Gecko/20100101 Firefox/14.0.1"
169.150.247.0 - - [10/Mar/2025:00:09:29 +0100] "GET /wp-content/cache/autoptimize/autoptimize_single_b8192274dbb166adb439a1f6c0c13bdc.php HTTP/1.1" 301 320 "http://gebaeudetechnik.b-cdn.net/wp-content/cache/autoptimize/autoptimize_single_b8192274dbb166adb439a1f6c0c13bdc.php" "Mozilla/5.0 (Windows NT 5.1; rv:14.0) Gecko/20100101 Firefox/14.0.1"
185.220.101.0 - - [10/Mar/2025:00:09:29 +0100] "GET /wp-content/cache/autoptimize/autoptimize_single_b8192274dbb166adb439a1f6c0c13bdc.php HTTP/2.0" 200 5221 "http://gebaeudetechnik.b-cdn.net/wp-content/cache/autoptimize/autoptimize_single_b8192274dbb166adb439a1f6c0c13bdc.php" "Mozilla/5.0 (Windows NT 5.1; rv:14.0) Gecko/20100101 Firefox/14.0.1"
169.150.247.0 - - [10/Mar/2025:00:09:30 +0100] "GET /wp-content/cache/autoptimize/autoptimize_single_c1244387c1a757b0a2bd442e344e420e.php HTTP/1.1" 301 320 "http://gebaeudetechnik.b-cdn.net/wp-content/cache/autoptimize/autoptimize_single_c1244387c1a757b0a2bd442e344e420e.php" "Mozilla/5.0 (Windows NT 5.1; rv:14.0) Gecko/20100101 Firefox/14.0.1"
185.220.101.0 - - [10/Mar/2025:00:09:30 +0100] "GET /wp-content/cache/autoptimize/autoptimize_single_c1244387c1a757b0a2bd442e344e420e.php HTTP/2.0" 200 2469 "http://gebaeudetechnik.b-cdn.net/wp-content/cache/autoptimize/autoptimize_single_c1244387c1a757b0a2bd442e344e420e.php" "Mozilla/5.0 (Windows NT 5.1; rv:14.0) Gecko/20100101 Firefox/14.0.1"
169.150.247.0 - - [10/Mar/2025:00:09:30 +0100] "GET /wp-content/cache/autoptimize/autoptimize_single_d73c5b630ef6af658a3991f886f17eba.php HTTP/1.1" 301 320 "http://gebaeudetechnik.b-cdn.net/wp-content/cache/autoptimize/autoptimize_single_d73c5b630ef6af658a3991f886f17eba.php" "Mozilla/5.0 (Windows NT 5.1; rv:14.0) Gecko/20100101 Firefox/14.0.1"
185.220.101.0 - - [10/Mar/2025:00:09:31 +0100] "GET /wp-content/cache/autoptimize/autoptimize_single_d73c5b630ef6af658a3991f886f17eba.php HTTP/2.0" 200 1675 "http://gebaeudetechnik.b-cdn.net/wp-content/cache/autoptimize/autoptimize_single_d73c5b630ef6af658a3991f886f17eba.php" "Mozilla/5.0 (Windows NT 5.1; rv:14.0) Gecko/20100101 Firefox/14.0.1"
169.150.247.0 - - [10/Mar/2025:00:09:31 +0100] "GET /wp-content/cache/autoptimize/autoptimize_single_fb5d24687889dd4144fa32e7161bd627.php HTTP/1.1" 301 320 "http://gebaeudetechnik.b-cdn.net/wp-content/cache/autoptimize/autoptimize_single_fb5d24687889dd4144fa32e7161bd627.php" "Mozilla/5.0 (Windows NT 5.1; rv:14.0) Gecko/20100101 Firefox/14.0.1"
185.220.101.0 - - [10/Mar/2025:00:09:31 +0100] "GET /wp-content/cache/autoptimize/autoptimize_single_fb5d24687889dd4144fa32e7161bd627.php HTTP/2.0" 200 4574 "http://gebaeudetechnik.b-cdn.net/wp-content/cache/autoptimize/autoptimize_single_fb5d24687889dd4144fa32e7161bd627.php" "Mozilla/5.0 (Windows NT 5.1; rv:14.0) Gecko/20100101 Firefox/14.0.1"
185.220.101.0 - - [10/Mar/2025:00:09:32 +0100] "GET / HTTP/1.1" 301 240 "http://www.gebaeudetechnik.nrw" "Mozilla/5.0 (Windows NT 5.1; rv:14.0) Gecko/20100101 Firefox/14.0.1"
185.220.101.0 - - [10/Mar/2025:00:09:32 +0100] "GET / HTTP/2.0" 200 317742 "http://www.gebaeudetechnik.nrw" "Mozilla/5.0 (Windows NT 5.1; rv:14.0) Gecko/20100101 Firefox/14.0.1"
185.220.101.0 - - [10/Mar/2025:00:09:32 +0100] "POST /?na=s HTTP/2.0" 200 2475 "https://www.gebaeudetechnik.nrw/?na=s" "Mozilla/5.0 (Windows NT 5.1; rv:14.0) Gecko/20100101 Firefox/14.0.1"
195.47.238.0 - - [10/Mar/2025:00:09:45 +0100] "GET / HTTP/2.0" 200 317803 "https://gdb-bonn.com" "Mozilla/5.0 (Windows NT 5.1; rv:14.0) Gecko/20100101 Firefox/14.0.1"
195.47.238.0 - - [10/Mar/2025:00:09:46 +0100] "POST /?na=s HTTP/2.0" 200 2497 "https://www.gebaeudetechnik.nrw/?na=s" "Mozilla/5.0 (Windows NT 5.1; rv:14.0) Gecko/20100101 Firefox/14.0.1"
195.47.238.0 - - [10/Mar/2025:00:09:47 +0100] "GET / HTTP/2.0" 301 - "https://gebaeudetechnik.nrw" "Mozilla/5.0 (Windows NT 5.1; rv:14.0) Gecko/20100101 Firefox/14.0.1"
195.47.238.0 - - [10/Mar/2025:00:09:48 +0100] "GET / HTTP/2.0" 200 317742 "https://gebaeudetechnik.nrw" "Mozilla/5.0 (Windows NT 5.1; rv:14.0) Gecko/20100101 Firefox/14.0.1"
195.47.238.0 - - [10/Mar/2025:00:09:49 +0100] "POST /?na=s HTTP/2.0" 200 2483 "https://www.gebaeudetechnik.nrw/?na=s" "Mozilla/5.0 (Windows NT 5.1; rv:14.0) Gecko/20100101 Firefox/14.0.1"
192.42.116.0 - - [10/Mar/2025:00:09:49 +0100] "GET /brandschutz HTTP/2.0" 200 - "https://gebaeudetechnik.nrw/brandschutz" "Mozilla/5.0 (Windows NT 5.1; rv:14.0) Gecko/20100101 Firefox/14.0.1"
192.42.116.0 - - [10/Mar/2025:00:09:52 +0100] "GET /brandschutz/ HTTP/2.0" 200 301080 "https://gebaeudetechnik.nrw/brandschutz" "Mozilla/5.0 (Windows NT 5.1; rv:14.0) Gecko/20100101 Firefox/14.0.1"
192.42.116.0 - - [10/Mar/2025:00:09:53 +0100] "POST /?na=s HTTP/2.0" 200 2488 "https://www.gebaeudetechnik.nrw/?na=s" "Mozilla/5.0 (Windows NT 5.1; rv:14.0) Gecko/20100101 Firefox/14.0.1"
192.42.116.0 - - [10/Mar/2025:00:09:59 +0100] "GET / HTTP/2.0" 200 317742 "https://www.gebaeudetechnik.nrw" "Mozilla/5.0 (Windows NT 5.1; rv:14.0) Gecko/20100101 Firefox/14.0.1"
185.107.57.0 - - [10/Mar/2025:00:10:00 +0100] "POST /?na=s HTTP/2.0" 200 2459 "https://www.gebaeudetechnik.nrw/?na=s" "Mozilla/5.0 (Windows NT 5.1; rv:14.0) Gecko/20100101 Firefox/14.0.1"
185.107.57.0 - - [10/Mar/2025:00:10:00 +0100] "GET /bodenverlegung HTTP/2.0" 200 - "https://www.gebaeudetechnik.nrw/bodenverlegung" "Mozilla/5.0 (Windows NT 5.1; rv:14.0) Gecko/20100101 Firefox/14.0.1"
185.107.57.0 - - [10/Mar/2025:00:10:01 +0100] "GET /bodenverlegung/ HTTP/2.0" 200 299094 "https://www.gebaeudetechnik.nrw/bodenverlegung" "Mozilla/5.0 (Windows NT 5.1; rv:14.0) Gecko/20100101 Firefox/14.0.1"
185.220.101.0 - - [10/Mar/2025:00:10:02 +0100] "POST /?na=s HTTP/2.0" 200 2490 "https://www.gebaeudetechnik.nrw/?na=s" "Mozilla/5.0 (Windows NT 5.1; rv:14.0) Gecko/20100101 Firefox/14.0.1"
185.220.101.0 - - [10/Mar/2025:00:10:02 +0100] "GET /brandschutz HTTP/2.0" 200 - "https://www.gebaeudetechnik.nrw/brandschutz" "Mozilla/5.0 (Windows NT 5.1; rv:14.0) Gecko/20100101 Firefox/14.0.1"
185.220.101.0 - - [10/Mar/2025:00:10:02 +0100] "GET /brandschutz/ HTTP/2.0" 200 301080 "https://www.gebaeudetechnik.nrw/brandschutz" "Mozilla/5.0 (Windows NT 5.1; rv:14.0) Gecko/20100101 Firefox/14.0.1"
185.220.101.0 - - [10/Mar/2025:00:10:03 +0100] "POST /?na=s HTTP/2.0" 200 2459 "https://www.gebaeudetechnik.nrw/?na=s" "Mozilla/5.0 (Windows NT 5.1; rv:14.0) Gecko/20100101 Firefox/14.0.1"
185.220.101.0 - - [10/Mar/2025:00:10:04 +0100] "GET /bueroreinigung HTTP/2.0" 200 - "https://www.gebaeudetechnik.nrw/bueroreinigung" "Mozilla/5.0 (Windows NT 5.1; rv:14.0) Gecko/20100101 Firefox/14.0.1"
185.220.101.0 - - [10/Mar/2025:00:10:04 +0100] "GET /bueroreinigung/ HTTP/2.0" 200 295536 "https://www.gebaeudetechnik.nrw/bueroreinigung" "Mozilla/5.0 (Windows NT 5.1; rv:14.0) Gecko/20100101 Firefox/14.0.1"
185.220.101.0 - - [10/Mar/2025:00:10:05 +0100] "POST /?na=s HTTP/2.0" 200 2493 "https://www.gebaeudetechnik.nrw/?na=s" "Mozilla/5.0 (Windows NT 5.1; rv:14.0) Gecko/20100101 Firefox/14.0.1"
185.220.101.0 - - [10/Mar/2025:00:10:05 +0100] "GET /co2-warnmelder HTTP/2.0" 200 - "https://www.gebaeudetechnik.nrw/co2-warnmelder" "Mozilla/5.0 (Windows NT 5.1; rv:14.0) Gecko/20100101 Firefox/14.0.1"
185.220.101.0 - - [10/Mar/2025:00:10:06 +0100] "GET /co2-warnmelder/ HTTP/2.0" 200 295879 "https://www.gebaeudetechnik.nrw/co2-warnmelder" "Mozilla/5.0 (Windows NT 5.1; rv:14.0) Gecko/20100101 Firefox/14.0.1"
192.42.116.0 - - [10/Mar/2025:00:10:06 +0100] "POST /?na=s HTTP/2.0" 200 2480 "https://www.gebaeudetechnik.nrw/?na=s" "Mozilla/5.0 (Windows NT 5.1; rv:14.0) Gecko/20100101 Firefox/14.0.1"
192.42.116.0 - - [10/Mar/2025:00:10:07 +0100] "GET /datenschutzverordnung HTTP/2.0" 200 - "https://www.gebaeudetechnik.nrw/datenschutzverordnung" "Mozilla/5.0 (Windows NT 5.1; rv:14.0) Gecko/20100101 Firefox/14.0.1"
192.42.116.0 - - [10/Mar/2025:00:10:07 +0100] "GET /datenschutzverordnung/ HTTP/2.0" 200 347085 "https://www.gebaeudetechnik.nrw/datenschutzverordnung" "Mozilla/5.0 (Windows NT 5.1; rv:14.0) Gecko/20100101 Firefox/14.0.1"
192.42.116.0 - - [10/Mar/2025:00:10:08 +0100] "POST /?na=s HTTP/2.0" 200 2474 "https://www.gebaeudetechnik.nrw/?na=s" "Mozilla/5.0 (Windows NT 5.1; rv:14.0) Gecko/20100101 Firefox/14.0.1"
192.42.116.0 - - [10/Mar/2025:00:10:08 +0100] "GET /einbruchschutz HTTP/2.0" 200 - "https://www.gebaeudetechnik.nrw/einbruchschutz" "Mozilla/5.0 (Windows NT 5.1; rv:14.0) Gecko/20100101 Firefox/14.0.1"
192.42.116.0 - - [10/Mar/2025:00:10:09 +0100] "GET /einbruchschutz/ HTTP/2.0" 200 306248 "https://www.gebaeudetechnik.nrw/einbruchschutz" "Mozilla/5.0 (Windows NT 5.1; rv:14.0) Gecko/20100101 Firefox/14.0.1"
192.42.116.0 - - [10/Mar/2025:00:10:10 +0100] "POST /?na=s HTTP/2.0" 200 2488 "https://www.gebaeudetechnik.nrw/?na=s" "Mozilla/5.0 (Windows NT 5.1; rv:14.0) Gecko/20100101 Firefox/14.0.1"
192.42.116.0 - - [10/Mar/2025:00:10:10 +0100] "GET /hausmeisterservice HTTP/2.0" 200 - "https://www.gebaeudetechnik.nrw/hausmeisterservice" "Mozilla/5.0 (Windows NT 5.1; rv:14.0) Gecko/20100101 Firefox/14.0.1"
192.42.116.0 - - [10/Mar/2025:00:10:10 +0100] "GET /hausmeisterservice/ HTTP/2.0" 200 297659 "https://www.gebaeudetechnik.nrw/hausmeisterservice" "Mozilla/5.0 (Windows NT 5.1; rv:14.0) Gecko/20100101 Firefox/14.0.1"
192.42.116.0 - - [10/Mar/2025:00:10:13 +0100] "POST /?na=s HTTP/2.0" 200 2487 "https://www.gebaeudetechnik.nrw/?na=s" "Mozilla/5.0 (Windows NT 5.1; rv:14.0) Gecko/20100101 Firefox/14.0.1"
2a01:238:43f8:5f00:: - - [10/Mar/2025:00:10:14 +0100] "POST /wp-cron.php?doing_wp_cron=1741561813.9397859573364257812500 HTTP/1.1" 200 - "-" "lIeTcZiHu2iR"
192.42.116.0 - - [10/Mar/2025:00:10:13 +0100] "GET /impressum HTTP/2.0" 200 - "https://www.gebaeudetechnik.nrw/impressum" "Mozilla/5.0 (Windows NT 5.1; rv:14.0) Gecko/20100101 Firefox/14.0.1"
192.42.116.0 - - [10/Mar/2025:00:10:14 +0100] "GET /impressum/ HTTP/2.0" 200 296853 "https://www.gebaeudetechnik.nrw/impressum" "Mozilla/5.0 (Windows NT 5.1; rv:14.0) Gecko/20100101 Firefox/14.0.1"
192.42.116.0 - - [10/Mar/2025:00:10:16 +0100] "POST /?na=s HTTP/2.0" 200 2498 "https://www.gebaeudetechnik.nrw/?na=s" "Mozilla/5.0 (Windows NT 5.1; rv:14.0) Gecko/20100101 Firefox/14.0.1"
192.42.116.0 - - [10/Mar/2025:00:10:16 +0100] "GET /kontaktformular HTTP/2.0" 200 - "https://www.gebaeudetechnik.nrw/kontaktformular" "Mozilla/5.0 (Windows NT 5.1; rv:14.0) Gecko/20100101 Firefox/14.0.1"
192.42.116.0 - - [10/Mar/2025:00:10:16 +0100] "GET /kontaktformular/ HTTP/2.0" 200 313938 "https://www.gebaeudetechnik.nrw/kontaktformular" "Mozilla/5.0 (Windows NT 5.1; rv:14.0) Gecko/20100101 Firefox/14.0.1"
192.42.116.0 - - [10/Mar/2025:00:10:17 +0100] "POST / HTTP/2.0" 200 313922 "https://www.gebaeudetechnik.nrw" "Mozilla/5.0 (Windows NT 5.1; rv:14.0) Gecko/20100101 Firefox/14.0.1"
192.42.116.0 - - [10/Mar/2025:00:10:18 +0100] "POST /?na=s HTTP/2.0" 200 2460 "https://www.gebaeudetechnik.nrw/?na=s" "Mozilla/5.0 (Windows NT 5.1; rv:14.0) Gecko/20100101 Firefox/14.0.1"
192.42.116.0 - - [10/Mar/2025:00:10:19 +0100] "GET /kontaktformular/allgemeine-geschaeftsbedingungen HTTP/2.0" 200 - "https://www.gebaeudetechnik.nrw/kontaktformular/allgemeine-geschaeftsbedingungen" "Mozilla/5.0 (Windows NT 5.1; rv:14.0) Gecko/20100101 Firefox/14.0.1"
192.42.116.0 - - [10/Mar/2025:00:10:19 +0100] "GET /kontaktformular/allgemeine-geschaeftsbedingungen/ HTTP/2.0" 200 303237 "https://www.gebaeudetechnik.nrw/kontaktformular/allgemeine-geschaeftsbedingungen" "Mozilla/5.0 (Windows NT 5.1; rv:14.0) Gecko/20100101 Firefox/14.0.1"
192.42.116.0 - - [10/Mar/2025:00:10:20 +0100] "POST /?na=s HTTP/2.0" 200 2459 "https://www.gebaeudetechnik.nrw/?na=s" "Mozilla/5.0 (Windows NT 5.1; rv:14.0) Gecko/20100101 Firefox/14.0.1"
192.42.116.0 - - [10/Mar/2025:00:10:21 +0100] "GET /leistungen/objektwartung HTTP/2.0" 200 - "https://www.gebaeudetechnik.nrw/leistungen/objektwartung" "Mozilla/5.0 (Windows NT 5.1; rv:14.0) Gecko/20100101 Firefox/14.0.1"
192.42.116.0 - - [10/Mar/2025:00:10:21 +0100] "GET /objektwartung/ HTTP/2.0" 200 296585 "https://www.gebaeudetechnik.nrw/leistungen/objektwartung" "Mozilla/5.0 (Windows NT 5.1; rv:14.0) Gecko/20100101 Firefox/14.0.1"
192.42.116.0 - - [10/Mar/2025:00:10:22 +0100] "POST /?na=s HTTP/2.0" 200 2479 "https://www.gebaeudetechnik.nrw/?na=s" "Mozilla/5.0 (Windows NT 5.1; rv:14.0) Gecko/20100101 Firefox/14.0.1"
192.42.116.0 - - [10/Mar/2025:00:10:23 +0100] "GET /leistungen/sicherheitstechnik HTTP/2.0" 200 - "https://www.gebaeudetechnik.nrw/leistungen/sicherheitstechnik" "Mozilla/5.0 (Windows NT 5.1; rv:14.0) Gecko/20100101 Firefox/14.0.1"
192.42.116.0 - - [10/Mar/2025:00:10:23 +0100] "GET /sicherheitstechnik/ HTTP/2.0" 200 300646 "https://www.gebaeudetechnik.nrw/leistungen/sicherheitstechnik" "Mozilla/5.0 (Windows NT 5.1; rv:14.0) Gecko/20100101 Firefox/14.0.1"
192.42.116.0 - - [10/Mar/2025:00:10:24 +0100] "POST /?na=s HTTP/2.0" 200 2485 "https://www.gebaeudetechnik.nrw/?na=s" "Mozilla/5.0 (Windows NT 5.1; rv:14.0) Gecko/20100101 Firefox/14.0.1"
192.42.116.0 - - [10/Mar/2025:00:10:25 +0100] "GET /malerarbeit HTTP/2.0" 200 - "https://www.gebaeudetechnik.nrw/malerarbeit" "Mozilla/5.0 (Windows NT 5.1; rv:14.0) Gecko/20100101 Firefox/14.0.1"
192.42.116.0 - - [10/Mar/2025:00:10:25 +0100] "GET /malerarbeit/ HTTP/2.0" 200 299209 "https://www.gebaeudetechnik.nrw/malerarbeit" "Mozilla/5.0 (Windows NT 5.1; rv:14.0) Gecko/20100101 Firefox/14.0.1"
192.42.116.0 - - [10/Mar/2025:00:10:26 +0100] "POST /?na=s HTTP/2.0" 200 2474 "https://www.gebaeudetechnik.nrw/?na=s" "Mozilla/5.0 (Windows NT 5.1; rv:14.0) Gecko/20100101 Firefox/14.0.1"
192.42.116.0 - - [10/Mar/2025:00:10:27 +0100] "GET /montage-vorgefertigter-elemente HTTP/2.0" 200 - "https://www.gebaeudetechnik.nrw/montage-vorgefertigter-elemente" "Mozilla/5.0 (Windows NT 5.1; rv:14.0) Gecko/20100101 Firefox/14.0.1"
192.42.116.0 - - [10/Mar/2025:00:10:27 +0100] "GET /montage-vorgefertigter-elemente/ HTTP/2.0" 200 298598 "https://www.gebaeudetechnik.nrw/montage-vorgefertigter-elemente" "Mozilla/5.0 (Windows NT 5.1; rv:14.0) Gecko/20100101 Firefox/14.0.1"
193.189.100.0 - - [10/Mar/2025:00:10:28 +0100] "POST /?na=s HTTP/2.0" 200 2475 "https://www.gebaeudetechnik.nrw/?na=s" "Mozilla/5.0 (Windows NT 5.1; rv:14.0) Gecko/20100101 Firefox/14.0.1"
193.189.100.0 - - [10/Mar/2025:00:10:29 +0100] "GET /objektwartung HTTP/2.0" 200 - "https://www.gebaeudetechnik.nrw/objektwartung" "Mozilla/5.0 (Windows NT 5.1; rv:14.0) Gecko/20100101 Firefox/14.0.1"
193.189.100.0 - - [10/Mar/2025:00:10:29 +0100] "GET /objektwartung/ HTTP/2.0" 200 296585 "https://www.gebaeudetechnik.nrw/objektwartung" "Mozilla/5.0 (Windows NT 5.1; rv:14.0) Gecko/20100101 Firefox/14.0.1"
193.189.100.0 - - [10/Mar/2025:00:10:30 +0100] "POST /?na=s HTTP/2.0" 200 2498 "https://www.gebaeudetechnik.nrw/?na=s" "Mozilla/5.0 (Windows NT 5.1; rv:14.0) Gecko/20100101 Firefox/14.0.1"
193.189.100.0 - - [10/Mar/2025:00:10:31 +0100] "GET /rauchmelder HTTP/2.0" 200 - "https://www.gebaeudetechnik.nrw/rauchmelder" "Mozilla/5.0 (Windows NT 5.1; rv:14.0) Gecko/20100101 Firefox/14.0.1"
193.189.100.0 - - [10/Mar/2025:00:10:32 +0100] "GET /rauchmelder/ HTTP/2.0" 200 298249 "https://www.gebaeudetechnik.nrw/rauchmelder" "Mozilla/5.0 (Windows NT 5.1; rv:14.0) Gecko/20100101 Firefox/14.0.1"
193.189.100.0 - - [10/Mar/2025:00:10:33 +0100] "POST /?na=s HTTP/2.0" 200 2458 "https://www.gebaeudetechnik.nrw/?na=s" "Mozilla/5.0 (Windows NT 5.1; rv:14.0) Gecko/20100101 Firefox/14.0.1"
193.189.100.0 - - [10/Mar/2025:00:10:34 +0100] "GET /sicherheitstechnik HTTP/2.0" 200 - "https://www.gebaeudetechnik.nrw/sicherheitstechnik" "Mozilla/5.0 (Windows NT 5.1; rv:14.0) Gecko/20100101 Firefox/14.0.1"
193.189.100.0 - - [10/Mar/2025:00:10:34 +0100] "GET /sicherheitstechnik/ HTTP/2.0" 200 300646 "https://www.gebaeudetechnik.nrw/sicherheitstechnik" "Mozilla/5.0 (Windows NT 5.1; rv:14.0) Gecko/20100101 Firefox/14.0.1"
193.189.100.0 - - [10/Mar/2025:00:10:35 +0100] "POST /?na=s HTTP/2.0" 200 2480 "https://www.gebaeudetechnik.nrw/?na=s" "Mozilla/5.0 (Windows NT 5.1; rv:14.0) Gecko/20100101 Firefox/14.0.1"
193.189.100.0 - - [10/Mar/2025:00:10:36 +0100] "GET /technische-wartung-in-gebaeuden HTTP/2.0" 200 - "https://www.gebaeudetechnik.nrw/technische-wartung-in-gebaeuden" "Mozilla/5.0 (Windows NT 5.1; rv:14.0) Gecko/20100101 Firefox/14.0.1"
193.189.100.0 - - [10/Mar/2025:00:10:36 +0100] "GET /technische-wartung-in-gebaeuden/ HTTP/2.0" 200 298328 "https://www.gebaeudetechnik.nrw/technische-wartung-in-gebaeuden" "Mozilla/5.0 (Windows NT 5.1; rv:14.0) Gecko/20100101 Firefox/14.0.1"
193.189.100.0 - - [10/Mar/2025:00:10:37 +0100] "POST /?na=s HTTP/2.0" 200 2493 "https://www.gebaeudetechnik.nrw/?na=s" "Mozilla/5.0 (Windows NT 5.1; rv:14.0) Gecko/20100101 Firefox/14.0.1"
2a01:238:43f8:5f00:: - - [10/Mar/2025:00:10:39 +0100] "POST /wp-cron.php?doing_wp_cron=1741561839.0880389213562011718750 HTTP/1.1" 200 - "-" "C8SwNN2vCKJx"
185.220.100.0 - - [10/Mar/2025:00:10:39 +0100] "GET /trockenbauarbeiten HTTP/2.0" 200 - "https://www.gebaeudetechnik.nrw/trockenbauarbeiten" "Mozilla/5.0 (Windows NT 5.1; rv:14.0) Gecko/20100101 Firefox/14.0.1"
185.220.100.0 - - [10/Mar/2025:00:10:39 +0100] "GET /trockenbauarbeiten/ HTTP/2.0" 200 300038 "https://www.gebaeudetechnik.nrw/trockenbauarbeiten" "Mozilla/5.0 (Windows NT 5.1; rv:14.0) Gecko/20100101 Firefox/14.0.1"
185.220.100.0 - - [10/Mar/2025:00:10:41 +0100] "POST /?na=s HTTP/2.0" 200 2486 "https://www.gebaeudetechnik.nrw/?na=s" "Mozilla/5.0 (Windows NT 5.1; rv:14.0) Gecko/20100101 Firefox/14.0.1"
185.220.100.0 - - [10/Mar/2025:00:10:41 +0100] "GET /unterhaltsreinigung HTTP/2.0" 200 - "https://www.gebaeudetechnik.nrw/unterhaltsreinigung" "Mozilla/5.0 (Windows NT 5.1; rv:14.0) Gecko/20100101 Firefox/14.0.1"
185.220.100.0 - - [10/Mar/2025:00:10:41 +0100] "GET /unterhaltsreinigung/ HTTP/2.0" 200 299586 "https://www.gebaeudetechnik.nrw/unterhaltsreinigung" "Mozilla/5.0 (Windows NT 5.1; rv:14.0) Gecko/20100101 Firefox/14.0.1"
185.220.100.0 - - [10/Mar/2025:00:10:42 +0100] "POST /?na=s HTTP/2.0" 200 2477 "https://www.gebaeudetechnik.nrw/?na=s" "Mozilla/5.0 (Windows NT 5.1; rv:14.0) Gecko/20100101 Firefox/14.0.1"
185.220.100.0 - - [10/Mar/2025:00:10:43 +0100] "GET /vogel-taubenabwehr HTTP/2.0" 200 - "https://www.gebaeudetechnik.nrw/vogel-taubenabwehr" "Mozilla/5.0 (Windows NT 5.1; rv:14.0) Gecko/20100101 Firefox/14.0.1"
185.220.100.0 - - [10/Mar/2025:00:10:43 +0100] "GET /vogel-taubenabwehr/ HTTP/2.0" 200 300963 "https://www.gebaeudetechnik.nrw/vogel-taubenabwehr" "Mozilla/5.0 (Windows NT 5.1; rv:14.0) Gecko/20100101 Firefox/14.0.1"
185.220.100.0 - - [10/Mar/2025:00:10:44 +0100] "POST /?na=s HTTP/2.0" 200 2488 "https://www.gebaeudetechnik.nrw/?na=s" "Mozilla/5.0 (Windows NT 5.1; rv:14.0) Gecko/20100101 Firefox/14.0.1"
185.220.100.0 - - [10/Mar/2025:00:10:44 +0100] "GET /wassermelder HTTP/2.0" 200 - "https://www.gebaeudetechnik.nrw/wassermelder" "Mozilla/5.0 (Windows NT 5.1; rv:14.0) Gecko/20100101 Firefox/14.0.1"
185.220.100.0 - - [10/Mar/2025:00:10:45 +0100] "GET /wassermelder/ HTTP/2.0" 200 296219 "https://www.gebaeudetechnik.nrw/wassermelder" "Mozilla/5.0 (Windows NT 5.1; rv:14.0) Gecko/20100101 Firefox/14.0.1"
185.220.100.0 - - [10/Mar/2025:00:10:45 +0100] "POST /?na=s HTTP/2.0" 200 2492 "https://www.gebaeudetechnik.nrw/?na=s" "Mozilla/5.0 (Windows NT 5.1; rv:14.0) Gecko/20100101 Firefox/14.0.1"
185.220.100.0 - - [10/Mar/2025:00:10:46 +0100] "GET /wp-content/uploads/cleaning-48889-300x200-1.webp HTTP/2.0" 200 6202 "https://www.gebaeudetechnik.nrw/wp-content/uploads/cleaning-48889-300x200-1.webp" "Mozilla/5.0 (Windows NT 5.1; rv:14.0) Gecko/20100101 Firefox/14.0.1"
185.220.100.0 - - [10/Mar/2025:00:10:46 +0100] "GET /wp-content/uploads/einbruchschutz-1280-300x200-1.webp HTTP/2.0" 200 8292 "https://www.gebaeudetechnik.nrw/wp-content/uploads/einbruchschutz-1280-300x200-1.webp" "Mozilla/5.0 (Windows NT 5.1; rv:14.0) Gecko/20100101 Firefox/14.0.1"
2001:1600:16:11:: - - [10/Mar/2025:00:11:03 +0100] "GET //wp-content/plugins/fix/up.php HTTP/1.1" 301 265 "-" "Mozilla/5.0 (Windows NT 10.0; Win64; x64) AppleWebKit/537.36 (KHTML, like Gecko) Chrome/85.0.4183.102 Safari/537.36"
2001:1600:16:11:: - - [10/Mar/2025:00:11:03 +0100] "GET /wp-content/plugins/fix/up.php HTTP/1.1" 200 - "-" "Mozilla/5.0 (Windows NT 10.0; Win64; x64) AppleWebKit/537.36 (KHTML, like Gecko) Chrome/85.0.4183.102 Safari/537.36"
2001:1600:16:11:: - - [10/Mar/2025:00:11:04 +0100] "GET /wp-content/plugins/fix/up.php HTTP/1.1" 200 48509 "-" "Mozilla/5.0 (Windows NT 10.0; Win64; x64) AppleWebKit/537.36 (KHTML, like Gecko) Chrome/85.0.4183.102 Safari/537.36"
213.180.203.0 - - [10/Mar/2025:00:13:15 +0100] "GET /robots.txt HTTP/1.1" 200 223 "-" "Mozilla/5.0 (compatible; YandexBot/3.0; +http://yandex.com/bots)"
2a01:238:43f8:5f00:: - - [10/Mar/2025:00:13:16 +0100] "POST /wp-cron.php?doing_wp_cron=1741561996.4461579322814941406250 HTTP/1.1" 200 - "-" "VTwRRq61MYnd"
5.255.231.0 - - [10/Mar/2025:00:13:16 +0100] "GET /definition-unterhaltsreinigung/favicon/favicon-180.png HTTP/1.1" 200 48509 "-" "Mozilla/5.0 (compatible; YandexFavicons/1.0; +http://yandex.com/bots)"
208.65.90.0 - - [10/Mar/2025:00:13:39 +0100] "GET /reports/usage_202403.html HTTP/1.0" 200 92683 "https://xn--v14-7ua.com" "Mozilla/5.0 (Windows NT 10.0; Win64; x64) AppleWebKit/537.36 (KHTML, like Gecko) Chrome/131.0.0.0 Safari/537.36 Avast/131.0.0.0"
72.49.49.0 - - [10/Mar/2025:00:14:09 +0100] "GET /reports/usage_202403.html HTTP/1.0" 200 92683 "https://xn--kr9-onb.com" "Mozilla/5.0 (Windows NT 10.0; Win64; x64) AppleWebKit/537.36 (KHTML, like Gecko) Chrome/130.0.0.0 Safari/537.36 CCleaner/130.0.0.0"
208.65.90.0 - - [10/Mar/2025:00:14:49 +0100] "GET /reports/usage_202403.html HTTP/1.0" 200 92683 "https://xn--kr13-6na.com" "Mozilla/5.0 (Windows NT 10.0; Win64; x64) AppleWebKit/537.36 (KHTML, like Gecko) Chrome/131.0.0.0 Safari/537.36 Avast/131.0.0.0"
67.201.39.0 - - [10/Mar/2025:00:20:00 +0100] "GET /reports/usage_202403.html HTTP/1.0" 200 92683 "https://xn--kr11-rzb.com" "Mozilla/5.0 (Windows NT 10.0; Win64; x64) AppleWebKit/537.36 (KHTML, like Gecko) Chrome/130.0.0.0 Safari/537.36 CCleaner/130.0.0.0"
67.201.58.0 - - [10/Mar/2025:00:25:54 +0100] "GET /reports/usage_202403.html HTTP/1.0" 200 92683 "https://xn--krken10-bn4c.com" "Mozilla/5.0 (Windows NT 10.0; Win64; x64) AppleWebKit/537.36 (KHTML, like Gecko) Chrome/131.0.0.0 Safari/537.36 Avast/131.0.0.0"
208.102.51.0 - - [10/Mar/2025:00:26:01 +0100] "GET /reports/usage_202403.html HTTP/1.0" 200 92683 "https://xn--kr-ela.com" "Mozilla/5.0 (Windows NT 10.0; Win64; x64) AppleWebKit/537.36 (KHTML, like Gecko) Chrome/131.0.0.0 Safari/537.36 Avast/131.0.0.0"
72.195.34.0 - - [10/Mar/2025:00:26:09 +0100] "GET /reports/usage_202403.html HTTP/1.0" 200 92683 "https://xn--krken9-xc8b.com" "Mozilla/5.0 (Windows NT 10.0; Win64; x64) AppleWebKit/537.36 (KHTML, like Gecko) Chrome/130.0.0.0 Safari/537.36 CCleaner/130.0.0.0"
54.36.149.0 - - [10/Mar/2025:00:28:28 +0100] "GET /contao/vendor/webignition/?C=D;O=A HTTP/2.0" 200 461 "-" "Mozilla/5.0 (compatible; AhrefsBot/7.0; +http://ahrefs.com/robot/)"
213.34.2.0 - - [10/Mar/2025:00:30:58 +0100] "GET / HTTP/1.0" 200 3510 "-" "-"
208.102.51.0 - - [10/Mar/2025:00:31:46 +0100] "GET /reports/usage_202403.html HTTP/1.0" 200 92683 "https://xn--kr-lbb.com" "Mozilla/5.0 (Windows NT 10.0; Win64; x64) AppleWebKit/537.36 (KHTML, like Gecko) Chrome/131.0.0.0 Safari/537.36 Avast/131.0.0.0"
208.102.51.0 - - [10/Mar/2025:00:32:10 +0100] "GET /reports/usage_202403.html HTTP/1.0" 200 92683 "https://xn--krakn-m0a.cc" "Mozilla/5.0 (Windows NT 10.0; Win64; x64) AppleWebKit/537.36 (KHTML, like Gecko) Chrome/129.0.0.0 Safari/537.36"
72.49.49.0 - - [10/Mar/2025:00:32:18 +0100] "GET /reports/usage_202403.html HTTP/1.0" 200 92683 "https://xn--krken15-bn4c.com" "Mozilla/5.0 (Windows NT 10.0; Win64; x64) AppleWebKit/537.36 (KHTML, like Gecko) Chrome/130.0.0.0 Safari/537.36"
93.117.30.0 - - [10/Mar/2025:00:36:30 +0100] "GET / HTTP/1.1" 200 3510 "-" "Mozilla/5.0 (Windows NT 6.1; WOW64) AppleWebKit/537.36 (KHTML, like Gecko) Chrome/52.0.2743.116 Safari/537.36"
208.65.90.0 - - [10/Mar/2025:00:37:08 +0100] "GET /reports/usage_202403.html HTTP/1.0" 200 92683 "https://xn--ra-ypa.com" "Mozilla/5.0 (Windows NT 10.0; Win64; x64) AppleWebKit/537.36 (KHTML, like Gecko) Chrome/130.0.0.0 Safari/537.36 CCleaner/130.0.0.0"
72.49.49.0 - - [10/Mar/2025:00:37:40 +0100] "GET /reports/usage_202403.html HTTP/1.0" 200 92683 "https://xn--krken12-bn4c.com" "Mozilla/5.0 (Windows NT 10.0; Win64; x64) AppleWebKit/537.36 (KHTML, like Gecko) Chrome/131.0.0.0 Safari/537.36"
208.65.90.0 - - [10/Mar/2025:00:37:47 +0100] "GET /reports/usage_202403.html HTTP/1.0" 200 92683 "https://xn--krken10-bn4c.com" "Mozilla/5.0 (Windows NT 10.0; Win64; x64) AppleWebKit/537.36 (KHTML, like Gecko) Chrome/129.0.0.0 Safari/537.36"
121.40.197.0 - - [10/Mar/2025:00:40:15 +0100] "POST /cgi-bin/.%2e/.%2e/.%2e/.%2e/.%2e/.%2e/.%2e/.%2e/.%2e/.%2e/bin/sh HTTP/1.1" 400 226 "-" "Custom-AsyncHttpClient"
2a01:238:43f8:5f00:: - - [10/Mar/2025:00:42:10 +0100] "POST /wp-cron.php?doing_wp_cron=1741563730.5660688877105712890625 HTTP/1.1" 200 - "-" "kwr1vw7Ow2zd"
121.229.156.0 - - [10/Mar/2025:00:42:10 +0100] "GET / HTTP/1.1" 200 55576 "-" "Sogou web spider/4.0(+http://www.sogou.com/docs/help/webmasters.htm#07)"
72.195.34.0 - - [10/Mar/2025:00:42:57 +0100] "GET /reports/usage_202403.html HTTP/1.0" 200 92683 "https://xn--krakn-m0a.cc" "Mozilla/5.0 (Windows NT 10.0; Win64; x64) AppleWebKit/537.36 (KHTML, like Gecko) Chrome/130.0.0.0 Safari/537.36 CCleaner/130.0.0.0"
208.102.51.0 - - [10/Mar/2025:00:43:29 +0100] "GET /reports/usage_202403.html HTTP/1.0" 200 92683 "https://xn--kr2-onb.com" "Mozilla/5.0 (Windows NT 10.0; Win64; x64) AppleWebKit/537.36 (KHTML, like Gecko) Chrome/130.0.0.0 Safari/537.36 CCleaner/130.0.0.0"
208.65.90.0 - - [10/Mar/2025:00:43:49 +0100] "GET /reports/usage_202403.html HTTP/1.0" 200 92683 "https://xn--krakn-9za.cc" "Mozilla/5.0 (Windows NT 10.0; Win64; x64) AppleWebKit/537.36 (KHTML, like Gecko) Chrome/130.0.0.0 Safari/537.36"
117.50.192.0 - - [10/Mar/2025:00:48:26 +0100] "GET /wp-content/uploads/2021/05/solar-buerste-600x400.jpg HTTP/1.1" 404 2679 "-" "Mozilla/5.0 (X11; Ubuntu; Linux x86_64; rv:72.0) Gecko/20100101 Firefox/72.0"
117.50.192.0 - - [10/Mar/2025:00:48:26 +0100] "GET /wp-content/uploads/2021/05/solar-buerste-600x400.jpg HTTP/1.1" 404 2679 "-" "Mozilla/5.0 (X11; Ubuntu; Linux x86_64; rv:72.0) Gecko/20100101 Firefox/72.0"
208.102.51.0 - - [10/Mar/2025:00:48:51 +0100] "GET /reports/usage_202403.html HTTP/1.0" 200 92683 "https://xn--kr12-rzb.com" "Mozilla/5.0 (Windows NT 10.0; Win64; x64) AppleWebKit/537.36 (KHTML, like Gecko) Chrome/130.0.0.0 Safari/537.36"
208.102.51.0 - - [10/Mar/2025:00:49:01 +0100] "GET /reports/usage_202403.html HTTP/1.0" 200 92683 "https://xn--kr-kla.com" "Mozilla/5.0 (Windows NT 10.0; Win64; x64) AppleWebKit/537.36 (KHTML, like Gecko) Chrome/130.0.0.0 Safari/537.36 CCleaner/130.0.0.0"
208.102.51.0 - - [10/Mar/2025:00:49:10 +0100] "GET /reports/usage_202403.html HTTP/1.0" 200 92683 "https://xn--krken14-bn4c.com" "Mozilla/5.0 (Windows NT 10.0; Win64; x64) AppleWebKit/537.36 (KHTML, like Gecko) Chrome/131.0.0.0 Safari/537.36"
196.251.87.0 - - [10/Mar/2025:00:50:57 +0100] "GET /.env HTTP/1.1" 404 2539 "-" "Mozilla/5.0 (Macintosh; Intel Mac OS X 10.15; rv:77.0) Gecko/20100101 Firefox/77.0"
72.49.49.0 - - [10/Mar/2025:00:54:26 +0100] "GET /reports/usage_202403.html HTTP/1.0" 200 92683 "https://xn--krken14-bn4c.com" "Mozilla/5.0 (Windows NT 10.0; Win64; x64) AppleWebKit/537.36 (KHTML, like Gecko) Chrome/131.0.0.0 Safari/537.36"
208.65.90.0 - - [10/Mar/2025:00:54:33 +0100] "GET /reports/usage_202403.html HTTP/1.0" 200 92683 "https://xn--kr12-rzb.com" "Mozilla/5.0 (Windows NT 10.0; Win64; x64) AppleWebKit/537.36 (KHTML, like Gecko) Chrome/130.0.0.0 Safari/537.36"
54.36.149.0 - - [10/Mar/2025:00:57:57 +0100] "GET /contao/vendor/lcobucci/?C=N;O=D HTTP/2.0" 200 410 "-" "Mozilla/5.0 (compatible; AhrefsBot/7.0; +http://ahrefs.com/robot/)"
2a01:238:43f8:5f00:: - - [10/Mar/2025:00:59:37 +0100] "POST /wp-cron.php?doing_wp_cron=1741564777.4892699718475341796875 HTTP/1.1" 200 - "-" "lVrVB7geQeRr"
188.34.153.0 - - [10/Mar/2025:00:59:37 +0100] "GET / HTTP/1.1" 200 317803 "-" "Mozilla/5.0 (Macintosh; Intel Mac OS X 10_15_7) AppleWebKit/537.36 (KHTML, like Gecko) Chrome/108.0.0.0 Safari/537.36"
208.65.90.0 - - [10/Mar/2025:01:00:14 +0100] "GET /reports/usage_202403.html HTTP/1.0" 200 92683 "https://xn--kran-xva5q.com" "Mozilla/5.0 (Windows NT 10.0; Win64; x64) AppleWebKit/537.36 (KHTML, like Gecko) Chrome/131.0.0.0 Safari/537.36 Avast/131.0.0.0"
208.102.51.0 - - [10/Mar/2025:01:00:19 +0100] "GET /reports/usage_202403.html HTTP/1.0" 200 92683 "https://xn--krakn-9za.cc" "Mozilla/5.0 (Windows NT 10.0; Win64; x64) AppleWebKit/537.36 (KHTML, like Gecko) Chrome/129.0.0.0 Safari/537.36"
184.178.172.0 - - [10/Mar/2025:01:01:00 +0100] "GET /reports/usage_202403.html HTTP/1.0" 200 92683 "https://xn--kr13-6na.com" "Mozilla/5.0 (Windows NT 10.0; Win64; x64) AppleWebKit/537.36 (KHTML, like Gecko) Chrome/131.0.0.0 Safari/537.36 Avast/131.0.0.0"
89.246.241.0 - - [10/Mar/2025:01:02:09 +0100] "GET / HTTP/1.1" 301 236 "-" "Mozilla/5.0 (Windows NT 10.0; Win64; x64; rv:133.0) Gecko/20100101 Firefox/133.0"
80.82.77.0 - - [10/Mar/2025:01:05:05 +0100] "GET / HTTP/1.0" 404 - "-" "Opera/9.64 (X11; Linux i686; U; Linux Mint; nb) Presto/2.1.1"
116.252.76.0 - - [10/Mar/2025:01:05:24 +0100] "GET / HTTP/1.1" 200 3510 "-" "-"
72.49.49.0 - - [10/Mar/2025:01:05:23 +0100] "GET /reports/usage_202403.html HTTP/1.0" 200 92683 "https://xn--krken9-xoc.com" "Mozilla/5.0 (Windows NT 10.0; Win64; x64) AppleWebKit/537.36 (KHTML, like Gecko) Chrome/131.0.0.0 Safari/537.36 Avast/131.0.0.0"
208.65.90.0 - - [10/Mar/2025:01:05:31 +0100] "GET /reports/usage_202403.html HTTP/1.0" 200 92683 "https://xn--kr-ela.com" "Mozilla/5.0 (Windows NT 10.0; Win64; x64) AppleWebKit/537.36 (KHTML, like Gecko) Chrome/131.0.0.0 Safari/537.36"
208.65.90.0 - - [10/Mar/2025:01:05:51 +0100] "GET /reports/usage_202403.html HTTP/1.0" 200 92683 "https://xn--krken7-xoc.com" "Mozilla/5.0 (Windows NT 10.0; Win64; x64) AppleWebKit/537.36 (KHTML, like Gecko) Chrome/131.0.0.0 Safari/537.36"
49.113.93.0 - - [10/Mar/2025:01:06:00 +0100] "GET / HTTP/1.1" 200 3510 "-" "Mozilla/5.0 (Windows NT 6.1) AppleWebKit/537.36 (KHTML, like Gecko) Chrome/49.0.2623.112 Safari/537.36"
218.104.149.0 - - [10/Mar/2025:01:06:04 +0100] "GET /favicon.ico HTTP/1.1" 404 2553 "-" "Mozilla/5.0 (Windows NT 6.1) AppleWebKit/537.36 (KHTML, like Gecko) Chrome/49.0.2623.112 Safari/537.36"
2a01:238:43f8:5f00:: - - [10/Mar/2025:01:10:35 +0100] "POST /wp-cron.php?doing_wp_cron=1741565435.6947178840637207031250 HTTP/1.1" 200 - "-" "l1nj2Xn7WrI8"
205.210.31.0 - - [10/Mar/2025:01:10:35 +0100] "GET / HTTP/1.1" 301 - "-" "-"
205.210.31.0 - - [10/Mar/2025:01:10:36 +0100] "GET / HTTP/1.1" 200 317742 "-" "-"
72.49.49.0 - - [10/Mar/2025:01:10:53 +0100] "GET /reports/usage_202403.html HTTP/1.0" 200 92683 "https://xn--krken14-bn4c.com" "Mozilla/5.0 (Windows NT 10.0; Win64; x64) AppleWebKit/537.36 (KHTML, like Gecko) Chrome/129.0.0.0 Safari/537.36"
72.49.49.0 - - [10/Mar/2025:01:11:05 +0100] "GET /reports/usage_202403.html HTTP/1.0" 200 92683 "https://xn--krken14-bn4c.com" "Mozilla/5.0 (Windows NT 10.0; Win64; x64) AppleWebKit/537.36 (KHTML, like Gecko) Chrome/131.0.0.0 Safari/537.36"
208.102.51.0 - - [10/Mar/2025:01:11:14 +0100] "GET /reports/usage_202403.html HTTP/1.0" 200 92683 "https://xn--krken9-xoc.com" "Mozilla/5.0 (Windows NT 10.0; Win64; x64) AppleWebKit/537.36 (KHTML, like Gecko) Chrome/129.0.0.0 Safari/537.36"
169.150.247.0 - - [10/Mar/2025:01:11:44 +0100] "GET /robots.txt HTTP/1.1" 301 246 "-" "Mozilla/5.0 (Macintosh; Intel Mac OS X 10_15_7) AppleWebKit/537.36 (KHTML, like Gecko) Chrome/131.0.0.0 Safari/537.36; compatible; OAI-SearchBot/1.0; +https://openai.com/searchbot"
20.42.10.0 - - [10/Mar/2025:01:11:44 +0100] "GET /robots.txt HTTP/2.0" 200 162 "-" "Mozilla/5.0 (Macintosh; Intel Mac OS X 10_15_7) AppleWebKit/537.36 (KHTML, like Gecko) Chrome/131.0.0.0 Safari/537.36; compatible; OAI-SearchBot/1.0; +https://openai.com/searchbot"
169.150.247.0 - - [10/Mar/2025:01:16:19 +0100] "GET /wp-admin/includes/nav.php HTTP/1.1" 301 261 "-" "Mozlila/5.0 (Linux; Android 7.0; SM-G892A Bulid/NRD90M; wv) AppleWebKit/537.36 (KHTML, like Gecko) Version/4.0 Chrome/60.0.3112.107 Moblie Safari/537.36"
157.230.251.0 - - [10/Mar/2025:01:16:24 +0100] "GET /wp-admin/includes/nav.php HTTP/1.1" 403 2423 "-" "Mozlila/5.0 (Linux; Android 7.0; SM-G892A Bulid/NRD90M; wv) AppleWebKit/537.36 (KHTML, like Gecko) Version/4.0 Chrome/60.0.3112.107 Moblie Safari/537.36"
169.150.247.0 - - [10/Mar/2025:01:16:31 +0100] "GET /wp-includes/sodium_compat/src/Core32/Curve25519/Ge/Core32.php HTTP/1.1" 301 297 "-" "Mozlila/5.0 (Linux; Android 7.0; SM-G892A Bulid/NRD90M; wv) AppleWebKit/537.36 (KHTML, like Gecko) Version/4.0 Chrome/60.0.3112.107 Moblie Safari/537.36"
208.102.51.0 - - [10/Mar/2025:01:16:33 +0100] "GET /reports/usage_202403.html HTTP/1.0" 200 92683 "https://xn--kr7-onb.com" "Mozilla/5.0 (Windows NT 10.0; Win64; x64) AppleWebKit/537.36 (KHTML, like Gecko) Chrome/131.0.0.0 Safari/537.36 Avast/131.0.0.0"
2a01:238:43f8:5f00:: - - [10/Mar/2025:01:16:35 +0100] "POST /wp-cron.php?doing_wp_cron=1741565795.6724019050598144531250 HTTP/1.1" 200 - "-" "pNsHyCltI4ag"
157.230.251.0 - - [10/Mar/2025:01:16:35 +0100] "GET /wp-includes/sodium_compat/src/Core32/Curve25519/Ge/Core32.php HTTP/1.1" 200 - "-" "Mozlila/5.0 (Linux; Android 7.0; SM-G892A Bulid/NRD90M; wv) AppleWebKit/537.36 (KHTML, like Gecko) Version/4.0 Chrome/60.0.3112.107 Moblie Safari/537.36"
157.230.251.0 - - [10/Mar/2025:01:16:41 +0100] "GET /wp-includes/sodium_compat/src/Core32/Curve25519/Ge/Core32.php HTTP/1.1" 200 48509 "-" "Mozlila/5.0 (Linux; Android 7.0; SM-G892A Bulid/NRD90M; wv) AppleWebKit/537.36 (KHTML, like Gecko) Version/4.0 Chrome/60.0.3112.107 Moblie Safari/537.36"
184.178.172.0 - - [10/Mar/2025:01:17:04 +0100] "GET /reports/usage_202403.html HTTP/1.0" 200 92683 "https://xn--krken14-bn4c.com" "Mozilla/5.0 (Windows NT 10.0; Win64; x64) AppleWebKit/537.36 (KHTML, like Gecko) Chrome/131.0.0.0 Safari/537.36 Avast/131.0.0.0"
72.49.49.0 - - [10/Mar/2025:01:17:34 +0100] "GET /reports/usage_202403.html HTTP/1.0" 200 92683 "https://xn--krken7-xoc.com" "Mozilla/5.0 (Windows NT 10.0; Win64; x64) AppleWebKit/537.36 (KHTML, like Gecko) Chrome/131.0.0.0 Safari/537.36 Avast/131.0.0.0"
92.113.231.0 - - [10/Mar/2025:01:21:08 +0100] "GET /robots.txt HTTP/1.1" 200 162 "-" "CodaBot/1.0"
2a01:238:43f8:5f00:: - - [10/Mar/2025:01:21:08 +0100] "POST /wp-cron.php?doing_wp_cron=1741566068.6384999752044677734375 HTTP/1.1" 200 - "-" "6NAU5fp9Qayt"
92.113.231.0 - - [10/Mar/2025:01:21:08 +0100] "GET / HTTP/1.1" 200 55565 "-" "CodaBot/1.0"
92.113.231.0 - - [10/Mar/2025:01:21:10 +0100] "GET /objektwartung/ HTTP/1.1" 200 50643 "-" "CodaBot/1.0"
2a01:238:43f8:5f00:: - - [10/Mar/2025:01:21:12 +0100] "POST /wp-cron.php?doing_wp_cron=1741566072.8236498832702636718750 HTTP/1.1" 200 - "-" "65GQ0H22rIGm"
92.113.231.0 - - [10/Mar/2025:01:21:12 +0100] "GET /hausmeisterservice/ HTTP/1.1" 200 51252 "-" "CodaBot/1.0"
92.113.231.0 - - [10/Mar/2025:01:21:14 +0100] "GET /sicherheitstechnik/ HTTP/1.1" 200 52238 "-" "CodaBot/1.0"
92.113.231.0 - - [10/Mar/2025:01:21:16 +0100] "GET /wassermelder/ HTTP/1.1" 200 50657 "-" "CodaBot/1.0"
92.113.231.0 - - [10/Mar/2025:01:21:18 +0100] "GET /co2-warnmelder/ HTTP/1.1" 200 50700 "-" "CodaBot/1.0"
92.113.231.0 - - [10/Mar/2025:01:21:20 +0100] "GET /brandschutz/ HTTP/1.1" 200 52672 "-" "CodaBot/1.0"
92.113.231.0 - - [10/Mar/2025:01:21:22 +0100] "GET /einbruchschutz/ HTTP/1.1" 200 53706 "-" "CodaBot/1.0"
92.113.231.0 - - [10/Mar/2025:01:21:24 +0100] "GET /unterhaltsreinigung/ HTTP/1.1" 200 51754 "-" "CodaBot/1.0"
92.113.231.0 - - [10/Mar/2025:01:21:26 +0100] "GET /bueroreinigung/ HTTP/1.1" 200 50427 "-" "CodaBot/1.0"
92.113.231.0 - - [10/Mar/2025:01:21:28 +0100] "GET /montage-vorgefertigter-elemente/ HTTP/1.1" 200 51429 "-" "CodaBot/1.0"
92.113.231.0 - - [10/Mar/2025:01:21:30 +0100] "GET /vogel-taubenabwehr/ HTTP/1.1" 200 52499 "-" "CodaBot/1.0"
92.113.231.0 - - [10/Mar/2025:01:21:32 +0100] "GET /malerarbeit/ HTTP/1.1" 200 51726 "-" "CodaBot/1.0"
92.113.231.0 - - [10/Mar/2025:01:21:34 +0100] "GET /bodenverlegung/ HTTP/1.1" 200 51713 "-" "CodaBot/1.0"
92.113.231.0 - - [10/Mar/2025:01:21:36 +0100] "GET /trockenbauarbeiten/ HTTP/1.1" 200 52231 "-" "CodaBot/1.0"
92.113.231.0 - - [10/Mar/2025:01:21:37 +0100] "GET /kontaktformular/ HTTP/1.1" 200 54846 "-" "CodaBot/1.0"
92.113.231.0 - - [10/Mar/2025:01:21:39 +0100] "GET /kontaktformular/allgemeine-geschaeftsbedingungen/ HTTP/1.1" 200 53008 "-" "CodaBot/1.0"
92.113.231.0 - - [10/Mar/2025:01:21:41 +0100] "GET /brandschutz HTTP/1.1" 200 - "-" "CodaBot/1.0"
92.113.231.0 - - [10/Mar/2025:01:21:42 +0100] "GET /brandschutz/ HTTP/1.1" 200 52672 "-" "CodaBot/1.0"
92.113.231.0 - - [10/Mar/2025:01:21:44 +0100] "GET /leistungen/sicherheitstechnik HTTP/1.1" 200 - "-" "CodaBot/1.0"
92.113.231.0 - - [10/Mar/2025:01:21:44 +0100] "GET /sicherheitstechnik/ HTTP/1.1" 200 52280 "-" "CodaBot/1.0"
92.113.231.0 - - [10/Mar/2025:01:21:46 +0100] "GET /einbruchschutz HTTP/1.1" 200 - "-" "CodaBot/1.0"
92.113.231.0 - - [10/Mar/2025:01:21:46 +0100] "GET /einbruchschutz/ HTTP/1.1" 200 53711 "-" "CodaBot/1.0"
92.113.231.0 - - [10/Mar/2025:01:21:48 +0100] "GET /leistungen/objektwartung HTTP/1.1" 200 - "-" "CodaBot/1.0"
92.113.231.0 - - [10/Mar/2025:01:21:49 +0100] "GET /objektwartung/ HTTP/1.1" 200 50642 "-" "CodaBot/1.0"
92.113.231.0 - - [10/Mar/2025:01:21:50 +0100] "GET /vogel-taubenabwehr HTTP/1.1" 200 - "-" "CodaBot/1.0"
92.113.231.0 - - [10/Mar/2025:01:21:51 +0100] "GET /vogel-taubenabwehr/ HTTP/1.1" 200 52493 "-" "CodaBot/1.0"
92.113.231.0 - - [10/Mar/2025:01:21:53 +0100] "GET /wp-content/uploads/cleaning-48889-300x200-1.webp HTTP/1.1" 200 6202 "-" "CodaBot/1.0"
92.113.231.0 - - [10/Mar/2025:01:21:54 +0100] "GET /wp-content/uploads/einbruchschutz-1280-300x200-1.webp HTTP/1.1" 200 8292 "-" "CodaBot/1.0"
92.113.231.0 - - [10/Mar/2025:01:21:56 +0100] "GET /technische-wartung-in-gebaeuden/ HTTP/1.1" 200 51058 "-" "CodaBot/1.0"
92.113.231.0 - - [10/Mar/2025:01:21:58 +0100] "GET /rauchmelder/ HTTP/1.1" 200 51097 "-" "CodaBot/1.0"
92.113.231.0 - - [10/Mar/2025:01:21:59 +0100] "GET /impressum/ HTTP/1.1" 200 51002 "-" "CodaBot/1.0"
92.113.231.0 - - [10/Mar/2025:01:22:01 +0100] "GET /datenschutzverordnung/ HTTP/1.1" 200 63709 "-" "CodaBot/1.0"
208.65.90.0 - - [10/Mar/2025:01:22:18 +0100] "GET /reports/usage_202403.html HTTP/1.0" 200 92683 "https://xn--rakn-f0a1446b.com" "Mozilla/5.0 (Windows NT 10.0; Win64; x64) AppleWebKit/537.36 (KHTML, like Gecko) Chrome/131.0.0.0 Safari/537.36"
208.102.51.0 - - [10/Mar/2025:01:23:47 +0100] "GET /reports/usage_202403.html HTTP/1.0" 200 92683 "https://xn--kr13-6na.com" "Mozilla/5.0 (Windows NT 10.0; Win64; x64) AppleWebKit/537.36 (KHTML, like Gecko) Chrome/131.0.0.0 Safari/537.36"
54.36.149.0 - - [10/Mar/2025:01:25:18 +0100] "GET /contao/vendor/simplepie/simplepie/autoloader.php HTTP/2.0" 200 - "-" "Mozilla/5.0 (compatible; AhrefsBot/7.0; +http://ahrefs.com/robot/)"
208.65.90.0 - - [10/Mar/2025:01:27:53 +0100] "GET /reports/usage_202403.html HTTP/1.0" 200 92683 "https://xn--krken15-bn4c.com" "Mozilla/5.0 (Windows NT 10.0; Win64; x64) AppleWebKit/537.36 (KHTML, like Gecko) Chrome/131.0.0.0 Safari/537.36"
64.62.197.0 - - [10/Mar/2025:01:27:57 +0100] "\x16\x03\x01" 400 226 "-" "-"
184.178.172.0 - - [10/Mar/2025:01:28:03 +0100] "GET /reports/usage_202403.html HTTP/1.0" 200 92683 "https://xn--krken15-bn4c.com" "Mozilla/5.0 (Windows NT 10.0; Win64; x64) AppleWebKit/537.36 (KHTML, like Gecko) Chrome/130.0.0.0 Safari/537.36"
208.102.51.0 - - [10/Mar/2025:01:28:17 +0100] "GET /reports/usage_202403.html HTTP/1.0" 200 92683 "https://xn--krken14-bn4c.com" "Mozilla/5.0 (Windows NT 10.0; Win64; x64) AppleWebKit/537.36 (KHTML, like Gecko) Chrome/130.0.0.0 Safari/537.36 CCleaner/130.0.0.0"
92.255.57.0 - - [10/Mar/2025:01:30:06 +0100] "GET /actuator/gateway/routes HTTP/1.1" 404 2577 "-" "Mozilla/5.0 (Windows NT 10.0; Win64; x64) AppleWebKit/537.36 (KHTML, like Gecko) Chrome/78.0.3904.108 Safari/537.36"
71.6.232.0 - - [10/Mar/2025:01:31:57 +0100] "GET / HTTP/1.1" 200 727 "-" "Mozilla/5.0 (Windows NT 10.0; Win64; x64) AppleWebKit/537.36 (KHTML, like Gecko) Chrome/74.0.3729.131 Safari/537.36"
72.49.49.0 - - [10/Mar/2025:01:34:35 +0100] "GET /reports/usage_202403.html HTTP/1.0" 200 92683 "https://xn--krken14-bn4c.com" "Mozilla/5.0 (Windows NT 10.0; Win64; x64) AppleWebKit/537.36 (KHTML, like Gecko) Chrome/131.0.0.0 Safari/537.36 Avast/131.0.0.0"
208.65.90.0 - - [10/Mar/2025:01:34:47 +0100] "GET /reports/usage_202403.html HTTP/1.0" 200 92683 "https://xn--krken9-xoc.com" "Mozilla/5.0 (Windows NT 10.0; Win64; x64) AppleWebKit/537.36 (KHTML, like Gecko) Chrome/131.0.0.0 Safari/537.36 Avast/131.0.0.0"
185.228.132.0 - - [10/Mar/2025:01:36:52 +0100] "GET /reports/usage_202402.html HTTP/1.0" 200 91181 "https://seattle-towncar.com/snoqualmie-town-car-service/" "Mozilla/5.0 (Windows NT 10.0; Win64; x64) AppleWebKit/537.36 (KHTML, like Gecko) Chrome/131.0.0.0 Safari/537.36"
72.49.49.0 - - [10/Mar/2025:01:39:32 +0100] "GET /reports/usage_202403.html HTTP/1.0" 200 92683 "https://xn--krken14-bn4c.com" "Mozilla/5.0 (Windows NT 10.0; Win64; x64) AppleWebKit/537.36 (KHTML, like Gecko) Chrome/129.0.0.0 Safari/537.36"
208.65.90.0 - - [10/Mar/2025:01:39:41 +0100] "GET /reports/usage_202403.html HTTP/1.0" 200 92683 "https://xn--krakn-m0a.cc" "Mozilla/5.0 (Windows NT 10.0; Win64; x64) AppleWebKit/537.36 (KHTML, like Gecko) Chrome/129.0.0.0 Safari/537.36"
