169.150.247.0 - - [10/Mar/2025:06:58:02 +0100] "GET /wp-content/plugins/easy-social-icons/css/font-awesome/css/v4-shims.min.css HTTP/1.1" 301 310 "https://gdb-bonn.com/" "page-preview-tool Mozilla/5.0 (Windows NT 10.0; Win64; x64) AppleWebKit/537.36 (KHTML, like Gecko) Chrome/80.0.3987.132 Safari/537.36"
169.150.247.0 - - [10/Mar/2025:06:58:02 +0100] "GET /wp-content/cache/autoptimize/autoptimize_single_19e0aab77a65149633ba58f2dfeb7ebb.php HTTP/1.1" 301 320 "https://gdb-bonn.com/" "page-preview-tool Mozilla/5.0 (Windows NT 10.0; Win64; x64) AppleWebKit/537.36 (KHTML, like Gecko) Chrome/80.0.3987.132 Safari/537.36"
169.150.247.0 - - [10/Mar/2025:06:58:02 +0100] "GET /wp-content/plugins/ml-slider/assets/sliders/flexslider/jquery.flexslider.min.js HTTP/1.1" 301 315 "https://gdb-bonn.com/" "page-preview-tool Mozilla/5.0 (Windows NT 10.0; Win64; x64) AppleWebKit/537.36 (KHTML, like Gecko) Chrome/80.0.3987.132 Safari/537.36"
169.150.247.0 - - [10/Mar/2025:06:58:02 +0100] "GET /wp-content/plugins/ml-slider/assets/easing/jQuery.easing.min.js HTTP/1.1" 301 299 "https://gdb-bonn.com/" "page-preview-tool Mozilla/5.0 (Windows NT 10.0; Win64; x64) AppleWebKit/537.36 (KHTML, like Gecko) Chrome/80.0.3987.132 Safari/537.36"
169.150.247.0 - - [10/Mar/2025:06:58:02 +0100] "GET /wp-content/themes/busiprof-pro/js/themename.js HTTP/1.1" 404 2820 "https://gdb-bonn.com/" "page-preview-tool Mozilla/5.0 (Windows NT 10.0; Win64; x64) AppleWebKit/537.36 (KHTML, like Gecko) Chrome/80.0.3987.132 Safari/537.36"
169.150.247.0 - - [10/Mar/2025:06:58:02 +0100] "GET /wp-content/cache/autoptimize/autoptimize_single_1dd257818e0bfaa6f8a82f141eeb54ff.php HTTP/1.1" 301 320 "https://gdb-bonn.com/" "page-preview-tool Mozilla/5.0 (Windows NT 10.0; Win64; x64) AppleWebKit/537.36 (KHTML, like Gecko) Chrome/80.0.3987.132 Safari/537.36"
169.150.247.0 - - [10/Mar/2025:06:58:02 +0100] "GET /wp-includes/css/dist/block-library/style.min.css HTTP/1.1" 301 284 "https://gdb-bonn.com/" "page-preview-tool Mozilla/5.0 (Windows NT 10.0; Win64; x64) AppleWebKit/537.36 (KHTML, like Gecko) Chrome/80.0.3987.132 Safari/537.36"
169.150.247.0 - - [10/Mar/2025:06:58:02 +0100] "GET /wp-content/themes/busiprof-pro/print.css HTTP/1.1" 404 2808 "https://gdb-bonn.com/" "page-preview-tool Mozilla/5.0 (Windows NT 10.0; Win64; x64) AppleWebKit/537.36 (KHTML, like Gecko) Chrome/80.0.3987.132 Safari/537.36"
188.34.157.0 - - [10/Mar/2025:06:58:02 +0100] "GET /wp-includes/js/jquery/jquery-migrate.min.js HTTP/2.0" 200 4872 "https://gdb-bonn.com/" "page-preview-tool Mozilla/5.0 (Windows NT 10.0; Win64; x64) AppleWebKit/537.36 (KHTML, like Gecko) Chrome/80.0.3987.132 Safari/537.36"
188.34.157.0 - - [10/Mar/2025:06:58:02 +0100] "GET /wp-includes/js/jquery/ui/mouse.min.js HTTP/2.0" 200 1085 "https://gdb-bonn.com/" "page-preview-tool Mozilla/5.0 (Windows NT 10.0; Win64; x64) AppleWebKit/537.36 (KHTML, like Gecko) Chrome/80.0.3987.132 Safari/537.36"
188.34.157.0 - - [10/Mar/2025:06:58:02 +0100] "GET /wp-includes/js/jquery/ui/core.min.js HTTP/2.0" 200 7099 "https://gdb-bonn.com/" "page-preview-tool Mozilla/5.0 (Windows NT 10.0; Win64; x64) AppleWebKit/537.36 (KHTML, like Gecko) Chrome/80.0.3987.132 Safari/537.36"
188.34.157.0 - - [10/Mar/2025:06:58:02 +0100] "GET /wp-content/cache/autoptimize/autoptimize_single_7e63c2dfb2c6011146bc171f6b46f564.php HTTP/2.0" 200 164 "https://gdb-bonn.com/" "page-preview-tool Mozilla/5.0 (Windows NT 10.0; Win64; x64) AppleWebKit/537.36 (KHTML, like Gecko) Chrome/80.0.3987.132 Safari/537.36"
188.34.157.0 - - [10/Mar/2025:06:58:02 +0100] "GET /wp-includes/js/jquery/ui/sortable.min.js HTTP/2.0" 200 6565 "https://gdb-bonn.com/" "page-preview-tool Mozilla/5.0 (Windows NT 10.0; Win64; x64) AppleWebKit/537.36 (KHTML, like Gecko) Chrome/80.0.3987.132 Safari/537.36"
188.34.157.0 - - [10/Mar/2025:06:58:02 +0100] "GET /wp-includes/js/jquery/jquery.min.js HTTP/2.0" 200 30368 "https://gdb-bonn.com/" "page-preview-tool Mozilla/5.0 (Windows NT 10.0; Win64; x64) AppleWebKit/537.36 (KHTML, like Gecko) Chrome/80.0.3987.132 Safari/537.36"
188.34.157.0 - - [10/Mar/2025:06:58:02 +0100] "GET /wp-content/themes/busiprof-pro/css/font-awesome/fonts/fontawesome-webfont.woff?v=4.7.0 HTTP/2.0" 404 2920 "https://gdb-bonn.com/" "page-preview-tool Mozilla/5.0 (Windows NT 10.0; Win64; x64) AppleWebKit/537.36 (KHTML, like Gecko) Chrome/80.0.3987.132 Safari/537.36"
188.34.157.0 - - [10/Mar/2025:06:58:02 +0100] "GET /wp-content/cache/autoptimize/autoptimize_single_1716f5d361462488e2f68f75653a5290.php HTTP/2.0" 200 1342 "https://gdb-bonn.com/" "page-preview-tool Mozilla/5.0 (Windows NT 10.0; Win64; x64) AppleWebKit/537.36 (KHTML, like Gecko) Chrome/80.0.3987.132 Safari/537.36"
188.34.157.0 - - [10/Mar/2025:06:58:02 +0100] "GET /wp-content/cache/autoptimize/autoptimize_single_597d5a628786f3031396519ec07d0599.php HTTP/2.0" 200 676 "https://gdb-bonn.com/" "page-preview-tool Mozilla/5.0 (Windows NT 10.0; Win64; x64) AppleWebKit/537.36 (KHTML, like Gecko) Chrome/80.0.3987.132 Safari/537.36"
188.34.157.0 - - [10/Mar/2025:06:58:02 +0100] "GET /wp-content/cache/autoptimize/autoptimize_single_ce13632a2a809cc3c876650223b774a0.php HTTP/2.0" 200 1645 "https://gdb-bonn.com/" "page-preview-tool Mozilla/5.0 (Windows NT 10.0; Win64; x64) AppleWebKit/537.36 (KHTML, like Gecko) Chrome/80.0.3987.132 Safari/537.36"
188.34.157.0 - - [10/Mar/2025:06:58:02 +0100] "GET /wp-content/cache/autoptimize/autoptimize_single_334e3d08493eba0c7ffbeec7fafdd8be.php HTTP/2.0" 200 698 "https://gdb-bonn.com/" "page-preview-tool Mozilla/5.0 (Windows NT 10.0; Win64; x64) AppleWebKit/537.36 (KHTML, like Gecko) Chrome/80.0.3987.132 Safari/537.36"
188.34.157.0 - - [10/Mar/2025:06:58:02 +0100] "GET /wp-content/cache/autoptimize/autoptimize_single_d780cf740f6d55dc8e0182ae7dbaa51c.php HTTP/2.0" 200 198951 "https://gdb-bonn.com/" "page-preview-tool Mozilla/5.0 (Windows NT 10.0; Win64; x64) AppleWebKit/537.36 (KHTML, like Gecko) Chrome/80.0.3987.132 Safari/537.36"
188.34.157.0 - - [10/Mar/2025:06:58:02 +0100] "GET /wp-content/plugins/easy-social-icons/css/font-awesome/webfonts/fa-regular-400.woff2 HTTP/2.0" 200 13615 "https://gdb-bonn.com/" "page-preview-tool Mozilla/5.0 (Windows NT 10.0; Win64; x64) AppleWebKit/537.36 (KHTML, like Gecko) Chrome/80.0.3987.132 Safari/537.36"
188.34.157.0 - - [10/Mar/2025:06:58:02 +0100] "GET /wp-content/cache/autoptimize/autoptimize_single_6b74ece0913f1478cfb295c6623baf98.php HTTP/2.0" 200 2348 "https://gdb-bonn.com/" "page-preview-tool Mozilla/5.0 (Windows NT 10.0; Win64; x64) AppleWebKit/537.36 (KHTML, like Gecko) Chrome/80.0.3987.132 Safari/537.36"
188.34.157.0 - - [10/Mar/2025:06:58:02 +0100] "GET /wp-content/cache/autoptimize/autoptimize_single_b4713df0b78aa1688c57628e4f1cab0c.php HTTP/2.0" 200 5045 "https://gdb-bonn.com/" "page-preview-tool Mozilla/5.0 (Windows NT 10.0; Win64; x64) AppleWebKit/537.36 (KHTML, like Gecko) Chrome/80.0.3987.132 Safari/537.36"
188.34.157.0 - - [10/Mar/2025:06:58:02 +0100] "GET /wp-content/plugins/easy-social-icons/css/font-awesome/webfonts/fa-solid-900.woff2 HTTP/2.0" 200 74256 "https://gdb-bonn.com/" "page-preview-tool Mozilla/5.0 (Windows NT 10.0; Win64; x64) AppleWebKit/537.36 (KHTML, like Gecko) Chrome/80.0.3987.132 Safari/537.36"
188.34.157.0 - - [10/Mar/2025:06:58:02 +0100] "GET /wp-content/cache/autoptimize/autoptimize_single_617d3d8b8b517ddacc312957902814dd.php HTTP/2.0" 200 2847 "https://gdb-bonn.com/" "page-preview-tool Mozilla/5.0 (Windows NT 10.0; Win64; x64) AppleWebKit/537.36 (KHTML, like Gecko) Chrome/80.0.3987.132 Safari/537.36"
188.34.157.0 - - [10/Mar/2025:06:58:02 +0100] "GET /wp-content/cache/autoptimize/autoptimize_single_3d5bf56970b9d69bc623794ceffae744.php HTTP/2.0" 200 2546 "https://gdb-bonn.com/" "page-preview-tool Mozilla/5.0 (Windows NT 10.0; Win64; x64) AppleWebKit/537.36 (KHTML, like Gecko) Chrome/80.0.3987.132 Safari/537.36"
188.34.157.0 - - [10/Mar/2025:06:58:02 +0100] "GET /wp-content/cache/autoptimize/autoptimize_single_fc47214ab3f32d5ad24c21856dfce3dd.php HTTP/2.0" 200 1533 "https://gdb-bonn.com/" "page-preview-tool Mozilla/5.0 (Windows NT 10.0; Win64; x64) AppleWebKit/537.36 (KHTML, like Gecko) Chrome/80.0.3987.132 Safari/537.36"
188.34.157.0 - - [10/Mar/2025:06:58:02 +0100] "GET /wp-content/cache/autoptimize/autoptimize_single_bc25a68866d292ef47bb832eb3532d86.php HTTP/2.0" 200 187025 "https://gdb-bonn.com/" "page-preview-tool Mozilla/5.0 (Windows NT 10.0; Win64; x64) AppleWebKit/537.36 (KHTML, like Gecko) Chrome/80.0.3987.132 Safari/537.36"
188.34.157.0 - - [10/Mar/2025:06:58:02 +0100] "GET /wp-content/plugins/ml-slider/assets/metaslider/script.min.js HTTP/2.0" 200 396 "https://gdb-bonn.com/" "page-preview-tool Mozilla/5.0 (Windows NT 10.0; Win64; x64) AppleWebKit/537.36 (KHTML, like Gecko) Chrome/80.0.3987.132 Safari/537.36"
188.34.157.0 - - [10/Mar/2025:06:58:02 +0100] "GET /wp-content/plugins/ml-slider/assets/easing/jQuery.easing.min.js HTTP/2.0" 200 1767 "https://gdb-bonn.com/" "page-preview-tool Mozilla/5.0 (Windows NT 10.0; Win64; x64) AppleWebKit/537.36 (KHTML, like Gecko) Chrome/80.0.3987.132 Safari/537.36"
188.34.157.0 - - [10/Mar/2025:06:58:02 +0100] "GET /wp-content/cache/autoptimize/autoptimize_single_dd7b7706d324569a9f45e5e440a12a6a.php HTTP/2.0" 200 1710 "https://gdb-bonn.com/" "page-preview-tool Mozilla/5.0 (Windows NT 10.0; Win64; x64) AppleWebKit/537.36 (KHTML, like Gecko) Chrome/80.0.3987.132 Safari/537.36"
188.34.157.0 - - [10/Mar/2025:06:58:02 +0100] "GET /wp-content/cache/autoptimize/autoptimize_single_851f8dba812d4762ed4e16c5baf25cd6.php HTTP/2.0" 200 3183 "https://gdb-bonn.com/" "page-preview-tool Mozilla/5.0 (Windows NT 10.0; Win64; x64) AppleWebKit/537.36 (KHTML, like Gecko) Chrome/80.0.3987.132 Safari/537.36"
188.34.157.0 - - [10/Mar/2025:06:58:02 +0100] "GET /wp-content/cache/autoptimize/autoptimize_single_1ad2e4f6ceb51a868c6bd7a3e0bc4fab.php HTTP/2.0" 200 1526 "https://gdb-bonn.com/" "page-preview-tool Mozilla/5.0 (Windows NT 10.0; Win64; x64) AppleWebKit/537.36 (KHTML, like Gecko) Chrome/80.0.3987.132 Safari/537.36"
188.34.157.0 - - [10/Mar/2025:06:58:02 +0100] "GET /wp-content/plugins/ml-slider/assets/sliders/flexslider/jquery.flexslider.min.js HTTP/2.0" 200 6723 "https://gdb-bonn.com/" "page-preview-tool Mozilla/5.0 (Windows NT 10.0; Win64; x64) AppleWebKit/537.36 (KHTML, like Gecko) Chrome/80.0.3987.132 Safari/537.36"
188.34.157.0 - - [10/Mar/2025:06:58:02 +0100] "GET /wp-content/cache/autoptimize/autoptimize_single_19e0aab77a65149633ba58f2dfeb7ebb.php HTTP/2.0" 200 7198 "https://gdb-bonn.com/" "page-preview-tool Mozilla/5.0 (Windows NT 10.0; Win64; x64) AppleWebKit/537.36 (KHTML, like Gecko) Chrome/80.0.3987.132 Safari/537.36"
188.34.157.0 - - [10/Mar/2025:06:58:03 +0100] "GET /wp-content/cache/autoptimize/autoptimize_single_1dd257818e0bfaa6f8a82f141eeb54ff.php HTTP/2.0" 200 1156 "https://gdb-bonn.com/" "page-preview-tool Mozilla/5.0 (Windows NT 10.0; Win64; x64) AppleWebKit/537.36 (KHTML, like Gecko) Chrome/80.0.3987.132 Safari/537.36"
188.34.157.0 - - [10/Mar/2025:06:58:03 +0100] "GET /wp-content/plugins/easy-social-icons/css/font-awesome/css/v4-shims.min.css HTTP/2.0" 200 4080 "https://gdb-bonn.com/" "page-preview-tool Mozilla/5.0 (Windows NT 10.0; Win64; x64) AppleWebKit/537.36 (KHTML, like Gecko) Chrome/80.0.3987.132 Safari/537.36"
188.34.157.0 - - [10/Mar/2025:06:58:03 +0100] "GET /wp-includes/css/dist/block-library/style.min.css HTTP/2.0" 200 14991 "https://gdb-bonn.com/" "page-preview-tool Mozilla/5.0 (Windows NT 10.0; Win64; x64) AppleWebKit/537.36 (KHTML, like Gecko) Chrome/80.0.3987.132 Safari/537.36"
188.34.157.0 - - [10/Mar/2025:06:58:03 +0100] "GET /wp-content/themes/busiprof-pro/css/font-awesome/fonts/fontawesome-webfont.ttf?v=4.7.0 HTTP/2.0" 404 2918 "https://gdb-bonn.com/" "page-preview-tool Mozilla/5.0 (Windows NT 10.0; Win64; x64) AppleWebKit/537.36 (KHTML, like Gecko) Chrome/80.0.3987.132 Safari/537.36"
188.34.157.0 - - [10/Mar/2025:06:58:03 +0100] "GET /wp-content/themes/busiprof-pro/css/font-awesome/webfonts/fa-brands-400.woff2 HTTP/2.0" 200 117389 "https://gebaeudetechnik.b-cdn.net/" "page-preview-tool Mozilla/5.0 (Windows NT 10.0; Win64; x64) AppleWebKit/537.36 (KHTML, like Gecko) Chrome/80.0.3987.132 Safari/537.36"
188.34.157.0 - - [10/Mar/2025:06:58:03 +0100] "GET /wp-content/themes/busiprof-pro/css/font-awesome/webfonts/fa-solid-900.woff2 HTTP/2.0" 200 156539 "https://gebaeudetechnik.b-cdn.net/" "page-preview-tool Mozilla/5.0 (Windows NT 10.0; Win64; x64) AppleWebKit/537.36 (KHTML, like Gecko) Chrome/80.0.3987.132 Safari/537.36"
188.34.157.0 - - [10/Mar/2025:06:58:03 +0100] "GET /wp-content/themes/busiprof-pro/css/font-awesome/webfonts/fa-regular-400.woff2 HTTP/2.0" 200 25475 "https://gebaeudetechnik.b-cdn.net/" "page-preview-tool Mozilla/5.0 (Windows NT 10.0; Win64; x64) AppleWebKit/537.36 (KHTML, like Gecko) Chrome/80.0.3987.132 Safari/537.36"
188.34.157.0 - - [10/Mar/2025:06:58:03 +0100] "GET /wp-content/plugins/osm/js/polyfill/v2/polyfill.min.js?features=requestAnimationFrame%2CElement.prototype.classList%2CURL&ver=6.5.5 HTTP/2.0" 200 779 "https://gdb-bonn.com/" "page-preview-tool Mozilla/5.0 (Windows NT 10.0; Win64; x64) AppleWebKit/537.36 (KHTML, like Gecko) Chrome/80.0.3987.132 Safari/537.36"
208.102.51.0 - - [10/Mar/2025:06:58:25 +0100] "GET /reports/usage_202403.html HTTP/1.0" 200 92683 "https://xn--kr2-onb.com" "Mozilla/5.0 (Windows NT 10.0; Win64; x64) AppleWebKit/537.36 (KHTML, like Gecko) Chrome/129.0.0.0 Safari/537.36"
208.65.90.0 - - [10/Mar/2025:06:59:00 +0100] "GET /reports/usage_202403.html HTTP/1.0" 200 92683 "https://xn--kr12-rzb.com" "Mozilla/5.0 (Windows NT 10.0; Win64; x64) AppleWebKit/537.36 (KHTML, like Gecko) Chrome/131.0.0.0 Safari/537.36"
208.102.51.0 - - [10/Mar/2025:06:59:16 +0100] "GET /reports/usage_202403.html HTTP/1.0" 200 92683 "https://xn--rakn-f0a1446b.com" "Mozilla/5.0 (Windows NT 10.0; Win64; x64) AppleWebKit/537.36 (KHTML, like Gecko) Chrome/131.0.0.0 Safari/537.36"
74.80.208.0 - - [10/Mar/2025:07:00:24 +0100] "GET /kontaktformular/nicht-erlaubt/favicon/favicon-72.png HTTP/2.0" 200 48509 "-" "Mozilla/5.0 (compatible; ImagesiftBot; +imagesift.com)"
2a01:238:43f8:5f00:: - - [10/Mar/2025:07:00:24 +0100] "POST /wp-cron.php?doing_wp_cron=1741586424.3312480449676513671875 HTTP/1.1" 200 - "-" "vVruoU2vXZ7P"
2a01:238:43f8:5f00:: - - [10/Mar/2025:07:00:41 +0100] "POST /wp-cron.php?doing_wp_cron=1741586441.1213688850402832031250 HTTP/1.1" 200 - "-" "wZGczCA4CcYM"
74.80.208.0 - - [10/Mar/2025:07:00:41 +0100] "GET /rauchmelder/favicon/favicon-180.png HTTP/2.0" 200 48509 "-" "Mozilla/5.0 (compatible; ImagesiftBot; +imagesift.com)"
54.36.148.0 - - [10/Mar/2025:07:00:47 +0100] "GET /contao/vendor/ausi/?C=N;O=A HTTP/2.0" 200 413 "-" "Mozilla/5.0 (compatible; AhrefsBot/7.0; +http://ahrefs.com/robot/)"
74.80.208.0 - - [10/Mar/2025:07:00:49 +0100] "GET /bodenverlegung/favicon/favicon-72.png HTTP/2.0" 200 48509 "-" "Mozilla/5.0 (compatible; ImagesiftBot; +imagesift.com)"
13.43.123.0 - - [10/Mar/2025:07:01:15 +0100] "GET /sftp-config.json HTTP/1.1" 404 2563 "-" "Mozilla/5.0 (Macintosh; Intel Mac OS X 10.15; rv:77.0) Gecko/20100101 Firefox/77.0"
13.43.123.0 - - [10/Mar/2025:07:01:15 +0100] "GET /.vscode/sftp.json HTTP/1.1" 404 2565 "-" "Mozilla/5.0 (Macintosh; Intel Mac OS X 10.15; rv:77.0) Gecko/20100101 Firefox/77.0"
2a01:238:43f8:5f00:: - - [10/Mar/2025:07:02:55 +0100] "POST /wp-cron.php?doing_wp_cron=1741586575.3683888912200927734375 HTTP/1.1" 200 - "-" "N5kp1r4dhRbf"
74.80.208.0 - - [10/Mar/2025:07:02:55 +0100] "GET /co2-warnmelder/favicon/favicon-180.png HTTP/2.0" 200 48509 "-" "Mozilla/5.0 (compatible; ImagesiftBot; +imagesift.com)"
185.147.125.0 - - [10/Mar/2025:07:03:17 +0100] "\x16\x03\x02\x01o\x01" 400 226 "-" "-"
185.147.125.0 - - [10/Mar/2025:07:03:36 +0100] "GET /server-status HTTP/1.1" 403 2409 "-" "Go-http-client/1.1"
185.147.125.0 - - [10/Mar/2025:07:03:36 +0100] "GET / HTTP/1.1" 200 3510 "-" "fasthttp"
185.147.125.0 - - [10/Mar/2025:07:03:38 +0100] "\x16\x03\x01\x05\xa8\x01" 400 226 "-" "-"
185.147.125.0 - - [10/Mar/2025:07:03:38 +0100] "GET /aaa9 HTTP/1.1" 404 2539 "-" "Mozilla/5.0 (Windows NT 10.0; Win64; x64) AppleWebKit/537.36 (KHTML, like Gecko) Chrome/70.0.3538.77 Safari/537.36"
185.147.125.0 - - [10/Mar/2025:07:03:38 +0100] "\x16\x03\x01\x05\xa8\x01" 400 226 "-" "-"
185.147.125.0 - - [10/Mar/2025:07:03:38 +0100] "GET /aab9 HTTP/1.1" 404 2539 "-" "Mozilla/5.0 (Windows NT 10.0; Win64; x64) AppleWebKit/537.36 (KHTML, like Gecko) Chrome/70.0.3538.77 Safari/537.36"
2a01:238:43f8:5f00:: - - [10/Mar/2025:07:03:43 +0100] "POST /wp-cron.php?doing_wp_cron=1741586623.0154390335083007812500 HTTP/1.1" 200 - "-" "5uPFzuIrlZ7b"
74.80.208.0 - - [10/Mar/2025:07:03:42 +0100] "GET /category/allgemein/favicon/favicon-152.png HTTP/2.0" 200 48509 "-" "Mozilla/5.0 (compatible; ImagesiftBot; +imagesift.com)"
185.147.125.0 - - [10/Mar/2025:07:03:56 +0100] "GET /server-status HTTP/1.1" 403 2409 "-" "Go-http-client/1.1"
185.147.125.0 - - [10/Mar/2025:07:03:57 +0100] "\x16\x03\x01\x05\xa8\x01" 400 226 "-" "-"
185.147.125.0 - - [10/Mar/2025:07:03:57 +0100] "GET /aaa9 HTTP/1.1" 404 2539 "-" "Mozilla/5.0 (Windows NT 10.0; Win64; x64) AppleWebKit/537.36 (KHTML, like Gecko) Chrome/70.0.3538.77 Safari/537.36"
185.147.125.0 - - [10/Mar/2025:07:03:57 +0100] "\x16\x03\x01\x05\xa8\x01" 400 226 "-" "-"
185.147.125.0 - - [10/Mar/2025:07:03:57 +0100] "GET /aab9 HTTP/1.1" 404 2539 "-" "Mozilla/5.0 (Windows NT 10.0; Win64; x64) AppleWebKit/537.36 (KHTML, like Gecko) Chrome/70.0.3538.77 Safari/537.36"
79.1.131.0 - - [10/Mar/2025:07:03:59 +0100] "GET / HTTP/1.0" 200 3510 "-" "curl/7.88.1"
2a01:238:43f8:5f00:: - - [10/Mar/2025:07:04:19 +0100] "POST /wp-cron.php?doing_wp_cron=1741586659.3915009498596191406250 HTTP/1.1" 200 - "-" "buxmavBEzaug"
74.80.208.0 - - [10/Mar/2025:07:04:19 +0100] "GET /kontaktformular/nicht-erlaubt/favicon/favicon-180.png HTTP/2.0" 200 48509 "-" "Mozilla/5.0 (compatible; ImagesiftBot; +imagesift.com)"
208.65.90.0 - - [10/Mar/2025:07:07:22 +0100] "GET /reports/usage_202403.html HTTP/1.0" 200 92683 "https://xn--krken9-xoc.com" "Mozilla/5.0 (Windows NT 10.0; Win64; x64) AppleWebKit/537.36 (KHTML, like Gecko) Chrome/131.0.0.0 Safari/537.36 Avast/131.0.0.0"
2a01:238:43f8:5f00:: - - [10/Mar/2025:07:07:35 +0100] "POST /wp-cron.php?doing_wp_cron=1741586855.4367771148681640625000 HTTP/1.1" 200 - "-" "qHIzVQj7uYbu"
74.80.208.0 - - [10/Mar/2025:07:07:35 +0100] "GET /kontaktformular/allgemeine-geschaeftsbedingungen/favicon/favicon-144.png HTTP/2.0" 200 48509 "-" "Mozilla/5.0 (compatible; ImagesiftBot; +imagesift.com)"
208.102.51.0 - - [10/Mar/2025:07:07:36 +0100] "GET /reports/usage_202403.html HTTP/1.0" 200 92683 "https://xn--kr-ela.com" "Mozilla/5.0 (Windows NT 10.0; Win64; x64) AppleWebKit/537.36 (KHTML, like Gecko) Chrome/130.0.0.0 Safari/537.36 CCleaner/130.0.0.0"
2a01:4f8:222:2d87:: - - [10/Mar/2025:07:07:42 +0100] "POST /xmlrpc.php HTTP/1.1" 403 2604 "http://gebaeudetechnik.nrw" "Mozilla/5.0 (Windows NT 10.0; Win64; x64) AppleWebKit/537.36 (KHTML, like Gecko) Chrome/113.0.5672.126 Safari/537.36 Edg/113.0.1774.50"
72.49.49.0 - - [10/Mar/2025:07:08:11 +0100] "GET /reports/usage_202403.html HTTP/1.0" 200 92683 "https://xn--v14-7ua.com" "Mozilla/5.0 (Windows NT 10.0; Win64; x64) AppleWebKit/537.36 (KHTML, like Gecko) Chrome/130.0.0.0 Safari/537.36"
2a01:238:43f8:5f00:: - - [10/Mar/2025:07:08:44 +0100] "POST /wp-cron.php?doing_wp_cron=1741586924.6085960865020751953125 HTTP/1.1" 200 - "-" "W8In82jRLAyc"
74.80.208.0 - - [10/Mar/2025:07:08:44 +0100] "GET /montage-vorgefertigter-elemente/favicon/favicon-144.png HTTP/2.0" 200 48509 "-" "Mozilla/5.0 (compatible; ImagesiftBot; +imagesift.com)"
178.20.213.0 - - [10/Mar/2025:07:09:50 +0100] "GET /.env HTTP/1.1" 200 4469 "https://tasamm.com/about/mmm142.html" "Mozilla/5.0 (Windows NT 10.0; Win64; x64) AppleWebKit/537.36 (KHTML, like Gecko) Chrome/96.0.4664.93 Safari/537.36"
2a01:238:43f8:5f00:: - - [10/Mar/2025:07:09:52 +0100] "POST /wp-cron.php?doing_wp_cron=1741586992.4291090965270996093750 HTTP/1.1" 200 - "-" "VEJVGHSzLiGQ"
74.80.208.0 - - [10/Mar/2025:07:09:52 +0100] "GET /definition-unterhaltsreinigung/favicon/favicon-57.png HTTP/2.0" 200 48509 "-" "Mozilla/5.0 (compatible; ImagesiftBot; +imagesift.com)"
74.80.208.0 - - [10/Mar/2025:07:10:05 +0100] "GET /bodenverlegung/favicon/favicon-120.png HTTP/2.0" 200 48509 "-" "Mozilla/5.0 (compatible; ImagesiftBot; +imagesift.com)"
2a01:238:43f8:5f00:: - - [10/Mar/2025:07:10:27 +0100] "POST /wp-cron.php?doing_wp_cron=1741587027.7025780677795410156250 HTTP/1.1" 200 - "-" "dltLcmGXD8Na"
74.80.208.0 - - [10/Mar/2025:07:10:27 +0100] "GET /austragen/favicon/favicon-76.png HTTP/2.0" 200 48509 "-" "Mozilla/5.0 (compatible; ImagesiftBot; +imagesift.com)"
169.150.247.0 - - [10/Mar/2025:07:10:43 +0100] "GET /makeasmtp.php?p= HTTP/1.1" 301 252 "-" "Mozlila/5.0 (Linux; Android 7.0; SM-G892A Bulid/NRD90M; wv) AppleWebKit/537.36 (KHTML, like Gecko) Version/4.0 Chrome/60.0.3112.107 Moblie Safari/537.36"
2a01:238:43f8:5f00:: - - [10/Mar/2025:07:10:46 +0100] "POST /wp-cron.php?doing_wp_cron=1741587046.3136150836944580078125 HTTP/1.1" 200 - "-" "BVdE2qY5qQ1C"
188.166.180.0 - - [10/Mar/2025:07:10:46 +0100] "GET /makeasmtp.php?p= HTTP/1.1" 200 - "-" "Mozlila/5.0 (Linux; Android 7.0; SM-G892A Bulid/NRD90M; wv) AppleWebKit/537.36 (KHTML, like Gecko) Version/4.0 Chrome/60.0.3112.107 Moblie Safari/537.36"
188.166.180.0 - - [10/Mar/2025:07:10:48 +0100] "GET /makeasmtp.php HTTP/1.1" 200 48509 "-" "Mozlila/5.0 (Linux; Android 7.0; SM-G892A Bulid/NRD90M; wv) AppleWebKit/537.36 (KHTML, like Gecko) Version/4.0 Chrome/60.0.3112.107 Moblie Safari/537.36"
169.150.247.0 - - [10/Mar/2025:07:10:51 +0100] "GET /wp-admin/css/makeasmtp.php?p= HTTP/1.1" 301 265 "-" "Mozlila/5.0 (Linux; Android 7.0; SM-G892A Bulid/NRD90M; wv) AppleWebKit/537.36 (KHTML, like Gecko) Version/4.0 Chrome/60.0.3112.107 Moblie Safari/537.36"
188.166.180.0 - - [10/Mar/2025:07:10:53 +0100] "GET /wp-admin/css/makeasmtp.php?p= HTTP/1.1" 200 - "-" "Mozlila/5.0 (Linux; Android 7.0; SM-G892A Bulid/NRD90M; wv) AppleWebKit/537.36 (KHTML, like Gecko) Version/4.0 Chrome/60.0.3112.107 Moblie Safari/537.36"
188.166.180.0 - - [10/Mar/2025:07:10:55 +0100] "GET /wp-admin/css/makeasmtp.php HTTP/1.1" 200 48509 "-" "Mozlila/5.0 (Linux; Android 7.0; SM-G892A Bulid/NRD90M; wv) AppleWebKit/537.36 (KHTML, like Gecko) Version/4.0 Chrome/60.0.3112.107 Moblie Safari/537.36"
169.150.247.0 - - [10/Mar/2025:07:10:59 +0100] "GET /wp-admin/js/makeasmtp.php?p= HTTP/1.1" 301 264 "-" "Mozlila/5.0 (Linux; Android 7.0; SM-G892A Bulid/NRD90M; wv) AppleWebKit/537.36 (KHTML, like Gecko) Version/4.0 Chrome/60.0.3112.107 Moblie Safari/537.36"
188.166.180.0 - - [10/Mar/2025:07:11:02 +0100] "GET /wp-admin/js/makeasmtp.php?p= HTTP/1.1" 200 - "-" "Mozlila/5.0 (Linux; Android 7.0; SM-G892A Bulid/NRD90M; wv) AppleWebKit/537.36 (KHTML, like Gecko) Version/4.0 Chrome/60.0.3112.107 Moblie Safari/537.36"
188.166.180.0 - - [10/Mar/2025:07:11:04 +0100] "GET /wp-admin/js/makeasmtp.php HTTP/1.1" 200 48509 "-" "Mozlila/5.0 (Linux; Android 7.0; SM-G892A Bulid/NRD90M; wv) AppleWebKit/537.36 (KHTML, like Gecko) Version/4.0 Chrome/60.0.3112.107 Moblie Safari/537.36"
74.80.208.0 - - [10/Mar/2025:07:11:05 +0100] "GET /malerarbeit/favicon/favicon-72.png HTTP/2.0" 200 48509 "-" "Mozilla/5.0 (compatible; ImagesiftBot; +imagesift.com)"
169.150.247.0 - - [10/Mar/2025:07:11:08 +0100] "GET /wp-includes/rest-api/search/makeasmtp.php?p= HTTP/1.1" 301 280 "-" "Mozlila/5.0 (Linux; Android 7.0; SM-G892A Bulid/NRD90M; wv) AppleWebKit/537.36 (KHTML, like Gecko) Version/4.0 Chrome/60.0.3112.107 Moblie Safari/537.36"
188.166.180.0 - - [10/Mar/2025:07:11:10 +0100] "GET /wp-includes/rest-api/search/makeasmtp.php?p= HTTP/1.1" 200 - "-" "Mozlila/5.0 (Linux; Android 7.0; SM-G892A Bulid/NRD90M; wv) AppleWebKit/537.36 (KHTML, like Gecko) Version/4.0 Chrome/60.0.3112.107 Moblie Safari/537.36"
2a01:238:43f8:5f00:: - - [10/Mar/2025:07:11:13 +0100] "POST /wp-cron.php?doing_wp_cron=1741587072.9514179229736328125000 HTTP/1.1" 200 - "-" "BntujAMDMvwW"
188.166.180.0 - - [10/Mar/2025:07:11:12 +0100] "GET /wp-includes/rest-api/search/makeasmtp.php HTTP/1.1" 200 48509 "-" "Mozlila/5.0 (Linux; Android 7.0; SM-G892A Bulid/NRD90M; wv) AppleWebKit/537.36 (KHTML, like Gecko) Version/4.0 Chrome/60.0.3112.107 Moblie Safari/537.36"
169.150.247.0 - - [10/Mar/2025:07:11:15 +0100] "GET /wp-includes/style-engine/makeasmtp.php?p= HTTP/1.1" 301 277 "-" "Mozlila/5.0 (Linux; Android 7.0; SM-G892A Bulid/NRD90M; wv) AppleWebKit/537.36 (KHTML, like Gecko) Version/4.0 Chrome/60.0.3112.107 Moblie Safari/537.36"
188.166.180.0 - - [10/Mar/2025:07:11:19 +0100] "GET /wp-includes/style-engine/makeasmtp.php?p= HTTP/1.1" 200 - "-" "Mozlila/5.0 (Linux; Android 7.0; SM-G892A Bulid/NRD90M; wv) AppleWebKit/537.36 (KHTML, like Gecko) Version/4.0 Chrome/60.0.3112.107 Moblie Safari/537.36"
188.166.180.0 - - [10/Mar/2025:07:11:22 +0100] "GET /wp-includes/style-engine/makeasmtp.php HTTP/1.1" 200 48509 "-" "Mozlila/5.0 (Linux; Android 7.0; SM-G892A Bulid/NRD90M; wv) AppleWebKit/537.36 (KHTML, like Gecko) Version/4.0 Chrome/60.0.3112.107 Moblie Safari/537.36"
169.150.247.0 - - [10/Mar/2025:07:11:25 +0100] "GET /wp-includes/certificates/makeasmtp.php?p= HTTP/1.1" 301 277 "-" "Mozlila/5.0 (Linux; Android 7.0; SM-G892A Bulid/NRD90M; wv) AppleWebKit/537.36 (KHTML, like Gecko) Version/4.0 Chrome/60.0.3112.107 Moblie Safari/537.36"
188.166.180.0 - - [10/Mar/2025:07:11:26 +0100] "GET /wp-includes/certificates/makeasmtp.php?p= HTTP/1.1" 200 - "-" "Mozlila/5.0 (Linux; Android 7.0; SM-G892A Bulid/NRD90M; wv) AppleWebKit/537.36 (KHTML, like Gecko) Version/4.0 Chrome/60.0.3112.107 Moblie Safari/537.36"
188.166.180.0 - - [10/Mar/2025:07:11:28 +0100] "GET /wp-includes/certificates/makeasmtp.php HTTP/1.1" 200 48509 "-" "Mozlila/5.0 (Linux; Android 7.0; SM-G892A Bulid/NRD90M; wv) AppleWebKit/537.36 (KHTML, like Gecko) Version/4.0 Chrome/60.0.3112.107 Moblie Safari/537.36"
169.150.247.0 - - [10/Mar/2025:07:11:31 +0100] "GET /wp-includes/block-patterns/makeasmtp.php?p= HTTP/1.1" 301 279 "-" "Mozlila/5.0 (Linux; Android 7.0; SM-G892A Bulid/NRD90M; wv) AppleWebKit/537.36 (KHTML, like Gecko) Version/4.0 Chrome/60.0.3112.107 Moblie Safari/537.36"
188.166.180.0 - - [10/Mar/2025:07:11:33 +0100] "GET /wp-includes/block-patterns/makeasmtp.php?p= HTTP/1.1" 200 - "-" "Mozlila/5.0 (Linux; Android 7.0; SM-G892A Bulid/NRD90M; wv) AppleWebKit/537.36 (KHTML, like Gecko) Version/4.0 Chrome/60.0.3112.107 Moblie Safari/537.36"
188.166.180.0 - - [10/Mar/2025:07:11:35 +0100] "GET /wp-includes/block-patterns/makeasmtp.php HTTP/1.1" 200 48509 "-" "Mozlila/5.0 (Linux; Android 7.0; SM-G892A Bulid/NRD90M; wv) AppleWebKit/537.36 (KHTML, like Gecko) Version/4.0 Chrome/60.0.3112.107 Moblie Safari/537.36"
74.80.208.0 - - [10/Mar/2025:07:11:38 +0100] "GET /wp-content/uploads/nicht-erlaubt.jpg HTTP/2.0" 404 2647 "-" "Mozilla/5.0 (compatible; ImagesiftBot; +imagesift.com)"
169.150.247.0 - - [10/Mar/2025:07:11:39 +0100] "GET /wp-content/uploads/makeasmtp.php?p= HTTP/1.1" 404 2625 "-" "Mozlila/5.0 (Linux; Android 7.0; SM-G892A Bulid/NRD90M; wv) AppleWebKit/537.36 (KHTML, like Gecko) Version/4.0 Chrome/60.0.3112.107 Moblie Safari/537.36"
148.251.68.0 - - [10/Mar/2025:07:12:13 +0100] "POST /xmlrpc.php HTTP/1.1" 403 2576 "http://gdb-bonn.com" "Mozilla/5.0 (Macintosh; Intel Mac OS X 13_3) AppleWebKit/537.36 (KHTML, like Gecko) Chrome/126.0.0.0 Safari/537.36"
2a01:238:43f8:5f00:: - - [10/Mar/2025:07:12:24 +0100] "POST /wp-cron.php?doing_wp_cron=1741587144.3382029533386230468750 HTTP/1.1" 200 - "-" "iMEyA6M8wGRk"
74.80.208.0 - - [10/Mar/2025:07:12:24 +0100] "GET /objektwartung/favicon/favicon-57.png HTTP/2.0" 200 48509 "-" "Mozilla/5.0 (compatible; ImagesiftBot; +imagesift.com)"
167.94.138.0 - - [10/Mar/2025:07:13:13 +0100] "GET / HTTP/1.1" 200 728 "-" "Mozilla/5.0 (compatible; CensysInspect/1.1; +https://about.censys.io/)"
167.94.138.0 - - [10/Mar/2025:07:13:19 +0100] "GET /favicon.ico HTTP/1.1" 404 2557 "-" "Mozilla/5.0 (compatible; CensysInspect/1.1; +https://about.censys.io/)"
2a01:238:43f8:5f00:: - - [10/Mar/2025:07:13:23 +0100] "POST /wp-cron.php?doing_wp_cron=1741587203.6740250587463378906250 HTTP/1.1" 200 - "-" "04G0Lm3tzkqP"
74.80.208.0 - - [10/Mar/2025:07:13:23 +0100] "GET /newsletter/favicon/favicon-152.png HTTP/2.0" 200 48509 "-" "Mozilla/5.0 (compatible; ImagesiftBot; +imagesift.com)"
169.150.247.0 - - [10/Mar/2025:07:13:39 +0100] "GET /wp-admin/css/autoload_classmap.php HTTP/1.1" 301 270 "-" "Mozlila/5.0 (Linux; Android 7.0; SM-G892A Bulid/NRD90M; wv) AppleWebKit/537.36 (KHTML, like Gecko) Version/4.0 Chrome/60.0.3112.107 Moblie Safari/537.36"
157.230.251.0 - - [10/Mar/2025:07:13:41 +0100] "GET /wp-admin/css/autoload_classmap.php HTTP/1.1" 200 - "-" "Mozlila/5.0 (Linux; Android 7.0; SM-G892A Bulid/NRD90M; wv) AppleWebKit/537.36 (KHTML, like Gecko) Version/4.0 Chrome/60.0.3112.107 Moblie Safari/537.36"
157.230.251.0 - - [10/Mar/2025:07:13:44 +0100] "GET /wp-admin/css/autoload_classmap.php HTTP/1.1" 200 48509 "-" "Mozlila/5.0 (Linux; Android 7.0; SM-G892A Bulid/NRD90M; wv) AppleWebKit/537.36 (KHTML, like Gecko) Version/4.0 Chrome/60.0.3112.107 Moblie Safari/537.36"
169.150.247.0 - - [10/Mar/2025:07:13:46 +0100] "GET /wp-admin/images/autoload_classmap.php HTTP/1.1" 301 273 "-" "Mozlila/5.0 (Linux; Android 7.0; SM-G892A Bulid/NRD90M; wv) AppleWebKit/537.36 (KHTML, like Gecko) Version/4.0 Chrome/60.0.3112.107 Moblie Safari/537.36"
157.230.251.0 - - [10/Mar/2025:07:13:48 +0100] "GET /wp-admin/images/autoload_classmap.php HTTP/1.1" 200 - "-" "Mozlila/5.0 (Linux; Android 7.0; SM-G892A Bulid/NRD90M; wv) AppleWebKit/537.36 (KHTML, like Gecko) Version/4.0 Chrome/60.0.3112.107 Moblie Safari/537.36"
157.230.251.0 - - [10/Mar/2025:07:13:50 +0100] "GET /wp-admin/images/autoload_classmap.php HTTP/1.1" 200 48509 "-" "Mozlila/5.0 (Linux; Android 7.0; SM-G892A Bulid/NRD90M; wv) AppleWebKit/537.36 (KHTML, like Gecko) Version/4.0 Chrome/60.0.3112.107 Moblie Safari/537.36"
169.150.247.0 - - [10/Mar/2025:07:13:54 +0100] "GET /wp-includes/pomo/autoload_classmap.php HTTP/1.1" 301 274 "-" "Mozlila/5.0 (Linux; Android 7.0; SM-G892A Bulid/NRD90M; wv) AppleWebKit/537.36 (KHTML, like Gecko) Version/4.0 Chrome/60.0.3112.107 Moblie Safari/537.36"
157.230.251.0 - - [10/Mar/2025:07:13:56 +0100] "GET /wp-includes/pomo/autoload_classmap.php HTTP/1.1" 200 - "-" "Mozlila/5.0 (Linux; Android 7.0; SM-G892A Bulid/NRD90M; wv) AppleWebKit/537.36 (KHTML, like Gecko) Version/4.0 Chrome/60.0.3112.107 Moblie Safari/537.36"
157.230.251.0 - - [10/Mar/2025:07:13:57 +0100] "GET /wp-includes/pomo/autoload_classmap.php HTTP/1.1" 200 48509 "-" "Mozlila/5.0 (Linux; Android 7.0; SM-G892A Bulid/NRD90M; wv) AppleWebKit/537.36 (KHTML, like Gecko) Version/4.0 Chrome/60.0.3112.107 Moblie Safari/537.36"
169.150.247.0 - - [10/Mar/2025:07:13:59 +0100] "GET /wp-includes/block-patterns/autoload_classmap.php HTTP/1.1" 301 284 "-" "Mozlila/5.0 (Linux; Android 7.0; SM-G892A Bulid/NRD90M; wv) AppleWebKit/537.36 (KHTML, like Gecko) Version/4.0 Chrome/60.0.3112.107 Moblie Safari/537.36"
157.230.251.0 - - [10/Mar/2025:07:14:01 +0100] "GET /wp-includes/block-patterns/autoload_classmap.php HTTP/1.1" 200 - "-" "Mozlila/5.0 (Linux; Android 7.0; SM-G892A Bulid/NRD90M; wv) AppleWebKit/537.36 (KHTML, like Gecko) Version/4.0 Chrome/60.0.3112.107 Moblie Safari/537.36"
157.230.251.0 - - [10/Mar/2025:07:14:03 +0100] "GET /wp-includes/block-patterns/autoload_classmap.php HTTP/1.1" 200 48509 "-" "Mozlila/5.0 (Linux; Android 7.0; SM-G892A Bulid/NRD90M; wv) AppleWebKit/537.36 (KHTML, like Gecko) Version/4.0 Chrome/60.0.3112.107 Moblie Safari/537.36"
167.94.138.0 - - [10/Mar/2025:07:14:06 +0100] "GET /favicon.ico HTTP/1.1" 404 2557 "-" "Mozilla/5.0 (compatible; CensysInspect/1.1; +https://about.censys.io/)"
169.150.247.0 - - [10/Mar/2025:07:14:07 +0100] "GET /wp-includes/js/autoload_classmap.php HTTP/1.1" 301 272 "-" "Mozlila/5.0 (Linux; Android 7.0; SM-G892A Bulid/NRD90M; wv) AppleWebKit/537.36 (KHTML, like Gecko) Version/4.0 Chrome/60.0.3112.107 Moblie Safari/537.36"
157.230.251.0 - - [10/Mar/2025:07:14:10 +0100] "GET /wp-includes/js/autoload_classmap.php HTTP/1.1" 200 - "-" "Mozlila/5.0 (Linux; Android 7.0; SM-G892A Bulid/NRD90M; wv) AppleWebKit/537.36 (KHTML, like Gecko) Version/4.0 Chrome/60.0.3112.107 Moblie Safari/537.36"
2a01:238:43f8:5f00:: - - [10/Mar/2025:07:14:12 +0100] "POST /wp-cron.php?doing_wp_cron=1741587252.1130850315093994140625 HTTP/1.1" 200 - "-" "4velyg19yzJY"
157.230.251.0 - - [10/Mar/2025:07:14:12 +0100] "GET /wp-includes/js/autoload_classmap.php HTTP/1.1" 200 48509 "-" "Mozlila/5.0 (Linux; Android 7.0; SM-G892A Bulid/NRD90M; wv) AppleWebKit/537.36 (KHTML, like Gecko) Version/4.0 Chrome/60.0.3112.107 Moblie Safari/537.36"
169.150.247.0 - - [10/Mar/2025:07:14:14 +0100] "GET /wp-includes/sitemaps/autoload_classmap.php HTTP/1.1" 301 278 "-" "Mozlila/5.0 (Linux; Android 7.0; SM-G892A Bulid/NRD90M; wv) AppleWebKit/537.36 (KHTML, like Gecko) Version/4.0 Chrome/60.0.3112.107 Moblie Safari/537.36"
157.230.251.0 - - [10/Mar/2025:07:14:17 +0100] "GET /wp-includes/sitemaps/autoload_classmap.php HTTP/1.1" 200 - "-" "Mozlila/5.0 (Linux; Android 7.0; SM-G892A Bulid/NRD90M; wv) AppleWebKit/537.36 (KHTML, like Gecko) Version/4.0 Chrome/60.0.3112.107 Moblie Safari/537.36"
157.230.251.0 - - [10/Mar/2025:07:14:20 +0100] "GET /wp-includes/sitemaps/autoload_classmap.php HTTP/1.1" 200 48509 "-" "Mozlila/5.0 (Linux; Android 7.0; SM-G892A Bulid/NRD90M; wv) AppleWebKit/537.36 (KHTML, like Gecko) Version/4.0 Chrome/60.0.3112.107 Moblie Safari/537.36"
169.150.247.0 - - [10/Mar/2025:07:14:23 +0100] "GET /wp-includes/SimplePie/autoload_classmap.php HTTP/1.1" 301 279 "-" "Mozlila/5.0 (Linux; Android 7.0; SM-G892A Bulid/NRD90M; wv) AppleWebKit/537.36 (KHTML, like Gecko) Version/4.0 Chrome/60.0.3112.107 Moblie Safari/537.36"
157.230.251.0 - - [10/Mar/2025:07:14:25 +0100] "GET /wp-includes/SimplePie/autoload_classmap.php HTTP/1.1" 200 - "-" "Mozlila/5.0 (Linux; Android 7.0; SM-G892A Bulid/NRD90M; wv) AppleWebKit/537.36 (KHTML, like Gecko) Version/4.0 Chrome/60.0.3112.107 Moblie Safari/537.36"
157.230.251.0 - - [10/Mar/2025:07:14:27 +0100] "GET /wp-includes/SimplePie/autoload_classmap.php HTTP/1.1" 200 48509 "-" "Mozlila/5.0 (Linux; Android 7.0; SM-G892A Bulid/NRD90M; wv) AppleWebKit/537.36 (KHTML, like Gecko) Version/4.0 Chrome/60.0.3112.107 Moblie Safari/537.36"
185.228.132.0 - - [10/Mar/2025:07:14:31 +0100] "GET /reports/usage_202402.html HTTP/1.0" 200 91181 "https://seattle-towncar.com/seatac-airport-private-car-service/" "Mozilla/5.0 (Windows NT 10.0; Win64; x64) AppleWebKit/537.36 (KHTML, like Gecko) Chrome/130.0.0.0 Safari/537.36"
169.150.247.0 - - [10/Mar/2025:07:14:35 +0100] "GET /wp-includes/widgets/autoload_classmap.php HTTP/1.1" 301 277 "-" "Mozlila/5.0 (Linux; Android 7.0; SM-G892A Bulid/NRD90M; wv) AppleWebKit/537.36 (KHTML, like Gecko) Version/4.0 Chrome/60.0.3112.107 Moblie Safari/537.36"
157.230.251.0 - - [10/Mar/2025:07:14:39 +0100] "GET /wp-includes/widgets/autoload_classmap.php HTTP/1.1" 200 - "-" "Mozlila/5.0 (Linux; Android 7.0; SM-G892A Bulid/NRD90M; wv) AppleWebKit/537.36 (KHTML, like Gecko) Version/4.0 Chrome/60.0.3112.107 Moblie Safari/537.36"
157.230.251.0 - - [10/Mar/2025:07:14:41 +0100] "GET /wp-includes/widgets/autoload_classmap.php HTTP/1.1" 200 48509 "-" "Mozlila/5.0 (Linux; Android 7.0; SM-G892A Bulid/NRD90M; wv) AppleWebKit/537.36 (KHTML, like Gecko) Version/4.0 Chrome/60.0.3112.107 Moblie Safari/537.36"
169.150.247.0 - - [10/Mar/2025:07:14:45 +0100] "GET /wp-content/uploads/autoload_classmap.php HTTP/1.1" 404 2635 "-" "Mozlila/5.0 (Linux; Android 7.0; SM-G892A Bulid/NRD90M; wv) AppleWebKit/537.36 (KHTML, like Gecko) Version/4.0 Chrome/60.0.3112.107 Moblie Safari/537.36"
54.36.148.0 - - [10/Mar/2025:07:15:22 +0100] "GET /contao/vendor/oyejorge/less.php/?C=D;O=A HTTP/2.0" 200 4412 "-" "Mozilla/5.0 (compatible; AhrefsBot/7.0; +http://ahrefs.com/robot/)"
2a01:238:43f8:5f00:: - - [10/Mar/2025:07:15:37 +0100] "POST /wp-cron.php?doing_wp_cron=1741587337.0197501182556152343750 HTTP/1.1" 200 - "-" "CkpsJ36ODkBf"
74.80.208.0 - - [10/Mar/2025:07:15:36 +0100] "GET /kontaktformular/allgemeine-geschaeftsbedingungen/favicon/favicon-152.png HTTP/2.0" 200 48509 "-" "Mozilla/5.0 (compatible; ImagesiftBot; +imagesift.com)"
2a01:238:43f8:5f00:: - - [10/Mar/2025:07:16:00 +0100] "POST /wp-cron.php?doing_wp_cron=1741587360.1463160514831542968750 HTTP/1.1" 200 - "-" "Tmw9Ui1IAChb"
74.80.208.0 - - [10/Mar/2025:07:16:00 +0100] "GET /bodenverlegung/favicon/favicon-114.png HTTP/2.0" 200 48509 "-" "Mozilla/5.0 (compatible; ImagesiftBot; +imagesift.com)"
87.121.84.0 - - [10/Mar/2025:07:16:59 +0100] "GET /cgi-bin/luci/;stok=/locale HTTP/1.1" 404 2583 "-" "-"
72.49.49.0 - - [10/Mar/2025:07:17:19 +0100] "GET /reports/usage_202403.html HTTP/1.0" 200 92683 "https://xn--krken10-bn4c.com" "Mozilla/5.0 (Windows NT 10.0; Win64; x64) AppleWebKit/537.36 (KHTML, like Gecko) Chrome/130.0.0.0 Safari/537.36"
2a01:238:43f8:5f00:: - - [10/Mar/2025:07:20:23 +0100] "POST /wp-cron.php?doing_wp_cron=1741587622.9647889137268066406250 HTTP/1.1" 200 - "-" "jdd0YlNTkdTi"
74.80.208.0 - - [10/Mar/2025:07:20:22 +0100] "GET /montage-vorgefertigter-elemente/favicon/favicon-114.png HTTP/2.0" 200 48509 "-" "Mozilla/5.0 (compatible; ImagesiftBot; +imagesift.com)"
196.251.66.0 - - [10/Mar/2025:07:21:50 +0100] "GET /.git/config HTTP/1.1" 404 2553 "-" "Mozilla/5.0 (X11; Linux x86_64) AppleWebKit/537.36 (KHTML, like Gecko) Chrome/81.0.4044.129 Safari/537.36"
196.251.66.0 - - [10/Mar/2025:07:21:50 +0100] "GET /.git/config HTTP/1.1" 404 2557 "-" "Mozilla/5.0 (X11; Linux x86_64) AppleWebKit/537.36 (KHTML, like Gecko) Chrome/81.0.4044.129 Safari/537.36"
2a01:238:43f8:5f00:: - - [10/Mar/2025:07:24:02 +0100] "POST /wp-cron.php?doing_wp_cron=1741587842.4689960479736328125000 HTTP/1.1" 200 - "-" "TmTuNhYDBisg"
74.80.208.0 - - [10/Mar/2025:07:24:02 +0100] "GET /prjekte/einbruchschutz/favicon/favicon-57.png HTTP/2.0" 200 48509 "-" "Mozilla/5.0 (compatible; ImagesiftBot; +imagesift.com)"
195.47.238.0 - - [10/Mar/2025:07:24:31 +0100] "GET /reports/usage_202403.html HTTP/1.0" 200 92683 "https://xn--kr2-onb.com" "Mozilla/5.0 (Windows NT 10.0; Win64; x64) AppleWebKit/537.36 (KHTML, like Gecko) Chrome/131.0.0.0 Safari/537.36 Avast/131.0.0.0"
2a01:238:43f8:5f00:: - - [10/Mar/2025:07:24:47 +0100] "POST /wp-cron.php?doing_wp_cron=1741587887.2587890625000000000000 HTTP/1.1" 200 - "-" "rqECjyDB36uz"
74.80.208.0 - - [10/Mar/2025:07:24:47 +0100] "GET /vogel-taubenabwehr/favicon/favicon-76.png HTTP/2.0" 200 48509 "-" "Mozilla/5.0 (compatible; ImagesiftBot; +imagesift.com)"
74.80.208.0 - - [10/Mar/2025:07:24:51 +0100] "GET /einbruchschutz/favicon/favicon-76.png HTTP/2.0" 200 48509 "-" "Mozilla/5.0 (compatible; ImagesiftBot; +imagesift.com)"
208.65.90.0 - - [10/Mar/2025:07:25:44 +0100] "GET /reports/usage_202403.html HTTP/1.0" 200 92683 "https://xn--krakn-m0a.cc" "Mozilla/5.0 (Windows NT 10.0; Win64; x64) AppleWebKit/537.36 (KHTML, like Gecko) Chrome/130.0.0.0 Safari/537.36 CCleaner/130.0.0.0"
2a01:238:43f8:5f00:: - - [10/Mar/2025:07:27:07 +0100] "POST /wp-cron.php?doing_wp_cron=1741588027.7053439617156982421875 HTTP/1.1" 200 - "-" "N8XTvRWyVRgF"
74.80.208.0 - - [10/Mar/2025:07:27:07 +0100] "GET /newsletter/favicon/favicon-76.png HTTP/2.0" 200 48509 "-" "Mozilla/5.0 (compatible; ImagesiftBot; +imagesift.com)"
2a01:238:43f8:5f00:: - - [10/Mar/2025:07:27:51 +0100] "POST /wp-cron.php?doing_wp_cron=1741588071.2457079887390136718750 HTTP/1.1" 200 - "-" "Rw5SVt79BFIV"
74.80.208.0 - - [10/Mar/2025:07:27:51 +0100] "GET /objektwartung/favicon/favicon-120.png HTTP/2.0" 200 48509 "-" "Mozilla/5.0 (compatible; ImagesiftBot; +imagesift.com)"
43.135.186.0 - - [10/Mar/2025:07:28:04 +0100] "GET / HTTP/1.1" 301 229 "-" "Mozilla/5.0 (iPhone; CPU iPhone OS 13_2_3 like Mac OS X) AppleWebKit/605.1.15 (KHTML, like Gecko) Version/13.0.3 Mobile/15E148 Safari/604.1"
43.135.186.0 - - [10/Mar/2025:07:28:05 +0100] "GET / HTTP/1.1" 200 55576 "http://gdb-bonn.com" "Mozilla/5.0 (iPhone; CPU iPhone OS 13_2_3 like Mac OS X) AppleWebKit/605.1.15 (KHTML, like Gecko) Version/13.0.3 Mobile/15E148 Safari/604.1"
2a01:238:43f8:5f00:: - - [10/Mar/2025:07:28:48 +0100] "POST /wp-cron.php?doing_wp_cron=1741588128.3217060565948486328125 HTTP/1.1" 200 - "-" "AGejFPkj4E2P"
74.80.208.0 - - [10/Mar/2025:07:28:48 +0100] "GET /bueroreinigung/favicon/favicon-144.png HTTP/2.0" 200 48509 "-" "Mozilla/5.0 (compatible; ImagesiftBot; +imagesift.com)"
170.106.73.0 - - [10/Mar/2025:07:29:28 +0100] "GET / HTTP/1.0" 400 362 "-" "-"
2a01:238:43f8:5f00:: - - [10/Mar/2025:07:31:41 +0100] "POST /wp-cron.php?doing_wp_cron=1741588301.1894259452819824218750 HTTP/1.1" 200 - "-" "x4FoC7X7XPal"
74.80.208.0 - - [10/Mar/2025:07:31:41 +0100] "GET /brandschutz/dienstleistungen/favicon/favicon-180.png HTTP/2.0" 200 48509 "-" "Mozilla/5.0 (compatible; ImagesiftBot; +imagesift.com)"
5.181.3.0 - - [10/Mar/2025:07:31:42 +0100] "GET /reports/usage_202402.html HTTP/1.0" 200 91181 "https://seattlexlimo.com/mount-vernon-airport-limo/" "Mozilla/5.0 (Windows NT 10.0; Win64; x64) AppleWebKit/537.36 (KHTML, like Gecko) Chrome/129.0.0.0 Safari/537.36"
74.80.208.0 - - [10/Mar/2025:07:31:46 +0100] "GET /definition-unterhaltsreinigung/favicon/favicon-144.png HTTP/2.0" 200 48509 "-" "Mozilla/5.0 (compatible; ImagesiftBot; +imagesift.com)"
74.80.208.0 - - [10/Mar/2025:07:31:51 +0100] "GET /brandschutz/favicon/favicon-180.png HTTP/2.0" 200 48509 "-" "Mozilla/5.0 (compatible; ImagesiftBot; +imagesift.com)"
74.80.208.0 - - [10/Mar/2025:07:31:59 +0100] "GET /sicherheitstechnik/favicon/favicon-76.png HTTP/2.0" 200 48509 "-" "Mozilla/5.0 (compatible; ImagesiftBot; +imagesift.com)"
208.65.90.0 - - [10/Mar/2025:07:32:21 +0100] "GET /reports/usage_202403.html HTTP/1.0" 200 92683 "https://xn--kr-nia.com" "Mozilla/5.0 (Windows NT 10.0; Win64; x64) AppleWebKit/537.36 (KHTML, like Gecko) Chrome/131.0.0.0 Safari/537.36 Avast/131.0.0.0"
184.178.172.0 - - [10/Mar/2025:07:32:30 +0100] "GET /reports/usage_202403.html HTTP/1.0" 200 92683 "https://xn--kr12-rzb.com" "Mozilla/5.0 (Windows NT 10.0; Win64; x64) AppleWebKit/537.36 (KHTML, like Gecko) Chrome/131.0.0.0 Safari/537.36 Avast/131.0.0.0"
208.102.51.0 - - [10/Mar/2025:07:32:39 +0100] "GET /reports/usage_202403.html HTTP/1.0" 200 92683 "https://xn--krken9-xc8b.com" "Mozilla/5.0 (Windows NT 10.0; Win64; x64) AppleWebKit/537.36 (KHTML, like Gecko) Chrome/131.0.0.0 Safari/537.36"
74.80.208.0 - - [10/Mar/2025:07:33:49 +0100] "GET /wp-content/uploads/2018/11/hausmeisterservice-facility.jpg HTTP/2.0" 404 2691 "-" "Mozilla/5.0 (compatible; ImagesiftBot; +imagesift.com)"
169.150.247.0 - - [10/Mar/2025:07:34:13 +0100] "GET /makeasmtp.php?p= HTTP/1.1" 301 252 "-" "Mozlila/5.0 (Linux; Android 7.0; SM-G892A Bulid/NRD90M; wv) AppleWebKit/537.36 (KHTML, like Gecko) Version/4.0 Chrome/60.0.3112.107 Moblie Safari/537.36"
2a01:238:43f8:5f00:: - - [10/Mar/2025:07:34:16 +0100] "POST /wp-cron.php?doing_wp_cron=1741588456.3591589927673339843750 HTTP/1.1" 200 - "-" "wrnZBLebAdtN"
157.230.251.0 - - [10/Mar/2025:07:34:16 +0100] "GET /makeasmtp.php?p= HTTP/1.1" 200 - "-" "Mozlila/5.0 (Linux; Android 7.0; SM-G892A Bulid/NRD90M; wv) AppleWebKit/537.36 (KHTML, like Gecko) Version/4.0 Chrome/60.0.3112.107 Moblie Safari/537.36"
157.230.251.0 - - [10/Mar/2025:07:34:20 +0100] "GET /makeasmtp.php HTTP/1.1" 200 48509 "-" "Mozlila/5.0 (Linux; Android 7.0; SM-G892A Bulid/NRD90M; wv) AppleWebKit/537.36 (KHTML, like Gecko) Version/4.0 Chrome/60.0.3112.107 Moblie Safari/537.36"
169.150.247.0 - - [10/Mar/2025:07:34:23 +0100] "GET /wp-admin/css/makeasmtp.php?p= HTTP/1.1" 301 265 "-" "Mozlila/5.0 (Linux; Android 7.0; SM-G892A Bulid/NRD90M; wv) AppleWebKit/537.36 (KHTML, like Gecko) Version/4.0 Chrome/60.0.3112.107 Moblie Safari/537.36"
157.230.251.0 - - [10/Mar/2025:07:34:27 +0100] "GET /wp-admin/css/makeasmtp.php?p= HTTP/1.1" 200 - "-" "Mozlila/5.0 (Linux; Android 7.0; SM-G892A Bulid/NRD90M; wv) AppleWebKit/537.36 (KHTML, like Gecko) Version/4.0 Chrome/60.0.3112.107 Moblie Safari/537.36"
157.230.251.0 - - [10/Mar/2025:07:34:34 +0100] "GET /wp-admin/css/makeasmtp.php HTTP/1.1" 200 48509 "-" "Mozlila/5.0 (Linux; Android 7.0; SM-G892A Bulid/NRD90M; wv) AppleWebKit/537.36 (KHTML, like Gecko) Version/4.0 Chrome/60.0.3112.107 Moblie Safari/537.36"
169.150.247.0 - - [10/Mar/2025:07:34:45 +0100] "GET /wp-admin/js/makeasmtp.php?p= HTTP/1.1" 301 264 "-" "Mozlila/5.0 (Linux; Android 7.0; SM-G892A Bulid/NRD90M; wv) AppleWebKit/537.36 (KHTML, like Gecko) Version/4.0 Chrome/60.0.3112.107 Moblie Safari/537.36"
157.230.251.0 - - [10/Mar/2025:07:34:50 +0100] "GET /wp-admin/js/makeasmtp.php?p= HTTP/1.1" 200 - "-" "Mozlila/5.0 (Linux; Android 7.0; SM-G892A Bulid/NRD90M; wv) AppleWebKit/537.36 (KHTML, like Gecko) Version/4.0 Chrome/60.0.3112.107 Moblie Safari/537.36"
157.230.251.0 - - [10/Mar/2025:07:34:52 +0100] "GET /wp-admin/js/makeasmtp.php HTTP/1.1" 200 48509 "-" "Mozlila/5.0 (Linux; Android 7.0; SM-G892A Bulid/NRD90M; wv) AppleWebKit/537.36 (KHTML, like Gecko) Version/4.0 Chrome/60.0.3112.107 Moblie Safari/537.36"
169.150.247.0 - - [10/Mar/2025:07:34:56 +0100] "GET /wp-includes/rest-api/search/makeasmtp.php?p= HTTP/1.1" 301 280 "-" "Mozlila/5.0 (Linux; Android 7.0; SM-G892A Bulid/NRD90M; wv) AppleWebKit/537.36 (KHTML, like Gecko) Version/4.0 Chrome/60.0.3112.107 Moblie Safari/537.36"
157.230.251.0 - - [10/Mar/2025:07:34:58 +0100] "GET /wp-includes/rest-api/search/makeasmtp.php?p= HTTP/1.1" 200 - "-" "Mozlila/5.0 (Linux; Android 7.0; SM-G892A Bulid/NRD90M; wv) AppleWebKit/537.36 (KHTML, like Gecko) Version/4.0 Chrome/60.0.3112.107 Moblie Safari/537.36"
157.230.251.0 - - [10/Mar/2025:07:34:59 +0100] "GET /wp-includes/rest-api/search/makeasmtp.php HTTP/1.1" 200 48509 "-" "Mozlila/5.0 (Linux; Android 7.0; SM-G892A Bulid/NRD90M; wv) AppleWebKit/537.36 (KHTML, like Gecko) Version/4.0 Chrome/60.0.3112.107 Moblie Safari/537.36"
169.150.247.0 - - [10/Mar/2025:07:35:03 +0100] "GET /wp-includes/style-engine/makeasmtp.php?p= HTTP/1.1" 301 277 "-" "Mozlila/5.0 (Linux; Android 7.0; SM-G892A Bulid/NRD90M; wv) AppleWebKit/537.36 (KHTML, like Gecko) Version/4.0 Chrome/60.0.3112.107 Moblie Safari/537.36"
157.230.251.0 - - [10/Mar/2025:07:35:06 +0100] "GET /wp-includes/style-engine/makeasmtp.php?p= HTTP/1.1" 200 - "-" "Mozlila/5.0 (Linux; Android 7.0; SM-G892A Bulid/NRD90M; wv) AppleWebKit/537.36 (KHTML, like Gecko) Version/4.0 Chrome/60.0.3112.107 Moblie Safari/537.36"
157.230.251.0 - - [10/Mar/2025:07:35:10 +0100] "GET /wp-includes/style-engine/makeasmtp.php HTTP/1.1" 200 48509 "-" "Mozlila/5.0 (Linux; Android 7.0; SM-G892A Bulid/NRD90M; wv) AppleWebKit/537.36 (KHTML, like Gecko) Version/4.0 Chrome/60.0.3112.107 Moblie Safari/537.36"
92.255.57.0 - - [10/Mar/2025:07:35:12 +0100] "GET /?XDEBUG_SESSION_START=phpstorm HTTP/1.1" 200 728 "-" "Mozilla/5.0 (Windows NT 10.0; Win64; x64) AppleWebKit/537.36 (KHTML, like Gecko) Chrome/78.0.3904.108 Safari/537.36"
169.150.247.0 - - [10/Mar/2025:07:35:13 +0100] "GET /wp-includes/certificates/makeasmtp.php?p= HTTP/1.1" 301 277 "-" "Mozlila/5.0 (Linux; Android 7.0; SM-G892A Bulid/NRD90M; wv) AppleWebKit/537.36 (KHTML, like Gecko) Version/4.0 Chrome/60.0.3112.107 Moblie Safari/537.36"
2a01:238:43f8:5f00:: - - [10/Mar/2025:07:35:15 +0100] "POST /wp-cron.php?doing_wp_cron=1741588515.6214499473571777343750 HTTP/1.1" 200 - "-" "rb0s6E6Srli2"
157.230.251.0 - - [10/Mar/2025:07:35:15 +0100] "GET /wp-includes/certificates/makeasmtp.php?p= HTTP/1.1" 200 - "-" "Mozlila/5.0 (Linux; Android 7.0; SM-G892A Bulid/NRD90M; wv) AppleWebKit/537.36 (KHTML, like Gecko) Version/4.0 Chrome/60.0.3112.107 Moblie Safari/537.36"
74.80.208.0 - - [10/Mar/2025:07:35:17 +0100] "GET /prjekte/einbruchschutz/favicon/favicon-72.png HTTP/2.0" 200 48509 "-" "Mozilla/5.0 (compatible; ImagesiftBot; +imagesift.com)"
157.230.251.0 - - [10/Mar/2025:07:35:17 +0100] "GET /wp-includes/certificates/makeasmtp.php HTTP/1.1" 200 48509 "-" "Mozlila/5.0 (Linux; Android 7.0; SM-G892A Bulid/NRD90M; wv) AppleWebKit/537.36 (KHTML, like Gecko) Version/4.0 Chrome/60.0.3112.107 Moblie Safari/537.36"
169.150.247.0 - - [10/Mar/2025:07:35:20 +0100] "GET /wp-includes/block-patterns/makeasmtp.php?p= HTTP/1.1" 301 279 "-" "Mozlila/5.0 (Linux; Android 7.0; SM-G892A Bulid/NRD90M; wv) AppleWebKit/537.36 (KHTML, like Gecko) Version/4.0 Chrome/60.0.3112.107 Moblie Safari/537.36"
157.230.251.0 - - [10/Mar/2025:07:35:22 +0100] "GET /wp-includes/block-patterns/makeasmtp.php?p= HTTP/1.1" 200 - "-" "Mozlila/5.0 (Linux; Android 7.0; SM-G892A Bulid/NRD90M; wv) AppleWebKit/537.36 (KHTML, like Gecko) Version/4.0 Chrome/60.0.3112.107 Moblie Safari/537.36"
157.230.251.0 - - [10/Mar/2025:07:35:24 +0100] "GET /wp-includes/block-patterns/makeasmtp.php HTTP/1.1" 200 48509 "-" "Mozlila/5.0 (Linux; Android 7.0; SM-G892A Bulid/NRD90M; wv) AppleWebKit/537.36 (KHTML, like Gecko) Version/4.0 Chrome/60.0.3112.107 Moblie Safari/537.36"
169.150.247.0 - - [10/Mar/2025:07:35:26 +0100] "GET /wp-content/uploads/makeasmtp.php?p= HTTP/1.1" 404 2625 "-" "Mozlila/5.0 (Linux; Android 7.0; SM-G892A Bulid/NRD90M; wv) AppleWebKit/537.36 (KHTML, like Gecko) Version/4.0 Chrome/60.0.3112.107 Moblie Safari/537.36"
85.90.246.0 - - [10/Mar/2025:07:36:14 +0100] "POST /vpnsvc/connect.cgi HTTP/1.1" 404 2571 "-" "-"
2a01:238:43f8:5f00:: - - [10/Mar/2025:07:36:18 +0100] "POST /wp-cron.php?doing_wp_cron=1741588578.4771599769592285156250 HTTP/1.1" 200 - "-" "2h1fKqTtOS1a"
74.80.208.0 - - [10/Mar/2025:07:36:18 +0100] "GET /montage-vorgefertigter-elemente/favicon/favicon-152.png HTTP/2.0" 200 48509 "-" "Mozilla/5.0 (compatible; ImagesiftBot; +imagesift.com)"
74.80.208.0 - - [10/Mar/2025:07:36:25 +0100] "GET /austragen/favicon/favicon-72.png HTTP/2.0" 200 48509 "-" "Mozilla/5.0 (compatible; ImagesiftBot; +imagesift.com)"
74.80.208.0 - - [10/Mar/2025:07:36:57 +0100] "GET /definition-unterhaltsreinigung/favicon/favicon-120.png HTTP/2.0" 200 48509 "-" "Mozilla/5.0 (compatible; ImagesiftBot; +imagesift.com)"
